Jun 17 07:49:22.936301 dv-neutron-840416-7-hyperv devstack@keystone.service[80457]: DEBUG keystone.server.flask.request_processing.middleware.auth_context [None req-102e2a1c-7eed-4c41-8f06-c1a2d1d00a02 None None] Validating token access rules against request {{(pid=80457) validate_allowed_request /usr/local/lib/python3.8/dist-packages/keystonemiddleware/auth_token/__init__.py:545}}
Jun 17 07:49:22.952155 dv-neutron-840416-7-hyperv devstack@keystone.service[80458]: [pid: 80458|app: 0|req: 91/187] 10.222.0.47 () {58 vars in 1023 bytes} [Fri Jun 17 07:49:22 2022] POST /identity/v3/auth/tokens => generated 799 bytes in 90 msecs (HTTP/1.1 201) 6 headers in 363 bytes (1 switches on core 0)
Jun 17 07:49:22.955448 dv-neutron-840416-7-hyperv devstack@keystone.service[80457]: DEBUG dbcounter [-] [80457] Writing DB stats keystone:SELECT=100 {{(pid=80457) stat_writer /usr/local/lib/python3.8/dist-packages/dbcounter.py:114}}
Jun 17 07:49:22.962055 dv-neutron-840416-7-hyperv devstack@keystone.service[80458]: DEBUG keystone.server.flask.request_processing.middleware.auth_context [None req-cf517479-29bf-43d5-9ca1-078dc1776b10 None None] Authenticating user token {{(pid=80458) process_request /usr/local/lib/python3.8/dist-packages/keystonemiddleware/auth_token/__init__.py:407}}
Jun 17 07:49:22.974113 dv-neutron-840416-7-hyperv devstack@keystone.service[80457]: DEBUG keystone.server.flask.request_processing.middleware.auth_context [None req-b5c50715-3bc4-423a-a1ed-e912ab14b7dd None admin] RBAC: auth_context: {'token': , 'domain_id': None, 'trust_id': None, 'trustor_id': None, 'trustee_id': None, 'domain_name': None, 'group_ids': [], 'user_id': 'cf0f8d7844d9419ba48b9a543601384d', 'user_domain_id': 'default', 'system_scope': 'all', 'project_id': None, 'project_domain_id': None, 'roles': ['admin', 'member', 'reader'], 'is_admin_project': True, 'service_user_id': None, 'service_user_domain_id': None, 'service_project_id': None, 'service_project_domain_id': None, 'service_roles': []} {{(pid=80457) fill_context /opt/stack/keystone/keystone/server/flask/request_processing/middleware/auth_context.py:478}}
Jun 17 07:49:22.974724 dv-neutron-840416-7-hyperv devstack@keystone.service[80457]: DEBUG keystone.server.flask.request_processing.req_logging [None req-b5c50715-3bc4-423a-a1ed-e912ab14b7dd None admin] REQUEST_METHOD: `GET` {{(pid=80457) log_request_info /opt/stack/keystone/keystone/server/flask/request_processing/req_logging.py:27}}
Jun 17 07:49:22.975129 dv-neutron-840416-7-hyperv devstack@keystone.service[80457]: DEBUG keystone.server.flask.request_processing.req_logging [None req-b5c50715-3bc4-423a-a1ed-e912ab14b7dd None admin] SCRIPT_NAME: `/identity` {{(pid=80457) log_request_info /opt/stack/keystone/keystone/server/flask/request_processing/req_logging.py:28}}
Jun 17 07:49:22.975506 dv-neutron-840416-7-hyperv devstack@keystone.service[80457]: DEBUG keystone.server.flask.request_processing.req_logging [None req-b5c50715-3bc4-423a-a1ed-e912ab14b7dd None admin] PATH_INFO: `/v3/auth/tokens` {{(pid=80457) log_request_info /opt/stack/keystone/keystone/server/flask/request_processing/req_logging.py:29}}
Jun 17 07:49:23.020612 dv-neutron-840416-7-hyperv devstack@keystone.service[80458]: DEBUG dbcounter [-] [80458] Writing DB stats keystone:SELECT=100 {{(pid=80458) stat_writer /usr/local/lib/python3.8/dist-packages/dbcounter.py:114}}
Jun 17 07:49:23.048297 dv-neutron-840416-7-hyperv devstack@keystone.service[80457]: DEBUG keystone.common.rbac_enforcer.enforcer [None req-b5c50715-3bc4-423a-a1ed-e912ab14b7dd None admin] RBAC: Authorizing `identity:validate_token()` {{(pid=80457) enforce_call /opt/stack/keystone/keystone/common/rbac_enforcer/enforcer.py:449}}
Jun 17 07:49:23.049894 dv-neutron-840416-7-hyperv devstack@keystone.service[80457]: DEBUG keystone.common.rbac_enforcer.enforcer [None req-b5c50715-3bc4-423a-a1ed-e912ab14b7dd None admin] RBAC: Authorization granted {{(pid=80457) enforce_call /opt/stack/keystone/keystone/common/rbac_enforcer/enforcer.py:457}}
Jun 17 07:49:23.078814 dv-neutron-840416-7-hyperv devstack@keystone.service[80458]: DEBUG keystone.server.flask.request_processing.middleware.auth_context [None req-cf517479-29bf-43d5-9ca1-078dc1776b10 None None] Validating token access rules against request {{(pid=80458) validate_allowed_request /usr/local/lib/python3.8/dist-packages/keystonemiddleware/auth_token/__init__.py:545}}
Jun 17 07:49:23.119823 dv-neutron-840416-7-hyperv devstack@keystone.service[80458]: DEBUG keystone.server.flask.request_processing.middleware.auth_context [None req-a6819f8d-24d0-4369-a781-d756975e95d4 None admin] RBAC: auth_context: {'token': , 'domain_id': None, 'trust_id': None, 'trustor_id': None, 'trustee_id': None, 'domain_name': None, 'group_ids': [], 'user_id': 'cf0f8d7844d9419ba48b9a543601384d', 'user_domain_id': 'default', 'system_scope': 'all', 'project_id': None, 'project_domain_id': None, 'roles': ['admin', 'member', 'reader'], 'is_admin_project': True, 'service_user_id': None, 'service_user_domain_id': None, 'service_project_id': None, 'service_project_domain_id': None, 'service_roles': []} {{(pid=80458) fill_context /opt/stack/keystone/keystone/server/flask/request_processing/middleware/auth_context.py:478}}
Jun 17 07:49:23.120639 dv-neutron-840416-7-hyperv devstack@keystone.service[80458]: DEBUG keystone.server.flask.request_processing.req_logging [None req-a6819f8d-24d0-4369-a781-d756975e95d4 None admin] REQUEST_METHOD: `GET` {{(pid=80458) log_request_info /opt/stack/keystone/keystone/server/flask/request_processing/req_logging.py:27}}
Jun 17 07:49:23.120989 dv-neutron-840416-7-hyperv devstack@keystone.service[80458]: DEBUG keystone.server.flask.request_processing.req_logging [None req-a6819f8d-24d0-4369-a781-d756975e95d4 None admin] SCRIPT_NAME: `/identity` {{(pid=80458) log_request_info /opt/stack/keystone/keystone/server/flask/request_processing/req_logging.py:28}}
Jun 17 07:49:23.121344 dv-neutron-840416-7-hyperv devstack@keystone.service[80458]: DEBUG keystone.server.flask.request_processing.req_logging [None req-a6819f8d-24d0-4369-a781-d756975e95d4 None admin] PATH_INFO: `/v3/roles/anotherrole` {{(pid=80458) log_request_info /opt/stack/keystone/keystone/server/flask/request_processing/req_logging.py:29}}
Jun 17 07:49:23.134458 dv-neutron-840416-7-hyperv devstack@keystone.service[80458]: DEBUG keystone.common.rbac_enforcer.enforcer [None req-a6819f8d-24d0-4369-a781-d756975e95d4 None admin] Extracting inferred target data resulted in "NOT FOUND (404)". {{(pid=80458) enforce_call /opt/stack/keystone/keystone/common/rbac_enforcer/enforcer.py:409}}
Jun 17 07:49:23.145001 dv-neutron-840416-7-hyperv devstack@keystone.service[80458]: ERROR keystone.server.flask.application [None req-a6819f8d-24d0-4369-a781-d756975e95d4 None admin] Could not find role: anotherrole.: keystone.exception.RoleNotFound: Could not find role: anotherrole.
Jun 17 07:49:23.145001 dv-neutron-840416-7-hyperv devstack@keystone.service[80458]: ERROR keystone.server.flask.application
Traceback (most recent call last):
Jun 17 07:49:23.145001 dv-neutron-840416-7-hyperv devstack@keystone.service[80458]: ERROR keystone.server.flask.application
File "/usr/local/lib/python3.8/dist-packages/flask/app.py", line 1523, in full_dispatch_request
Jun 17 07:49:23.145001 dv-neutron-840416-7-hyperv devstack@keystone.service[80458]: ERROR keystone.server.flask.application rv = self.dispatch_request()
Jun 17 07:49:23.145001 dv-neutron-840416-7-hyperv devstack@keystone.service[80458]: ERROR keystone.server.flask.application
File "/usr/local/lib/python3.8/dist-packages/flask/app.py", line 1509, in dispatch_request
Jun 17 07:49:23.145001 dv-neutron-840416-7-hyperv devstack@keystone.service[80458]: ERROR keystone.server.flask.application return self.ensure_sync(self.view_functions[rule.endpoint])(**req.view_args)
Jun 17 07:49:23.145001 dv-neutron-840416-7-hyperv devstack@keystone.service[80458]: ERROR keystone.server.flask.application
File "/usr/local/lib/python3.8/dist-packages/flask_restful/__init__.py", line 467, in wrapper
Jun 17 07:49:23.145001 dv-neutron-840416-7-hyperv devstack@keystone.service[80458]: ERROR keystone.server.flask.application resp = resource(*args, **kwargs)
Jun 17 07:49:23.145001 dv-neutron-840416-7-hyperv devstack@keystone.service[80458]: ERROR keystone.server.flask.application
File "/usr/local/lib/python3.8/dist-packages/flask/views.py", line 84, in view
Jun 17 07:49:23.145001 dv-neutron-840416-7-hyperv devstack@keystone.service[80458]: ERROR keystone.server.flask.application return current_app.ensure_sync(self.dispatch_request)(*args, **kwargs)
Jun 17 07:49:23.145001 dv-neutron-840416-7-hyperv devstack@keystone.service[80458]: ERROR keystone.server.flask.application
File "/usr/local/lib/python3.8/dist-packages/flask_restful/__init__.py", line 582, in dispatch_request
Jun 17 07:49:23.145001 dv-neutron-840416-7-hyperv devstack@keystone.service[80458]: ERROR keystone.server.flask.application resp = meth(*args, **kwargs)
Jun 17 07:49:23.145001 dv-neutron-840416-7-hyperv devstack@keystone.service[80458]: ERROR keystone.server.flask.application
File "/opt/stack/keystone/keystone/api/roles.py", line 50, in get
Jun 17 07:49:23.145001 dv-neutron-840416-7-hyperv devstack@keystone.service[80458]: ERROR keystone.server.flask.application return self._get_role(role_id)
Jun 17 07:49:23.145001 dv-neutron-840416-7-hyperv devstack@keystone.service[80458]: ERROR keystone.server.flask.application
File "/opt/stack/keystone/keystone/api/roles.py", line 70, in _get_role
Jun 17 07:49:23.145001 dv-neutron-840416-7-hyperv devstack@keystone.service[80458]: ERROR keystone.server.flask.application ENFORCER.enforce_call(action='identity:get_role')
Jun 17 07:49:23.146132 dv-neutron-840416-7-hyperv devstack@keystone.service[80458]: ERROR keystone.server.flask.application
File "/opt/stack/keystone/keystone/common/rbac_enforcer/enforcer.py", line 402, in enforce_call
Jun 17 07:49:23.146132 dv-neutron-840416-7-hyperv devstack@keystone.service[80458]: ERROR keystone.server.flask.application policy_dict.update(cls._extract_member_target_data(
Jun 17 07:49:23.146132 dv-neutron-840416-7-hyperv devstack@keystone.service[80458]: ERROR keystone.server.flask.application
File "/opt/stack/keystone/keystone/common/rbac_enforcer/enforcer.py", line 234, in _extract_member_target_data
Jun 17 07:49:23.146132 dv-neutron-840416-7-hyperv devstack@keystone.service[80458]: ERROR keystone.server.flask.application member_name: func(flask.request.view_args[key])
Jun 17 07:49:23.146132 dv-neutron-840416-7-hyperv devstack@keystone.service[80458]: ERROR keystone.server.flask.application
File "/opt/stack/keystone/keystone/common/manager.py", line 115, in wrapped
Jun 17 07:49:23.146132 dv-neutron-840416-7-hyperv devstack@keystone.service[80458]: ERROR keystone.server.flask.application __ret_val = __f(*args, **kwargs)
Jun 17 07:49:23.146132 dv-neutron-840416-7-hyperv devstack@keystone.service[80458]: ERROR keystone.server.flask.application
File "/usr/local/lib/python3.8/dist-packages/decorator.py", line 232, in fun
Jun 17 07:49:23.146132 dv-neutron-840416-7-hyperv devstack@keystone.service[80458]: ERROR keystone.server.flask.application return caller(func, *(extras + args), **kw)
Jun 17 07:49:23.146132 dv-neutron-840416-7-hyperv devstack@keystone.service[80458]: ERROR keystone.server.flask.application
File "/usr/local/lib/python3.8/dist-packages/dogpile/cache/region.py", line 1577, in get_or_create_for_user_func
Jun 17 07:49:23.146132 dv-neutron-840416-7-hyperv devstack@keystone.service[80458]: ERROR keystone.server.flask.application return self.get_or_create(
Jun 17 07:49:23.146132 dv-neutron-840416-7-hyperv devstack@keystone.service[80458]: ERROR keystone.server.flask.application
File "/usr/local/lib/python3.8/dist-packages/dogpile/cache/region.py", line 1042, in get_or_create
Jun 17 07:49:23.146132 dv-neutron-840416-7-hyperv devstack@keystone.service[80458]: ERROR keystone.server.flask.application with Lock(
Jun 17 07:49:23.146132 dv-neutron-840416-7-hyperv devstack@keystone.service[80458]: ERROR keystone.server.flask.application
File "/usr/local/lib/python3.8/dist-packages/dogpile/lock.py", line 185, in __enter__
Jun 17 07:49:23.146132 dv-neutron-840416-7-hyperv devstack@keystone.service[80458]: ERROR keystone.server.flask.application return self._enter()
Jun 17 07:49:23.146132 dv-neutron-840416-7-hyperv devstack@keystone.service[80458]: ERROR keystone.server.flask.application
File "/usr/local/lib/python3.8/dist-packages/dogpile/lock.py", line 94, in _enter
Jun 17 07:49:23.146132 dv-neutron-840416-7-hyperv devstack@keystone.service[80458]: ERROR keystone.server.flask.application generated = self._enter_create(value, createdtime)
Jun 17 07:49:23.147108 dv-neutron-840416-7-hyperv devstack@keystone.service[80458]: ERROR keystone.server.flask.application
File "/usr/local/lib/python3.8/dist-packages/dogpile/lock.py", line 178, in _enter_create
Jun 17 07:49:23.147108 dv-neutron-840416-7-hyperv devstack@keystone.service[80458]: ERROR keystone.server.flask.application return self.creator()
Jun 17 07:49:23.147108 dv-neutron-840416-7-hyperv devstack@keystone.service[80458]: ERROR keystone.server.flask.application
File "/usr/local/lib/python3.8/dist-packages/dogpile/cache/region.py", line 995, in gen_value
Jun 17 07:49:23.147108 dv-neutron-840416-7-hyperv devstack@keystone.service[80458]: ERROR keystone.server.flask.application created_value = creator(
Jun 17 07:49:23.147108 dv-neutron-840416-7-hyperv devstack@keystone.service[80458]: ERROR keystone.server.flask.application
File "/opt/stack/keystone/keystone/assignment/core.py", line 1276, in get_role
Jun 17 07:49:23.147108 dv-neutron-840416-7-hyperv devstack@keystone.service[80458]: ERROR keystone.server.flask.application return self.driver.get_role(role_id)
Jun 17 07:49:23.147108 dv-neutron-840416-7-hyperv devstack@keystone.service[80458]: ERROR keystone.server.flask.application
File "/opt/stack/keystone/keystone/assignment/role_backends/sql.py", line 70, in get_role
Jun 17 07:49:23.147108 dv-neutron-840416-7-hyperv devstack@keystone.service[80458]: ERROR keystone.server.flask.application return self._get_role(session, role_id).to_dict()
Jun 17 07:49:23.147108 dv-neutron-840416-7-hyperv devstack@keystone.service[80458]: ERROR keystone.server.flask.application
File "/opt/stack/keystone/keystone/assignment/role_backends/sql.py", line 65, in _get_role
Jun 17 07:49:23.147108 dv-neutron-840416-7-hyperv devstack@keystone.service[80458]: ERROR keystone.server.flask.application raise exception.RoleNotFound(role_id=role_id)
Jun 17 07:49:23.147108 dv-neutron-840416-7-hyperv devstack@keystone.service[80458]: ERROR keystone.server.flask.application keystone.exception.RoleNotFound: Could not find role: anotherrole.
Jun 17 07:49:23.147108 dv-neutron-840416-7-hyperv devstack@keystone.service[80458]: ERROR keystone.server.flask.application
Jun 17 07:49:23.147843 dv-neutron-840416-7-hyperv devstack@keystone.service[80458]: [pid: 80458|app: 0|req: 92/188] 10.222.0.47 () {56 vars in 1114 bytes} [Fri Jun 17 07:49:22 2022] GET /identity/v3/roles/anotherrole => generated 89 bytes in 195 msecs (HTTP/1.1 404) 5 headers in 183 bytes (1 switches on core 0)
Jun 17 07:49:23.148573 dv-neutron-840416-7-hyperv devstack@keystone.service[80458]: DEBUG keystone.server.flask.request_processing.middleware.auth_context [None req-a6819f8d-24d0-4369-a781-d756975e95d4 None admin] Authenticating user token {{(pid=80458) process_request /usr/local/lib/python3.8/dist-packages/keystonemiddleware/auth_token/__init__.py:407}}
Jun 17 07:49:23.162976 dv-neutron-840416-7-hyperv devstack@keystone.service[80457]: [pid: 80457|app: 0|req: 97/189] 10.222.0.47 () {58 vars in 1282 bytes} [Fri Jun 17 07:49:22 2022] GET /identity/v3/auth/tokens => generated 799 bytes in 338 msecs (HTTP/1.1 200) 6 headers in 358 bytes (1 switches on core 0)
Jun 17 07:49:23.162976 dv-neutron-840416-7-hyperv devstack@keystone.service[80457]: DEBUG keystone.server.flask.request_processing.middleware.auth_context [None req-b5c50715-3bc4-423a-a1ed-e912ab14b7dd None admin] Authenticating user token {{(pid=80457) process_request /usr/local/lib/python3.8/dist-packages/keystonemiddleware/auth_token/__init__.py:407}}
Jun 17 07:49:23.184835 dv-neutron-840416-7-hyperv devstack@keystone.service[80457]: DEBUG dbcounter [-] [80457] Writing DB stats keystone:SELECT=100 {{(pid=80457) stat_writer /usr/local/lib/python3.8/dist-packages/dbcounter.py:114}}
Jun 17 07:49:23.261741 dv-neutron-840416-7-hyperv devstack@keystone.service[80458]: DEBUG keystone.server.flask.request_processing.middleware.auth_context [None req-a6819f8d-24d0-4369-a781-d756975e95d4 None admin] Validating token access rules against request {{(pid=80458) validate_allowed_request /usr/local/lib/python3.8/dist-packages/keystonemiddleware/auth_token/__init__.py:545}}
Jun 17 07:49:23.264016 dv-neutron-840416-7-hyperv devstack@keystone.service[80458]: DEBUG dbcounter [-] [80458] Writing DB stats keystone:SELECT=100 {{(pid=80458) stat_writer /usr/local/lib/python3.8/dist-packages/dbcounter.py:114}}
Jun 17 07:49:23.269113 dv-neutron-840416-7-hyperv devstack@keystone.service[80457]: DEBUG keystone.server.flask.request_processing.middleware.auth_context [None req-b5c50715-3bc4-423a-a1ed-e912ab14b7dd None admin] Validating token access rules against request {{(pid=80457) validate_allowed_request /usr/local/lib/python3.8/dist-packages/keystonemiddleware/auth_token/__init__.py:545}}
Jun 17 07:49:23.299433 dv-neutron-840416-7-hyperv devstack@keystone.service[80458]: DEBUG keystone.server.flask.request_processing.middleware.auth_context [None req-76d32d51-873b-47d8-9a74-144bf2308fed None admin] RBAC: auth_context: {'token': , 'domain_id': None, 'trust_id': None, 'trustor_id': None, 'trustee_id': None, 'domain_name': None, 'group_ids': [], 'user_id': 'cf0f8d7844d9419ba48b9a543601384d', 'user_domain_id': 'default', 'system_scope': 'all', 'project_id': None, 'project_domain_id': None, 'roles': ['admin', 'member', 'reader'], 'is_admin_project': True, 'service_user_id': None, 'service_user_domain_id': None, 'service_project_id': None, 'service_project_domain_id': None, 'service_roles': []} {{(pid=80458) fill_context /opt/stack/keystone/keystone/server/flask/request_processing/middleware/auth_context.py:478}}
Jun 17 07:49:23.300368 dv-neutron-840416-7-hyperv devstack@keystone.service[80458]: DEBUG keystone.server.flask.request_processing.req_logging [None req-76d32d51-873b-47d8-9a74-144bf2308fed None admin] REQUEST_METHOD: `GET` {{(pid=80458) log_request_info /opt/stack/keystone/keystone/server/flask/request_processing/req_logging.py:27}}
Jun 17 07:49:23.300721 dv-neutron-840416-7-hyperv devstack@keystone.service[80458]: DEBUG keystone.server.flask.request_processing.req_logging [None req-76d32d51-873b-47d8-9a74-144bf2308fed None admin] SCRIPT_NAME: `/identity` {{(pid=80458) log_request_info /opt/stack/keystone/keystone/server/flask/request_processing/req_logging.py:28}}
Jun 17 07:49:23.301002 dv-neutron-840416-7-hyperv devstack@keystone.service[80458]: DEBUG keystone.server.flask.request_processing.req_logging [None req-76d32d51-873b-47d8-9a74-144bf2308fed None admin] PATH_INFO: `/v3/projects/1306bc035028476586edb75012a07de7` {{(pid=80458) log_request_info /opt/stack/keystone/keystone/server/flask/request_processing/req_logging.py:29}}
Jun 17 07:49:23.302209 dv-neutron-840416-7-hyperv devstack@keystone.service[80458]: DEBUG keystone.common.rbac_enforcer.enforcer [None req-76d32d51-873b-47d8-9a74-144bf2308fed None admin] RBAC: Authorizing `identity:get_project(project_id=1306bc035028476586edb75012a07de7)` {{(pid=80458) enforce_call /opt/stack/keystone/keystone/common/rbac_enforcer/enforcer.py:449}}
Jun 17 07:49:23.303687 dv-neutron-840416-7-hyperv devstack@keystone.service[80458]: DEBUG keystone.common.rbac_enforcer.enforcer [None req-76d32d51-873b-47d8-9a74-144bf2308fed None admin] RBAC: Authorization granted {{(pid=80458) enforce_call /opt/stack/keystone/keystone/common/rbac_enforcer/enforcer.py:457}}
Jun 17 07:49:23.304834 dv-neutron-840416-7-hyperv devstack@keystone.service[80457]: DEBUG keystone.server.flask.request_processing.middleware.auth_context [None req-63140efb-d21a-4b67-ab89-61022ed22d11 None admin] RBAC: auth_context: {'token': , 'domain_id': None, 'trust_id': None, 'trustor_id': None, 'trustee_id': None, 'domain_name': None, 'group_ids': [], 'user_id': 'cf0f8d7844d9419ba48b9a543601384d', 'user_domain_id': 'default', 'system_scope': 'all', 'project_id': None, 'project_domain_id': None, 'roles': ['admin', 'member', 'reader'], 'is_admin_project': True, 'service_user_id': None, 'service_user_domain_id': None, 'service_project_id': None, 'service_project_domain_id': None, 'service_roles': []} {{(pid=80457) fill_context /opt/stack/keystone/keystone/server/flask/request_processing/middleware/auth_context.py:478}}
Jun 17 07:49:23.310466 dv-neutron-840416-7-hyperv devstack@keystone.service[80458]: [pid: 80458|app: 0|req: 93/190] 10.222.0.47 () {56 vars in 1186 bytes} [Fri Jun 17 07:49:23 2022] GET /identity/v3/projects/1306bc035028476586edb75012a07de7 => generated 312 bytes in 157 msecs (HTTP/1.1 200) 5 headers in 177 bytes (1 switches on core 0)
Jun 17 07:49:23.310620 dv-neutron-840416-7-hyperv devstack@keystone.service[80457]: DEBUG keystone.server.flask.request_processing.req_logging [None req-63140efb-d21a-4b67-ab89-61022ed22d11 None admin] REQUEST_METHOD: `GET` {{(pid=80457) log_request_info /opt/stack/keystone/keystone/server/flask/request_processing/req_logging.py:27}}
Jun 17 07:49:23.310620 dv-neutron-840416-7-hyperv devstack@keystone.service[80457]: DEBUG keystone.server.flask.request_processing.req_logging [None req-63140efb-d21a-4b67-ab89-61022ed22d11 None admin] SCRIPT_NAME: `/identity` {{(pid=80457) log_request_info /opt/stack/keystone/keystone/server/flask/request_processing/req_logging.py:28}}
Jun 17 07:49:23.310777 dv-neutron-840416-7-hyperv devstack@keystone.service[80458]: DEBUG keystone.server.flask.request_processing.middleware.auth_context [None req-76d32d51-873b-47d8-9a74-144bf2308fed None admin] Authenticating user token {{(pid=80458) process_request /usr/local/lib/python3.8/dist-packages/keystonemiddleware/auth_token/__init__.py:407}}
Jun 17 07:49:23.310846 dv-neutron-840416-7-hyperv devstack@keystone.service[80457]: DEBUG keystone.server.flask.request_processing.req_logging [None req-63140efb-d21a-4b67-ab89-61022ed22d11 None admin] PATH_INFO: `/v3/domains/default` {{(pid=80457) log_request_info /opt/stack/keystone/keystone/server/flask/request_processing/req_logging.py:29}}
Jun 17 07:49:23.310846 dv-neutron-840416-7-hyperv devstack@keystone.service[80457]: DEBUG keystone.common.rbac_enforcer.enforcer [None req-63140efb-d21a-4b67-ab89-61022ed22d11 None admin] RBAC: Authorizing `identity:get_domain(domain_id=default)` {{(pid=80457) enforce_call /opt/stack/keystone/keystone/common/rbac_enforcer/enforcer.py:449}}
Jun 17 07:49:23.310846 dv-neutron-840416-7-hyperv devstack@keystone.service[80457]: DEBUG keystone.common.rbac_enforcer.enforcer [None req-63140efb-d21a-4b67-ab89-61022ed22d11 None admin] RBAC: Authorization granted {{(pid=80457) enforce_call /opt/stack/keystone/keystone/common/rbac_enforcer/enforcer.py:457}}
Jun 17 07:49:23.310846 dv-neutron-840416-7-hyperv devstack@keystone.service[80457]: [pid: 80457|app: 0|req: 98/191] 10.222.0.47 () {56 vars in 1108 bytes} [Fri Jun 17 07:49:23 2022] GET /identity/v3/domains/default => generated 199 bytes in 149 msecs (HTTP/1.1 200) 5 headers in 177 bytes (1 switches on core 0)
Jun 17 07:49:23.311855 dv-neutron-840416-7-hyperv devstack@keystone.service[80457]: DEBUG keystone.server.flask.request_processing.middleware.auth_context [None req-63140efb-d21a-4b67-ab89-61022ed22d11 None admin] Authenticating user token {{(pid=80457) process_request /usr/local/lib/python3.8/dist-packages/keystonemiddleware/auth_token/__init__.py:407}}
Jun 17 07:49:23.401000 dv-neutron-840416-7-hyperv devstack@keystone.service[80457]: DEBUG dbcounter [-] [80457] Writing DB stats keystone:SELECT=100 {{(pid=80457) stat_writer /usr/local/lib/python3.8/dist-packages/dbcounter.py:114}}
Jun 17 07:49:23.417302 dv-neutron-840416-7-hyperv devstack@keystone.service[80457]: DEBUG keystone.server.flask.request_processing.middleware.auth_context [None req-63140efb-d21a-4b67-ab89-61022ed22d11 None admin] Validating token access rules against request {{(pid=80457) validate_allowed_request /usr/local/lib/python3.8/dist-packages/keystonemiddleware/auth_token/__init__.py:545}}
Jun 17 07:49:23.417753 dv-neutron-840416-7-hyperv devstack@keystone.service[80458]: DEBUG keystone.server.flask.request_processing.middleware.auth_context [None req-76d32d51-873b-47d8-9a74-144bf2308fed None admin] Validating token access rules against request {{(pid=80458) validate_allowed_request /usr/local/lib/python3.8/dist-packages/keystonemiddleware/auth_token/__init__.py:545}}
Jun 17 07:49:23.454569 dv-neutron-840416-7-hyperv devstack@keystone.service[80458]: DEBUG keystone.server.flask.request_processing.middleware.auth_context [None req-1fd364f6-7cce-4da1-a70b-38d56496f668 None admin] RBAC: auth_context: {'token': , 'domain_id': None, 'trust_id': None, 'trustor_id': None, 'trustee_id': None, 'domain_name': None, 'group_ids': [], 'user_id': 'cf0f8d7844d9419ba48b9a543601384d', 'user_domain_id': 'default', 'system_scope': 'all', 'project_id': None, 'project_domain_id': None, 'roles': ['admin', 'member', 'reader'], 'is_admin_project': True, 'service_user_id': None, 'service_user_domain_id': None, 'service_project_id': None, 'service_project_domain_id': None, 'service_roles': []} {{(pid=80458) fill_context /opt/stack/keystone/keystone/server/flask/request_processing/middleware/auth_context.py:478}}
Jun 17 07:49:23.455166 dv-neutron-840416-7-hyperv devstack@keystone.service[80457]: DEBUG keystone.server.flask.request_processing.middleware.auth_context [None req-a0842e91-1502-42a1-88a1-58a3b6ed7d87 None admin] RBAC: auth_context: {'token': , 'domain_id': None, 'trust_id': None, 'trustor_id': None, 'trustee_id': None, 'domain_name': None, 'group_ids': [], 'user_id': 'cf0f8d7844d9419ba48b9a543601384d', 'user_domain_id': 'default', 'system_scope': 'all', 'project_id': None, 'project_domain_id': None, 'roles': ['admin', 'member', 'reader'], 'is_admin_project': True, 'service_user_id': None, 'service_user_domain_id': None, 'service_project_id': None, 'service_project_domain_id': None, 'service_roles': []} {{(pid=80457) fill_context /opt/stack/keystone/keystone/server/flask/request_processing/middleware/auth_context.py:478}}
Jun 17 07:49:23.455507 dv-neutron-840416-7-hyperv devstack@keystone.service[80458]: DEBUG keystone.server.flask.request_processing.req_logging [None req-1fd364f6-7cce-4da1-a70b-38d56496f668 None admin] REQUEST_METHOD: `GET` {{(pid=80458) log_request_info /opt/stack/keystone/keystone/server/flask/request_processing/req_logging.py:27}}
Jun 17 07:49:23.455580 dv-neutron-840416-7-hyperv devstack@keystone.service[80457]: DEBUG keystone.server.flask.request_processing.req_logging [None req-a0842e91-1502-42a1-88a1-58a3b6ed7d87 None admin] REQUEST_METHOD: `GET` {{(pid=80457) log_request_info /opt/stack/keystone/keystone/server/flask/request_processing/req_logging.py:27}}
Jun 17 07:49:23.455674 dv-neutron-840416-7-hyperv devstack@keystone.service[80458]: DEBUG keystone.server.flask.request_processing.req_logging [None req-1fd364f6-7cce-4da1-a70b-38d56496f668 None admin] SCRIPT_NAME: `/identity` {{(pid=80458) log_request_info /opt/stack/keystone/keystone/server/flask/request_processing/req_logging.py:28}}
Jun 17 07:49:23.455743 dv-neutron-840416-7-hyperv devstack@keystone.service[80457]: DEBUG keystone.server.flask.request_processing.req_logging [None req-a0842e91-1502-42a1-88a1-58a3b6ed7d87 None admin] SCRIPT_NAME: `/identity` {{(pid=80457) log_request_info /opt/stack/keystone/keystone/server/flask/request_processing/req_logging.py:28}}
Jun 17 07:49:23.455809 dv-neutron-840416-7-hyperv devstack@keystone.service[80458]: DEBUG keystone.server.flask.request_processing.req_logging [None req-1fd364f6-7cce-4da1-a70b-38d56496f668 None admin] PATH_INFO: `/v3/roles` {{(pid=80458) log_request_info /opt/stack/keystone/keystone/server/flask/request_processing/req_logging.py:29}}
Jun 17 07:49:23.456086 dv-neutron-840416-7-hyperv devstack@keystone.service[80457]: DEBUG keystone.server.flask.request_processing.req_logging [None req-a0842e91-1502-42a1-88a1-58a3b6ed7d87 None admin] PATH_INFO: `/v3/projects/6c9395d6bea64eea80e5a154338844a3` {{(pid=80457) log_request_info /opt/stack/keystone/keystone/server/flask/request_processing/req_logging.py:29}}
Jun 17 07:49:23.456563 dv-neutron-840416-7-hyperv devstack@keystone.service[80458]: DEBUG keystone.common.rbac_enforcer.enforcer [None req-1fd364f6-7cce-4da1-a70b-38d56496f668 None admin] RBAC: Adding query filter params (name=anotherrole) {{(pid=80458) _extract_filter_values /opt/stack/keystone/keystone/common/rbac_enforcer/enforcer.py:167}}
Jun 17 07:49:23.456803 dv-neutron-840416-7-hyperv devstack@keystone.service[80458]: DEBUG keystone.common.rbac_enforcer.enforcer [None req-1fd364f6-7cce-4da1-a70b-38d56496f668 None admin] RBAC: Authorizing `identity:list_roles()` {{(pid=80458) enforce_call /opt/stack/keystone/keystone/common/rbac_enforcer/enforcer.py:449}}
Jun 17 07:49:23.457197 dv-neutron-840416-7-hyperv devstack@keystone.service[80457]: DEBUG keystone.common.rbac_enforcer.enforcer [None req-a0842e91-1502-42a1-88a1-58a3b6ed7d87 None admin] RBAC: Authorizing `identity:get_project(project_id=6c9395d6bea64eea80e5a154338844a3)` {{(pid=80457) enforce_call /opt/stack/keystone/keystone/common/rbac_enforcer/enforcer.py:449}}
Jun 17 07:49:23.458222 dv-neutron-840416-7-hyperv devstack@keystone.service[80458]: DEBUG keystone.common.rbac_enforcer.enforcer [None req-1fd364f6-7cce-4da1-a70b-38d56496f668 None admin] RBAC: Authorization granted {{(pid=80458) enforce_call /opt/stack/keystone/keystone/common/rbac_enforcer/enforcer.py:457}}
Jun 17 07:49:23.458713 dv-neutron-840416-7-hyperv devstack@keystone.service[80457]: DEBUG keystone.common.rbac_enforcer.enforcer [None req-a0842e91-1502-42a1-88a1-58a3b6ed7d87 None admin] RBAC: Authorization granted {{(pid=80457) enforce_call /opt/stack/keystone/keystone/common/rbac_enforcer/enforcer.py:457}}
Jun 17 07:49:23.460743 dv-neutron-840416-7-hyperv devstack@keystone.service[80457]: [pid: 80457|app: 0|req: 99/192] 10.222.0.47 () {56 vars in 1186 bytes} [Fri Jun 17 07:49:23 2022] GET /identity/v3/projects/6c9395d6bea64eea80e5a154338844a3 => generated 302 bytes in 149 msecs (HTTP/1.1 200) 5 headers in 177 bytes (1 switches on core 0)
Jun 17 07:49:23.461540 dv-neutron-840416-7-hyperv devstack@keystone.service[80457]: DEBUG keystone.server.flask.request_processing.middleware.auth_context [None req-a0842e91-1502-42a1-88a1-58a3b6ed7d87 None admin] Authenticating user token {{(pid=80457) process_request /usr/local/lib/python3.8/dist-packages/keystonemiddleware/auth_token/__init__.py:407}}
Jun 17 07:49:23.476233 dv-neutron-840416-7-hyperv devstack@keystone.service[80458]: [pid: 80458|app: 0|req: 94/193] 10.222.0.47 () {56 vars in 1111 bytes} [Fri Jun 17 07:49:23 2022] GET /identity/v3/roles?name=anotherrole => generated 334 bytes in 166 msecs (HTTP/1.1 200) 5 headers in 177 bytes (1 switches on core 0)
Jun 17 07:49:23.476233 dv-neutron-840416-7-hyperv devstack@keystone.service[80458]: DEBUG keystone.server.flask.request_processing.middleware.auth_context [None req-1fd364f6-7cce-4da1-a70b-38d56496f668 None admin] Authenticating user token {{(pid=80458) process_request /usr/local/lib/python3.8/dist-packages/keystonemiddleware/auth_token/__init__.py:407}}
Jun 17 07:49:23.512496 dv-neutron-840416-7-hyperv devstack@keystone.service[80458]: DEBUG dbcounter [-] [80458] Writing DB stats keystone:SELECT=100 {{(pid=80458) stat_writer /usr/local/lib/python3.8/dist-packages/dbcounter.py:114}}
Jun 17 07:49:23.570352 dv-neutron-840416-7-hyperv devstack@keystone.service[80457]: DEBUG keystone.server.flask.request_processing.middleware.auth_context [None req-a0842e91-1502-42a1-88a1-58a3b6ed7d87 None admin] Validating token access rules against request {{(pid=80457) validate_allowed_request /usr/local/lib/python3.8/dist-packages/keystonemiddleware/auth_token/__init__.py:545}}
Jun 17 07:49:23.583942 dv-neutron-840416-7-hyperv devstack@keystone.service[80458]: DEBUG keystone.server.flask.request_processing.middleware.auth_context [None req-1fd364f6-7cce-4da1-a70b-38d56496f668 None admin] Validating token access rules against request {{(pid=80458) validate_allowed_request /usr/local/lib/python3.8/dist-packages/keystonemiddleware/auth_token/__init__.py:545}}
Jun 17 07:49:23.608592 dv-neutron-840416-7-hyperv devstack@keystone.service[80457]: DEBUG keystone.server.flask.request_processing.middleware.auth_context [None req-645410df-1230-4cbc-b507-65fb612f4283 None admin] RBAC: auth_context: {'token': , 'domain_id': None, 'trust_id': None, 'trustor_id': None, 'trustee_id': None, 'domain_name': None, 'group_ids': [], 'user_id': 'cf0f8d7844d9419ba48b9a543601384d', 'user_domain_id': 'default', 'system_scope': 'all', 'project_id': None, 'project_domain_id': None, 'roles': ['admin', 'member', 'reader'], 'is_admin_project': True, 'service_user_id': None, 'service_user_domain_id': None, 'service_project_id': None, 'service_project_domain_id': None, 'service_roles': []} {{(pid=80457) fill_context /opt/stack/keystone/keystone/server/flask/request_processing/middleware/auth_context.py:478}}
Jun 17 07:49:23.609344 dv-neutron-840416-7-hyperv devstack@keystone.service[80457]: DEBUG keystone.server.flask.request_processing.req_logging [None req-645410df-1230-4cbc-b507-65fb612f4283 None admin] REQUEST_METHOD: `GET` {{(pid=80457) log_request_info /opt/stack/keystone/keystone/server/flask/request_processing/req_logging.py:27}}
Jun 17 07:49:23.609788 dv-neutron-840416-7-hyperv devstack@keystone.service[80457]: DEBUG keystone.server.flask.request_processing.req_logging [None req-645410df-1230-4cbc-b507-65fb612f4283 None admin] SCRIPT_NAME: `/identity` {{(pid=80457) log_request_info /opt/stack/keystone/keystone/server/flask/request_processing/req_logging.py:28}}
Jun 17 07:49:23.610077 dv-neutron-840416-7-hyperv devstack@keystone.service[80457]: DEBUG keystone.server.flask.request_processing.req_logging [None req-645410df-1230-4cbc-b507-65fb612f4283 None admin] PATH_INFO: `/v3/role_assignments` {{(pid=80457) log_request_info /opt/stack/keystone/keystone/server/flask/request_processing/req_logging.py:29}}
Jun 17 07:49:23.610989 dv-neutron-840416-7-hyperv devstack@keystone.service[80457]: DEBUG keystone.common.rbac_enforcer.enforcer [None req-645410df-1230-4cbc-b507-65fb612f4283 None admin] RBAC: Adding query filter params (role.id=f91aab6ba1784d8b9cc4d433d57fd119, scope.project.id=1306bc035028476586edb75012a07de7, user.id=c6efad9f824247fe95d8e71ac5fad076) {{(pid=80457) _extract_filter_values /opt/stack/keystone/keystone/common/rbac_enforcer/enforcer.py:167}}
Jun 17 07:49:23.611300 dv-neutron-840416-7-hyperv devstack@keystone.service[80457]: DEBUG keystone.common.rbac_enforcer.enforcer [None req-645410df-1230-4cbc-b507-65fb612f4283 None admin] RBAC: Authorizing `identity:list_role_assignments()` {{(pid=80457) enforce_call /opt/stack/keystone/keystone/common/rbac_enforcer/enforcer.py:449}}
Jun 17 07:49:23.612752 dv-neutron-840416-7-hyperv devstack@keystone.service[80457]: DEBUG keystone.common.rbac_enforcer.enforcer [None req-645410df-1230-4cbc-b507-65fb612f4283 None admin] RBAC: Authorization granted {{(pid=80457) enforce_call /opt/stack/keystone/keystone/common/rbac_enforcer/enforcer.py:457}}
Jun 17 07:49:23.618833 dv-neutron-840416-7-hyperv devstack@keystone.service[80457]: [pid: 80457|app: 0|req: 100/194] 10.222.0.47 () {56 vars in 1374 bytes} [Fri Jun 17 07:49:23 2022] GET /identity/v3/role_assignments?user.id=c6efad9f824247fe95d8e71ac5fad076&scope.project.id=1306bc035028476586edb75012a07de7&role.id=f91aab6ba1784d8b9cc4d433d57fd119 => generated 608 bytes in 158 msecs (HTTP/1.1 200) 5 headers in 177 bytes (1 switches on core 0)
Jun 17 07:49:23.619618 dv-neutron-840416-7-hyperv devstack@keystone.service[80457]: DEBUG keystone.server.flask.request_processing.middleware.auth_context [None req-645410df-1230-4cbc-b507-65fb612f4283 None admin] Authenticating user token {{(pid=80457) process_request /usr/local/lib/python3.8/dist-packages/keystonemiddleware/auth_token/__init__.py:407}}
Jun 17 07:49:23.630757 dv-neutron-840416-7-hyperv devstack@keystone.service[80458]: DEBUG keystone.server.flask.request_processing.middleware.auth_context [None req-0a20a048-dd47-42b3-86ca-792c6866c93c None admin] RBAC: auth_context: {'token': , 'domain_id': None, 'trust_id': None, 'trustor_id': None, 'trustee_id': None, 'domain_name': None, 'group_ids': [], 'user_id': 'cf0f8d7844d9419ba48b9a543601384d', 'user_domain_id': 'default', 'system_scope': 'all', 'project_id': None, 'project_domain_id': None, 'roles': ['admin', 'member', 'reader'], 'is_admin_project': True, 'service_user_id': None, 'service_user_domain_id': None, 'service_project_id': None, 'service_project_domain_id': None, 'service_roles': []} {{(pid=80458) fill_context /opt/stack/keystone/keystone/server/flask/request_processing/middleware/auth_context.py:478}}
Jun 17 07:49:23.631728 dv-neutron-840416-7-hyperv devstack@keystone.service[80458]: DEBUG keystone.server.flask.request_processing.req_logging [None req-0a20a048-dd47-42b3-86ca-792c6866c93c None admin] REQUEST_METHOD: `POST` {{(pid=80458) log_request_info /opt/stack/keystone/keystone/server/flask/request_processing/req_logging.py:27}}
Jun 17 07:49:23.632153 dv-neutron-840416-7-hyperv devstack@keystone.service[80458]: DEBUG keystone.server.flask.request_processing.req_logging [None req-0a20a048-dd47-42b3-86ca-792c6866c93c None admin] SCRIPT_NAME: `/identity` {{(pid=80458) log_request_info /opt/stack/keystone/keystone/server/flask/request_processing/req_logging.py:28}}
Jun 17 07:49:23.632579 dv-neutron-840416-7-hyperv devstack@keystone.service[80458]: DEBUG keystone.server.flask.request_processing.req_logging [None req-0a20a048-dd47-42b3-86ca-792c6866c93c None admin] PATH_INFO: `/v3/users` {{(pid=80458) log_request_info /opt/stack/keystone/keystone/server/flask/request_processing/req_logging.py:29}}
Jun 17 07:49:23.633319 dv-neutron-840416-7-hyperv devstack@keystone.service[80458]: DEBUG keystone.common.rbac_enforcer.enforcer [None req-0a20a048-dd47-42b3-86ca-792c6866c93c None admin] RBAC: Authorizing `identity:create_user()` {{(pid=80458) enforce_call /opt/stack/keystone/keystone/common/rbac_enforcer/enforcer.py:449}}
Jun 17 07:49:23.634858 dv-neutron-840416-7-hyperv devstack@keystone.service[80458]: DEBUG keystone.common.rbac_enforcer.enforcer [None req-0a20a048-dd47-42b3-86ca-792c6866c93c None admin] RBAC: Authorization granted {{(pid=80458) enforce_call /opt/stack/keystone/keystone/common/rbac_enforcer/enforcer.py:457}}
Jun 17 07:49:23.660022 dv-neutron-840416-7-hyperv devstack@keystone.service[80458]: [pid: 80458|app: 0|req: 95/195] 10.222.0.47 () {60 vars in 1132 bytes} [Fri Jun 17 07:49:23 2022] POST /identity/v3/users => generated 297 bytes in 187 msecs (HTTP/1.1 201) 5 headers in 182 bytes (1 switches on core 0)
Jun 17 07:49:23.662381 dv-neutron-840416-7-hyperv devstack@keystone.service[80458]: DEBUG keystone.server.flask.request_processing.middleware.auth_context [None req-0a20a048-dd47-42b3-86ca-792c6866c93c None admin] Authenticating user token {{(pid=80458) process_request /usr/local/lib/python3.8/dist-packages/keystonemiddleware/auth_token/__init__.py:407}}
Jun 17 07:49:23.662884 dv-neutron-840416-7-hyperv devstack@keystone.service[80457]: DEBUG dbcounter [-] [80457] Writing DB stats keystone:SELECT=100 {{(pid=80457) stat_writer /usr/local/lib/python3.8/dist-packages/dbcounter.py:114}}
Jun 17 07:49:23.853748 dv-neutron-840416-7-hyperv devstack@keystone.service[80457]: DEBUG keystone.server.flask.request_processing.middleware.auth_context [None req-645410df-1230-4cbc-b507-65fb612f4283 None admin] Validating token access rules against request {{(pid=80457) validate_allowed_request /usr/local/lib/python3.8/dist-packages/keystonemiddleware/auth_token/__init__.py:545}}
Jun 17 07:49:23.861661 dv-neutron-840416-7-hyperv devstack@keystone.service[80458]: DEBUG dbcounter [-] [80458] Writing DB stats keystone:SELECT=97,keystone:INSERT=3 {{(pid=80458) stat_writer /usr/local/lib/python3.8/dist-packages/dbcounter.py:114}}
Jun 17 07:49:23.874878 dv-neutron-840416-7-hyperv devstack@keystone.service[80458]: DEBUG keystone.server.flask.request_processing.middleware.auth_context [None req-0a20a048-dd47-42b3-86ca-792c6866c93c None admin] Validating token access rules against request {{(pid=80458) validate_allowed_request /usr/local/lib/python3.8/dist-packages/keystonemiddleware/auth_token/__init__.py:545}}
Jun 17 07:49:23.896978 dv-neutron-840416-7-hyperv devstack@keystone.service[80457]: DEBUG keystone.server.flask.request_processing.middleware.auth_context [None req-03ce1fae-ee0d-461a-8cbc-c9ca398e3a99 None admin] RBAC: auth_context: {'token': , 'domain_id': None, 'trust_id': None, 'trustor_id': None, 'trustee_id': None, 'domain_name': None, 'group_ids': [], 'user_id': 'cf0f8d7844d9419ba48b9a543601384d', 'user_domain_id': 'default', 'system_scope': 'all', 'project_id': None, 'project_domain_id': None, 'roles': ['admin', 'member', 'reader'], 'is_admin_project': True, 'service_user_id': None, 'service_user_domain_id': None, 'service_project_id': None, 'service_project_domain_id': None, 'service_roles': []} {{(pid=80457) fill_context /opt/stack/keystone/keystone/server/flask/request_processing/middleware/auth_context.py:478}}
Jun 17 07:49:23.898021 dv-neutron-840416-7-hyperv devstack@keystone.service[80457]: DEBUG keystone.server.flask.request_processing.req_logging [None req-03ce1fae-ee0d-461a-8cbc-c9ca398e3a99 None admin] REQUEST_METHOD: `GET` {{(pid=80457) log_request_info /opt/stack/keystone/keystone/server/flask/request_processing/req_logging.py:27}}
Jun 17 07:49:23.898499 dv-neutron-840416-7-hyperv devstack@keystone.service[80457]: DEBUG keystone.server.flask.request_processing.req_logging [None req-03ce1fae-ee0d-461a-8cbc-c9ca398e3a99 None admin] SCRIPT_NAME: `/identity` {{(pid=80457) log_request_info /opt/stack/keystone/keystone/server/flask/request_processing/req_logging.py:28}}
Jun 17 07:49:23.898986 dv-neutron-840416-7-hyperv devstack@keystone.service[80457]: DEBUG keystone.server.flask.request_processing.req_logging [None req-03ce1fae-ee0d-461a-8cbc-c9ca398e3a99 None admin] PATH_INFO: `/v3/role_assignments` {{(pid=80457) log_request_info /opt/stack/keystone/keystone/server/flask/request_processing/req_logging.py:29}}
Jun 17 07:49:23.900008 dv-neutron-840416-7-hyperv devstack@keystone.service[80457]: DEBUG keystone.common.rbac_enforcer.enforcer [None req-03ce1fae-ee0d-461a-8cbc-c9ca398e3a99 None admin] RBAC: Adding query filter params (role.id=100582efd64e433aa708c3f5e9557a26, scope.project.id=6c9395d6bea64eea80e5a154338844a3, user.id=23e2d80c777f407a8ba8360e890e229a) {{(pid=80457) _extract_filter_values /opt/stack/keystone/keystone/common/rbac_enforcer/enforcer.py:167}}
Jun 17 07:49:23.900516 dv-neutron-840416-7-hyperv devstack@keystone.service[80457]: DEBUG keystone.common.rbac_enforcer.enforcer [None req-03ce1fae-ee0d-461a-8cbc-c9ca398e3a99 None admin] RBAC: Authorizing `identity:list_role_assignments()` {{(pid=80457) enforce_call /opt/stack/keystone/keystone/common/rbac_enforcer/enforcer.py:449}}
Jun 17 07:49:23.902196 dv-neutron-840416-7-hyperv devstack@keystone.service[80457]: DEBUG keystone.common.rbac_enforcer.enforcer [None req-03ce1fae-ee0d-461a-8cbc-c9ca398e3a99 None admin] RBAC: Authorization granted {{(pid=80457) enforce_call /opt/stack/keystone/keystone/common/rbac_enforcer/enforcer.py:457}}
Jun 17 07:49:23.910503 dv-neutron-840416-7-hyperv devstack@keystone.service[80457]: [pid: 80457|app: 0|req: 101/196] 10.222.0.47 () {56 vars in 1374 bytes} [Fri Jun 17 07:49:23 2022] GET /identity/v3/role_assignments?user.id=23e2d80c777f407a8ba8360e890e229a&scope.project.id=6c9395d6bea64eea80e5a154338844a3&role.id=100582efd64e433aa708c3f5e9557a26 => generated 259 bytes in 291 msecs (HTTP/1.1 200) 5 headers in 177 bytes (1 switches on core 0)
Jun 17 07:49:23.913267 dv-neutron-840416-7-hyperv devstack@keystone.service[80458]: DEBUG keystone.server.flask.request_processing.middleware.auth_context [None req-2e6158e0-3244-4e83-b3d9-00e1c42355b1 None admin] RBAC: auth_context: {'token': , 'domain_id': None, 'trust_id': None, 'trustor_id': None, 'trustee_id': None, 'domain_name': None, 'group_ids': [], 'user_id': 'cf0f8d7844d9419ba48b9a543601384d', 'user_domain_id': 'default', 'system_scope': 'all', 'project_id': None, 'project_domain_id': None, 'roles': ['admin', 'member', 'reader'], 'is_admin_project': True, 'service_user_id': None, 'service_user_domain_id': None, 'service_project_id': None, 'service_project_domain_id': None, 'service_roles': []} {{(pid=80458) fill_context /opt/stack/keystone/keystone/server/flask/request_processing/middleware/auth_context.py:478}}
Jun 17 07:49:23.914220 dv-neutron-840416-7-hyperv devstack@keystone.service[80458]: DEBUG keystone.server.flask.request_processing.req_logging [None req-2e6158e0-3244-4e83-b3d9-00e1c42355b1 None admin] REQUEST_METHOD: `GET` {{(pid=80458) log_request_info /opt/stack/keystone/keystone/server/flask/request_processing/req_logging.py:27}}
Jun 17 07:49:23.914509 dv-neutron-840416-7-hyperv devstack@keystone.service[80458]: DEBUG keystone.server.flask.request_processing.req_logging [None req-2e6158e0-3244-4e83-b3d9-00e1c42355b1 None admin] SCRIPT_NAME: `/identity` {{(pid=80458) log_request_info /opt/stack/keystone/keystone/server/flask/request_processing/req_logging.py:28}}
Jun 17 07:49:23.914784 dv-neutron-840416-7-hyperv devstack@keystone.service[80458]: DEBUG keystone.server.flask.request_processing.req_logging [None req-2e6158e0-3244-4e83-b3d9-00e1c42355b1 None admin] PATH_INFO: `/v3/users/23e2d80c777f407a8ba8360e890e229a` {{(pid=80458) log_request_info /opt/stack/keystone/keystone/server/flask/request_processing/req_logging.py:29}}
Jun 17 07:49:23.916094 dv-neutron-840416-7-hyperv devstack@keystone.service[80458]: DEBUG keystone.common.rbac_enforcer.enforcer [None req-2e6158e0-3244-4e83-b3d9-00e1c42355b1 None admin] RBAC: Authorizing `identity:get_user(user_id=23e2d80c777f407a8ba8360e890e229a)` {{(pid=80458) enforce_call /opt/stack/keystone/keystone/common/rbac_enforcer/enforcer.py:449}}
Jun 17 07:49:23.918484 dv-neutron-840416-7-hyperv devstack@keystone.service[80458]: DEBUG keystone.common.rbac_enforcer.enforcer [None req-2e6158e0-3244-4e83-b3d9-00e1c42355b1 None admin] RBAC: Authorization granted {{(pid=80458) enforce_call /opt/stack/keystone/keystone/common/rbac_enforcer/enforcer.py:457}}
Jun 17 07:49:23.919797 dv-neutron-840416-7-hyperv devstack@keystone.service[80458]: [pid: 80458|app: 0|req: 96/197] 10.222.0.47 () {56 vars in 1177 bytes} [Fri Jun 17 07:49:23 2022] GET /identity/v3/users/23e2d80c777f407a8ba8360e890e229a => generated 283 bytes in 259 msecs (HTTP/1.1 200) 5 headers in 177 bytes (1 switches on core 0)
Jun 17 07:49:23.925933 dv-neutron-840416-7-hyperv devstack@keystone.service[80457]: DEBUG keystone.server.flask.request_processing.middleware.auth_context [None req-03ce1fae-ee0d-461a-8cbc-c9ca398e3a99 None admin] Authenticating user token {{(pid=80457) process_request /usr/local/lib/python3.8/dist-packages/keystonemiddleware/auth_token/__init__.py:407}}
Jun 17 07:49:24.026259 dv-neutron-840416-7-hyperv devstack@keystone.service[80457]: DEBUG dbcounter [-] [80457] Writing DB stats keystone:SELECT=100 {{(pid=80457) stat_writer /usr/local/lib/python3.8/dist-packages/dbcounter.py:114}}
Jun 17 07:49:24.047066 dv-neutron-840416-7-hyperv devstack@keystone.service[80457]: DEBUG keystone.server.flask.request_processing.middleware.auth_context [None req-03ce1fae-ee0d-461a-8cbc-c9ca398e3a99 None admin] Validating token access rules against request {{(pid=80457) validate_allowed_request /usr/local/lib/python3.8/dist-packages/keystonemiddleware/auth_token/__init__.py:545}}
Jun 17 07:49:24.089716 dv-neutron-840416-7-hyperv devstack@keystone.service[80457]: DEBUG keystone.server.flask.request_processing.middleware.auth_context [None req-c1b35542-0261-47dc-a862-4ef97e0fb856 None admin] RBAC: auth_context: {'token': , 'domain_id': None, 'trust_id': None, 'trustor_id': None, 'trustee_id': None, 'domain_name': None, 'group_ids': [], 'user_id': 'cf0f8d7844d9419ba48b9a543601384d', 'user_domain_id': 'default', 'system_scope': 'all', 'project_id': None, 'project_domain_id': None, 'roles': ['admin', 'member', 'reader'], 'is_admin_project': True, 'service_user_id': None, 'service_user_domain_id': None, 'service_project_id': None, 'service_project_domain_id': None, 'service_roles': []} {{(pid=80457) fill_context /opt/stack/keystone/keystone/server/flask/request_processing/middleware/auth_context.py:478}}
Jun 17 07:49:24.090538 dv-neutron-840416-7-hyperv devstack@keystone.service[80457]: DEBUG keystone.server.flask.request_processing.req_logging [None req-c1b35542-0261-47dc-a862-4ef97e0fb856 None admin] REQUEST_METHOD: `GET` {{(pid=80457) log_request_info /opt/stack/keystone/keystone/server/flask/request_processing/req_logging.py:27}}
Jun 17 07:49:24.090920 dv-neutron-840416-7-hyperv devstack@keystone.service[80457]: DEBUG keystone.server.flask.request_processing.req_logging [None req-c1b35542-0261-47dc-a862-4ef97e0fb856 None admin] SCRIPT_NAME: `/identity` {{(pid=80457) log_request_info /opt/stack/keystone/keystone/server/flask/request_processing/req_logging.py:28}}
Jun 17 07:49:24.091343 dv-neutron-840416-7-hyperv devstack@keystone.service[80457]: DEBUG keystone.server.flask.request_processing.req_logging [None req-c1b35542-0261-47dc-a862-4ef97e0fb856 None admin] PATH_INFO: `/v3/auth/tokens` {{(pid=80457) log_request_info /opt/stack/keystone/keystone/server/flask/request_processing/req_logging.py:29}}
