Aug 30 08:43:43.306096 dv-neutron-840416-29-hyperv devstack@keystone.service[81780]: DEBUG keystone.server.flask.request_processing.middleware.auth_context [None req-ba6c4e6e-533c-4a11-b69a-8f8872e14cef None admin] RBAC: auth_context: {'token': , 'domain_id': None, 'trust_id': None, 'trustor_id': None, 'trustee_id': None, 'domain_name': None, 'group_ids': [], 'user_id': 'aea7e83bd6a74051b4d43d4530e8079a', 'user_domain_id': 'default', 'system_scope': 'all', 'project_id': None, 'project_domain_id': None, 'roles': ['admin', 'member', 'reader'], 'is_admin_project': True, 'service_user_id': None, 'service_user_domain_id': None, 'service_project_id': None, 'service_project_domain_id': None, 'service_roles': []} {{(pid=81780) fill_context /opt/stack/keystone/keystone/server/flask/request_processing/middleware/auth_context.py:478}}
Aug 30 08:43:43.306751 dv-neutron-840416-29-hyperv devstack@keystone.service[81780]: DEBUG keystone.server.flask.request_processing.req_logging [None req-ba6c4e6e-533c-4a11-b69a-8f8872e14cef None admin] REQUEST_METHOD: `GET` {{(pid=81780) log_request_info /opt/stack/keystone/keystone/server/flask/request_processing/req_logging.py:27}}
Aug 30 08:43:43.307063 dv-neutron-840416-29-hyperv devstack@keystone.service[81780]: DEBUG keystone.server.flask.request_processing.req_logging [None req-ba6c4e6e-533c-4a11-b69a-8f8872e14cef None admin] SCRIPT_NAME: `/identity` {{(pid=81780) log_request_info /opt/stack/keystone/keystone/server/flask/request_processing/req_logging.py:28}}
Aug 30 08:43:43.307336 dv-neutron-840416-29-hyperv devstack@keystone.service[81780]: DEBUG keystone.server.flask.request_processing.req_logging [None req-ba6c4e6e-533c-4a11-b69a-8f8872e14cef None admin] PATH_INFO: `/v3/projects/017758f3b2434ddf93f420328e75ac7e` {{(pid=81780) log_request_info /opt/stack/keystone/keystone/server/flask/request_processing/req_logging.py:29}}
Aug 30 08:43:43.308475 dv-neutron-840416-29-hyperv devstack@keystone.service[81780]: DEBUG keystone.common.rbac_enforcer.enforcer [None req-ba6c4e6e-533c-4a11-b69a-8f8872e14cef None admin] RBAC: Authorizing `identity:get_project(project_id=017758f3b2434ddf93f420328e75ac7e)` {{(pid=81780) enforce_call /opt/stack/keystone/keystone/common/rbac_enforcer/enforcer.py:449}}
Aug 30 08:43:43.309988 dv-neutron-840416-29-hyperv devstack@keystone.service[81780]: DEBUG keystone.common.rbac_enforcer.enforcer [None req-ba6c4e6e-533c-4a11-b69a-8f8872e14cef None admin] RBAC: Authorization granted {{(pid=81780) enforce_call /opt/stack/keystone/keystone/common/rbac_enforcer/enforcer.py:457}}
Aug 30 08:43:43.311971 dv-neutron-840416-29-hyperv devstack@keystone.service[81780]: [pid: 81780|app: 0|req: 138/268] 10.222.0.44 () {56 vars in 1186 bytes} [Tue Aug 30 08:43:43 2022] GET /identity/v3/projects/017758f3b2434ddf93f420328e75ac7e => generated 302 bytes in 156 msecs (HTTP/1.1 200) 5 headers in 177 bytes (1 switches on core 0)
Aug 30 08:43:43.318267 dv-neutron-840416-29-hyperv devstack@keystone.service[81781]: DEBUG keystone.server.flask.request_processing.middleware.auth_context [None req-36dd638d-abbf-4282-9540-a4e3876a627a None admin] Authenticating user token {{(pid=81781) process_request /usr/local/lib/python3.8/dist-packages/keystonemiddleware/auth_token/__init__.py:407}}
Aug 30 08:43:43.380984 dv-neutron-840416-29-hyperv devstack@keystone.service[81781]: DEBUG dbcounter [-] [81781] Writing DB stats keystone:SELECT=100 {{(pid=81781) stat_writer /usr/local/lib/python3.8/dist-packages/dbcounter.py:114}}
Aug 30 08:43:43.388849 dv-neutron-840416-29-hyperv devstack@keystone.service[81780]: DEBUG keystone.server.flask.request_processing.req_logging [None req-1f8ff1de-52fa-4974-aefa-e66da211314e None None] REQUEST_METHOD: `GET` {{(pid=81780) log_request_info /opt/stack/keystone/keystone/server/flask/request_processing/req_logging.py:27}}
Aug 30 08:43:43.389411 dv-neutron-840416-29-hyperv devstack@keystone.service[81780]: DEBUG keystone.server.flask.request_processing.req_logging [None req-1f8ff1de-52fa-4974-aefa-e66da211314e None None] SCRIPT_NAME: `/identity` {{(pid=81780) log_request_info /opt/stack/keystone/keystone/server/flask/request_processing/req_logging.py:28}}
Aug 30 08:43:43.389657 dv-neutron-840416-29-hyperv devstack@keystone.service[81780]: DEBUG keystone.server.flask.request_processing.req_logging [None req-1f8ff1de-52fa-4974-aefa-e66da211314e None None] PATH_INFO: `/` {{(pid=81780) log_request_info /opt/stack/keystone/keystone/server/flask/request_processing/req_logging.py:29}}
Aug 30 08:43:43.391309 dv-neutron-840416-29-hyperv devstack@keystone.service[81780]: [pid: 81780|app: 0|req: 139/269] 10.222.0.44 () {54 vars in 927 bytes} [Tue Aug 30 08:43:43 2022] GET /identity => generated 270 bytes in 3 msecs (HTTP/1.1 300) 6 headers in 234 bytes (1 switches on core 0)
Aug 30 08:43:43.398609 dv-neutron-840416-29-hyperv devstack@keystone.service[81780]: DEBUG keystone.server.flask.request_processing.req_logging [None req-81519ae3-fa20-4e43-b181-aeac1c01076e None None] REQUEST_METHOD: `POST` {{(pid=81780) log_request_info /opt/stack/keystone/keystone/server/flask/request_processing/req_logging.py:27}}
Aug 30 08:43:43.399294 dv-neutron-840416-29-hyperv devstack@keystone.service[81780]: DEBUG keystone.server.flask.request_processing.req_logging [None req-81519ae3-fa20-4e43-b181-aeac1c01076e None None] SCRIPT_NAME: `/identity` {{(pid=81780) log_request_info /opt/stack/keystone/keystone/server/flask/request_processing/req_logging.py:28}}
Aug 30 08:43:43.399964 dv-neutron-840416-29-hyperv devstack@keystone.service[81780]: DEBUG keystone.server.flask.request_processing.req_logging [None req-81519ae3-fa20-4e43-b181-aeac1c01076e None None] PATH_INFO: `/v3/auth/tokens` {{(pid=81780) log_request_info /opt/stack/keystone/keystone/server/flask/request_processing/req_logging.py:29}}
Aug 30 08:43:43.425502 dv-neutron-840416-29-hyperv devstack@keystone.service[81780]: DEBUG keystone.auth.core [None req-81519ae3-fa20-4e43-b181-aeac1c01076e None None] MFA Rules not processed for user `aea7e83bd6a74051b4d43d4530e8079a`. Rule list: `[]` (Enabled: `True`). {{(pid=81780) check_auth_methods_against_rules /opt/stack/keystone/keystone/auth/core.py:438}}
Aug 30 08:43:43.427144 dv-neutron-840416-29-hyperv devstack@keystone.service[81780]: DEBUG keystone.common.fernet_utils [None req-81519ae3-fa20-4e43-b181-aeac1c01076e None None] Loaded 2 Fernet keys from /etc/keystone/fernet-keys/, but `[fernet_tokens] max_active_keys = 3`; perhaps there have not been enough key rotations to reach `max_active_keys` yet? {{(pid=81780) load_keys /opt/stack/keystone/keystone/common/fernet_utils.py:286}}
Aug 30 08:43:43.443465 dv-neutron-840416-29-hyperv devstack@keystone.service[81781]: DEBUG keystone.server.flask.request_processing.middleware.auth_context [None req-36dd638d-abbf-4282-9540-a4e3876a627a None admin] Validating token access rules against request {{(pid=81781) validate_allowed_request /usr/local/lib/python3.8/dist-packages/keystonemiddleware/auth_token/__init__.py:545}}
Aug 30 08:43:43.494708 dv-neutron-840416-29-hyperv devstack@keystone.service[81781]: DEBUG keystone.server.flask.request_processing.middleware.auth_context [None req-7f8fa470-408a-4597-b087-7dfeda326e6a None admin] RBAC: auth_context: {'token': , 'domain_id': None, 'trust_id': None, 'trustor_id': None, 'trustee_id': None, 'domain_name': None, 'group_ids': [], 'user_id': 'aea7e83bd6a74051b4d43d4530e8079a', 'user_domain_id': 'default', 'system_scope': 'all', 'project_id': None, 'project_domain_id': None, 'roles': ['admin', 'member', 'reader'], 'is_admin_project': True, 'service_user_id': None, 'service_user_domain_id': None, 'service_project_id': None, 'service_project_domain_id': None, 'service_roles': []} {{(pid=81781) fill_context /opt/stack/keystone/keystone/server/flask/request_processing/middleware/auth_context.py:478}}
Aug 30 08:43:43.495396 dv-neutron-840416-29-hyperv devstack@keystone.service[81781]: DEBUG keystone.server.flask.request_processing.req_logging [None req-7f8fa470-408a-4597-b087-7dfeda326e6a None admin] REQUEST_METHOD: `GET` {{(pid=81781) log_request_info /opt/stack/keystone/keystone/server/flask/request_processing/req_logging.py:27}}
Aug 30 08:43:43.495674 dv-neutron-840416-29-hyperv devstack@keystone.service[81781]: DEBUG keystone.server.flask.request_processing.req_logging [None req-7f8fa470-408a-4597-b087-7dfeda326e6a None admin] SCRIPT_NAME: `/identity` {{(pid=81781) log_request_info /opt/stack/keystone/keystone/server/flask/request_processing/req_logging.py:28}}
Aug 30 08:43:43.495945 dv-neutron-840416-29-hyperv devstack@keystone.service[81781]: DEBUG keystone.server.flask.request_processing.req_logging [None req-7f8fa470-408a-4597-b087-7dfeda326e6a None admin] PATH_INFO: `/v3/role_assignments` {{(pid=81781) log_request_info /opt/stack/keystone/keystone/server/flask/request_processing/req_logging.py:29}}
Aug 30 08:43:43.496676 dv-neutron-840416-29-hyperv devstack@keystone.service[81781]: DEBUG keystone.common.rbac_enforcer.enforcer [None req-7f8fa470-408a-4597-b087-7dfeda326e6a None admin] RBAC: Adding query filter params (role.id=38b898bedef64603bdf9889c55c79468, scope.project.id=017758f3b2434ddf93f420328e75ac7e, user.id=77307161d7ea4fc092c68e4be632c629) {{(pid=81781) _extract_filter_values /opt/stack/keystone/keystone/common/rbac_enforcer/enforcer.py:167}}
Aug 30 08:43:43.497569 dv-neutron-840416-29-hyperv devstack@keystone.service[81781]: DEBUG keystone.common.rbac_enforcer.enforcer [None req-7f8fa470-408a-4597-b087-7dfeda326e6a None admin] RBAC: Authorizing `identity:list_role_assignments()` {{(pid=81781) enforce_call /opt/stack/keystone/keystone/common/rbac_enforcer/enforcer.py:449}}
Aug 30 08:43:43.499323 dv-neutron-840416-29-hyperv devstack@keystone.service[81781]: DEBUG keystone.common.rbac_enforcer.enforcer [None req-7f8fa470-408a-4597-b087-7dfeda326e6a None admin] RBAC: Authorization granted {{(pid=81781) enforce_call /opt/stack/keystone/keystone/common/rbac_enforcer/enforcer.py:457}}
Aug 30 08:43:43.514894 dv-neutron-840416-29-hyperv devstack@keystone.service[81780]: [pid: 81780|app: 0|req: 140/271] 10.222.0.44 () {58 vars in 1024 bytes} [Tue Aug 30 08:43:43 2022] POST /identity/v3/auth/tokens => generated 799 bytes in 110 msecs (HTTP/1.1 201) 6 headers in 363 bytes (3 switches on core 0)
Aug 30 08:43:43.515417 dv-neutron-840416-29-hyperv devstack@keystone.service[81781]: [pid: 81781|app: 0|req: 131/271] 10.222.0.44 () {56 vars in 1374 bytes} [Tue Aug 30 08:43:43 2022] GET /identity/v3/role_assignments?user.id=77307161d7ea4fc092c68e4be632c629&scope.project.id=017758f3b2434ddf93f420328e75ac7e&role.id=38b898bedef64603bdf9889c55c79468 => generated 608 bytes in 190 msecs (HTTP/1.1 200) 5 headers in 177 bytes (1 switches on core 0)
Aug 30 08:43:43.515534 dv-neutron-840416-29-hyperv devstack@keystone.service[81780]: DEBUG keystone.server.flask.request_processing.req_logging [None req-d88fd295-1fbc-4091-8dab-0f4d2ae73835 None None] REQUEST_METHOD: `GET` {{(pid=81780) log_request_info /opt/stack/keystone/keystone/server/flask/request_processing/req_logging.py:27}}
Aug 30 08:43:43.515534 dv-neutron-840416-29-hyperv devstack@keystone.service[81780]: DEBUG keystone.server.flask.request_processing.req_logging [None req-d88fd295-1fbc-4091-8dab-0f4d2ae73835 None None] SCRIPT_NAME: `/identity` {{(pid=81780) log_request_info /opt/stack/keystone/keystone/server/flask/request_processing/req_logging.py:28}}
Aug 30 08:43:43.515534 dv-neutron-840416-29-hyperv devstack@keystone.service[81780]: DEBUG keystone.server.flask.request_processing.req_logging [None req-d88fd295-1fbc-4091-8dab-0f4d2ae73835 None None] PATH_INFO: `/` {{(pid=81780) log_request_info /opt/stack/keystone/keystone/server/flask/request_processing/req_logging.py:29}}
Aug 30 08:43:43.515534 dv-neutron-840416-29-hyperv devstack@keystone.service[81780]: [pid: 81780|app: 0|req: 141/272] 10.222.0.44 () {54 vars in 927 bytes} [Tue Aug 30 08:43:43 2022] GET /identity => generated 270 bytes in 3 msecs (HTTP/1.1 300) 6 headers in 234 bytes (1 switches on core 0)
Aug 30 08:43:43.518056 dv-neutron-840416-29-hyperv devstack@keystone.service[81781]: DEBUG keystone.server.flask.request_processing.req_logging [None req-e7345293-3150-4a6d-bfff-3630bd44b197 None None] REQUEST_METHOD: `POST` {{(pid=81781) log_request_info /opt/stack/keystone/keystone/server/flask/request_processing/req_logging.py:27}}
Aug 30 08:43:43.518346 dv-neutron-840416-29-hyperv devstack@keystone.service[81781]: DEBUG keystone.server.flask.request_processing.req_logging [None req-e7345293-3150-4a6d-bfff-3630bd44b197 None None] SCRIPT_NAME: `/identity` {{(pid=81781) log_request_info /opt/stack/keystone/keystone/server/flask/request_processing/req_logging.py:28}}
Aug 30 08:43:43.518623 dv-neutron-840416-29-hyperv devstack@keystone.service[81781]: DEBUG keystone.server.flask.request_processing.req_logging [None req-e7345293-3150-4a6d-bfff-3630bd44b197 None None] PATH_INFO: `/v3/auth/tokens` {{(pid=81781) log_request_info /opt/stack/keystone/keystone/server/flask/request_processing/req_logging.py:29}}
Aug 30 08:43:43.547305 dv-neutron-840416-29-hyperv devstack@keystone.service[81781]: DEBUG keystone.auth.core [None req-e7345293-3150-4a6d-bfff-3630bd44b197 None None] MFA Rules not processed for user `aea7e83bd6a74051b4d43d4530e8079a`. Rule list: `[]` (Enabled: `True`). {{(pid=81781) check_auth_methods_against_rules /opt/stack/keystone/keystone/auth/core.py:438}}
Aug 30 08:43:43.548786 dv-neutron-840416-29-hyperv devstack@keystone.service[81781]: DEBUG keystone.common.fernet_utils [None req-e7345293-3150-4a6d-bfff-3630bd44b197 None None] Loaded 2 Fernet keys from /etc/keystone/fernet-keys/, but `[fernet_tokens] max_active_keys = 3`; perhaps there have not been enough key rotations to reach `max_active_keys` yet? {{(pid=81781) load_keys /opt/stack/keystone/keystone/common/fernet_utils.py:286}}
Aug 30 08:43:43.639171 dv-neutron-840416-29-hyperv devstack@keystone.service[81781]: [pid: 81781|app: 0|req: 132/273] 10.222.0.44 () {58 vars in 1024 bytes} [Tue Aug 30 08:43:43 2022] POST /identity/v3/auth/tokens => generated 799 bytes in 122 msecs (HTTP/1.1 201) 6 headers in 363 bytes (1 switches on core 0)
Aug 30 08:43:43.928209 dv-neutron-840416-29-hyperv devstack@keystone.service[81780]: DEBUG keystone.server.flask.request_processing.middleware.auth_context [None req-d88fd295-1fbc-4091-8dab-0f4d2ae73835 None None] Authenticating user token {{(pid=81780) process_request /usr/local/lib/python3.8/dist-packages/keystonemiddleware/auth_token/__init__.py:407}}
Aug 30 08:43:43.941678 dv-neutron-840416-29-hyperv devstack@keystone.service[81781]: DEBUG keystone.server.flask.request_processing.middleware.auth_context [None req-e7345293-3150-4a6d-bfff-3630bd44b197 None None] Authenticating user token {{(pid=81781) process_request /usr/local/lib/python3.8/dist-packages/keystonemiddleware/auth_token/__init__.py:407}}
Aug 30 08:43:44.008030 dv-neutron-840416-29-hyperv devstack@keystone.service[81781]: DEBUG dbcounter [-] [81781] Writing DB stats keystone:SELECT=100 {{(pid=81781) stat_writer /usr/local/lib/python3.8/dist-packages/dbcounter.py:114}}
Aug 30 08:43:44.043208 dv-neutron-840416-29-hyperv devstack@keystone.service[81780]: DEBUG dbcounter [-] [81780] Writing DB stats keystone:SELECT=100 {{(pid=81780) stat_writer /usr/local/lib/python3.8/dist-packages/dbcounter.py:114}}
Aug 30 08:43:44.066671 dv-neutron-840416-29-hyperv devstack@keystone.service[81780]: DEBUG keystone.server.flask.request_processing.middleware.auth_context [None req-d88fd295-1fbc-4091-8dab-0f4d2ae73835 None None] Validating token access rules against request {{(pid=81780) validate_allowed_request /usr/local/lib/python3.8/dist-packages/keystonemiddleware/auth_token/__init__.py:545}}
Aug 30 08:43:44.097862 dv-neutron-840416-29-hyperv devstack@keystone.service[81781]: DEBUG keystone.server.flask.request_processing.middleware.auth_context [None req-e7345293-3150-4a6d-bfff-3630bd44b197 None None] Validating token access rules against request {{(pid=81781) validate_allowed_request /usr/local/lib/python3.8/dist-packages/keystonemiddleware/auth_token/__init__.py:545}}
Aug 30 08:43:44.103614 dv-neutron-840416-29-hyperv devstack@keystone.service[81780]: DEBUG keystone.server.flask.request_processing.middleware.auth_context [None req-47a72196-d001-4154-a664-2c5078e7da33 None admin] RBAC: auth_context: {'token': , 'domain_id': None, 'trust_id': None, 'trustor_id': None, 'trustee_id': None, 'domain_name': None, 'group_ids': [], 'user_id': 'aea7e83bd6a74051b4d43d4530e8079a', 'user_domain_id': 'default', 'system_scope': 'all', 'project_id': None, 'project_domain_id': None, 'roles': ['admin', 'member', 'reader'], 'is_admin_project': True, 'service_user_id': None, 'service_user_domain_id': None, 'service_project_id': None, 'service_project_domain_id': None, 'service_roles': []} {{(pid=81780) fill_context /opt/stack/keystone/keystone/server/flask/request_processing/middleware/auth_context.py:478}}
Aug 30 08:43:44.104260 dv-neutron-840416-29-hyperv devstack@keystone.service[81780]: DEBUG keystone.server.flask.request_processing.req_logging [None req-47a72196-d001-4154-a664-2c5078e7da33 None admin] REQUEST_METHOD: `GET` {{(pid=81780) log_request_info /opt/stack/keystone/keystone/server/flask/request_processing/req_logging.py:27}}
Aug 30 08:43:44.104541 dv-neutron-840416-29-hyperv devstack@keystone.service[81780]: DEBUG keystone.server.flask.request_processing.req_logging [None req-47a72196-d001-4154-a664-2c5078e7da33 None admin] SCRIPT_NAME: `/identity` {{(pid=81780) log_request_info /opt/stack/keystone/keystone/server/flask/request_processing/req_logging.py:28}}
Aug 30 08:43:44.104814 dv-neutron-840416-29-hyperv devstack@keystone.service[81780]: DEBUG keystone.server.flask.request_processing.req_logging [None req-47a72196-d001-4154-a664-2c5078e7da33 None admin] PATH_INFO: `/v3/roles/member` {{(pid=81780) log_request_info /opt/stack/keystone/keystone/server/flask/request_processing/req_logging.py:29}}
Aug 30 08:43:44.116853 dv-neutron-840416-29-hyperv devstack@keystone.service[81780]: DEBUG keystone.common.rbac_enforcer.enforcer [None req-47a72196-d001-4154-a664-2c5078e7da33 None admin] Extracting inferred target data resulted in "NOT FOUND (404)". {{(pid=81780) enforce_call /opt/stack/keystone/keystone/common/rbac_enforcer/enforcer.py:409}}
Aug 30 08:43:44.121926 dv-neutron-840416-29-hyperv devstack@keystone.service[81780]: ERROR keystone.server.flask.application [None req-47a72196-d001-4154-a664-2c5078e7da33 None admin] Could not find role: member.: keystone.exception.RoleNotFound: Could not find role: member.
Aug 30 08:43:44.121926 dv-neutron-840416-29-hyperv devstack@keystone.service[81780]: ERROR keystone.server.flask.application
Traceback (most recent call last):
Aug 30 08:43:44.121926 dv-neutron-840416-29-hyperv devstack@keystone.service[81780]: ERROR keystone.server.flask.application
File "/usr/local/lib/python3.8/dist-packages/flask/app.py", line 1820, in full_dispatch_request
Aug 30 08:43:44.121926 dv-neutron-840416-29-hyperv devstack@keystone.service[81780]: ERROR keystone.server.flask.application rv = self.dispatch_request()
Aug 30 08:43:44.121926 dv-neutron-840416-29-hyperv devstack@keystone.service[81780]: ERROR keystone.server.flask.application
File "/usr/local/lib/python3.8/dist-packages/flask/app.py", line 1796, in dispatch_request
Aug 30 08:43:44.121926 dv-neutron-840416-29-hyperv devstack@keystone.service[81780]: ERROR keystone.server.flask.application return self.ensure_sync(self.view_functions[rule.endpoint])(**view_args)
Aug 30 08:43:44.121926 dv-neutron-840416-29-hyperv devstack@keystone.service[81780]: ERROR keystone.server.flask.application
File "/usr/local/lib/python3.8/dist-packages/flask_restful/__init__.py", line 467, in wrapper
Aug 30 08:43:44.121926 dv-neutron-840416-29-hyperv devstack@keystone.service[81780]: ERROR keystone.server.flask.application resp = resource(*args, **kwargs)
Aug 30 08:43:44.121926 dv-neutron-840416-29-hyperv devstack@keystone.service[81780]: ERROR keystone.server.flask.application
File "/usr/local/lib/python3.8/dist-packages/flask/views.py", line 107, in view
Aug 30 08:43:44.121926 dv-neutron-840416-29-hyperv devstack@keystone.service[81780]: ERROR keystone.server.flask.application return current_app.ensure_sync(self.dispatch_request)(**kwargs)
Aug 30 08:43:44.121926 dv-neutron-840416-29-hyperv devstack@keystone.service[81780]: ERROR keystone.server.flask.application
File "/usr/local/lib/python3.8/dist-packages/flask_restful/__init__.py", line 582, in dispatch_request
Aug 30 08:43:44.121926 dv-neutron-840416-29-hyperv devstack@keystone.service[81780]: ERROR keystone.server.flask.application resp = meth(*args, **kwargs)
Aug 30 08:43:44.121926 dv-neutron-840416-29-hyperv devstack@keystone.service[81780]: ERROR keystone.server.flask.application
File "/opt/stack/keystone/keystone/api/roles.py", line 50, in get
Aug 30 08:43:44.121926 dv-neutron-840416-29-hyperv devstack@keystone.service[81780]: ERROR keystone.server.flask.application return self._get_role(role_id)
Aug 30 08:43:44.121926 dv-neutron-840416-29-hyperv devstack@keystone.service[81780]: ERROR keystone.server.flask.application
File "/opt/stack/keystone/keystone/api/roles.py", line 70, in _get_role
Aug 30 08:43:44.121926 dv-neutron-840416-29-hyperv devstack@keystone.service[81780]: ERROR keystone.server.flask.application ENFORCER.enforce_call(action='identity:get_role')
Aug 30 08:43:44.122774 dv-neutron-840416-29-hyperv devstack@keystone.service[81780]: ERROR keystone.server.flask.application
File "/opt/stack/keystone/keystone/common/rbac_enforcer/enforcer.py", line 402, in enforce_call
Aug 30 08:43:44.122774 dv-neutron-840416-29-hyperv devstack@keystone.service[81780]: ERROR keystone.server.flask.application policy_dict.update(cls._extract_member_target_data(
Aug 30 08:43:44.122774 dv-neutron-840416-29-hyperv devstack@keystone.service[81780]: ERROR keystone.server.flask.application
File "/opt/stack/keystone/keystone/common/rbac_enforcer/enforcer.py", line 234, in _extract_member_target_data
Aug 30 08:43:44.122774 dv-neutron-840416-29-hyperv devstack@keystone.service[81780]: ERROR keystone.server.flask.application member_name: func(flask.request.view_args[key])
Aug 30 08:43:44.122774 dv-neutron-840416-29-hyperv devstack@keystone.service[81780]: ERROR keystone.server.flask.application
File "/opt/stack/keystone/keystone/common/manager.py", line 115, in wrapped
Aug 30 08:43:44.122774 dv-neutron-840416-29-hyperv devstack@keystone.service[81780]: ERROR keystone.server.flask.application __ret_val = __f(*args, **kwargs)
Aug 30 08:43:44.122774 dv-neutron-840416-29-hyperv devstack@keystone.service[81780]: ERROR keystone.server.flask.application
File "/usr/local/lib/python3.8/dist-packages/decorator.py", line 232, in fun
Aug 30 08:43:44.122774 dv-neutron-840416-29-hyperv devstack@keystone.service[81780]: ERROR keystone.server.flask.application return caller(func, *(extras + args), **kw)
Aug 30 08:43:44.122774 dv-neutron-840416-29-hyperv devstack@keystone.service[81780]: ERROR keystone.server.flask.application
File "/usr/local/lib/python3.8/dist-packages/dogpile/cache/region.py", line 1577, in get_or_create_for_user_func
Aug 30 08:43:44.122774 dv-neutron-840416-29-hyperv devstack@keystone.service[81780]: ERROR keystone.server.flask.application return self.get_or_create(
Aug 30 08:43:44.122774 dv-neutron-840416-29-hyperv devstack@keystone.service[81780]: ERROR keystone.server.flask.application
File "/usr/local/lib/python3.8/dist-packages/dogpile/cache/region.py", line 1042, in get_or_create
Aug 30 08:43:44.122774 dv-neutron-840416-29-hyperv devstack@keystone.service[81780]: ERROR keystone.server.flask.application with Lock(
Aug 30 08:43:44.122774 dv-neutron-840416-29-hyperv devstack@keystone.service[81780]: ERROR keystone.server.flask.application
File "/usr/local/lib/python3.8/dist-packages/dogpile/lock.py", line 185, in __enter__
Aug 30 08:43:44.122774 dv-neutron-840416-29-hyperv devstack@keystone.service[81780]: ERROR keystone.server.flask.application return self._enter()
Aug 30 08:43:44.122774 dv-neutron-840416-29-hyperv devstack@keystone.service[81780]: ERROR keystone.server.flask.application
File "/usr/local/lib/python3.8/dist-packages/dogpile/lock.py", line 94, in _enter
Aug 30 08:43:44.122774 dv-neutron-840416-29-hyperv devstack@keystone.service[81780]: ERROR keystone.server.flask.application generated = self._enter_create(value, createdtime)
Aug 30 08:43:44.129408 dv-neutron-840416-29-hyperv devstack@keystone.service[81780]: ERROR keystone.server.flask.application
File "/usr/local/lib/python3.8/dist-packages/dogpile/lock.py", line 178, in _enter_create
Aug 30 08:43:44.129408 dv-neutron-840416-29-hyperv devstack@keystone.service[81780]: ERROR keystone.server.flask.application return self.creator()
Aug 30 08:43:44.129408 dv-neutron-840416-29-hyperv devstack@keystone.service[81780]: ERROR keystone.server.flask.application
File "/usr/local/lib/python3.8/dist-packages/dogpile/cache/region.py", line 995, in gen_value
Aug 30 08:43:44.129408 dv-neutron-840416-29-hyperv devstack@keystone.service[81780]: ERROR keystone.server.flask.application created_value = creator(
Aug 30 08:43:44.129408 dv-neutron-840416-29-hyperv devstack@keystone.service[81780]: ERROR keystone.server.flask.application
File "/opt/stack/keystone/keystone/assignment/core.py", line 1276, in get_role
Aug 30 08:43:44.129408 dv-neutron-840416-29-hyperv devstack@keystone.service[81780]: ERROR keystone.server.flask.application return self.driver.get_role(role_id)
Aug 30 08:43:44.129408 dv-neutron-840416-29-hyperv devstack@keystone.service[81780]: ERROR keystone.server.flask.application
File "/opt/stack/keystone/keystone/assignment/role_backends/sql.py", line 70, in get_role
Aug 30 08:43:44.129408 dv-neutron-840416-29-hyperv devstack@keystone.service[81780]: ERROR keystone.server.flask.application return self._get_role(session, role_id).to_dict()
Aug 30 08:43:44.129408 dv-neutron-840416-29-hyperv devstack@keystone.service[81780]: ERROR keystone.server.flask.application
File "/opt/stack/keystone/keystone/assignment/role_backends/sql.py", line 65, in _get_role
Aug 30 08:43:44.129408 dv-neutron-840416-29-hyperv devstack@keystone.service[81780]: ERROR keystone.server.flask.application raise exception.RoleNotFound(role_id=role_id)
Aug 30 08:43:44.129408 dv-neutron-840416-29-hyperv devstack@keystone.service[81780]: ERROR keystone.server.flask.application keystone.exception.RoleNotFound: Could not find role: member.
Aug 30 08:43:44.129408 dv-neutron-840416-29-hyperv devstack@keystone.service[81780]: ERROR keystone.server.flask.application
Aug 30 08:43:44.129408 dv-neutron-840416-29-hyperv devstack@keystone.service[81780]: [pid: 81780|app: 0|req: 142/274] 10.222.0.44 () {56 vars in 1099 bytes} [Tue Aug 30 08:43:43 2022] GET /identity/v3/roles/member => generated 84 bytes in 195 msecs (HTTP/1.1 404) 5 headers in 183 bytes (1 switches on core 0)
Aug 30 08:43:44.129408 dv-neutron-840416-29-hyperv devstack@keystone.service[81780]: DEBUG keystone.server.flask.request_processing.req_logging [None req-7c638ecf-9c14-41ab-8820-8923082dd1be None None] REQUEST_METHOD: `GET` {{(pid=81780) log_request_info /opt/stack/keystone/keystone/server/flask/request_processing/req_logging.py:27}}
Aug 30 08:43:44.130105 dv-neutron-840416-29-hyperv devstack@keystone.service[81780]: DEBUG keystone.server.flask.request_processing.req_logging [None req-7c638ecf-9c14-41ab-8820-8923082dd1be None None] SCRIPT_NAME: `/identity` {{(pid=81780) log_request_info /opt/stack/keystone/keystone/server/flask/request_processing/req_logging.py:28}}
Aug 30 08:43:44.130105 dv-neutron-840416-29-hyperv devstack@keystone.service[81780]: DEBUG keystone.server.flask.request_processing.req_logging [None req-7c638ecf-9c14-41ab-8820-8923082dd1be None None] PATH_INFO: `/` {{(pid=81780) log_request_info /opt/stack/keystone/keystone/server/flask/request_processing/req_logging.py:29}}
Aug 30 08:43:44.130105 dv-neutron-840416-29-hyperv devstack@keystone.service[81780]: [pid: 81780|app: 0|req: 143/275] 10.222.0.44 () {54 vars in 927 bytes} [Tue Aug 30 08:43:44 2022] GET /identity => generated 270 bytes in 3 msecs (HTTP/1.1 300) 6 headers in 234 bytes (1 switches on core 0)
Aug 30 08:43:44.131932 dv-neutron-840416-29-hyperv devstack@keystone.service[81780]: DEBUG keystone.server.flask.request_processing.middleware.auth_context [None req-7c638ecf-9c14-41ab-8820-8923082dd1be None None] Authenticating user token {{(pid=81780) process_request /usr/local/lib/python3.8/dist-packages/keystonemiddleware/auth_token/__init__.py:407}}
Aug 30 08:43:44.145458 dv-neutron-840416-29-hyperv devstack@keystone.service[81781]: DEBUG keystone.server.flask.request_processing.middleware.auth_context [None req-2f54bb5c-54b2-45e8-b9ea-40f72213620f None admin] RBAC: auth_context: {'token': , 'domain_id': None, 'trust_id': None, 'trustor_id': None, 'trustee_id': None, 'domain_name': None, 'group_ids': [], 'user_id': 'aea7e83bd6a74051b4d43d4530e8079a', 'user_domain_id': 'default', 'system_scope': 'all', 'project_id': None, 'project_domain_id': None, 'roles': ['admin', 'member', 'reader'], 'is_admin_project': True, 'service_user_id': None, 'service_user_domain_id': None, 'service_project_id': None, 'service_project_domain_id': None, 'service_roles': []} {{(pid=81781) fill_context /opt/stack/keystone/keystone/server/flask/request_processing/middleware/auth_context.py:478}}
Aug 30 08:43:44.146019 dv-neutron-840416-29-hyperv devstack@keystone.service[81781]: DEBUG keystone.server.flask.request_processing.req_logging [None req-2f54bb5c-54b2-45e8-b9ea-40f72213620f None admin] REQUEST_METHOD: `GET` {{(pid=81781) log_request_info /opt/stack/keystone/keystone/server/flask/request_processing/req_logging.py:27}}
Aug 30 08:43:44.146302 dv-neutron-840416-29-hyperv devstack@keystone.service[81781]: DEBUG keystone.server.flask.request_processing.req_logging [None req-2f54bb5c-54b2-45e8-b9ea-40f72213620f None admin] SCRIPT_NAME: `/identity` {{(pid=81781) log_request_info /opt/stack/keystone/keystone/server/flask/request_processing/req_logging.py:28}}
Aug 30 08:43:44.146738 dv-neutron-840416-29-hyperv devstack@keystone.service[81781]: DEBUG keystone.server.flask.request_processing.req_logging [None req-2f54bb5c-54b2-45e8-b9ea-40f72213620f None admin] PATH_INFO: `/v3/domains/default` {{(pid=81781) log_request_info /opt/stack/keystone/keystone/server/flask/request_processing/req_logging.py:29}}
Aug 30 08:43:44.147715 dv-neutron-840416-29-hyperv devstack@keystone.service[81781]: DEBUG keystone.common.rbac_enforcer.enforcer [None req-2f54bb5c-54b2-45e8-b9ea-40f72213620f None admin] RBAC: Authorizing `identity:get_domain(domain_id=default)` {{(pid=81781) enforce_call /opt/stack/keystone/keystone/common/rbac_enforcer/enforcer.py:449}}
Aug 30 08:43:44.149213 dv-neutron-840416-29-hyperv devstack@keystone.service[81781]: DEBUG keystone.common.rbac_enforcer.enforcer [None req-2f54bb5c-54b2-45e8-b9ea-40f72213620f None admin] RBAC: Authorization granted {{(pid=81781) enforce_call /opt/stack/keystone/keystone/common/rbac_enforcer/enforcer.py:457}}
Aug 30 08:43:44.150803 dv-neutron-840416-29-hyperv devstack@keystone.service[81781]: [pid: 81781|app: 0|req: 133/276] 10.222.0.44 () {56 vars in 1108 bytes} [Tue Aug 30 08:43:43 2022] GET /identity/v3/domains/default => generated 199 bytes in 210 msecs (HTTP/1.1 200) 5 headers in 177 bytes (2 switches on core 0)
Aug 30 08:43:44.151942 dv-neutron-840416-29-hyperv devstack@keystone.service[81781]: DEBUG keystone.server.flask.request_processing.req_logging [None req-e2886099-6423-425e-810b-10d041de5de7 None None] REQUEST_METHOD: `POST` {{(pid=81781) log_request_info /opt/stack/keystone/keystone/server/flask/request_processing/req_logging.py:27}}
Aug 30 08:43:44.152227 dv-neutron-840416-29-hyperv devstack@keystone.service[81781]: DEBUG keystone.server.flask.request_processing.req_logging [None req-e2886099-6423-425e-810b-10d041de5de7 None None] SCRIPT_NAME: `/identity` {{(pid=81781) log_request_info /opt/stack/keystone/keystone/server/flask/request_processing/req_logging.py:28}}
Aug 30 08:43:44.152504 dv-neutron-840416-29-hyperv devstack@keystone.service[81781]: DEBUG keystone.server.flask.request_processing.req_logging [None req-e2886099-6423-425e-810b-10d041de5de7 None None] PATH_INFO: `/v3/auth/tokens` {{(pid=81781) log_request_info /opt/stack/keystone/keystone/server/flask/request_processing/req_logging.py:29}}
Aug 30 08:43:44.171692 dv-neutron-840416-29-hyperv devstack@keystone.service[81781]: DEBUG keystone.auth.core [None req-e2886099-6423-425e-810b-10d041de5de7 None None] MFA Rules not processed for user `aea7e83bd6a74051b4d43d4530e8079a`. Rule list: `[]` (Enabled: `True`). {{(pid=81781) check_auth_methods_against_rules /opt/stack/keystone/keystone/auth/core.py:438}}
Aug 30 08:43:44.172892 dv-neutron-840416-29-hyperv devstack@keystone.service[81781]: DEBUG keystone.common.fernet_utils [None req-e2886099-6423-425e-810b-10d041de5de7 None None] Loaded 2 Fernet keys from /etc/keystone/fernet-keys/, but `[fernet_tokens] max_active_keys = 3`; perhaps there have not been enough key rotations to reach `max_active_keys` yet? {{(pid=81781) load_keys /opt/stack/keystone/keystone/common/fernet_utils.py:286}}
Aug 30 08:43:44.254353 dv-neutron-840416-29-hyperv devstack@keystone.service[81780]: DEBUG keystone.server.flask.request_processing.middleware.auth_context [None req-7c638ecf-9c14-41ab-8820-8923082dd1be None None] Validating token access rules against request {{(pid=81780) validate_allowed_request /usr/local/lib/python3.8/dist-packages/keystonemiddleware/auth_token/__init__.py:545}}
Aug 30 08:43:44.258556 dv-neutron-840416-29-hyperv devstack@keystone.service[81781]: [pid: 81781|app: 0|req: 134/277] 10.222.0.44 () {58 vars in 1024 bytes} [Tue Aug 30 08:43:44 2022] POST /identity/v3/auth/tokens => generated 799 bytes in 107 msecs (HTTP/1.1 201) 6 headers in 363 bytes (1 switches on core 0)
Aug 30 08:43:44.258556 dv-neutron-840416-29-hyperv devstack@keystone.service[81781]: DEBUG keystone.server.flask.request_processing.middleware.auth_context [None req-e2886099-6423-425e-810b-10d041de5de7 None None] Authenticating user token {{(pid=81781) process_request /usr/local/lib/python3.8/dist-packages/keystonemiddleware/auth_token/__init__.py:407}}
Aug 30 08:43:44.289118 dv-neutron-840416-29-hyperv devstack@keystone.service[81780]: DEBUG keystone.server.flask.request_processing.middleware.auth_context [None req-986d64f3-3744-4611-a967-8d0a4ec0f1e8 None admin] RBAC: auth_context: {'token': , 'domain_id': None, 'trust_id': None, 'trustor_id': None, 'trustee_id': None, 'domain_name': None, 'group_ids': [], 'user_id': 'aea7e83bd6a74051b4d43d4530e8079a', 'user_domain_id': 'default', 'system_scope': 'all', 'project_id': None, 'project_domain_id': None, 'roles': ['admin', 'member', 'reader'], 'is_admin_project': True, 'service_user_id': None, 'service_user_domain_id': None, 'service_project_id': None, 'service_project_domain_id': None, 'service_roles': []} {{(pid=81780) fill_context /opt/stack/keystone/keystone/server/flask/request_processing/middleware/auth_context.py:478}}
Aug 30 08:43:44.289722 dv-neutron-840416-29-hyperv devstack@keystone.service[81780]: DEBUG keystone.server.flask.request_processing.req_logging [None req-986d64f3-3744-4611-a967-8d0a4ec0f1e8 None admin] REQUEST_METHOD: `GET` {{(pid=81780) log_request_info /opt/stack/keystone/keystone/server/flask/request_processing/req_logging.py:27}}
Aug 30 08:43:44.290005 dv-neutron-840416-29-hyperv devstack@keystone.service[81780]: DEBUG keystone.server.flask.request_processing.req_logging [None req-986d64f3-3744-4611-a967-8d0a4ec0f1e8 None admin] SCRIPT_NAME: `/identity` {{(pid=81780) log_request_info /opt/stack/keystone/keystone/server/flask/request_processing/req_logging.py:28}}
Aug 30 08:43:44.290274 dv-neutron-840416-29-hyperv devstack@keystone.service[81780]: DEBUG keystone.server.flask.request_processing.req_logging [None req-986d64f3-3744-4611-a967-8d0a4ec0f1e8 None admin] PATH_INFO: `/v3/roles` {{(pid=81780) log_request_info /opt/stack/keystone/keystone/server/flask/request_processing/req_logging.py:29}}
Aug 30 08:43:44.290958 dv-neutron-840416-29-hyperv devstack@keystone.service[81780]: DEBUG keystone.common.rbac_enforcer.enforcer [None req-986d64f3-3744-4611-a967-8d0a4ec0f1e8 None admin] RBAC: Adding query filter params (name=member) {{(pid=81780) _extract_filter_values /opt/stack/keystone/keystone/common/rbac_enforcer/enforcer.py:167}}
Aug 30 08:43:44.291261 dv-neutron-840416-29-hyperv devstack@keystone.service[81780]: DEBUG keystone.common.rbac_enforcer.enforcer [None req-986d64f3-3744-4611-a967-8d0a4ec0f1e8 None admin] RBAC: Authorizing `identity:list_roles()` {{(pid=81780) enforce_call /opt/stack/keystone/keystone/common/rbac_enforcer/enforcer.py:449}}
Aug 30 08:43:44.292622 dv-neutron-840416-29-hyperv devstack@keystone.service[81780]: DEBUG keystone.common.rbac_enforcer.enforcer [None req-986d64f3-3744-4611-a967-8d0a4ec0f1e8 None admin] RBAC: Authorization granted {{(pid=81780) enforce_call /opt/stack/keystone/keystone/common/rbac_enforcer/enforcer.py:457}}
Aug 30 08:43:44.301260 dv-neutron-840416-29-hyperv devstack@keystone.service[81780]: [pid: 81780|app: 0|req: 144/278] 10.222.0.44 () {56 vars in 1101 bytes} [Tue Aug 30 08:43:44 2022] GET /identity/v3/roles?name=member => generated 341 bytes in 170 msecs (HTTP/1.1 200) 5 headers in 177 bytes (1 switches on core 0)
Aug 30 08:43:44.302668 dv-neutron-840416-29-hyperv devstack@keystone.service[81781]: DEBUG dbcounter [-] [81781] Writing DB stats keystone:SELECT=100 {{(pid=81781) stat_writer /usr/local/lib/python3.8/dist-packages/dbcounter.py:114}}
Aug 30 08:43:44.307168 dv-neutron-840416-29-hyperv devstack@keystone.service[81780]: DEBUG keystone.server.flask.request_processing.req_logging [None req-231392ae-df93-45cc-afe2-b6d95c5c8f3b None None] REQUEST_METHOD: `GET` {{(pid=81780) log_request_info /opt/stack/keystone/keystone/server/flask/request_processing/req_logging.py:27}}
Aug 30 08:43:44.307460 dv-neutron-840416-29-hyperv devstack@keystone.service[81780]: DEBUG keystone.server.flask.request_processing.req_logging [None req-231392ae-df93-45cc-afe2-b6d95c5c8f3b None None] SCRIPT_NAME: `/identity` {{(pid=81780) log_request_info /opt/stack/keystone/keystone/server/flask/request_processing/req_logging.py:28}}
Aug 30 08:43:44.307734 dv-neutron-840416-29-hyperv devstack@keystone.service[81780]: DEBUG keystone.server.flask.request_processing.req_logging [None req-231392ae-df93-45cc-afe2-b6d95c5c8f3b None None] PATH_INFO: `/` {{(pid=81780) log_request_info /opt/stack/keystone/keystone/server/flask/request_processing/req_logging.py:29}}
Aug 30 08:43:44.309140 dv-neutron-840416-29-hyperv devstack@keystone.service[81780]: [pid: 81780|app: 0|req: 145/279] 10.222.0.44 () {54 vars in 927 bytes} [Tue Aug 30 08:43:44 2022] GET /identity => generated 270 bytes in 3 msecs (HTTP/1.1 300) 6 headers in 234 bytes (1 switches on core 0)
Aug 30 08:43:44.311635 dv-neutron-840416-29-hyperv devstack@keystone.service[81780]: DEBUG keystone.server.flask.request_processing.middleware.auth_context [None req-231392ae-df93-45cc-afe2-b6d95c5c8f3b None None] Authenticating user token {{(pid=81780) process_request /usr/local/lib/python3.8/dist-packages/keystonemiddleware/auth_token/__init__.py:407}}
Aug 30 08:43:44.322714 dv-neutron-840416-29-hyperv devstack@keystone.service[81780]: DEBUG dbcounter [-] [81780] Writing DB stats keystone:SELECT=100 {{(pid=81780) stat_writer /usr/local/lib/python3.8/dist-packages/dbcounter.py:114}}
Aug 30 08:43:44.386746 dv-neutron-840416-29-hyperv devstack@keystone.service[81781]: DEBUG keystone.server.flask.request_processing.middleware.auth_context [None req-e2886099-6423-425e-810b-10d041de5de7 None None] Validating token access rules against request {{(pid=81781) validate_allowed_request /usr/local/lib/python3.8/dist-packages/keystonemiddleware/auth_token/__init__.py:545}}
Aug 30 08:43:44.424688 dv-neutron-840416-29-hyperv devstack@keystone.service[81781]: DEBUG keystone.server.flask.request_processing.middleware.auth_context [None req-a0446d44-fc06-4094-82d2-bd21b8700f62 None admin] RBAC: auth_context: {'token': , 'domain_id': None, 'trust_id': None, 'trustor_id': None, 'trustee_id': None, 'domain_name': None, 'group_ids': [], 'user_id': 'aea7e83bd6a74051b4d43d4530e8079a', 'user_domain_id': 'default', 'system_scope': 'all', 'project_id': None, 'project_domain_id': None, 'roles': ['admin', 'member', 'reader'], 'is_admin_project': True, 'service_user_id': None, 'service_user_domain_id': None, 'service_project_id': None, 'service_project_domain_id': None, 'service_roles': []} {{(pid=81781) fill_context /opt/stack/keystone/keystone/server/flask/request_processing/middleware/auth_context.py:478}}
Aug 30 08:43:44.425372 dv-neutron-840416-29-hyperv devstack@keystone.service[81781]: DEBUG keystone.server.flask.request_processing.req_logging [None req-a0446d44-fc06-4094-82d2-bd21b8700f62 None admin] REQUEST_METHOD: `POST` {{(pid=81781) log_request_info /opt/stack/keystone/keystone/server/flask/request_processing/req_logging.py:27}}
Aug 30 08:43:44.425664 dv-neutron-840416-29-hyperv devstack@keystone.service[81781]: DEBUG keystone.server.flask.request_processing.req_logging [None req-a0446d44-fc06-4094-82d2-bd21b8700f62 None admin] SCRIPT_NAME: `/identity` {{(pid=81781) log_request_info /opt/stack/keystone/keystone/server/flask/request_processing/req_logging.py:28}}
Aug 30 08:43:44.426254 dv-neutron-840416-29-hyperv devstack@keystone.service[81781]: DEBUG keystone.server.flask.request_processing.req_logging [None req-a0446d44-fc06-4094-82d2-bd21b8700f62 None admin] PATH_INFO: `/v3/users` {{(pid=81781) log_request_info /opt/stack/keystone/keystone/server/flask/request_processing/req_logging.py:29}}
Aug 30 08:43:44.427024 dv-neutron-840416-29-hyperv devstack@keystone.service[81781]: DEBUG keystone.common.rbac_enforcer.enforcer [None req-a0446d44-fc06-4094-82d2-bd21b8700f62 None admin] RBAC: Authorizing `identity:create_user()` {{(pid=81781) enforce_call /opt/stack/keystone/keystone/common/rbac_enforcer/enforcer.py:449}}
Aug 30 08:43:44.428481 dv-neutron-840416-29-hyperv devstack@keystone.service[81781]: DEBUG keystone.common.rbac_enforcer.enforcer [None req-a0446d44-fc06-4094-82d2-bd21b8700f62 None admin] RBAC: Authorization granted {{(pid=81781) enforce_call /opt/stack/keystone/keystone/common/rbac_enforcer/enforcer.py:457}}
Aug 30 08:43:44.429351 dv-neutron-840416-29-hyperv devstack@keystone.service[81780]: DEBUG keystone.server.flask.request_processing.middleware.auth_context [None req-231392ae-df93-45cc-afe2-b6d95c5c8f3b None None] Validating token access rules against request {{(pid=81780) validate_allowed_request /usr/local/lib/python3.8/dist-packages/keystonemiddleware/auth_token/__init__.py:545}}
Aug 30 08:43:44.451802 dv-neutron-840416-29-hyperv devstack@keystone.service[81781]: [pid: 81781|app: 0|req: 135/280] 10.222.0.44 () {60 vars in 1132 bytes} [Tue Aug 30 08:43:44 2022] POST /identity/v3/users => generated 293 bytes in 193 msecs (HTTP/1.1 201) 5 headers in 182 bytes (1 switches on core 0)
Aug 30 08:43:44.453259 dv-neutron-840416-29-hyperv devstack@keystone.service[81781]: DEBUG keystone.server.flask.request_processing.req_logging [None req-1fb39cc5-b23c-439a-b6e1-b3f27475149b None None] REQUEST_METHOD: `POST` {{(pid=81781) log_request_info /opt/stack/keystone/keystone/server/flask/request_processing/req_logging.py:27}}
Aug 30 08:43:44.453546 dv-neutron-840416-29-hyperv devstack@keystone.service[81781]: DEBUG keystone.server.flask.request_processing.req_logging [None req-1fb39cc5-b23c-439a-b6e1-b3f27475149b None None] SCRIPT_NAME: `/identity` {{(pid=81781) log_request_info /opt/stack/keystone/keystone/server/flask/request_processing/req_logging.py:28}}
Aug 30 08:43:44.454008 dv-neutron-840416-29-hyperv devstack@keystone.service[81781]: DEBUG keystone.server.flask.request_processing.req_logging [None req-1fb39cc5-b23c-439a-b6e1-b3f27475149b None None] PATH_INFO: `/v3/auth/tokens` {{(pid=81781) log_request_info /opt/stack/keystone/keystone/server/flask/request_processing/req_logging.py:29}}
Aug 30 08:43:44.481583 dv-neutron-840416-29-hyperv devstack@keystone.service[81780]: DEBUG keystone.server.flask.request_processing.middleware.auth_context [None req-7e4cae8c-cb54-4317-90fe-b35e314ff7e3 None admin] RBAC: auth_context: {'token': , 'domain_id': None, 'trust_id': None, 'trustor_id': None, 'trustee_id': None, 'domain_name': None, 'group_ids': [], 'user_id': 'aea7e83bd6a74051b4d43d4530e8079a', 'user_domain_id': 'default', 'system_scope': 'all', 'project_id': None, 'project_domain_id': None, 'roles': ['admin', 'member', 'reader'], 'is_admin_project': True, 'service_user_id': None, 'service_user_domain_id': None, 'service_project_id': None, 'service_project_domain_id': None, 'service_roles': []} {{(pid=81780) fill_context /opt/stack/keystone/keystone/server/flask/request_processing/middleware/auth_context.py:478}}
Aug 30 08:43:44.481583 dv-neutron-840416-29-hyperv devstack@keystone.service[81780]: DEBUG keystone.server.flask.request_processing.req_logging [None req-7e4cae8c-cb54-4317-90fe-b35e314ff7e3 None admin] REQUEST_METHOD: `GET` {{(pid=81780) log_request_info /opt/stack/keystone/keystone/server/flask/request_processing/req_logging.py:27}}
Aug 30 08:43:44.481583 dv-neutron-840416-29-hyperv devstack@keystone.service[81780]: DEBUG keystone.server.flask.request_processing.req_logging [None req-7e4cae8c-cb54-4317-90fe-b35e314ff7e3 None admin] SCRIPT_NAME: `/identity` {{(pid=81780) log_request_info /opt/stack/keystone/keystone/server/flask/request_processing/req_logging.py:28}}
Aug 30 08:43:44.481583 dv-neutron-840416-29-hyperv devstack@keystone.service[81780]: DEBUG keystone.server.flask.request_processing.req_logging [None req-7e4cae8c-cb54-4317-90fe-b35e314ff7e3 None admin] PATH_INFO: `/v3/users/1d568bd594bb45209ab02e56e76eb096` {{(pid=81780) log_request_info /opt/stack/keystone/keystone/server/flask/request_processing/req_logging.py:29}}
Aug 30 08:43:44.481996 dv-neutron-840416-29-hyperv devstack@keystone.service[81781]: DEBUG keystone.auth.core [None req-1fb39cc5-b23c-439a-b6e1-b3f27475149b None None] MFA Rules not processed for user `aea7e83bd6a74051b4d43d4530e8079a`. Rule list: `[]` (Enabled: `True`). {{(pid=81781) check_auth_methods_against_rules /opt/stack/keystone/keystone/auth/core.py:438}}
Aug 30 08:43:44.481996 dv-neutron-840416-29-hyperv devstack@keystone.service[81781]: DEBUG keystone.common.fernet_utils [None req-1fb39cc5-b23c-439a-b6e1-b3f27475149b None None] Loaded 2 Fernet keys from /etc/keystone/fernet-keys/, but `[fernet_tokens] max_active_keys = 3`; perhaps there have not been enough key rotations to reach `max_active_keys` yet? {{(pid=81781) load_keys /opt/stack/keystone/keystone/common/fernet_utils.py:286}}
Aug 30 08:43:44.495722 dv-neutron-840416-29-hyperv devstack@keystone.service[81780]: DEBUG keystone.common.rbac_enforcer.enforcer [None req-7e4cae8c-cb54-4317-90fe-b35e314ff7e3 None admin] RBAC: Authorizing `identity:get_user(user_id=1d568bd594bb45209ab02e56e76eb096)` {{(pid=81780) enforce_call /opt/stack/keystone/keystone/common/rbac_enforcer/enforcer.py:449}}
Aug 30 08:43:44.497320 dv-neutron-840416-29-hyperv devstack@keystone.service[81780]: DEBUG keystone.common.rbac_enforcer.enforcer [None req-7e4cae8c-cb54-4317-90fe-b35e314ff7e3 None admin] RBAC: Authorization granted {{(pid=81780) enforce_call /opt/stack/keystone/keystone/common/rbac_enforcer/enforcer.py:457}}
Aug 30 08:43:44.499550 dv-neutron-840416-29-hyperv devstack@keystone.service[81780]: [pid: 81780|app: 0|req: 146/281] 10.222.0.44 () {56 vars in 1177 bytes} [Tue Aug 30 08:43:44 2022] GET /identity/v3/users/1d568bd594bb45209ab02e56e76eb096 => generated 293 bytes in 190 msecs (HTTP/1.1 200) 5 headers in 177 bytes (1 switches on core 0)
Aug 30 08:43:44.506294 dv-neutron-840416-29-hyperv devstack@keystone.service[81780]: DEBUG keystone.server.flask.request_processing.middleware.auth_context [None req-7e4cae8c-cb54-4317-90fe-b35e314ff7e3 None admin] Authenticating user token {{(pid=81780) process_request /usr/local/lib/python3.8/dist-packages/keystonemiddleware/auth_token/__init__.py:407}}
Aug 30 08:43:44.562902 dv-neutron-840416-29-hyperv devstack@keystone.service[81781]: [pid: 81781|app: 0|req: 136/282] 10.222.0.44 () {58 vars in 1024 bytes} [Tue Aug 30 08:43:44 2022] POST /identity/v3/auth/tokens => generated 799 bytes in 106 msecs (HTTP/1.1 201) 6 headers in 363 bytes (1 switches on core 0)
Aug 30 08:43:44.562902 dv-neutron-840416-29-hyperv devstack@keystone.service[81781]: DEBUG keystone.server.flask.request_processing.middleware.auth_context [None req-1fb39cc5-b23c-439a-b6e1-b3f27475149b None None] Authenticating user token {{(pid=81781) process_request /usr/local/lib/python3.8/dist-packages/keystonemiddleware/auth_token/__init__.py:407}}
Aug 30 08:43:44.585029 dv-neutron-840416-29-hyperv devstack@keystone.service[81780]: DEBUG dbcounter [-] [81780] Writing DB stats keystone:SELECT=100 {{(pid=81780) stat_writer /usr/local/lib/python3.8/dist-packages/dbcounter.py:114}}
Aug 30 08:43:44.600027 dv-neutron-840416-29-hyperv devstack@keystone.service[81781]: DEBUG dbcounter [-] [81781] Writing DB stats keystone:SELECT=97,keystone:INSERT=3 {{(pid=81781) stat_writer /usr/local/lib/python3.8/dist-packages/dbcounter.py:114}}
Aug 30 08:43:44.632759 dv-neutron-840416-29-hyperv devstack@keystone.service[81780]: DEBUG keystone.server.flask.request_processing.middleware.auth_context [None req-7e4cae8c-cb54-4317-90fe-b35e314ff7e3 None admin] Validating token access rules against request {{(pid=81780) validate_allowed_request /usr/local/lib/python3.8/dist-packages/keystonemiddleware/auth_token/__init__.py:545}}
