Jul 21 08:03:29.184082 dv-neutron-840416-22-hyperv neutron-server[104653]: DEBUG dbcounter [-] [104653] Writing DB stats neutron:SELECT=86,neutron:INSERT=6,neutron:DELETE=3,neutron:UPDATE=5 {{(pid=104653) stat_writer /usr/local/lib/python3.8/dist-packages/dbcounter.py:114}}
Jul 21 08:03:29.204701 dv-neutron-840416-22-hyperv neutron-server[104654]: DEBUG neutron.notifiers.nova [None req-2e9715d5-503d-4ab9-8d69-9b70b52cc997 tempest-FloatingIPAdminTestJSON-1944355057 tempest-FloatingIPAdminTestJSON-1944355057-project] device_id is not set on port 593bfe41-2abe-4a26-987c-61b7ec3fd58e yet. {{(pid=104654) _can_notify /opt/stack/neutron/neutron/notifiers/nova.py:199}}
Jul 21 08:03:29.208942 dv-neutron-840416-22-hyperv neutron-server[104653]: DEBUG neutron_lib.callbacks.manager [None req-560b0147-ae40-449f-a51f-8e4742763468 tempest-PortsAdminExtendedAttrsIpV6TestJSON-952711490 tempest-PortsAdminExtendedAttrsIpV6TestJSON-952711490-project-admin] Publish callbacks ['neutron.plugins.ml2.plugin.SecurityGroupServerNotifierRpcMixin._notify_sg_on_port_change-1978690', 'neutron.plugins.ml2.ovo_rpc._ObjectChangeHandler.handle_event-453483', 'neutron.api.rpc.agentnotifiers.dhcp_rpc_agent_api.DhcpAgentNotifyAPI._native_event_send_dhcp_notification-991225', 'neutron.db.l3_dvrscheduler_db._notify_l3_agent_new_port-8769979542254', 'neutron.services.segments.plugin.NovaSegmentNotifier._notify_port_created_or_deleted-14371538'] for port (f51916ca-b85a-4602-a970-8fa8e0e4913e), after_create {{(pid=104653) _notify_loop /usr/local/lib/python3.8/dist-packages/neutron_lib/callbacks/manager.py:176}}
Jul 21 08:03:29.316387 dv-neutron-840416-22-hyperv neutron-server[104653]: DEBUG neutron_lib.callbacks.manager [None req-b0019a8a-d86c-4fd5-b8f7-2da1a74d5d9d tempest-NetworksTestDHCPv6-1668866013 tempest-NetworksTestDHCPv6-1668866013-project] Publish callbacks ['neutron.plugins.ml2.plugin.Ml2Plugin._subnet_delete_after_delete_handler-1924145', 'neutron.plugins.ml2.ovo_rpc._ObjectChangeHandler.handle_event-1042209', 'neutron.api.rpc.agentnotifiers.dhcp_rpc_agent_api.DhcpAgentNotifyAPI._native_event_send_dhcp_notification-991225', 'neutron.services.segments.plugin.NovaSegmentNotifier._notify_subnet_deleted-14371391', 'neutron.services.segments.plugin.SegmentHostRoutes.host_routes_after_delete-14205758'] for subnet (774d8848-9008-4c01-a785-6c1f9a49e1ea), after_delete {{(pid=104653) _notify_loop /usr/local/lib/python3.8/dist-packages/neutron_lib/callbacks/manager.py:176}}
Jul 21 08:03:29.332226 dv-neutron-840416-22-hyperv neutron-server[104653]: DEBUG neutron.scheduler.dhcp_agent_scheduler [None req-560b0147-ae40-449f-a51f-8e4742763468 tempest-PortsAdminExtendedAttrsIpV6TestJSON-952711490 tempest-PortsAdminExtendedAttrsIpV6TestJSON-952711490-project-admin] Network d76c6bc1-b237-46cb-b58d-993669d78da0 is already hosted by enough agents. {{(pid=104653) _get_dhcp_agents_hosting_network /opt/stack/neutron/neutron/scheduler/dhcp_agent_scheduler.py:275}}
Jul 21 08:03:29.365735 dv-neutron-840416-22-hyperv neutron-server[104653]: DEBUG neutron_lib.callbacks.manager [None req-b0019a8a-d86c-4fd5-b8f7-2da1a74d5d9d tempest-NetworksTestDHCPv6-1668866013 tempest-NetworksTestDHCPv6-1668866013-project] Publish callbacks [] for subnet (None), before_response {{(pid=104653) _notify_loop /usr/local/lib/python3.8/dist-packages/neutron_lib/callbacks/manager.py:176}}
Jul 21 08:03:29.366975 dv-neutron-840416-22-hyperv neutron-server[104655]: DEBUG neutron.api.rpc.handlers.dhcp_rpc [None req-80277eb6-71a9-4b43-a7d7-bb02a78825db None None] Network 9c5c3df0-f89a-4613-8afb-75968fedf4ee requested from dv-neutron-840416-22-hyperv {{(pid=104655) get_network_info /opt/stack/neutron/neutron/api/rpc/handlers/dhcp_rpc.py:191}}
Jul 21 08:03:29.372445 dv-neutron-840416-22-hyperv neutron-server[104653]: INFO neutron.wsgi [None req-b0019a8a-d86c-4fd5-b8f7-2da1a74d5d9d tempest-NetworksTestDHCPv6-1668866013 tempest-NetworksTestDHCPv6-1668866013-project] 10.222.0.20 "DELETE /v2.0/subnets/774d8848-9008-4c01-a785-6c1f9a49e1ea HTTP/1.1" status: 204 len: 168 time: 3.8824577
Jul 21 08:03:29.374821 dv-neutron-840416-22-hyperv neutron-server[104654]: DEBUG neutron.wsgi [-] (104654) accepted ('10.222.0.20', 51574) {{(pid=104654) server /usr/local/lib/python3.8/dist-packages/eventlet/wsgi.py:1004}}
Jul 21 08:03:29.378808 dv-neutron-840416-22-hyperv neutron-server[104653]: DEBUG neutron.pecan_wsgi.hooks.policy_enforcement [req-f6a71367-db0e-487b-ae9d-c8687b1f06ee req-8bf44ebb-62f6-4657-9625-b561cd57f485 tempest-ServersTestManualDisk-1602357433 tempest-ServersTestManualDisk-1602357433-project] Attributes excluded by policy engine: ['standard_attr_id', 'vlan_transparent', 'provider:network_type', 'provider:physical_network', 'provider:segmentation_id'] {{(pid=104653) _exclude_attributes_by_policy /opt/stack/neutron/neutron/pecan_wsgi/hooks/policy_enforcement.py:259}}
Jul 21 08:03:29.386325 dv-neutron-840416-22-hyperv neutron-server[104653]: INFO neutron.wsgi [req-f6a71367-db0e-487b-ae9d-c8687b1f06ee req-8bf44ebb-62f6-4657-9625-b561cd57f485 tempest-ServersTestManualDisk-1602357433 tempest-ServersTestManualDisk-1602357433-project] 10.222.0.20 "GET /v2.0/networks?id=69725785-e88e-4704-964e-4477bb61873d HTTP/1.1" status: 200 len: 812 time: 1.6588006
Jul 21 08:03:29.399400 dv-neutron-840416-22-hyperv neutron-server[104654]: DEBUG dbcounter [-] [104654] Writing DB stats neutron:DELETE=2,neutron:SELECT=96,neutron:INSERT=2 {{(pid=104654) stat_writer /usr/local/lib/python3.8/dist-packages/dbcounter.py:114}}
Jul 21 08:03:29.477963 dv-neutron-840416-22-hyperv neutron-server[104654]: INFO neutron.wsgi [None req-d33f8b0e-884f-4129-b08b-b26ee354c4f7 tempest-NetworksTestDHCPv6-1668866013 tempest-NetworksTestDHCPv6-1668866013-project] 10.222.0.20 "GET /v2.0/routers HTTP/1.1" status: 200 len: 208 time: 0.0992737
Jul 21 08:03:29.488472 dv-neutron-840416-22-hyperv neutron-server[104654]: DEBUG neutron.wsgi [-] (104654) accepted ('10.222.0.20', 51576) {{(pid=104654) server /usr/local/lib/python3.8/dist-packages/eventlet/wsgi.py:1004}}
Jul 21 08:03:29.490142 dv-neutron-840416-22-hyperv neutron-server[104653]: DEBUG neutron.scheduler.base_scheduler [None req-560b0147-ae40-449f-a51f-8e4742763468 tempest-PortsAdminExtendedAttrsIpV6TestJSON-952711490 tempest-PortsAdminExtendedAttrsIpV6TestJSON-952711490-project-admin] Resources bound (agent type, host, resource id): {{(pid=104653) schedule /opt/stack/neutron/neutron/scheduler/base_scheduler.py:57}}
Jul 21 08:03:29.501792 dv-neutron-840416-22-hyperv neutron-server[104653]: DEBUG neutron.db.l3_dvrscheduler_db [None req-560b0147-ae40-449f-a51f-8e4742763468 tempest-PortsAdminExtendedAttrsIpV6TestJSON-952711490 tempest-PortsAdminExtendedAttrsIpV6TestJSON-952711490-project-admin] Received port after_create {{(pid=104653) _notify_l3_agent_new_port /opt/stack/neutron/neutron/db/l3_dvrscheduler_db.py:542}}
Jul 21 08:03:29.504172 dv-neutron-840416-22-hyperv neutron-server[104653]: DEBUG neutron.pecan_wsgi.hooks.policy_enforcement [None req-560b0147-ae40-449f-a51f-8e4742763468 tempest-PortsAdminExtendedAttrsIpV6TestJSON-952711490 tempest-PortsAdminExtendedAttrsIpV6TestJSON-952711490-project-admin] Attributes excluded by policy engine: ['standard_attr_id', 'network'] {{(pid=104653) _exclude_attributes_by_policy /opt/stack/neutron/neutron/pecan_wsgi/hooks/policy_enforcement.py:259}}
Jul 21 08:03:29.505546 dv-neutron-840416-22-hyperv neutron-server[104653]: DEBUG neutron_lib.callbacks.manager [None req-560b0147-ae40-449f-a51f-8e4742763468 tempest-PortsAdminExtendedAttrsIpV6TestJSON-952711490 tempest-PortsAdminExtendedAttrsIpV6TestJSON-952711490-project-admin] Publish callbacks ['neutron.notifiers.nova.Notifier._send_nova_notification-364481'] for port (None), before_response {{(pid=104653) _notify_loop /usr/local/lib/python3.8/dist-packages/neutron_lib/callbacks/manager.py:176}}
Jul 21 08:03:29.525928 dv-neutron-840416-22-hyperv neutron-server[104653]: INFO neutron.wsgi [req-f6a71367-db0e-487b-ae9d-c8687b1f06ee req-292414f8-0564-4c8e-bc90-fa516775eab5 tempest-ServersTestManualDisk-1602357433 tempest-ServersTestManualDisk-1602357433-project] 10.222.0.20 "GET /v2.0/quotas/01754be0c96f4b1abdee1c84f430e9f8 HTTP/1.1" status: 200 len: 375 time: 0.1385205
Jul 21 08:03:29.573271 dv-neutron-840416-22-hyperv neutron-server[104656]: DEBUG dbcounter [-] [104656] Writing DB stats neutron:SELECT=27 {{(pid=104656) stat_writer /usr/local/lib/python3.8/dist-packages/dbcounter.py:114}}
Jul 21 08:03:29.578620 dv-neutron-840416-22-hyperv neutron-server[104656]: DEBUG dbcounter [-] [104656] Writing DB stats neutron:SELECT=65 {{(pid=104656) stat_writer /usr/local/lib/python3.8/dist-packages/dbcounter.py:114}}
Jul 21 08:03:29.686205 dv-neutron-840416-22-hyperv neutron-server[104654]: INFO neutron.wsgi [req-a0f1c268-a993-4486-b9a3-90bd517995f1 req-860f306d-5f0b-4c93-a983-f22e968f149e tempest-ServersTestJSON-1212443970 tempest-ServersTestJSON-1212443970-project] 10.222.0.71 "GET /v2.0/security-groups?fields=id&fields=name&tenant_id=1a7d0a0bfe9a4b78971f59420b3307e6 HTTP/1.1" status: 200 len: 380 time: 0.3493285
Jul 21 08:03:29.700396 dv-neutron-840416-22-hyperv neutron-server[104654]: DEBUG neutron.db.db_base_plugin_common [None req-2e9715d5-503d-4ab9-8d69-9b70b52cc997 tempest-FloatingIPAdminTestJSON-1944355057 tempest-FloatingIPAdminTestJSON-1944355057-project] Allocated IP 172.20.0.5 (7f0f644f-43a1-465f-a242-3f4df496459b/42e11865-7678-44dd-b9b6-8c48de693bb4/593bfe41-2abe-4a26-987c-61b7ec3fd58e) {{(pid=104654) _store_ip_allocation /opt/stack/neutron/neutron/db/db_base_plugin_common.py:131}}
Jul 21 08:03:29.715589 dv-neutron-840416-22-hyperv neutron-server[104654]: DEBUG neutron.pecan_wsgi.hooks.policy_enforcement [None req-88bc0a5e-9f98-45dd-adf6-0958d642df35 tempest-NetworksTestDHCPv6-1668866013 tempest-NetworksTestDHCPv6-1668866013-project] Attributes excluded by policy engine: ['standard_attr_id', 'binding:profile', 'binding:host_id', 'binding:vif_type', 'binding:vif_details'] {{(pid=104654) _exclude_attributes_by_policy /opt/stack/neutron/neutron/pecan_wsgi/hooks/policy_enforcement.py:259}}
Jul 21 08:03:29.721622 dv-neutron-840416-22-hyperv neutron-server[104654]: INFO neutron.wsgi [None req-88bc0a5e-9f98-45dd-adf6-0958d642df35 tempest-NetworksTestDHCPv6-1668866013 tempest-NetworksTestDHCPv6-1668866013-project] 10.222.0.20 "GET /v2.0/ports HTTP/1.1" status: 200 len: 866 time: 0.1959949
Jul 21 08:03:29.723398 dv-neutron-840416-22-hyperv neutron-server[104653]: DEBUG neutron.api.rpc.handlers.resources_rpc [None req-b0019a8a-d86c-4fd5-b8f7-2da1a74d5d9d tempest-NetworksTestDHCPv6-1668866013 tempest-NetworksTestDHCPv6-1668866013-project] Pushing event deleted for resources: {'Subnet': ['ID=774d8848-9008-4c01-a785-6c1f9a49e1ea,revision_number=None']} {{(pid=104653) push /opt/stack/neutron/neutron/api/rpc/handlers/resources_rpc.py:237}}
Jul 21 08:03:29.728042 dv-neutron-840416-22-hyperv neutron-server[104654]: DEBUG neutron.api.v2.base [req-a0f1c268-a993-4486-b9a3-90bd517995f1 req-3250bc45-4b07-48ef-b218-0861af207f89 tempest-ServersTestJSON-1212443970 tempest-ServersTestJSON-1212443970-project] Request body: {'port': {'device_id': '606cb74d-8646-4737-b7c5-78a4ae8bd9ae', 'network_id': '39e014b4-1a1f-4872-a6b6-e46188c30c84', 'admin_state_up': True, 'tenant_id': '1a7d0a0bfe9a4b78971f59420b3307e6', 'security_groups': ['d10769a8-19a1-4be7-9b1f-8b83c6a1c908']}} {{(pid=104654) prepare_request_body /opt/stack/neutron/neutron/api/v2/base.py:730}}
Jul 21 08:03:29.731163 dv-neutron-840416-22-hyperv neutron-server[104653]: DEBUG neutron_lib.callbacks.manager [None req-82fd9ccc-021e-4734-9ab9-30ecdb9a44d5 tempest-PortsAdminExtendedAttrsTestJSON-872238588 tempest-PortsAdminExtendedAttrsTestJSON-872238588-project-admin] Publish callbacks ['neutron.plugins.ml2.plugin.SecurityGroupServerNotifierRpcMixin._notify_sg_on_port_change-1978690', 'neutron.plugins.ml2.ovo_rpc._ObjectChangeHandler.handle_event-453483', 'neutron.api.rpc.agentnotifiers.dhcp_rpc_agent_api.DhcpAgentNotifyAPI._native_event_send_dhcp_notification-991225', 'neutron.db.l3_db.L3RpcNotifierMixin._notify_routers_callback-8769979904040', 'neutron.db.l3_dvrscheduler_db._notify_port_delete-8769979542263', 'neutron.services.segments.plugin.NovaSegmentNotifier._notify_port_created_or_deleted-14371538'] for port (d342cef2-6e1e-48f1-8c56-430e59fb4225), after_delete {{(pid=104653) _notify_loop /usr/local/lib/python3.8/dist-packages/neutron_lib/callbacks/manager.py:176}}
Jul 21 08:03:29.735627 dv-neutron-840416-22-hyperv neutron-server[104654]: DEBUG neutron.wsgi [-] (104654) accepted ('10.222.0.20', 51580) {{(pid=104654) server /usr/local/lib/python3.8/dist-packages/eventlet/wsgi.py:1004}}
Jul 21 08:03:29.756409 dv-neutron-840416-22-hyperv neutron-server[104653]: INFO neutron.wsgi [req-f6a71367-db0e-487b-ae9d-c8687b1f06ee req-f487fc59-01dd-43ec-a859-64583ba59ee4 tempest-ServersTestManualDisk-1602357433 tempest-ServersTestManualDisk-1602357433-project] 10.222.0.20 "GET /v2.0/ports?tenant_id=01754be0c96f4b1abdee1c84f430e9f8&fields=id HTTP/1.1" status: 200 len: 302 time: 0.2234924
Jul 21 08:03:29.816044 dv-neutron-840416-22-hyperv neutron-server[104655]: DEBUG neutron.api.rpc.handlers.dhcp_rpc [None req-8ae79248-364d-46ee-9da4-c169430dc208 None None] DHCP port deletion for 9c5c3df0-f89a-4613-8afb-75968fedf4ee request from dv-neutron-840416-22-hyperv {{(pid=104655) release_dhcp_port /opt/stack/neutron/neutron/api/rpc/handlers/dhcp_rpc.py:249}}
Jul 21 08:03:29.897116 dv-neutron-840416-22-hyperv neutron-server[104655]: DEBUG neutron.plugins.ml2.plugin [None req-8ae79248-364d-46ee-9da4-c169430dc208 None None] Deleting port 7217dd6a-82d2-47b8-b9fb-51ab24321b1a {{(pid=104655) _pre_delete_port /opt/stack/neutron/neutron/plugins/ml2/plugin.py:2037}}
Jul 21 08:03:29.900994 dv-neutron-840416-22-hyperv neutron-server[104655]: DEBUG neutron_lib.callbacks.manager [None req-8ae79248-364d-46ee-9da4-c169430dc208 None None] Publish callbacks ['neutron.db.l3_db.L3_NAT_dbonly_mixin._prevent_l3_port_delete_callback-8769979898552'] for port (7217dd6a-82d2-47b8-b9fb-51ab24321b1a), before_delete {{(pid=104655) _notify_loop /usr/local/lib/python3.8/dist-packages/neutron_lib/callbacks/manager.py:176}}
Jul 21 08:03:30.004191 dv-neutron-840416-22-hyperv neutron-server[104653]: DEBUG neutron.api.rpc.handlers.resources_rpc [None req-560b0147-ae40-449f-a51f-8e4742763468 tempest-PortsAdminExtendedAttrsIpV6TestJSON-952711490 tempest-PortsAdminExtendedAttrsIpV6TestJSON-952711490-project-admin] Pushing event updated for resources: {'Port': ['ID=f51916ca-b85a-4602-a970-8fa8e0e4913e,revision_number=1']} {{(pid=104653) push /opt/stack/neutron/neutron/api/rpc/handlers/resources_rpc.py:237}}
Jul 21 08:03:30.028198 dv-neutron-840416-22-hyperv neutron-server[104653]: INFO neutron.wsgi [req-0fecdb17-0f85-4d14-a47e-a8e210ec51a4 req-f991da51-7f3c-4567-a488-2f1360d7c0c2 tempest-ServerActionsTestJSON-355822705 tempest-ServerActionsTestJSON-355822705-project] 10.222.0.20 "GET /v2.0/ports?device_id=dc94566d-f3d5-405e-bdaf-eb154677d1fe HTTP/1.1" status: 200 len: 210 time: 0.6373296
Jul 21 08:03:30.048353 dv-neutron-840416-22-hyperv neutron-server[104653]: INFO neutron.wsgi [None req-560b0147-ae40-449f-a51f-8e4742763468 tempest-PortsAdminExtendedAttrsIpV6TestJSON-952711490 tempest-PortsAdminExtendedAttrsIpV6TestJSON-952711490-project-admin] 10.222.0.20 "POST /v2.0/ports HTTP/1.1" status: 201 len: 963 time: 4.3707728
Jul 21 08:03:30.073072 dv-neutron-840416-22-hyperv neutron-server[104655]: DEBUG neutron.plugins.ml2.db [None req-8ae79248-364d-46ee-9da4-c169430dc208 None None] For port 7217dd6a-82d2-47b8-b9fb-51ab24321b1a, host dv-neutron-840416-22-hyperv, got binding levels [PortBindingLevel(driver='openvswitch',host='dv-neutron-840416-22-hyperv',level=0,port_id=7217dd6a-82d2-47b8-b9fb-51ab24321b1a,segment=NetworkSegment(334cf819-7110-4b84-8b6f-fb6bee7cecf7),segment_id=334cf819-7110-4b84-8b6f-fb6bee7cecf7)] {{(pid=104655) get_binding_level_objs /opt/stack/neutron/neutron/plugins/ml2/db.py:74}}
Jul 21 08:03:30.074368 dv-neutron-840416-22-hyperv neutron-server[104655]: DEBUG neutron_lib.callbacks.manager [None req-8ae79248-364d-46ee-9da4-c169430dc208 None None] Publish callbacks ['neutron.services.l3_router.l3_router_plugin.L3_NAT_dbonly_mixin._precommit_delete_port_callback-717248'] for port (7217dd6a-82d2-47b8-b9fb-51ab24321b1a), precommit_delete {{(pid=104655) _notify_loop /usr/local/lib/python3.8/dist-packages/neutron_lib/callbacks/manager.py:176}}
Jul 21 08:03:30.080919 dv-neutron-840416-22-hyperv neutron-server[104653]: DEBUG neutron_lib.callbacks.manager [None req-82fd9ccc-021e-4734-9ab9-30ecdb9a44d5 tempest-PortsAdminExtendedAttrsTestJSON-872238588 tempest-PortsAdminExtendedAttrsTestJSON-872238588-project-admin] Publish callbacks ['neutron.notifiers.nova.Notifier._send_nova_notification-364481'] for port (None), before_response {{(pid=104653) _notify_loop /usr/local/lib/python3.8/dist-packages/neutron_lib/callbacks/manager.py:176}}
Jul 21 08:03:30.087495 dv-neutron-840416-22-hyperv neutron-server[104653]: INFO neutron.wsgi [None req-82fd9ccc-021e-4734-9ab9-30ecdb9a44d5 tempest-PortsAdminExtendedAttrsTestJSON-872238588 tempest-PortsAdminExtendedAttrsTestJSON-872238588-project-admin] 10.222.0.20 "DELETE /v2.0/ports/d342cef2-6e1e-48f1-8c56-430e59fb4225 HTTP/1.1" status: 204 len: 168 time: 4.4290986
Jul 21 08:03:30.088754 dv-neutron-840416-22-hyperv neutron-server[104653]: DEBUG neutron.wsgi [-] (104653) accepted ('10.222.0.20', 51588) {{(pid=104653) server /usr/local/lib/python3.8/dist-packages/eventlet/wsgi.py:1004}}
Jul 21 08:03:30.089355 dv-neutron-840416-22-hyperv neutron-server[104653]: DEBUG neutron.wsgi [-] (104653) accepted ('10.222.0.20', 51590) {{(pid=104653) server /usr/local/lib/python3.8/dist-packages/eventlet/wsgi.py:1004}}
Jul 21 08:03:30.118165 dv-neutron-840416-22-hyperv neutron-server[104653]: DEBUG neutron.api.v2.base [None req-53658d9b-5296-4ee4-8025-7323d525fc8a tempest-PortsAdminExtendedAttrsIpV6TestJSON-952711490 tempest-PortsAdminExtendedAttrsIpV6TestJSON-952711490-project-admin] Request body: {'port': {'binding:host_id': 'hv-neutron-8404'}} {{(pid=104653) prepare_request_body /opt/stack/neutron/neutron/api/v2/base.py:730}}
Jul 21 08:03:30.122956 dv-neutron-840416-22-hyperv neutron-server[104655]: DEBUG neutron.plugins.ml2.plugin [None req-8ae79248-364d-46ee-9da4-c169430dc208 None None] Calling delete_port for 7217dd6a-82d2-47b8-b9fb-51ab24321b1a owned by network:dhcp {{(pid=104655) delete_port /opt/stack/neutron/neutron/plugins/ml2/plugin.py:2116}}
Jul 21 08:03:30.125681 dv-neutron-840416-22-hyperv neutron-server[104653]: DEBUG neutron.api.rpc.handlers.resources_rpc [None req-82fd9ccc-021e-4734-9ab9-30ecdb9a44d5 tempest-PortsAdminExtendedAttrsTestJSON-872238588 tempest-PortsAdminExtendedAttrsTestJSON-872238588-project-admin] Pushing event deleted for resources: {'Port': ['ID=d342cef2-6e1e-48f1-8c56-430e59fb4225,revision_number=None']} {{(pid=104653) push /opt/stack/neutron/neutron/api/rpc/handlers/resources_rpc.py:237}}
Jul 21 08:03:30.246550 dv-neutron-840416-22-hyperv neutron-server[104653]: INFO neutron.pecan_wsgi.hooks.translation [None req-1727beb3-4ec1-4e40-8f72-a99c524310be tempest-PortsAdminExtendedAttrsTestJSON-872238588 tempest-PortsAdminExtendedAttrsTestJSON-872238588-project-admin] GET failed (client error): The resource could not be found.
Jul 21 08:03:30.256931 dv-neutron-840416-22-hyperv neutron-server[104653]: INFO neutron.wsgi [None req-1727beb3-4ec1-4e40-8f72-a99c524310be tempest-PortsAdminExtendedAttrsTestJSON-872238588 tempest-PortsAdminExtendedAttrsTestJSON-872238588-project-admin] 10.222.0.20 "GET /v2.0/ports/d342cef2-6e1e-48f1-8c56-430e59fb4225 HTTP/1.1" status: 404 len: 333 time: 0.1607316
Jul 21 08:03:30.257737 dv-neutron-840416-22-hyperv neutron-server[104653]: DEBUG neutron.wsgi [-] (104653) accepted ('10.222.0.20', 51594) {{(pid=104653) server /usr/local/lib/python3.8/dist-packages/eventlet/wsgi.py:1004}}
Jul 21 08:03:30.298830 dv-neutron-840416-22-hyperv neutron-server[104653]: DEBUG neutron.api.v2.base [None req-4c472bd8-16c4-430f-bd85-17ac13e598e5 tempest-PortsAdminExtendedAttrsTestJSON-872238588 tempest-PortsAdminExtendedAttrsTestJSON-872238588-project-admin] Request body: {'port': {'network_id': '4faa0231-716e-40eb-aea4-3935bfbc5b20', 'name': 'tempest-PortsAdminExtendedAttrsTestJSON-1182675931'}} {{(pid=104653) prepare_request_body /opt/stack/neutron/neutron/api/v2/base.py:730}}
Jul 21 08:03:30.361828 dv-neutron-840416-22-hyperv neutron-server[104655]: DEBUG neutron_lib.callbacks.manager [None req-dfbf2915-8ee6-4ccd-92e3-f979e46d10bc None None] Publish callbacks ['neutron.services.segments.db._update_segment_host_mapping_for_agent-8769980024890', 'neutron.plugins.ml2.plugin.Ml2Plugin._retry_binding_revived_agents-1922672'] for agent (04ac63e7-f74f-4d4a-bc32-08c72dd0153b), after_update {{(pid=104655) _notify_loop /usr/local/lib/python3.8/dist-packages/neutron_lib/callbacks/manager.py:176}}
Jul 21 08:03:30.366158 dv-neutron-840416-22-hyperv neutron-server[104653]: INFO neutron.wsgi [req-f6a71367-db0e-487b-ae9d-c8687b1f06ee req-0df90707-7088-4edf-b2b2-f3c3f56e4ed7 service neutron] 10.222.0.20 "GET /v2.0/networks/69725785-e88e-4704-964e-4477bb61873d?fields=segments HTTP/1.1" status: 200 len: 212 time: 0.5710537
Jul 21 08:03:30.375187 dv-neutron-840416-22-hyperv neutron-server[104655]: DEBUG neutron.plugins.ml2.rpc [None req-3b8809d4-6e38-4b21-934d-667a3ad48f98 None None] Device 7217dd6a-82d2-47b8-b9fb-51ab24321b1a no longer exists at agent ovs-agent-dv-neutron-840416-22-hyperv {{(pid=104655) update_device_down /opt/stack/neutron/neutron/plugins/ml2/rpc.py:259}}
Jul 21 08:03:30.434742 dv-neutron-840416-22-hyperv neutron-server[104654]: DEBUG neutron.pecan_wsgi.hooks.quota_enforcement [req-a0f1c268-a993-4486-b9a3-90bd517995f1 req-3250bc45-4b07-48ef-b218-0861af207f89 tempest-ServersTestJSON-1212443970 tempest-ServersTestJSON-1212443970-project] Made reservation on behalf of 1a7d0a0bfe9a4b78971f59420b3307e6 for: {'port': 1} {{(pid=104654) before /opt/stack/neutron/neutron/pecan_wsgi/hooks/quota_enforcement.py:53}}
Jul 21 08:03:30.435074 dv-neutron-840416-22-hyperv neutron-server[104653]: DEBUG neutron_lib.callbacks.manager [req-db969033-99e1-426b-b8e6-be842b4dfb4f req-982d0f36-a305-472b-87dc-7a58af6a1066 tempest-ServerActionsTestJSON-355822705 tempest-ServerActionsTestJSON-355822705-project] Publish callbacks [] for port (dd87a1e8-b622-43f8-bacf-4f035da1bedd), precommit_create {{(pid=104653) _notify_loop /usr/local/lib/python3.8/dist-packages/neutron_lib/callbacks/manager.py:176}}
Jul 21 08:03:30.445704 dv-neutron-840416-22-hyperv neutron-server[104654]: DEBUG neutron_lib.callbacks.manager [req-a0f1c268-a993-4486-b9a3-90bd517995f1 req-3250bc45-4b07-48ef-b218-0861af207f89 tempest-ServersTestJSON-1212443970 tempest-ServersTestJSON-1212443970-project] Publish callbacks ['neutron.plugins.ml2.plugin.SecurityGroupDbMixin._ensure_default_security_group_handler-1978627'] for port (None), before_create {{(pid=104654) _notify_loop /usr/local/lib/python3.8/dist-packages/neutron_lib/callbacks/manager.py:176}}
Jul 21 08:03:30.459073 dv-neutron-840416-22-hyperv neutron-server[104653]: INFO neutron.wsgi [req-37d81279-17a2-42aa-8f3f-2e56aab7e580 req-7e8374b7-dd44-4dac-9cc2-1f3bec32c79c tempest-ServersTestJSON-1212443970 tempest-ServersTestJSON-1212443970-project] 10.222.0.20 "GET /v2.0/ports?device_id=606cb74d-8646-4737-b7c5-78a4ae8bd9ae HTTP/1.1" status: 200 len: 210 time: 0.1733553
Jul 21 08:03:30.514175 dv-neutron-840416-22-hyperv neutron-server[104655]: INFO neutron.plugins.ml2.db [None req-3b8809d4-6e38-4b21-934d-667a3ad48f98 None None] No ports have port_id starting with 7217dd6a-82d2-47b8-b9fb-51ab24321b1a
Jul 21 08:03:30.516291 dv-neutron-840416-22-hyperv neutron-server[104655]: DEBUG neutron_lib.callbacks.manager [None req-8ae79248-364d-46ee-9da4-c169430dc208 None None] Publish callbacks ['neutron.plugins.ml2.plugin.SecurityGroupServerNotifierRpcMixin._notify_sg_on_port_change-1978690', 'neutron.plugins.ml2.ovo_rpc._ObjectChangeHandler.handle_event-453483', 'neutron.api.rpc.agentnotifiers.dhcp_rpc_agent_api.DhcpAgentNotifyAPI._native_event_send_dhcp_notification-991225', 'neutron.db.l3_db.L3RpcNotifierMixin._notify_routers_callback-8769979904040', 'neutron.db.l3_dvrscheduler_db._notify_port_delete-8769979542263'] for port (7217dd6a-82d2-47b8-b9fb-51ab24321b1a), after_delete {{(pid=104655) _notify_loop /usr/local/lib/python3.8/dist-packages/neutron_lib/callbacks/manager.py:176}}
Jul 21 08:03:30.550704 dv-neutron-840416-22-hyperv neutron-server[104654]: DEBUG neutron.pecan_wsgi.hooks.policy_enforcement [None req-7541cc17-de4f-4fec-996a-9c3d94522f71 tempest-NetworksTestDHCPv6-1668866013 tempest-NetworksTestDHCPv6-1668866013-project] Attributes excluded by policy engine: ['standard_attr_id', 'shared'] {{(pid=104654) _exclude_attributes_by_policy /opt/stack/neutron/neutron/pecan_wsgi/hooks/policy_enforcement.py:259}}
Jul 21 08:03:30.557433 dv-neutron-840416-22-hyperv neutron-server[104654]: INFO neutron.wsgi [None req-7541cc17-de4f-4fec-996a-9c3d94522f71 tempest-NetworksTestDHCPv6-1668866013 tempest-NetworksTestDHCPv6-1668866013-project] 10.222.0.20 "GET /v2.0/subnets HTTP/1.1" status: 200 len: 838 time: 0.8167663
Jul 21 08:03:30.565348 dv-neutron-840416-22-hyperv neutron-server[104654]: DEBUG neutron.wsgi [-] (104654) accepted ('10.222.0.20', 51598) {{(pid=104654) server /usr/local/lib/python3.8/dist-packages/eventlet/wsgi.py:1004}}
Jul 21 08:03:30.621441 dv-neutron-840416-22-hyperv neutron-server[104655]: DEBUG neutron.db.l3_dvrscheduler_db [None req-8ae79248-364d-46ee-9da4-c169430dc208 None None] No DVR routers for this DVR port 7217dd6a-82d2-47b8-b9fb-51ab24321b1a on host dv-neutron-840416-22-hyperv {{(pid=104655) get_dvr_routers_to_remove /opt/stack/neutron/neutron/db/l3_dvrscheduler_db.py:215}}
Jul 21 08:03:30.633612 dv-neutron-840416-22-hyperv neutron-server[104655]: DEBUG neutron.api.rpc.handlers.resources_rpc [None req-8ae79248-364d-46ee-9da4-c169430dc208 None None] Pushing event deleted for resources: {'Port': ['ID=7217dd6a-82d2-47b8-b9fb-51ab24321b1a,revision_number=None']} {{(pid=104655) push /opt/stack/neutron/neutron/api/rpc/handlers/resources_rpc.py:237}}
Jul 21 08:03:30.678321 dv-neutron-840416-22-hyperv neutron-server[104653]: DEBUG neutron.pecan_wsgi.hooks.quota_enforcement [None req-4c472bd8-16c4-430f-bd85-17ac13e598e5 tempest-PortsAdminExtendedAttrsTestJSON-872238588 tempest-PortsAdminExtendedAttrsTestJSON-872238588-project-admin] Made reservation on behalf of 34b4601e6a0346828b0c3141ff4fd278 for: {'port': 1} {{(pid=104653) before /opt/stack/neutron/neutron/pecan_wsgi/hooks/quota_enforcement.py:53}}
Jul 21 08:03:30.681097 dv-neutron-840416-22-hyperv neutron-server[104653]: DEBUG neutron_lib.callbacks.manager [None req-4c472bd8-16c4-430f-bd85-17ac13e598e5 tempest-PortsAdminExtendedAttrsTestJSON-872238588 tempest-PortsAdminExtendedAttrsTestJSON-872238588-project-admin] Publish callbacks ['neutron.plugins.ml2.plugin.SecurityGroupDbMixin._ensure_default_security_group_handler-1978627'] for port (None), before_create {{(pid=104653) _notify_loop /usr/local/lib/python3.8/dist-packages/neutron_lib/callbacks/manager.py:176}}
Jul 21 08:03:30.715857 dv-neutron-840416-22-hyperv neutron-server[104653]: DEBUG neutron_lib.callbacks.manager [None req-53658d9b-5296-4ee4-8025-7323d525fc8a tempest-PortsAdminExtendedAttrsIpV6TestJSON-952711490 tempest-PortsAdminExtendedAttrsIpV6TestJSON-952711490-project-admin] Publish callbacks ['neutron.plugins.ml2.plugin.SecurityGroupDbMixin._ensure_default_security_group_handler-1978627'] for port (f51916ca-b85a-4602-a970-8fa8e0e4913e), before_update {{(pid=104653) _notify_loop /usr/local/lib/python3.8/dist-packages/neutron_lib/callbacks/manager.py:176}}
Jul 21 08:03:30.742741 dv-neutron-840416-22-hyperv neutron-server[104653]: DEBUG dbcounter [-] [104653] Writing DB stats neutron:SELECT=89,neutron:DELETE=8,neutron:INSERT=3 {{(pid=104653) stat_writer /usr/local/lib/python3.8/dist-packages/dbcounter.py:114}}
Jul 21 08:03:30.782278 dv-neutron-840416-22-hyperv neutron-server[104653]: DEBUG neutron_lib.callbacks.manager [req-db969033-99e1-426b-b8e6-be842b4dfb4f req-982d0f36-a305-472b-87dc-7a58af6a1066 tempest-ServerActionsTestJSON-355822705 tempest-ServerActionsTestJSON-355822705-project] Publish callbacks ['neutron.plugins.ml2.plugin.SecurityGroupServerNotifierRpcMixin._notify_sg_on_port_change-1978690', 'neutron.plugins.ml2.ovo_rpc._ObjectChangeHandler.handle_event-453483', 'neutron.api.rpc.agentnotifiers.dhcp_rpc_agent_api.DhcpAgentNotifyAPI._native_event_send_dhcp_notification-991225', 'neutron.db.l3_dvrscheduler_db._notify_l3_agent_new_port-8769979542254', 'neutron.services.segments.plugin.NovaSegmentNotifier._notify_port_created_or_deleted-14371538'] for port (dd87a1e8-b622-43f8-bacf-4f035da1bedd), after_create {{(pid=104653) _notify_loop /usr/local/lib/python3.8/dist-packages/neutron_lib/callbacks/manager.py:176}}
Jul 21 08:03:30.792599 dv-neutron-840416-22-hyperv neutron-server[104654]: INFO neutron.wsgi [None req-ad9dfb95-3af2-4f10-993e-dce08d763f73 tempest-NetworksTestDHCPv6-1668866013 tempest-NetworksTestDHCPv6-1668866013-project] 10.222.0.20 "GET /v2.0/routers HTTP/1.1" status: 200 len: 208 time: 0.2194221
Jul 21 08:03:30.799192 dv-neutron-840416-22-hyperv neutron-server[104654]: DEBUG neutron.wsgi [-] (104654) accepted ('10.222.0.20', 51602) {{(pid=104654) server /usr/local/lib/python3.8/dist-packages/eventlet/wsgi.py:1004}}
Jul 21 08:03:30.803873 dv-neutron-840416-22-hyperv neutron-server[104653]: DEBUG neutron.notifiers.nova [None req-4c472bd8-16c4-430f-bd85-17ac13e598e5 tempest-PortsAdminExtendedAttrsTestJSON-872238588 tempest-PortsAdminExtendedAttrsTestJSON-872238588-project-admin] device_id is not set on port dc46b449-6165-4ee1-9e11-ecc9e9ab9932 yet. {{(pid=104653) _can_notify /opt/stack/neutron/neutron/notifiers/nova.py:199}}
Jul 21 08:03:30.827944 dv-neutron-840416-22-hyperv neutron-server[104653]: DEBUG neutron.scheduler.dhcp_agent_scheduler [req-db969033-99e1-426b-b8e6-be842b4dfb4f req-982d0f36-a305-472b-87dc-7a58af6a1066 tempest-ServerActionsTestJSON-355822705 tempest-ServerActionsTestJSON-355822705-project] Network 026caf22-af00-422a-8391-1a2611360260 is already hosted by enough agents. {{(pid=104653) _get_dhcp_agents_hosting_network /opt/stack/neutron/neutron/scheduler/dhcp_agent_scheduler.py:275}}
Jul 21 08:03:30.829452 dv-neutron-840416-22-hyperv neutron-server[104653]: DEBUG neutron.wsgi [-] (104653) accepted ('10.222.0.20', 51604) {{(pid=104653) server /usr/local/lib/python3.8/dist-packages/eventlet/wsgi.py:1004}}
Jul 21 08:03:30.851374 dv-neutron-840416-22-hyperv neutron-server[104654]: DEBUG neutron.api.v2.base [None req-5eec3e13-244d-4a66-88ce-4cf6d796fb41 tempest-NetworksTestDHCPv6-1668866013 tempest-NetworksTestDHCPv6-1668866013-project] Request body: {'subnet': {'network_id': '9c5c3df0-f89a-4613-8afb-75968fedf4ee', 'cidr': '2001:db8::/64', 'ip_version': 6, 'gateway_ip': '2001:db8::1', 'ipv6_ra_mode': 'dhcpv6-stateful', 'ipv6_address_mode': 'dhcpv6-stateful'}} {{(pid=104654) prepare_request_body /opt/stack/neutron/neutron/api/v2/base.py:730}}
Jul 21 08:03:30.861069 dv-neutron-840416-22-hyperv neutron-server[104653]: DEBUG neutron.scheduler.base_scheduler [req-db969033-99e1-426b-b8e6-be842b4dfb4f req-982d0f36-a305-472b-87dc-7a58af6a1066 tempest-ServerActionsTestJSON-355822705 tempest-ServerActionsTestJSON-355822705-project] Resources bound (agent type, host, resource id): {{(pid=104653) schedule /opt/stack/neutron/neutron/scheduler/base_scheduler.py:57}}
Jul 21 08:03:30.870294 dv-neutron-840416-22-hyperv neutron-server[104653]: DEBUG neutron.db.l3_dvrscheduler_db [req-db969033-99e1-426b-b8e6-be842b4dfb4f req-982d0f36-a305-472b-87dc-7a58af6a1066 tempest-ServerActionsTestJSON-355822705 tempest-ServerActionsTestJSON-355822705-project] Received port after_create {{(pid=104653) _notify_l3_agent_new_port /opt/stack/neutron/neutron/db/l3_dvrscheduler_db.py:542}}
Jul 21 08:03:30.900498 dv-neutron-840416-22-hyperv neutron-server[104654]: DEBUG dbcounter [-] [104654] Writing DB stats neutron:SELECT=92,neutron:INSERT=5,neutron:UPDATE=3 {{(pid=104654) stat_writer /usr/local/lib/python3.8/dist-packages/dbcounter.py:114}}
Jul 21 08:03:31.106808 dv-neutron-840416-22-hyperv neutron-server[104654]: DEBUG neutron_lib.callbacks.manager [None req-2e9715d5-503d-4ab9-8d69-9b70b52cc997 tempest-FloatingIPAdminTestJSON-1944355057 tempest-FloatingIPAdminTestJSON-1944355057-project] Publish callbacks [] for port (593bfe41-2abe-4a26-987c-61b7ec3fd58e), precommit_create {{(pid=104654) _notify_loop /usr/local/lib/python3.8/dist-packages/neutron_lib/callbacks/manager.py:176}}
Jul 21 08:03:31.109106 dv-neutron-840416-22-hyperv neutron-server[104654]: DEBUG neutron.db.db_base_plugin_common [req-a0f1c268-a993-4486-b9a3-90bd517995f1 req-3250bc45-4b07-48ef-b218-0861af207f89 tempest-ServersTestJSON-1212443970 tempest-ServersTestJSON-1212443970-project] Allocated IP 172.20.0.5 (39e014b4-1a1f-4872-a6b6-e46188c30c84/473d1e14-1d66-4c99-a109-a3b1c101a623/7078c4cf-b23c-4727-9b4f-fd530d0628ec) {{(pid=104654) _store_ip_allocation /opt/stack/neutron/neutron/db/db_base_plugin_common.py:131}}
Jul 21 08:03:31.119500 dv-neutron-840416-22-hyperv neutron-server[104654]: DEBUG dbcounter [-] [104654] Writing DB stats neutron:SELECT=92,neutron:INSERT=6,neutron:UPDATE=2 {{(pid=104654) stat_writer /usr/local/lib/python3.8/dist-packages/dbcounter.py:114}}
Jul 21 08:03:31.202381 dv-neutron-840416-22-hyperv neutron-server[104654]: DEBUG neutron.pecan_wsgi.hooks.quota_enforcement [None req-5eec3e13-244d-4a66-88ce-4cf6d796fb41 tempest-NetworksTestDHCPv6-1668866013 tempest-NetworksTestDHCPv6-1668866013-project] Made reservation on behalf of a47fe24250e44d0d925cd552d84910da for: {'subnet': 1} {{(pid=104654) before /opt/stack/neutron/neutron/pecan_wsgi/hooks/quota_enforcement.py:53}}
Jul 21 08:03:31.202631 dv-neutron-840416-22-hyperv neutron-server[104653]: DEBUG dbcounter [-] [104653] Writing DB stats neutron:SELECT=94,neutron:DELETE=1,neutron:INSERT=3,neutron:UPDATE=2 {{(pid=104653) stat_writer /usr/local/lib/python3.8/dist-packages/dbcounter.py:114}}
Jul 21 08:03:31.217507 dv-neutron-840416-22-hyperv neutron-server[104654]: DEBUG neutron_lib.callbacks.manager [None req-5eec3e13-244d-4a66-88ce-4cf6d796fb41 tempest-NetworksTestDHCPv6-1668866013 tempest-NetworksTestDHCPv6-1668866013-project] Publish callbacks [] for subnet (None), before_create {{(pid=104654) _notify_loop /usr/local/lib/python3.8/dist-packages/neutron_lib/callbacks/manager.py:176}}
Jul 21 08:03:31.348989 dv-neutron-840416-22-hyperv neutron-server[104655]: DEBUG neutron.db.provisioning_blocks [None req-e595277f-0889-42e0-a51a-f7fe576659f0 None None] Provisioning complete for port dd87a1e8-b622-43f8-bacf-4f035da1bedd triggered by entity DHCP. {{(pid=104655) provisioning_complete /opt/stack/neutron/neutron/db/provisioning_blocks.py:145}}
Jul 21 08:03:31.349738 dv-neutron-840416-22-hyperv neutron-server[104655]: DEBUG neutron_lib.callbacks.manager [None req-e595277f-0889-42e0-a51a-f7fe576659f0 None None] Publish callbacks ['neutron.plugins.ml2.plugin.Ml2Plugin._port_provisioned-1922606'] for port (dd87a1e8-b622-43f8-bacf-4f035da1bedd), provisioning_complete {{(pid=104655) _notify_loop /usr/local/lib/python3.8/dist-packages/neutron_lib/callbacks/manager.py:176}}
Jul 21 08:03:31.527668 dv-neutron-840416-22-hyperv neutron-server[104655]: DEBUG neutron.plugins.ml2.plugin [None req-e595277f-0889-42e0-a51a-f7fe576659f0 None None] Port dd87a1e8-b622-43f8-bacf-4f035da1bedd cannot update to ACTIVE because it is not bound. {{(pid=104655) _port_provisioned /opt/stack/neutron/neutron/plugins/ml2/plugin.py:348}}
Jul 21 08:03:31.540637 dv-neutron-840416-22-hyperv neutron-server[104655]: DEBUG neutron_lib.callbacks.manager [None req-9116302b-7003-4a18-ac81-6d346b546cfe None None] Publish callbacks ['neutron.services.segments.db._update_segment_host_mapping_for_agent-8769980024890', 'neutron.plugins.ml2.plugin.Ml2Plugin._retry_binding_revived_agents-1922672'] for agent (8749e9d8-c52d-4c3d-8cc6-5c18c3f83be3), after_update {{(pid=104655) _notify_loop /usr/local/lib/python3.8/dist-packages/neutron_lib/callbacks/manager.py:176}}
Jul 21 08:03:31.665011 dv-neutron-840416-22-hyperv neutron-server[104653]: DEBUG neutron.pecan_wsgi.hooks.policy_enforcement [req-db969033-99e1-426b-b8e6-be842b4dfb4f req-982d0f36-a305-472b-87dc-7a58af6a1066 tempest-ServerActionsTestJSON-355822705 tempest-ServerActionsTestJSON-355822705-project] Attributes excluded by policy engine: ['standard_attr_id', 'binding:profile', 'binding:host_id', 'binding:vif_type', 'binding:vif_details', 'network'] {{(pid=104653) _exclude_attributes_by_policy /opt/stack/neutron/neutron/pecan_wsgi/hooks/policy_enforcement.py:259}}
Jul 21 08:03:31.665324 dv-neutron-840416-22-hyperv neutron-server[104653]: DEBUG neutron_lib.callbacks.manager [req-db969033-99e1-426b-b8e6-be842b4dfb4f req-982d0f36-a305-472b-87dc-7a58af6a1066 tempest-ServerActionsTestJSON-355822705 tempest-ServerActionsTestJSON-355822705-project] Publish callbacks ['neutron.notifiers.nova.Notifier._send_nova_notification-364481'] for port (None), before_response {{(pid=104653) _notify_loop /usr/local/lib/python3.8/dist-packages/neutron_lib/callbacks/manager.py:176}}
Jul 21 08:03:31.666412 dv-neutron-840416-22-hyperv neutron-server[104654]: DEBUG neutron_lib.callbacks.manager [None req-2e9715d5-503d-4ab9-8d69-9b70b52cc997 tempest-FloatingIPAdminTestJSON-1944355057 tempest-FloatingIPAdminTestJSON-1944355057-project] Publish callbacks ['neutron.plugins.ml2.plugin.SecurityGroupServerNotifierRpcMixin._notify_sg_on_port_change-1978690', 'neutron.plugins.ml2.ovo_rpc._ObjectChangeHandler.handle_event-453483', 'neutron.api.rpc.agentnotifiers.dhcp_rpc_agent_api.DhcpAgentNotifyAPI._native_event_send_dhcp_notification-991225', 'neutron.db.l3_dvrscheduler_db._notify_l3_agent_new_port-8769979542254'] for port (593bfe41-2abe-4a26-987c-61b7ec3fd58e), after_create {{(pid=104654) _notify_loop /usr/local/lib/python3.8/dist-packages/neutron_lib/callbacks/manager.py:176}}
Jul 21 08:03:31.677637 dv-neutron-840416-22-hyperv neutron-server[104653]: DEBUG neutron.api.v2.base [None req-01954b91-4c90-4c72-b50d-e762ce1f1556 tempest-ExternalNetworksTestJSON-119913832 tempest-ExternalNetworksTestJSON-119913832-project] Request body: {'network': {'name': 'tempest-ExternalNetworksTestJSON-test-network-704001064'}} {{(pid=104653) prepare_request_body /opt/stack/neutron/neutron/api/v2/base.py:730}}
Jul 21 08:03:31.745863 dv-neutron-840416-22-hyperv neutron-server[104653]: DEBUG neutron_lib.callbacks.manager [None req-4c472bd8-16c4-430f-bd85-17ac13e598e5 tempest-PortsAdminExtendedAttrsTestJSON-872238588 tempest-PortsAdminExtendedAttrsTestJSON-872238588-project-admin] Publish callbacks [] for port (dc46b449-6165-4ee1-9e11-ecc9e9ab9932), precommit_create {{(pid=104653) _notify_loop /usr/local/lib/python3.8/dist-packages/neutron_lib/callbacks/manager.py:176}}
Jul 21 08:03:31.753138 dv-neutron-840416-22-hyperv neutron-server[104654]: DEBUG neutron.scheduler.dhcp_agent_scheduler [None req-2e9715d5-503d-4ab9-8d69-9b70b52cc997 tempest-FloatingIPAdminTestJSON-1944355057 tempest-FloatingIPAdminTestJSON-1944355057-project] Network 7f0f644f-43a1-465f-a242-3f4df496459b is already hosted by enough agents. {{(pid=104654) _get_dhcp_agents_hosting_network /opt/stack/neutron/neutron/scheduler/dhcp_agent_scheduler.py:275}}
Jul 21 08:03:31.760930 dv-neutron-840416-22-hyperv neutron-server[104653]: INFO neutron.wsgi [req-f6a71367-db0e-487b-ae9d-c8687b1f06ee req-bf137069-2e8b-40ca-86c9-1bd8774a777c service neutron] 10.222.0.20 "GET /v2.0/networks/69725785-e88e-4704-964e-4477bb61873d?fields=provider%3Aphysical_network&fields=provider%3Anetwork_type HTTP/1.1" status: 200 len: 281 time: 1.3529632
Jul 21 08:03:31.784460 dv-neutron-840416-22-hyperv neutron-server[104654]: DEBUG neutron.scheduler.base_scheduler [None req-2e9715d5-503d-4ab9-8d69-9b70b52cc997 tempest-FloatingIPAdminTestJSON-1944355057 tempest-FloatingIPAdminTestJSON-1944355057-project] Resources bound (agent type, host, resource id): {{(pid=104654) schedule /opt/stack/neutron/neutron/scheduler/base_scheduler.py:57}}
Jul 21 08:03:31.809889 dv-neutron-840416-22-hyperv neutron-server[104654]: DEBUG neutron.db.l3_dvrscheduler_db [None req-2e9715d5-503d-4ab9-8d69-9b70b52cc997 tempest-FloatingIPAdminTestJSON-1944355057 tempest-FloatingIPAdminTestJSON-1944355057-project] Received port after_create {{(pid=104654) _notify_l3_agent_new_port /opt/stack/neutron/neutron/db/l3_dvrscheduler_db.py:542}}
Jul 21 08:03:31.831089 dv-neutron-840416-22-hyperv neutron-server[104654]: DEBUG neutron.pecan_wsgi.hooks.policy_enforcement [None req-2e9715d5-503d-4ab9-8d69-9b70b52cc997 tempest-FloatingIPAdminTestJSON-1944355057 tempest-FloatingIPAdminTestJSON-1944355057-project] Attributes excluded by policy engine: ['standard_attr_id', 'binding:profile', 'binding:host_id', 'binding:vif_type', 'binding:vif_details', 'network'] {{(pid=104654) _exclude_attributes_by_policy /opt/stack/neutron/neutron/pecan_wsgi/hooks/policy_enforcement.py:259}}
Jul 21 08:03:31.831359 dv-neutron-840416-22-hyperv neutron-server[104654]: DEBUG neutron_lib.callbacks.manager [None req-2e9715d5-503d-4ab9-8d69-9b70b52cc997 tempest-FloatingIPAdminTestJSON-1944355057 tempest-FloatingIPAdminTestJSON-1944355057-project] Publish callbacks ['neutron.notifiers.nova.Notifier._send_nova_notification-364481'] for port (None), before_response {{(pid=104654) _notify_loop /usr/local/lib/python3.8/dist-packages/neutron_lib/callbacks/manager.py:176}}
Jul 21 08:03:31.870335 dv-neutron-840416-22-hyperv neutron-server[104654]: DEBUG neutron.api.rpc.handlers.resources_rpc [None req-2e9715d5-503d-4ab9-8d69-9b70b52cc997 tempest-FloatingIPAdminTestJSON-1944355057 tempest-FloatingIPAdminTestJSON-1944355057-project] Pushing event updated for resources: {'Port': ['ID=593bfe41-2abe-4a26-987c-61b7ec3fd58e,revision_number=1']} {{(pid=104654) push /opt/stack/neutron/neutron/api/rpc/handlers/resources_rpc.py:237}}
Jul 21 08:03:31.878633 dv-neutron-840416-22-hyperv neutron-server[104653]: INFO neutron.wsgi [req-db969033-99e1-426b-b8e6-be842b4dfb4f req-982d0f36-a305-472b-87dc-7a58af6a1066 tempest-ServerActionsTestJSON-355822705 tempest-ServerActionsTestJSON-355822705-project] 10.222.0.71 "POST /v2.0/ports HTTP/1.1" status: 201 len: 933 time: 6.2402625
Jul 21 08:03:31.879282 dv-neutron-840416-22-hyperv neutron-server[104653]: DEBUG neutron.api.rpc.handlers.resources_rpc [None req-982d0f36-a305-472b-87dc-7a58af6a1066 tempest-ServerActionsTestJSON-355822705 tempest-ServerActionsTestJSON-355822705-project] Pushing event updated for resources: {'Port': ['ID=dd87a1e8-b622-43f8-bacf-4f035da1bedd,revision_number=1']} {{(pid=104653) push /opt/stack/neutron/neutron/api/rpc/handlers/resources_rpc.py:237}}
Jul 21 08:03:31.907960 dv-neutron-840416-22-hyperv neutron-server[104654]: INFO neutron.wsgi [None req-2e9715d5-503d-4ab9-8d69-9b70b52cc997 tempest-FloatingIPAdminTestJSON-1944355057 tempest-FloatingIPAdminTestJSON-1944355057-project] 10.222.0.20 "POST /v2.0/ports HTTP/1.1" status: 201 len: 933 time: 3.1860197
Jul 21 08:03:31.911702 dv-neutron-840416-22-hyperv neutron-server[104653]: DEBUG neutron.wsgi [-] (104653) accepted ('10.222.0.20', 51612) {{(pid=104653) server /usr/local/lib/python3.8/dist-packages/eventlet/wsgi.py:1004}}
Jul 21 08:03:31.924239 dv-neutron-840416-22-hyperv neutron-server[104653]: DEBUG neutron.wsgi [req-db969033-99e1-426b-b8e6-be842b4dfb4f req-812fe5fa-e70a-43b3-a9db-43e5d7e39bce tempest-ServerActionsTestJSON-355822705 tempest-ServerActionsTestJSON-355822705-project] http://10.222.0.20:9696/v2.0/extensions returned with HTTP 200 {{(pid=104653) __call__ /opt/stack/neutron/neutron/wsgi.py:730}}
Jul 21 08:03:31.929585 dv-neutron-840416-22-hyperv neutron-server[104653]: INFO neutron.wsgi [req-db969033-99e1-426b-b8e6-be842b4dfb4f req-812fe5fa-e70a-43b3-a9db-43e5d7e39bce tempest-ServerActionsTestJSON-355822705 tempest-ServerActionsTestJSON-355822705-project] 10.222.0.71 "GET /v2.0/extensions HTTP/1.1" status: 200 len: 14320 time: 0.0198386
Jul 21 08:03:31.987431 dv-neutron-840416-22-hyperv neutron-server[104653]: DEBUG neutron.pecan_wsgi.hooks.quota_enforcement [None req-01954b91-4c90-4c72-b50d-e762ce1f1556 tempest-ExternalNetworksTestJSON-119913832 tempest-ExternalNetworksTestJSON-119913832-project] Made reservation on behalf of a5f9e35afc0e400bbd4d8b7ef3420fba for: {'network': 1} {{(pid=104653) before /opt/stack/neutron/neutron/pecan_wsgi/hooks/quota_enforcement.py:53}}
Jul 21 08:03:31.991207 dv-neutron-840416-22-hyperv neutron-server[104653]: DEBUG neutron_lib.callbacks.manager [None req-01954b91-4c90-4c72-b50d-e762ce1f1556 tempest-ExternalNetworksTestJSON-119913832 tempest-ExternalNetworksTestJSON-119913832-project] Publish callbacks ['neutron.plugins.ml2.plugin.SecurityGroupDbMixin._ensure_default_security_group_handler-1978627'] for network (None), before_create {{(pid=104653) _notify_loop /usr/local/lib/python3.8/dist-packages/neutron_lib/callbacks/manager.py:176}}
Jul 21 08:03:32.009375 dv-neutron-840416-22-hyperv neutron-server[104653]: DEBUG neutron.pecan_wsgi.hooks.policy_enforcement [req-195a0917-e258-4f14-b503-73ba86a504b5 req-57467b5c-450f-40a2-8d35-8df6abc7643b tempest-ServerActionsTestJSON-355822705 tempest-ServerActionsTestJSON-355822705-project] Attributes excluded by policy engine: ['standard_attr_id', 'binding:profile', 'binding:host_id', 'binding:vif_type', 'binding:vif_details'] {{(pid=104653) _exclude_attributes_by_policy /opt/stack/neutron/neutron/pecan_wsgi/hooks/policy_enforcement.py:259}}
Jul 21 08:03:32.022893 dv-neutron-840416-22-hyperv neutron-server[104653]: INFO neutron.wsgi [req-195a0917-e258-4f14-b503-73ba86a504b5 req-57467b5c-450f-40a2-8d35-8df6abc7643b tempest-ServerActionsTestJSON-355822705 tempest-ServerActionsTestJSON-355822705-project] 10.222.0.20 "GET /v2.0/ports?device_id=dc94566d-f3d5-405e-bdaf-eb154677d1fe HTTP/1.1" status: 200 len: 931 time: 0.8138998
Jul 21 08:03:32.041752 dv-neutron-840416-22-hyperv neutron-server[104654]: DEBUG neutron_lib.callbacks.manager [req-a0f1c268-a993-4486-b9a3-90bd517995f1 req-3250bc45-4b07-48ef-b218-0861af207f89 tempest-ServersTestJSON-1212443970 tempest-ServersTestJSON-1212443970-project] Publish callbacks [] for port (7078c4cf-b23c-4727-9b4f-fd530d0628ec), precommit_create {{(pid=104654) _notify_loop /usr/local/lib/python3.8/dist-packages/neutron_lib/callbacks/manager.py:176}}
Jul 21 08:03:32.220649 dv-neutron-840416-22-hyperv neutron-server[104654]: DEBUG neutron_lib.callbacks.manager [req-a0f1c268-a993-4486-b9a3-90bd517995f1 req-3250bc45-4b07-48ef-b218-0861af207f89 tempest-ServersTestJSON-1212443970 tempest-ServersTestJSON-1212443970-project] Publish callbacks ['neutron.plugins.ml2.plugin.SecurityGroupServerNotifierRpcMixin._notify_sg_on_port_change-1978690', 'neutron.plugins.ml2.ovo_rpc._ObjectChangeHandler.handle_event-453483', 'neutron.api.rpc.agentnotifiers.dhcp_rpc_agent_api.DhcpAgentNotifyAPI._native_event_send_dhcp_notification-991225', 'neutron.db.l3_dvrscheduler_db._notify_l3_agent_new_port-8769979542254'] for port (7078c4cf-b23c-4727-9b4f-fd530d0628ec), after_create {{(pid=104654) _notify_loop /usr/local/lib/python3.8/dist-packages/neutron_lib/callbacks/manager.py:176}}
Jul 21 08:03:32.265350 dv-neutron-840416-22-hyperv neutron-server[104655]: DEBUG neutron.db.provisioning_blocks [None req-6b6402a2-11ea-4089-8ea5-1621dda28f87 None None] Provisioning complete for port 593bfe41-2abe-4a26-987c-61b7ec3fd58e triggered by entity DHCP. {{(pid=104655) provisioning_complete /opt/stack/neutron/neutron/db/provisioning_blocks.py:145}}
Jul 21 08:03:32.266074 dv-neutron-840416-22-hyperv neutron-server[104655]: DEBUG neutron_lib.callbacks.manager [None req-6b6402a2-11ea-4089-8ea5-1621dda28f87 None None] Publish callbacks ['neutron.plugins.ml2.plugin.Ml2Plugin._port_provisioned-1922606'] for port (593bfe41-2abe-4a26-987c-61b7ec3fd58e), provisioning_complete {{(pid=104655) _notify_loop /usr/local/lib/python3.8/dist-packages/neutron_lib/callbacks/manager.py:176}}
Jul 21 08:03:32.275163 dv-neutron-840416-22-hyperv neutron-server[104653]: DEBUG neutron.api.v2.base [None req-f9ca8e07-0a56-4a11-84cb-c5f4cc6f59ec tempest-FloatingIPAdminTestJSON-1844297213 tempest-FloatingIPAdminTestJSON-1844297213-project-admin] Request body: {'floatingip': {'floating_network_id': '20586a48-09dc-4468-a7f3-e4ac9577cf6b', 'project_id': 'a9cfdc09cf5345b5bc9ced2f3c5a41df', 'port_id': '593bfe41-2abe-4a26-987c-61b7ec3fd58e'}} {{(pid=104653) prepare_request_body /opt/stack/neutron/neutron/api/v2/base.py:730}}
Jul 21 08:03:32.283513 dv-neutron-840416-22-hyperv neutron-server[104653]: DEBUG neutron_lib.callbacks.manager [None req-01954b91-4c90-4c72-b50d-e762ce1f1556 tempest-ExternalNetworksTestJSON-119913832 tempest-ExternalNetworksTestJSON-119913832-project] Publish callbacks [] for security_group (None), before_create {{(pid=104653) _notify_loop /usr/local/lib/python3.8/dist-packages/neutron_lib/callbacks/manager.py:176}}
Jul 21 08:03:32.302690 dv-neutron-840416-22-hyperv neutron-server[104654]: DEBUG neutron.scheduler.dhcp_agent_scheduler [req-a0f1c268-a993-4486-b9a3-90bd517995f1 req-3250bc45-4b07-48ef-b218-0861af207f89 tempest-ServersTestJSON-1212443970 tempest-ServersTestJSON-1212443970-project] Network 39e014b4-1a1f-4872-a6b6-e46188c30c84 is already hosted by enough agents. {{(pid=104654) _get_dhcp_agents_hosting_network /opt/stack/neutron/neutron/scheduler/dhcp_agent_scheduler.py:275}}
Jul 21 08:03:32.356525 dv-neutron-840416-22-hyperv neutron-server[104654]: DEBUG neutron.scheduler.base_scheduler [req-a0f1c268-a993-4486-b9a3-90bd517995f1 req-3250bc45-4b07-48ef-b218-0861af207f89 tempest-ServersTestJSON-1212443970 tempest-ServersTestJSON-1212443970-project] Resources bound (agent type, host, resource id): {{(pid=104654) schedule /opt/stack/neutron/neutron/scheduler/base_scheduler.py:57}}
