Jul 19 21:10:11.592944 dv-neutron-840416-18-hyperv neutron-server[105303]: DEBUG neutron.db.provisioning_blocks [None req-313450d3-d951-4d1d-b0ef-d7b40947c20d None None] Provisioning complete for port 16035eb4-6dfa-4ce3-a61b-9097e332f4c4 triggered by entity L2. {{(pid=105303) provisioning_complete /opt/stack/neutron/neutron/db/provisioning_blocks.py:145}}
Jul 19 21:10:11.593483 dv-neutron-840416-18-hyperv neutron-server[105303]: DEBUG neutron_lib.callbacks.manager [None req-313450d3-d951-4d1d-b0ef-d7b40947c20d None None] Publish callbacks ['neutron.plugins.ml2.plugin.Ml2Plugin._port_provisioned-1811358'] for port (16035eb4-6dfa-4ce3-a61b-9097e332f4c4), provisioning_complete {{(pid=105303) _notify_loop /usr/local/lib/python3.8/dist-packages/neutron_lib/callbacks/manager.py:176}}
Jul 19 21:10:11.604977 dv-neutron-840416-18-hyperv neutron-server[105301]: DEBUG neutron.wsgi [-] (105301) accepted ('10.222.0.91', 32990) {{(pid=105301) server /usr/local/lib/python3.8/dist-packages/eventlet/wsgi.py:1004}}
Jul 19 21:10:11.616197 dv-neutron-840416-18-hyperv neutron-server[105302]: DEBUG neutron_lib.callbacks.manager [None req-be0a7777-851a-4996-81c7-3b70cd525db5 tempest-ServersTestJSON-1090471585 tempest-ServersTestJSON-1090471585-project] Publish callbacks [] for floatingip (None), before_create {{(pid=105302) _notify_loop /usr/local/lib/python3.8/dist-packages/neutron_lib/callbacks/manager.py:176}}
Jul 19 21:10:11.626088 dv-neutron-840416-18-hyperv neutron-server[105301]: WARNING keystonemiddleware.auth_token [-] A valid token was submitted as a service token, but it was not a valid service token. This is incorrect but backwards compatible behaviour. This will be removed in future releases.
Jul 19 21:10:11.678397 dv-neutron-840416-18-hyperv neutron-server[105301]: DEBUG neutron_lib.callbacks.manager [None req-a1da8ad9-a881-4d47-b4cb-ba63f72ebdb2 admin admin] Publish callbacks [] for security_group (f5fa1193-e3e1-4880-ba54-f4e8a2fcb6cc), before_delete {{(pid=105301) _notify_loop /usr/local/lib/python3.8/dist-packages/neutron_lib/callbacks/manager.py:176}}
Jul 19 21:10:11.719293 dv-neutron-840416-18-hyperv neutron-server[105303]: DEBUG neutron.plugins.ml2.plugin [None req-313450d3-d951-4d1d-b0ef-d7b40947c20d None None] Current status of the port 16035eb4-6dfa-4ce3-a61b-9097e332f4c4 is: ACTIVE; New status is: ACTIVE {{(pid=105303) _update_individual_port_db_status /opt/stack/neutron/neutron/plugins/ml2/plugin.py:2292}}
Jul 19 21:10:11.754906 dv-neutron-840416-18-hyperv neutron-server[105301]: DEBUG neutron.plugins.ml2.managers [None req-a28a644e-129b-4313-8a14-572eb0ed083b tempest-PortsAdminExtendedAttrsTestJSON-1443575655 tempest-PortsAdminExtendedAttrsTestJSON-1443575655-project-admin] Attempting to bind port e9c052ce-267c-4db3-bb32-16b4f9a1684a on host hv-neutron-8404 for vnic_type normal with profile {{(pid=105301) bind_port /opt/stack/neutron/neutron/plugins/ml2/managers.py:810}}
Jul 19 21:10:11.755255 dv-neutron-840416-18-hyperv neutron-server[105301]: DEBUG neutron.plugins.ml2.managers [None req-a28a644e-129b-4313-8a14-572eb0ed083b tempest-PortsAdminExtendedAttrsTestJSON-1443575655 tempest-PortsAdminExtendedAttrsTestJSON-1443575655-project-admin] Attempting to bind port e9c052ce-267c-4db3-bb32-16b4f9a1684a by drivers openvswitch,hyperv on host hv-neutron-8404 at level 0 using segments [{'id': 'ff77e159-e6d7-4b9d-abe1-768fc4b9da07', 'network_type': 'vlan', 'physical_network': 'physnet1', 'segmentation_id': 1257, 'network_id': 'e1df5127-e2a0-44b8-97b3-229828df3a99'}] {{(pid=105301) _bind_port_level /opt/stack/neutron/neutron/plugins/ml2/managers.py:835}}
Jul 19 21:10:11.755877 dv-neutron-840416-18-hyperv neutron-server[105301]: DEBUG neutron.plugins.ml2.drivers.mech_agent [None req-a28a644e-129b-4313-8a14-572eb0ed083b tempest-PortsAdminExtendedAttrsTestJSON-1443575655 tempest-PortsAdminExtendedAttrsTestJSON-1443575655-project-admin] Attempting to bind port e9c052ce-267c-4db3-bb32-16b4f9a1684a on network e1df5127-e2a0-44b8-97b3-229828df3a99 {{(pid=105301) bind_port /opt/stack/neutron/neutron/plugins/ml2/drivers/mech_agent.py:91}}
Jul 19 21:10:11.762425 dv-neutron-840416-18-hyperv neutron-server[105302]: DEBUG neutron_lib.callbacks.manager [None req-be0a7777-851a-4996-81c7-3b70cd525db5 tempest-ServersTestJSON-1090471585 tempest-ServersTestJSON-1090471585-project] Publish callbacks ['neutron.plugins.ml2.plugin.SecurityGroupDbMixin._ensure_default_security_group_handler-1708617'] for port (None), before_create {{(pid=105302) _notify_loop /usr/local/lib/python3.8/dist-packages/neutron_lib/callbacks/manager.py:176}}
Jul 19 21:10:11.768867 dv-neutron-840416-18-hyperv neutron-server[105301]: DEBUG neutron_lib.callbacks.manager [None req-f8561d25-c86d-4d58-bd62-bbbec62984a8 tempest-ExternalNetworksTestJSON-1453867013 tempest-ExternalNetworksTestJSON-1453867013-project-admin] Publish callbacks ['neutron.services.auto_allocate.db._ensure_external_network_default_value_callback-8737075406888'] for network (198de55e-0984-45ae-b561-911c3cbd5534), precommit_create {{(pid=105301) _notify_loop /usr/local/lib/python3.8/dist-packages/neutron_lib/callbacks/manager.py:176}}
Jul 19 21:10:11.778091 dv-neutron-840416-18-hyperv neutron-server[105301]: DEBUG neutron.plugins.ml2.drivers.mech_agent [None req-a28a644e-129b-4313-8a14-572eb0ed083b tempest-PortsAdminExtendedAttrsTestJSON-1443575655 tempest-PortsAdminExtendedAttrsTestJSON-1443575655-project-admin] Port e9c052ce-267c-4db3-bb32-16b4f9a1684a on network e1df5127-e2a0-44b8-97b3-229828df3a99 not bound, no agent of type Open vSwitch agent registered on host hv-neutron-8404 {{(pid=105301) bind_port /opt/stack/neutron/neutron/plugins/ml2/drivers/mech_agent.py:103}}
Jul 19 21:10:11.778091 dv-neutron-840416-18-hyperv neutron-server[105301]: ERROR neutron.plugins.ml2.managers [None req-a28a644e-129b-4313-8a14-572eb0ed083b tempest-PortsAdminExtendedAttrsTestJSON-1443575655 tempest-PortsAdminExtendedAttrsTestJSON-1443575655-project-admin] Failed to bind port e9c052ce-267c-4db3-bb32-16b4f9a1684a on host hv-neutron-8404 for vnic_type normal using segments [{'id': 'ff77e159-e6d7-4b9d-abe1-768fc4b9da07', 'network_type': 'vlan', 'physical_network': 'physnet1', 'segmentation_id': 1257, 'network_id': 'e1df5127-e2a0-44b8-97b3-229828df3a99'}]
Jul 19 21:10:11.783824 dv-neutron-840416-18-hyperv neutron-server[105302]: INFO neutron.wsgi [req-bbb8a90c-bcb6-459a-93aa-e5c0c3cd957c req-03143c44-979a-4c2a-ae5e-2d2da3d4c2e5 service neutron] 10.222.0.91 "GET /v2.0/networks/4b4a400b-8871-4f2f-afbc-14f8371ff8f9?fields=provider%3Aphysical_network&fields=provider%3Anetwork_type HTTP/1.1" status: 200 len: 281 time: 0.3210249
Jul 19 21:10:11.789329 dv-neutron-840416-18-hyperv neutron-server[105302]: DEBUG neutron.quota.resource [None req-033d07a1-8828-4c2c-8957-e2f79fc3162e tempest-QuotasTest-328479361 tempest-QuotasTest-328479361-project-admin] Usage tracker for resource:security_group and project:42a2323eb2f240a9b547b96d38e23c09 is out of sync, need to count used quota {{(pid=105302) count_used /opt/stack/neutron/neutron/quota/resource.py:292}}
Jul 19 21:10:11.817310 dv-neutron-840416-18-hyperv neutron-server[105301]: INFO neutron.plugins.ml2.plugin [None req-a28a644e-129b-4313-8a14-572eb0ed083b tempest-PortsAdminExtendedAttrsTestJSON-1443575655 tempest-PortsAdminExtendedAttrsTestJSON-1443575655-project-admin] Attempt 2 to bind port e9c052ce-267c-4db3-bb32-16b4f9a1684a
Jul 19 21:10:11.905006 dv-neutron-840416-18-hyperv neutron-server[105301]: DEBUG neutron_lib.callbacks.manager [None req-a1da8ad9-a881-4d47-b4cb-ba63f72ebdb2 admin admin] Publish callbacks [] for security_group (f5fa1193-e3e1-4880-ba54-f4e8a2fcb6cc), precommit_delete {{(pid=105301) _notify_loop /usr/local/lib/python3.8/dist-packages/neutron_lib/callbacks/manager.py:176}}
Jul 19 21:10:11.946121 dv-neutron-840416-18-hyperv neutron-server[105301]: INFO neutron.wsgi [req-eab4ff7d-885d-4ecc-a12c-006084bf6991 req-7906f146-e7c8-4965-9ce1-a3cec51fba64 tempest-ServerActionsTestJSON-2060345573 tempest-ServerActionsTestJSON-2060345573-project] 10.222.0.91 "GET /v2.0/security-groups?name=tempest-securitygroup--1066096720&fields=id&tenant_id=d4bc3cffb5cf4f8ba6e6dad85f4ad192 HTTP/1.1" status: 200 len: 267 time: 0.3238304
Jul 19 21:10:11.946121 dv-neutron-840416-18-hyperv neutron-server[105301]: DEBUG neutron.plugins.ml2.managers [None req-a28a644e-129b-4313-8a14-572eb0ed083b tempest-PortsAdminExtendedAttrsTestJSON-1443575655 tempest-PortsAdminExtendedAttrsTestJSON-1443575655-project-admin] Attempting to bind port e9c052ce-267c-4db3-bb32-16b4f9a1684a on host hv-neutron-8404 for vnic_type normal with profile {{(pid=105301) bind_port /opt/stack/neutron/neutron/plugins/ml2/managers.py:810}}
Jul 19 21:10:11.946121 dv-neutron-840416-18-hyperv neutron-server[105301]: DEBUG neutron.plugins.ml2.managers [None req-a28a644e-129b-4313-8a14-572eb0ed083b tempest-PortsAdminExtendedAttrsTestJSON-1443575655 tempest-PortsAdminExtendedAttrsTestJSON-1443575655-project-admin] Attempting to bind port e9c052ce-267c-4db3-bb32-16b4f9a1684a by drivers openvswitch,hyperv on host hv-neutron-8404 at level 0 using segments [{'id': 'ff77e159-e6d7-4b9d-abe1-768fc4b9da07', 'network_type': 'vlan', 'physical_network': 'physnet1', 'segmentation_id': 1257, 'network_id': 'e1df5127-e2a0-44b8-97b3-229828df3a99'}] {{(pid=105301) _bind_port_level /opt/stack/neutron/neutron/plugins/ml2/managers.py:835}}
Jul 19 21:10:11.946121 dv-neutron-840416-18-hyperv neutron-server[105301]: DEBUG neutron.plugins.ml2.drivers.mech_agent [None req-a28a644e-129b-4313-8a14-572eb0ed083b tempest-PortsAdminExtendedAttrsTestJSON-1443575655 tempest-PortsAdminExtendedAttrsTestJSON-1443575655-project-admin] Attempting to bind port e9c052ce-267c-4db3-bb32-16b4f9a1684a on network e1df5127-e2a0-44b8-97b3-229828df3a99 {{(pid=105301) bind_port /opt/stack/neutron/neutron/plugins/ml2/drivers/mech_agent.py:91}}
Jul 19 21:10:11.956530 dv-neutron-840416-18-hyperv neutron-server[105301]: DEBUG neutron.plugins.ml2.drivers.mech_agent [None req-a28a644e-129b-4313-8a14-572eb0ed083b tempest-PortsAdminExtendedAttrsTestJSON-1443575655 tempest-PortsAdminExtendedAttrsTestJSON-1443575655-project-admin] Port e9c052ce-267c-4db3-bb32-16b4f9a1684a on network e1df5127-e2a0-44b8-97b3-229828df3a99 not bound, no agent of type Open vSwitch agent registered on host hv-neutron-8404 {{(pid=105301) bind_port /opt/stack/neutron/neutron/plugins/ml2/drivers/mech_agent.py:103}}
Jul 19 21:10:11.957044 dv-neutron-840416-18-hyperv neutron-server[105301]: ERROR neutron.plugins.ml2.managers [None req-a28a644e-129b-4313-8a14-572eb0ed083b tempest-PortsAdminExtendedAttrsTestJSON-1443575655 tempest-PortsAdminExtendedAttrsTestJSON-1443575655-project-admin] Failed to bind port e9c052ce-267c-4db3-bb32-16b4f9a1684a on host hv-neutron-8404 for vnic_type normal using segments [{'id': 'ff77e159-e6d7-4b9d-abe1-768fc4b9da07', 'network_type': 'vlan', 'physical_network': 'physnet1', 'segmentation_id': 1257, 'network_id': 'e1df5127-e2a0-44b8-97b3-229828df3a99'}]
Jul 19 21:10:11.962891 dv-neutron-840416-18-hyperv neutron-server[105301]: INFO neutron.plugins.ml2.plugin [None req-a28a644e-129b-4313-8a14-572eb0ed083b tempest-PortsAdminExtendedAttrsTestJSON-1443575655 tempest-PortsAdminExtendedAttrsTestJSON-1443575655-project-admin] Attempt 3 to bind port e9c052ce-267c-4db3-bb32-16b4f9a1684a
Jul 19 21:10:12.002072 dv-neutron-840416-18-hyperv neutron-server[105302]: DEBUG neutron.quota.resource [None req-033d07a1-8828-4c2c-8957-e2f79fc3162e tempest-QuotasTest-328479361 tempest-QuotasTest-328479361-project-admin] Quota usage for security_group was recalculated. Used quota:0. {{(pid=105302) count_used /opt/stack/neutron/neutron/quota/resource.py:313}}
Jul 19 21:10:12.014502 dv-neutron-840416-18-hyperv neutron-server[105302]: DEBUG neutron.quota.resource [None req-033d07a1-8828-4c2c-8957-e2f79fc3162e tempest-QuotasTest-328479361 tempest-QuotasTest-328479361-project-admin] Usage tracker for resource:security_group_rule and project:42a2323eb2f240a9b547b96d38e23c09 is out of sync, need to count used quota {{(pid=105302) count_used /opt/stack/neutron/neutron/quota/resource.py:292}}
Jul 19 21:10:12.019166 dv-neutron-840416-18-hyperv neutron-server[105302]: DEBUG neutron.quota.resource [None req-033d07a1-8828-4c2c-8957-e2f79fc3162e tempest-QuotasTest-328479361 tempest-QuotasTest-328479361-project-admin] Quota usage for security_group_rule was recalculated. Used quota:0. {{(pid=105302) count_used /opt/stack/neutron/neutron/quota/resource.py:313}}
Jul 19 21:10:12.035772 dv-neutron-840416-18-hyperv neutron-server[105302]: INFO neutron.wsgi [None req-033d07a1-8828-4c2c-8957-e2f79fc3162e tempest-QuotasTest-328479361 tempest-QuotasTest-328479361-project-admin] 10.222.0.91 "GET /v2.0/quotas/42a2323eb2f240a9b547b96d38e23c09/details.json HTTP/1.1" status: 200 len: 703 time: 0.9138067
Jul 19 21:10:12.101282 dv-neutron-840416-18-hyperv neutron-server[105301]: DEBUG neutron.plugins.ml2.managers [None req-a28a644e-129b-4313-8a14-572eb0ed083b tempest-PortsAdminExtendedAttrsTestJSON-1443575655 tempest-PortsAdminExtendedAttrsTestJSON-1443575655-project-admin] Attempting to bind port e9c052ce-267c-4db3-bb32-16b4f9a1684a on host hv-neutron-8404 for vnic_type normal with profile {{(pid=105301) bind_port /opt/stack/neutron/neutron/plugins/ml2/managers.py:810}}
Jul 19 21:10:12.101282 dv-neutron-840416-18-hyperv neutron-server[105301]: DEBUG neutron.plugins.ml2.managers [None req-a28a644e-129b-4313-8a14-572eb0ed083b tempest-PortsAdminExtendedAttrsTestJSON-1443575655 tempest-PortsAdminExtendedAttrsTestJSON-1443575655-project-admin] Attempting to bind port e9c052ce-267c-4db3-bb32-16b4f9a1684a by drivers openvswitch,hyperv on host hv-neutron-8404 at level 0 using segments [{'id': 'ff77e159-e6d7-4b9d-abe1-768fc4b9da07', 'network_type': 'vlan', 'physical_network': 'physnet1', 'segmentation_id': 1257, 'network_id': 'e1df5127-e2a0-44b8-97b3-229828df3a99'}] {{(pid=105301) _bind_port_level /opt/stack/neutron/neutron/plugins/ml2/managers.py:835}}
Jul 19 21:10:12.101282 dv-neutron-840416-18-hyperv neutron-server[105301]: DEBUG neutron.plugins.ml2.drivers.mech_agent [None req-a28a644e-129b-4313-8a14-572eb0ed083b tempest-PortsAdminExtendedAttrsTestJSON-1443575655 tempest-PortsAdminExtendedAttrsTestJSON-1443575655-project-admin] Attempting to bind port e9c052ce-267c-4db3-bb32-16b4f9a1684a on network e1df5127-e2a0-44b8-97b3-229828df3a99 {{(pid=105301) bind_port /opt/stack/neutron/neutron/plugins/ml2/drivers/mech_agent.py:91}}
Jul 19 21:10:12.101786 dv-neutron-840416-18-hyperv neutron-server[105302]: DEBUG neutron.db.db_base_plugin_common [None req-be0a7777-851a-4996-81c7-3b70cd525db5 tempest-ServersTestJSON-1090471585 tempest-ServersTestJSON-1090471585-project] Allocated IP 172.26.1.205 (cd0bc897-5582-4c9f-9562-d8ddd0523f70/f648b9b7-a8a0-4801-9d96-ff2230031532/f3e8a343-8544-4ad7-a09e-bbf275cf94f7) {{(pid=105302) _store_ip_allocation /opt/stack/neutron/neutron/db/db_base_plugin_common.py:131}}
Jul 19 21:10:12.101881 dv-neutron-840416-18-hyperv neutron-server[105301]: DEBUG neutron.plugins.ml2.drivers.mech_agent [None req-a28a644e-129b-4313-8a14-572eb0ed083b tempest-PortsAdminExtendedAttrsTestJSON-1443575655 tempest-PortsAdminExtendedAttrsTestJSON-1443575655-project-admin] Port e9c052ce-267c-4db3-bb32-16b4f9a1684a on network e1df5127-e2a0-44b8-97b3-229828df3a99 not bound, no agent of type Open vSwitch agent registered on host hv-neutron-8404 {{(pid=105301) bind_port /opt/stack/neutron/neutron/plugins/ml2/drivers/mech_agent.py:103}}
Jul 19 21:10:12.101881 dv-neutron-840416-18-hyperv neutron-server[105301]: ERROR neutron.plugins.ml2.managers [None req-a28a644e-129b-4313-8a14-572eb0ed083b tempest-PortsAdminExtendedAttrsTestJSON-1443575655 tempest-PortsAdminExtendedAttrsTestJSON-1443575655-project-admin] Failed to bind port e9c052ce-267c-4db3-bb32-16b4f9a1684a on host hv-neutron-8404 for vnic_type normal using segments [{'id': 'ff77e159-e6d7-4b9d-abe1-768fc4b9da07', 'network_type': 'vlan', 'physical_network': 'physnet1', 'segmentation_id': 1257, 'network_id': 'e1df5127-e2a0-44b8-97b3-229828df3a99'}]
Jul 19 21:10:12.103913 dv-neutron-840416-18-hyperv neutron-server[105301]: INFO neutron.plugins.ml2.plugin [None req-a28a644e-129b-4313-8a14-572eb0ed083b tempest-PortsAdminExtendedAttrsTestJSON-1443575655 tempest-PortsAdminExtendedAttrsTestJSON-1443575655-project-admin] Attempt 4 to bind port e9c052ce-267c-4db3-bb32-16b4f9a1684a
Jul 19 21:10:12.226115 dv-neutron-840416-18-hyperv neutron-server[105301]: DEBUG neutron.plugins.ml2.managers [None req-a28a644e-129b-4313-8a14-572eb0ed083b tempest-PortsAdminExtendedAttrsTestJSON-1443575655 tempest-PortsAdminExtendedAttrsTestJSON-1443575655-project-admin] Attempting to bind port e9c052ce-267c-4db3-bb32-16b4f9a1684a on host hv-neutron-8404 for vnic_type normal with profile {{(pid=105301) bind_port /opt/stack/neutron/neutron/plugins/ml2/managers.py:810}}
Jul 19 21:10:12.226397 dv-neutron-840416-18-hyperv neutron-server[105301]: DEBUG neutron.plugins.ml2.managers [None req-a28a644e-129b-4313-8a14-572eb0ed083b tempest-PortsAdminExtendedAttrsTestJSON-1443575655 tempest-PortsAdminExtendedAttrsTestJSON-1443575655-project-admin] Attempting to bind port e9c052ce-267c-4db3-bb32-16b4f9a1684a by drivers openvswitch,hyperv on host hv-neutron-8404 at level 0 using segments [{'id': 'ff77e159-e6d7-4b9d-abe1-768fc4b9da07', 'network_type': 'vlan', 'physical_network': 'physnet1', 'segmentation_id': 1257, 'network_id': 'e1df5127-e2a0-44b8-97b3-229828df3a99'}] {{(pid=105301) _bind_port_level /opt/stack/neutron/neutron/plugins/ml2/managers.py:835}}
Jul 19 21:10:12.226747 dv-neutron-840416-18-hyperv neutron-server[105301]: DEBUG neutron.plugins.ml2.drivers.mech_agent [None req-a28a644e-129b-4313-8a14-572eb0ed083b tempest-PortsAdminExtendedAttrsTestJSON-1443575655 tempest-PortsAdminExtendedAttrsTestJSON-1443575655-project-admin] Attempting to bind port e9c052ce-267c-4db3-bb32-16b4f9a1684a on network e1df5127-e2a0-44b8-97b3-229828df3a99 {{(pid=105301) bind_port /opt/stack/neutron/neutron/plugins/ml2/drivers/mech_agent.py:91}}
Jul 19 21:10:12.246250 dv-neutron-840416-18-hyperv neutron-server[105301]: DEBUG neutron.plugins.ml2.drivers.mech_agent [None req-a28a644e-129b-4313-8a14-572eb0ed083b tempest-PortsAdminExtendedAttrsTestJSON-1443575655 tempest-PortsAdminExtendedAttrsTestJSON-1443575655-project-admin] Port e9c052ce-267c-4db3-bb32-16b4f9a1684a on network e1df5127-e2a0-44b8-97b3-229828df3a99 not bound, no agent of type Open vSwitch agent registered on host hv-neutron-8404 {{(pid=105301) bind_port /opt/stack/neutron/neutron/plugins/ml2/drivers/mech_agent.py:103}}
Jul 19 21:10:12.246625 dv-neutron-840416-18-hyperv neutron-server[105301]: ERROR neutron.plugins.ml2.managers [None req-a28a644e-129b-4313-8a14-572eb0ed083b tempest-PortsAdminExtendedAttrsTestJSON-1443575655 tempest-PortsAdminExtendedAttrsTestJSON-1443575655-project-admin] Failed to bind port e9c052ce-267c-4db3-bb32-16b4f9a1684a on host hv-neutron-8404 for vnic_type normal using segments [{'id': 'ff77e159-e6d7-4b9d-abe1-768fc4b9da07', 'network_type': 'vlan', 'physical_network': 'physnet1', 'segmentation_id': 1257, 'network_id': 'e1df5127-e2a0-44b8-97b3-229828df3a99'}]
Jul 19 21:10:12.247450 dv-neutron-840416-18-hyperv neutron-server[105301]: INFO neutron.plugins.ml2.plugin [None req-a28a644e-129b-4313-8a14-572eb0ed083b tempest-PortsAdminExtendedAttrsTestJSON-1443575655 tempest-PortsAdminExtendedAttrsTestJSON-1443575655-project-admin] Attempt 5 to bind port e9c052ce-267c-4db3-bb32-16b4f9a1684a
Jul 19 21:10:12.256571 dv-neutron-840416-18-hyperv neutron-server[105301]: DEBUG neutron.pecan_wsgi.hooks.policy_enforcement [req-eab4ff7d-885d-4ecc-a12c-006084bf6991 req-8d71e44d-d8c3-4c16-a147-0563fec9497b tempest-ServerActionsTestJSON-2060345573 tempest-ServerActionsTestJSON-2060345573-project] Attributes excluded by policy engine: ['standard_attr_id', 'vlan_transparent', 'provider:network_type', 'provider:physical_network', 'provider:segmentation_id'] {{(pid=105301) _exclude_attributes_by_policy /opt/stack/neutron/neutron/pecan_wsgi/hooks/policy_enforcement.py:259}}
Jul 19 21:10:12.258148 dv-neutron-840416-18-hyperv neutron-server[105301]: INFO neutron.wsgi [req-eab4ff7d-885d-4ecc-a12c-006084bf6991 req-8d71e44d-d8c3-4c16-a147-0563fec9497b tempest-ServerActionsTestJSON-2060345573 tempest-ServerActionsTestJSON-2060345573-project] 10.222.0.91 "GET /v2.0/networks?id=33a1c740-8665-451c-8fdd-8ea33e9af61f HTTP/1.1" status: 200 len: 812 time: 0.3064573
Jul 19 21:10:12.278185 dv-neutron-840416-18-hyperv neutron-server[105301]: DEBUG neutron.plugins.ml2.managers [None req-a28a644e-129b-4313-8a14-572eb0ed083b tempest-PortsAdminExtendedAttrsTestJSON-1443575655 tempest-PortsAdminExtendedAttrsTestJSON-1443575655-project-admin] Attempting to bind port e9c052ce-267c-4db3-bb32-16b4f9a1684a on host hv-neutron-8404 for vnic_type normal with profile {{(pid=105301) bind_port /opt/stack/neutron/neutron/plugins/ml2/managers.py:810}}
Jul 19 21:10:12.278527 dv-neutron-840416-18-hyperv neutron-server[105301]: DEBUG neutron.plugins.ml2.managers [None req-a28a644e-129b-4313-8a14-572eb0ed083b tempest-PortsAdminExtendedAttrsTestJSON-1443575655 tempest-PortsAdminExtendedAttrsTestJSON-1443575655-project-admin] Attempting to bind port e9c052ce-267c-4db3-bb32-16b4f9a1684a by drivers openvswitch,hyperv on host hv-neutron-8404 at level 0 using segments [{'id': 'ff77e159-e6d7-4b9d-abe1-768fc4b9da07', 'network_type': 'vlan', 'physical_network': 'physnet1', 'segmentation_id': 1257, 'network_id': 'e1df5127-e2a0-44b8-97b3-229828df3a99'}] {{(pid=105301) _bind_port_level /opt/stack/neutron/neutron/plugins/ml2/managers.py:835}}
Jul 19 21:10:12.278872 dv-neutron-840416-18-hyperv neutron-server[105301]: DEBUG neutron.plugins.ml2.drivers.mech_agent [None req-a28a644e-129b-4313-8a14-572eb0ed083b tempest-PortsAdminExtendedAttrsTestJSON-1443575655 tempest-PortsAdminExtendedAttrsTestJSON-1443575655-project-admin] Attempting to bind port e9c052ce-267c-4db3-bb32-16b4f9a1684a on network e1df5127-e2a0-44b8-97b3-229828df3a99 {{(pid=105301) bind_port /opt/stack/neutron/neutron/plugins/ml2/drivers/mech_agent.py:91}}
Jul 19 21:10:12.285165 dv-neutron-840416-18-hyperv neutron-server[105301]: INFO neutron.wsgi [req-eab4ff7d-885d-4ecc-a12c-006084bf6991 req-2f2570d2-9e51-4d58-8a66-8408d37e8b68 tempest-ServerActionsTestJSON-2060345573 tempest-ServerActionsTestJSON-2060345573-project] 10.222.0.91 "GET /v2.0/quotas/d4bc3cffb5cf4f8ba6e6dad85f4ad192 HTTP/1.1" status: 200 len: 375 time: 0.0173373
Jul 19 21:10:12.285861 dv-neutron-840416-18-hyperv neutron-server[105301]: DEBUG neutron.plugins.ml2.drivers.mech_agent [None req-a28a644e-129b-4313-8a14-572eb0ed083b tempest-PortsAdminExtendedAttrsTestJSON-1443575655 tempest-PortsAdminExtendedAttrsTestJSON-1443575655-project-admin] Port e9c052ce-267c-4db3-bb32-16b4f9a1684a on network e1df5127-e2a0-44b8-97b3-229828df3a99 not bound, no agent of type Open vSwitch agent registered on host hv-neutron-8404 {{(pid=105301) bind_port /opt/stack/neutron/neutron/plugins/ml2/drivers/mech_agent.py:103}}
Jul 19 21:10:12.286187 dv-neutron-840416-18-hyperv neutron-server[105301]: ERROR neutron.plugins.ml2.managers [None req-a28a644e-129b-4313-8a14-572eb0ed083b tempest-PortsAdminExtendedAttrsTestJSON-1443575655 tempest-PortsAdminExtendedAttrsTestJSON-1443575655-project-admin] Failed to bind port e9c052ce-267c-4db3-bb32-16b4f9a1684a on host hv-neutron-8404 for vnic_type normal using segments [{'id': 'ff77e159-e6d7-4b9d-abe1-768fc4b9da07', 'network_type': 'vlan', 'physical_network': 'physnet1', 'segmentation_id': 1257, 'network_id': 'e1df5127-e2a0-44b8-97b3-229828df3a99'}]
Jul 19 21:10:12.286571 dv-neutron-840416-18-hyperv neutron-server[105301]: INFO neutron.plugins.ml2.plugin [None req-a28a644e-129b-4313-8a14-572eb0ed083b tempest-PortsAdminExtendedAttrsTestJSON-1443575655 tempest-PortsAdminExtendedAttrsTestJSON-1443575655-project-admin] Attempt 6 to bind port e9c052ce-267c-4db3-bb32-16b4f9a1684a
Jul 19 21:10:12.294396 dv-neutron-840416-18-hyperv neutron-server[105302]: DEBUG neutron_lib.callbacks.manager [None req-be0a7777-851a-4996-81c7-3b70cd525db5 tempest-ServersTestJSON-1090471585 tempest-ServersTestJSON-1090471585-project] Publish callbacks [] for port (f3e8a343-8544-4ad7-a09e-bbf275cf94f7), precommit_create {{(pid=105302) _notify_loop /usr/local/lib/python3.8/dist-packages/neutron_lib/callbacks/manager.py:176}}
Jul 19 21:10:12.336683 dv-neutron-840416-18-hyperv neutron-server[105301]: DEBUG neutron.plugins.ml2.managers [None req-a28a644e-129b-4313-8a14-572eb0ed083b tempest-PortsAdminExtendedAttrsTestJSON-1443575655 tempest-PortsAdminExtendedAttrsTestJSON-1443575655-project-admin] Attempting to bind port e9c052ce-267c-4db3-bb32-16b4f9a1684a on host hv-neutron-8404 for vnic_type normal with profile {{(pid=105301) bind_port /opt/stack/neutron/neutron/plugins/ml2/managers.py:810}}
Jul 19 21:10:12.337294 dv-neutron-840416-18-hyperv neutron-server[105301]: DEBUG neutron.plugins.ml2.managers [None req-a28a644e-129b-4313-8a14-572eb0ed083b tempest-PortsAdminExtendedAttrsTestJSON-1443575655 tempest-PortsAdminExtendedAttrsTestJSON-1443575655-project-admin] Attempting to bind port e9c052ce-267c-4db3-bb32-16b4f9a1684a by drivers openvswitch,hyperv on host hv-neutron-8404 at level 0 using segments [{'id': 'ff77e159-e6d7-4b9d-abe1-768fc4b9da07', 'network_type': 'vlan', 'physical_network': 'physnet1', 'segmentation_id': 1257, 'network_id': 'e1df5127-e2a0-44b8-97b3-229828df3a99'}] {{(pid=105301) _bind_port_level /opt/stack/neutron/neutron/plugins/ml2/managers.py:835}}
Jul 19 21:10:12.337916 dv-neutron-840416-18-hyperv neutron-server[105301]: DEBUG neutron.plugins.ml2.drivers.mech_agent [None req-a28a644e-129b-4313-8a14-572eb0ed083b tempest-PortsAdminExtendedAttrsTestJSON-1443575655 tempest-PortsAdminExtendedAttrsTestJSON-1443575655-project-admin] Attempting to bind port e9c052ce-267c-4db3-bb32-16b4f9a1684a on network e1df5127-e2a0-44b8-97b3-229828df3a99 {{(pid=105301) bind_port /opt/stack/neutron/neutron/plugins/ml2/drivers/mech_agent.py:91}}
Jul 19 21:10:12.371338 dv-neutron-840416-18-hyperv neutron-server[105301]: DEBUG neutron_lib.callbacks.manager [None req-a1da8ad9-a881-4d47-b4cb-ba63f72ebdb2 admin admin] Publish callbacks ['neutron.plugins.ml2.ovo_rpc._ObjectChangeHandler.handle_event-719684'] for security_group (f5fa1193-e3e1-4880-ba54-f4e8a2fcb6cc), after_delete {{(pid=105301) _notify_loop /usr/local/lib/python3.8/dist-packages/neutron_lib/callbacks/manager.py:176}}
Jul 19 21:10:12.376475 dv-neutron-840416-18-hyperv neutron-server[105301]: DEBUG neutron_lib.callbacks.manager [None req-a1da8ad9-a881-4d47-b4cb-ba63f72ebdb2 admin admin] Publish callbacks [] for security_group (None), before_response {{(pid=105301) _notify_loop /usr/local/lib/python3.8/dist-packages/neutron_lib/callbacks/manager.py:176}}
Jul 19 21:10:12.376475 dv-neutron-840416-18-hyperv neutron-server[105301]: INFO neutron.wsgi [None req-a1da8ad9-a881-4d47-b4cb-ba63f72ebdb2 admin admin] 10.222.0.91 "DELETE /v2.0/security-groups/f5fa1193-e3e1-4880-ba54-f4e8a2fcb6cc HTTP/1.1" status: 204 len: 168 time: 0.8244288
Jul 19 21:10:12.376475 dv-neutron-840416-18-hyperv neutron-server[105301]: DEBUG neutron_lib.callbacks.manager [None req-f8561d25-c86d-4d58-bd62-bbbec62984a8 tempest-ExternalNetworksTestJSON-1453867013 tempest-ExternalNetworksTestJSON-1453867013-project-admin] Publish callbacks ['neutron.plugins.ml2.ovo_rpc._ObjectChangeHandler.handle_event-719851', 'neutron.api.rpc.agentnotifiers.dhcp_rpc_agent_api.DhcpAgentNotifyAPI._native_event_send_dhcp_notification-620012'] for network (198de55e-0984-45ae-b561-911c3cbd5534), after_create {{(pid=105301) _notify_loop /usr/local/lib/python3.8/dist-packages/neutron_lib/callbacks/manager.py:176}}
Jul 19 21:10:12.377282 dv-neutron-840416-18-hyperv neutron-server[105301]: DEBUG neutron.pecan_wsgi.hooks.policy_enforcement [None req-f8561d25-c86d-4d58-bd62-bbbec62984a8 tempest-ExternalNetworksTestJSON-1453867013 tempest-ExternalNetworksTestJSON-1453867013-project-admin] Attributes excluded by policy engine: ['standard_attr_id', 'vlan_transparent'] {{(pid=105301) _exclude_attributes_by_policy /opt/stack/neutron/neutron/pecan_wsgi/hooks/policy_enforcement.py:259}}
Jul 19 21:10:12.377703 dv-neutron-840416-18-hyperv neutron-server[105301]: DEBUG neutron_lib.callbacks.manager [None req-f8561d25-c86d-4d58-bd62-bbbec62984a8 tempest-ExternalNetworksTestJSON-1453867013 tempest-ExternalNetworksTestJSON-1453867013-project-admin] Publish callbacks ['neutron.api.rpc.agentnotifiers.dhcp_rpc_agent_api.DhcpAgentNotifyAPI._send_dhcp_notification-620030'] for network (None), before_response {{(pid=105301) _notify_loop /usr/local/lib/python3.8/dist-packages/neutron_lib/callbacks/manager.py:176}}
Jul 19 21:10:12.428857 dv-neutron-840416-18-hyperv neutron-server[105301]: DEBUG neutron.plugins.ml2.drivers.mech_agent [None req-a28a644e-129b-4313-8a14-572eb0ed083b tempest-PortsAdminExtendedAttrsTestJSON-1443575655 tempest-PortsAdminExtendedAttrsTestJSON-1443575655-project-admin] Port e9c052ce-267c-4db3-bb32-16b4f9a1684a on network e1df5127-e2a0-44b8-97b3-229828df3a99 not bound, no agent of type Open vSwitch agent registered on host hv-neutron-8404 {{(pid=105301) bind_port /opt/stack/neutron/neutron/plugins/ml2/drivers/mech_agent.py:103}}
Jul 19 21:10:12.429191 dv-neutron-840416-18-hyperv neutron-server[105301]: ERROR neutron.plugins.ml2.managers [None req-a28a644e-129b-4313-8a14-572eb0ed083b tempest-PortsAdminExtendedAttrsTestJSON-1443575655 tempest-PortsAdminExtendedAttrsTestJSON-1443575655-project-admin] Failed to bind port e9c052ce-267c-4db3-bb32-16b4f9a1684a on host hv-neutron-8404 for vnic_type normal using segments [{'id': 'ff77e159-e6d7-4b9d-abe1-768fc4b9da07', 'network_type': 'vlan', 'physical_network': 'physnet1', 'segmentation_id': 1257, 'network_id': 'e1df5127-e2a0-44b8-97b3-229828df3a99'}]
Jul 19 21:10:12.439341 dv-neutron-840416-18-hyperv neutron-server[105302]: DEBUG neutron_lib.callbacks.manager [None req-be0a7777-851a-4996-81c7-3b70cd525db5 tempest-ServersTestJSON-1090471585 tempest-ServersTestJSON-1090471585-project] Publish callbacks ['neutron.plugins.ml2.plugin.SecurityGroupServerNotifierRpcMixin._notify_sg_on_port_change-1709196', 'neutron.plugins.ml2.ovo_rpc._ObjectChangeHandler.handle_event-210982', 'neutron.api.rpc.agentnotifiers.dhcp_rpc_agent_api.DhcpAgentNotifyAPI._native_event_send_dhcp_notification-620012', 'neutron.db.l3_dvrscheduler_db._notify_l3_agent_new_port-8737075420389', 'neutron.services.segments.plugin.NovaSegmentNotifier._notify_port_created_or_deleted-6918477'] for port (f3e8a343-8544-4ad7-a09e-bbf275cf94f7), after_create {{(pid=105302) _notify_loop /usr/local/lib/python3.8/dist-packages/neutron_lib/callbacks/manager.py:176}}
Jul 19 21:10:12.440310 dv-neutron-840416-18-hyperv neutron-server[105301]: INFO neutron.plugins.ml2.plugin [None req-a28a644e-129b-4313-8a14-572eb0ed083b tempest-PortsAdminExtendedAttrsTestJSON-1443575655 tempest-PortsAdminExtendedAttrsTestJSON-1443575655-project-admin] Attempt 7 to bind port e9c052ce-267c-4db3-bb32-16b4f9a1684a
Jul 19 21:10:12.461404 dv-neutron-840416-18-hyperv neutron-server[105301]: DEBUG neutron.api.rpc.handlers.resources_rpc [None req-a1da8ad9-a881-4d47-b4cb-ba63f72ebdb2 admin admin] Pushing event deleted for resources: {'SecurityGroup': ['ID=f5fa1193-e3e1-4880-ba54-f4e8a2fcb6cc,revision_number=None']} {{(pid=105301) push /opt/stack/neutron/neutron/api/rpc/handlers/resources_rpc.py:237}}
Jul 19 21:10:12.469183 dv-neutron-840416-18-hyperv neutron-server[105301]: INFO neutron.wsgi [req-eab4ff7d-885d-4ecc-a12c-006084bf6991 req-645d1da7-4d6d-4378-b79d-7a9c275c079c tempest-ServerActionsTestJSON-2060345573 tempest-ServerActionsTestJSON-2060345573-project] 10.222.0.91 "GET /v2.0/ports?tenant_id=d4bc3cffb5cf4f8ba6e6dad85f4ad192&fields=id HTTP/1.1" status: 200 len: 302 time: 0.1731071
Jul 19 21:10:12.510690 dv-neutron-840416-18-hyperv neutron-server[105302]: INFO neutron.wsgi [req-0910b3da-c0f5-4a7f-b806-0b1d16b7b790 req-376d7383-47c5-4351-bd9c-8cd59ab37f7f tempest-ServersTestManualDisk-174003423 tempest-ServersTestManualDisk-174003423-project] 10.222.0.91 "GET /v2.0/ports?device_id=507f586f-f242-45d8-b6bc-d5a09bf5df8f HTTP/1.1" status: 200 len: 210 time: 0.1115470
Jul 19 21:10:12.511608 dv-neutron-840416-18-hyperv neutron-server[105302]: DEBUG neutron.wsgi [-] (105302) accepted ('10.222.0.91', 33014) {{(pid=105302) server /usr/local/lib/python3.8/dist-packages/eventlet/wsgi.py:1004}}
Jul 19 21:10:12.522607 dv-neutron-840416-18-hyperv neutron-server[105301]: DEBUG neutron.plugins.ml2.managers [None req-a28a644e-129b-4313-8a14-572eb0ed083b tempest-PortsAdminExtendedAttrsTestJSON-1443575655 tempest-PortsAdminExtendedAttrsTestJSON-1443575655-project-admin] Attempting to bind port e9c052ce-267c-4db3-bb32-16b4f9a1684a on host hv-neutron-8404 for vnic_type normal with profile {{(pid=105301) bind_port /opt/stack/neutron/neutron/plugins/ml2/managers.py:810}}
Jul 19 21:10:12.523368 dv-neutron-840416-18-hyperv neutron-server[105301]: DEBUG neutron.plugins.ml2.managers [None req-a28a644e-129b-4313-8a14-572eb0ed083b tempest-PortsAdminExtendedAttrsTestJSON-1443575655 tempest-PortsAdminExtendedAttrsTestJSON-1443575655-project-admin] Attempting to bind port e9c052ce-267c-4db3-bb32-16b4f9a1684a by drivers openvswitch,hyperv on host hv-neutron-8404 at level 0 using segments [{'id': 'ff77e159-e6d7-4b9d-abe1-768fc4b9da07', 'network_type': 'vlan', 'physical_network': 'physnet1', 'segmentation_id': 1257, 'network_id': 'e1df5127-e2a0-44b8-97b3-229828df3a99'}] {{(pid=105301) _bind_port_level /opt/stack/neutron/neutron/plugins/ml2/managers.py:835}}
Jul 19 21:10:12.523722 dv-neutron-840416-18-hyperv neutron-server[105301]: DEBUG neutron.plugins.ml2.drivers.mech_agent [None req-a28a644e-129b-4313-8a14-572eb0ed083b tempest-PortsAdminExtendedAttrsTestJSON-1443575655 tempest-PortsAdminExtendedAttrsTestJSON-1443575655-project-admin] Attempting to bind port e9c052ce-267c-4db3-bb32-16b4f9a1684a on network e1df5127-e2a0-44b8-97b3-229828df3a99 {{(pid=105301) bind_port /opt/stack/neutron/neutron/plugins/ml2/drivers/mech_agent.py:91}}
Jul 19 21:10:12.532746 dv-neutron-840416-18-hyperv neutron-server[105301]: DEBUG neutron.api.rpc.handlers.resources_rpc [None req-f8561d25-c86d-4d58-bd62-bbbec62984a8 tempest-ExternalNetworksTestJSON-1453867013 tempest-ExternalNetworksTestJSON-1453867013-project-admin] Pushing event updated for resources: {'Network': ['ID=198de55e-0984-45ae-b561-911c3cbd5534,revision_number=1']} {{(pid=105301) push /opt/stack/neutron/neutron/api/rpc/handlers/resources_rpc.py:237}}
Jul 19 21:10:12.543390 dv-neutron-840416-18-hyperv neutron-server[105301]: DEBUG neutron.plugins.ml2.drivers.mech_agent [None req-a28a644e-129b-4313-8a14-572eb0ed083b tempest-PortsAdminExtendedAttrsTestJSON-1443575655 tempest-PortsAdminExtendedAttrsTestJSON-1443575655-project-admin] Port e9c052ce-267c-4db3-bb32-16b4f9a1684a on network e1df5127-e2a0-44b8-97b3-229828df3a99 not bound, no agent of type Open vSwitch agent registered on host hv-neutron-8404 {{(pid=105301) bind_port /opt/stack/neutron/neutron/plugins/ml2/drivers/mech_agent.py:103}}
Jul 19 21:10:12.543790 dv-neutron-840416-18-hyperv neutron-server[105301]: ERROR neutron.plugins.ml2.managers [None req-a28a644e-129b-4313-8a14-572eb0ed083b tempest-PortsAdminExtendedAttrsTestJSON-1443575655 tempest-PortsAdminExtendedAttrsTestJSON-1443575655-project-admin] Failed to bind port e9c052ce-267c-4db3-bb32-16b4f9a1684a on host hv-neutron-8404 for vnic_type normal using segments [{'id': 'ff77e159-e6d7-4b9d-abe1-768fc4b9da07', 'network_type': 'vlan', 'physical_network': 'physnet1', 'segmentation_id': 1257, 'network_id': 'e1df5127-e2a0-44b8-97b3-229828df3a99'}]
Jul 19 21:10:12.545609 dv-neutron-840416-18-hyperv neutron-server[105301]: INFO neutron.plugins.ml2.plugin [None req-a28a644e-129b-4313-8a14-572eb0ed083b tempest-PortsAdminExtendedAttrsTestJSON-1443575655 tempest-PortsAdminExtendedAttrsTestJSON-1443575655-project-admin] Attempt 8 to bind port e9c052ce-267c-4db3-bb32-16b4f9a1684a
Jul 19 21:10:12.546310 dv-neutron-840416-18-hyperv neutron-server[105303]: DEBUG neutron.plugins.ml2.rpc [None req-313450d3-d951-4d1d-b0ef-d7b40947c20d None None] Network 198de55e-0984-45ae-b561-911c3cbd5534 details requested by agent ovs-agent-dv-neutron-840416-18-hyperv with host dv-neutron-840416-18-hyperv {{(pid=105303) get_network_details /opt/stack/neutron/neutron/plugins/ml2/rpc.py:248}}
Jul 19 21:10:12.554460 dv-neutron-840416-18-hyperv neutron-server[105302]: DEBUG neutron.scheduler.dhcp_agent_scheduler [None req-be0a7777-851a-4996-81c7-3b70cd525db5 tempest-ServersTestJSON-1090471585 tempest-ServersTestJSON-1090471585-project] Network cd0bc897-5582-4c9f-9562-d8ddd0523f70 is already hosted by enough agents. {{(pid=105302) _get_dhcp_agents_hosting_network /opt/stack/neutron/neutron/scheduler/dhcp_agent_scheduler.py:275}}
Jul 19 21:10:12.555969 dv-neutron-840416-18-hyperv neutron-server[105302]: DEBUG neutron.api.rpc.handlers.resources_rpc [None req-be0a7777-851a-4996-81c7-3b70cd525db5 tempest-ServersTestJSON-1090471585 tempest-ServersTestJSON-1090471585-project] Pushing event updated for resources: {'Port': ['ID=f3e8a343-8544-4ad7-a09e-bbf275cf94f7,revision_number=1']} {{(pid=105302) push /opt/stack/neutron/neutron/api/rpc/handlers/resources_rpc.py:237}}
Jul 19 21:10:12.564922 dv-neutron-840416-18-hyperv neutron-server[105302]: DEBUG neutron.scheduler.base_scheduler [None req-be0a7777-851a-4996-81c7-3b70cd525db5 tempest-ServersTestJSON-1090471585 tempest-ServersTestJSON-1090471585-project] Resources bound (agent type, host, resource id): {{(pid=105302) schedule /opt/stack/neutron/neutron/scheduler/base_scheduler.py:57}}
Jul 19 21:10:12.575045 dv-neutron-840416-18-hyperv neutron-server[105302]: DEBUG neutron.db.l3_dvrscheduler_db [None req-be0a7777-851a-4996-81c7-3b70cd525db5 tempest-ServersTestJSON-1090471585 tempest-ServersTestJSON-1090471585-project] Received port after_create {{(pid=105302) _notify_l3_agent_new_port /opt/stack/neutron/neutron/db/l3_dvrscheduler_db.py:542}}
Jul 19 21:10:12.579746 dv-neutron-840416-18-hyperv neutron-server[105301]: INFO neutron.wsgi [None req-f8561d25-c86d-4d58-bd62-bbbec62984a8 tempest-ExternalNetworksTestJSON-1453867013 tempest-ExternalNetworksTestJSON-1453867013-project-admin] 10.222.0.91 "POST /v2.0/networks HTTP/1.1" status: 201 len: 862 time: 1.4950416
Jul 19 21:10:12.581404 dv-neutron-840416-18-hyperv neutron-server[105301]: DEBUG neutron.wsgi [-] (105301) accepted ('10.222.0.91', 33016) {{(pid=105301) server /usr/local/lib/python3.8/dist-packages/eventlet/wsgi.py:1004}}
Jul 19 21:10:12.593804 dv-neutron-840416-18-hyperv neutron-server[105301]: DEBUG neutron.plugins.ml2.managers [None req-a28a644e-129b-4313-8a14-572eb0ed083b tempest-PortsAdminExtendedAttrsTestJSON-1443575655 tempest-PortsAdminExtendedAttrsTestJSON-1443575655-project-admin] Attempting to bind port e9c052ce-267c-4db3-bb32-16b4f9a1684a on host hv-neutron-8404 for vnic_type normal with profile {{(pid=105301) bind_port /opt/stack/neutron/neutron/plugins/ml2/managers.py:810}}
Jul 19 21:10:12.593804 dv-neutron-840416-18-hyperv neutron-server[105301]: DEBUG neutron.plugins.ml2.managers [None req-a28a644e-129b-4313-8a14-572eb0ed083b tempest-PortsAdminExtendedAttrsTestJSON-1443575655 tempest-PortsAdminExtendedAttrsTestJSON-1443575655-project-admin] Attempting to bind port e9c052ce-267c-4db3-bb32-16b4f9a1684a by drivers openvswitch,hyperv on host hv-neutron-8404 at level 0 using segments [{'id': 'ff77e159-e6d7-4b9d-abe1-768fc4b9da07', 'network_type': 'vlan', 'physical_network': 'physnet1', 'segmentation_id': 1257, 'network_id': 'e1df5127-e2a0-44b8-97b3-229828df3a99'}] {{(pid=105301) _bind_port_level /opt/stack/neutron/neutron/plugins/ml2/managers.py:835}}
Jul 19 21:10:12.593804 dv-neutron-840416-18-hyperv neutron-server[105301]: DEBUG neutron.plugins.ml2.drivers.mech_agent [None req-a28a644e-129b-4313-8a14-572eb0ed083b tempest-PortsAdminExtendedAttrsTestJSON-1443575655 tempest-PortsAdminExtendedAttrsTestJSON-1443575655-project-admin] Attempting to bind port e9c052ce-267c-4db3-bb32-16b4f9a1684a on network e1df5127-e2a0-44b8-97b3-229828df3a99 {{(pid=105301) bind_port /opt/stack/neutron/neutron/plugins/ml2/drivers/mech_agent.py:91}}
Jul 19 21:10:12.611338 dv-neutron-840416-18-hyperv neutron-server[105301]: DEBUG neutron.plugins.ml2.drivers.mech_agent [None req-a28a644e-129b-4313-8a14-572eb0ed083b tempest-PortsAdminExtendedAttrsTestJSON-1443575655 tempest-PortsAdminExtendedAttrsTestJSON-1443575655-project-admin] Port e9c052ce-267c-4db3-bb32-16b4f9a1684a on network e1df5127-e2a0-44b8-97b3-229828df3a99 not bound, no agent of type Open vSwitch agent registered on host hv-neutron-8404 {{(pid=105301) bind_port /opt/stack/neutron/neutron/plugins/ml2/drivers/mech_agent.py:103}}
Jul 19 21:10:12.611808 dv-neutron-840416-18-hyperv neutron-server[105301]: ERROR neutron.plugins.ml2.managers [None req-a28a644e-129b-4313-8a14-572eb0ed083b tempest-PortsAdminExtendedAttrsTestJSON-1443575655 tempest-PortsAdminExtendedAttrsTestJSON-1443575655-project-admin] Failed to bind port e9c052ce-267c-4db3-bb32-16b4f9a1684a on host hv-neutron-8404 for vnic_type normal using segments [{'id': 'ff77e159-e6d7-4b9d-abe1-768fc4b9da07', 'network_type': 'vlan', 'physical_network': 'physnet1', 'segmentation_id': 1257, 'network_id': 'e1df5127-e2a0-44b8-97b3-229828df3a99'}]
Jul 19 21:10:12.616288 dv-neutron-840416-18-hyperv neutron-server[105301]: INFO neutron.plugins.ml2.plugin [None req-a28a644e-129b-4313-8a14-572eb0ed083b tempest-PortsAdminExtendedAttrsTestJSON-1443575655 tempest-PortsAdminExtendedAttrsTestJSON-1443575655-project-admin] Attempt 9 to bind port e9c052ce-267c-4db3-bb32-16b4f9a1684a
Jul 19 21:10:12.634447 dv-neutron-840416-18-hyperv neutron-server[105302]: DEBUG neutron_lib.callbacks.manager [None req-4bd0931c-430e-4dce-92c4-8c5e7ebc3597 admin admin] Publish callbacks [] for security_group (None), before_create {{(pid=105302) _notify_loop /usr/local/lib/python3.8/dist-packages/neutron_lib/callbacks/manager.py:176}}
Jul 19 21:10:12.675799 dv-neutron-840416-18-hyperv neutron-server[105301]: DEBUG neutron.plugins.ml2.managers [None req-a28a644e-129b-4313-8a14-572eb0ed083b tempest-PortsAdminExtendedAttrsTestJSON-1443575655 tempest-PortsAdminExtendedAttrsTestJSON-1443575655-project-admin] Attempting to bind port e9c052ce-267c-4db3-bb32-16b4f9a1684a on host hv-neutron-8404 for vnic_type normal with profile {{(pid=105301) bind_port /opt/stack/neutron/neutron/plugins/ml2/managers.py:810}}
Jul 19 21:10:12.676040 dv-neutron-840416-18-hyperv neutron-server[105301]: DEBUG neutron.plugins.ml2.managers [None req-a28a644e-129b-4313-8a14-572eb0ed083b tempest-PortsAdminExtendedAttrsTestJSON-1443575655 tempest-PortsAdminExtendedAttrsTestJSON-1443575655-project-admin] Attempting to bind port e9c052ce-267c-4db3-bb32-16b4f9a1684a by drivers openvswitch,hyperv on host hv-neutron-8404 at level 0 using segments [{'id': 'ff77e159-e6d7-4b9d-abe1-768fc4b9da07', 'network_type': 'vlan', 'physical_network': 'physnet1', 'segmentation_id': 1257, 'network_id': 'e1df5127-e2a0-44b8-97b3-229828df3a99'}] {{(pid=105301) _bind_port_level /opt/stack/neutron/neutron/plugins/ml2/managers.py:835}}
Jul 19 21:10:12.676406 dv-neutron-840416-18-hyperv neutron-server[105301]: DEBUG neutron.plugins.ml2.drivers.mech_agent [None req-a28a644e-129b-4313-8a14-572eb0ed083b tempest-PortsAdminExtendedAttrsTestJSON-1443575655 tempest-PortsAdminExtendedAttrsTestJSON-1443575655-project-admin] Attempting to bind port e9c052ce-267c-4db3-bb32-16b4f9a1684a on network e1df5127-e2a0-44b8-97b3-229828df3a99 {{(pid=105301) bind_port /opt/stack/neutron/neutron/plugins/ml2/drivers/mech_agent.py:91}}
Jul 19 21:10:12.695292 dv-neutron-840416-18-hyperv neutron-server[105301]: DEBUG neutron.plugins.ml2.drivers.mech_agent [None req-a28a644e-129b-4313-8a14-572eb0ed083b tempest-PortsAdminExtendedAttrsTestJSON-1443575655 tempest-PortsAdminExtendedAttrsTestJSON-1443575655-project-admin] Port e9c052ce-267c-4db3-bb32-16b4f9a1684a on network e1df5127-e2a0-44b8-97b3-229828df3a99 not bound, no agent of type Open vSwitch agent registered on host hv-neutron-8404 {{(pid=105301) bind_port /opt/stack/neutron/neutron/plugins/ml2/drivers/mech_agent.py:103}}
Jul 19 21:10:12.702704 dv-neutron-840416-18-hyperv neutron-server[105301]: ERROR neutron.plugins.ml2.managers [None req-a28a644e-129b-4313-8a14-572eb0ed083b tempest-PortsAdminExtendedAttrsTestJSON-1443575655 tempest-PortsAdminExtendedAttrsTestJSON-1443575655-project-admin] Failed to bind port e9c052ce-267c-4db3-bb32-16b4f9a1684a on host hv-neutron-8404 for vnic_type normal using segments [{'id': 'ff77e159-e6d7-4b9d-abe1-768fc4b9da07', 'network_type': 'vlan', 'physical_network': 'physnet1', 'segmentation_id': 1257, 'network_id': 'e1df5127-e2a0-44b8-97b3-229828df3a99'}]
Jul 19 21:10:12.702704 dv-neutron-840416-18-hyperv neutron-server[105301]: INFO neutron.plugins.ml2.plugin [None req-a28a644e-129b-4313-8a14-572eb0ed083b tempest-PortsAdminExtendedAttrsTestJSON-1443575655 tempest-PortsAdminExtendedAttrsTestJSON-1443575655-project-admin] Attempt 10 to bind port e9c052ce-267c-4db3-bb32-16b4f9a1684a
Jul 19 21:10:12.711447 dv-neutron-840416-18-hyperv neutron-server[105301]: DEBUG neutron.pecan_wsgi.hooks.policy_enforcement [None req-7af27e40-a60d-4769-8564-2bcf578b9307 tempest-ExternalNetworksTestJSON-2083463899 tempest-ExternalNetworksTestJSON-2083463899-project] Attributes excluded by policy engine: ['standard_attr_id', 'vlan_transparent', 'provider:network_type', 'provider:physical_network', 'provider:segmentation_id'] {{(pid=105301) _exclude_attributes_by_policy /opt/stack/neutron/neutron/pecan_wsgi/hooks/policy_enforcement.py:259}}
Jul 19 21:10:12.717231 dv-neutron-840416-18-hyperv neutron-server[105301]: INFO neutron.wsgi [None req-7af27e40-a60d-4769-8564-2bcf578b9307 tempest-ExternalNetworksTestJSON-2083463899 tempest-ExternalNetworksTestJSON-2083463899-project] 10.222.0.91 "GET /v2.0/networks/198de55e-0984-45ae-b561-911c3cbd5534 HTTP/1.1" status: 200 len: 755 time: 0.1330070
Jul 19 21:10:12.717958 dv-neutron-840416-18-hyperv neutron-server[105301]: DEBUG neutron.wsgi [-] (105301) accepted ('10.222.0.91', 33020) {{(pid=105301) server /usr/local/lib/python3.8/dist-packages/eventlet/wsgi.py:1004}}
Jul 19 21:10:12.744447 dv-neutron-840416-18-hyperv neutron-server[105301]: DEBUG dbcounter [-] [105301] Writing DB stats neutron:SELECT=92,neutron:DELETE=5,neutron:UPDATE=1,neutron:INSERT=2 {{(pid=105301) stat_writer /usr/local/lib/python3.8/dist-packages/dbcounter.py:114}}
Jul 19 21:10:12.761470 dv-neutron-840416-18-hyperv neutron-server[105302]: DEBUG neutron_lib.callbacks.manager [None req-be0a7777-851a-4996-81c7-3b70cd525db5 tempest-ServersTestJSON-1090471585 tempest-ServersTestJSON-1090471585-project] Publish callbacks [] for floatingip (f9898c9e-fbf4-4fd7-a389-cab0cf5a7e92), precommit_create {{(pid=105302) _notify_loop /usr/local/lib/python3.8/dist-packages/neutron_lib/callbacks/manager.py:176}}
Jul 19 21:10:12.778560 dv-neutron-840416-18-hyperv neutron-server[105302]: DEBUG dbcounter [-] [105302] Writing DB stats neutron:SELECT=91,neutron:INSERT=1,neutron:DELETE=5,neutron:UPDATE=3 {{(pid=105302) stat_writer /usr/local/lib/python3.8/dist-packages/dbcounter.py:114}}
Jul 19 21:10:12.795886 dv-neutron-840416-18-hyperv neutron-server[105302]: DEBUG neutron_lib.callbacks.manager [None req-4bd0931c-430e-4dce-92c4-8c5e7ebc3597 admin admin] Publish callbacks [] for security_group (cd1cff3f-ef9a-413a-9757-f06fbbb4c1c5), precommit_create {{(pid=105302) _notify_loop /usr/local/lib/python3.8/dist-packages/neutron_lib/callbacks/manager.py:176}}
Jul 19 21:10:12.817721 dv-neutron-840416-18-hyperv neutron-server[105302]: DEBUG neutron.wsgi [-] (105302) accepted ('10.222.0.91', 33024) {{(pid=105302) server /usr/local/lib/python3.8/dist-packages/eventlet/wsgi.py:1004}}
Jul 19 21:10:12.885434 dv-neutron-840416-18-hyperv neutron-server[105302]: DEBUG dbcounter [-] [105302] Writing DB stats neutron:SELECT=95,neutron:DELETE=3,neutron:INSERT=2 {{(pid=105302) stat_writer /usr/local/lib/python3.8/dist-packages/dbcounter.py:114}}
Jul 19 21:10:12.893529 dv-neutron-840416-18-hyperv neutron-server[105302]: DEBUG neutron_lib.callbacks.manager [None req-be0a7777-851a-4996-81c7-3b70cd525db5 tempest-ServersTestJSON-1090471585 tempest-ServersTestJSON-1090471585-project] Publish callbacks ['neutron.plugins.ml2.plugin.SecurityGroupDbMixin._ensure_default_security_group_handler-1708617'] for port (f3e8a343-8544-4ad7-a09e-bbf275cf94f7), before_update {{(pid=105302) _notify_loop /usr/local/lib/python3.8/dist-packages/neutron_lib/callbacks/manager.py:176}}
Jul 19 21:10:12.893529 dv-neutron-840416-18-hyperv neutron-server[105302]: DEBUG neutron_lib.callbacks.manager [None req-4bd0931c-430e-4dce-92c4-8c5e7ebc3597 admin admin] Publish callbacks ['neutron.plugins.ml2.ovo_rpc._ObjectChangeHandler.handle_event-719684'] for security_group (cd1cff3f-ef9a-413a-9757-f06fbbb4c1c5), after_create {{(pid=105302) _notify_loop /usr/local/lib/python3.8/dist-packages/neutron_lib/callbacks/manager.py:176}}
Jul 19 21:10:12.971607 dv-neutron-840416-18-hyperv neutron-server[105301]: DEBUG neutron.plugins.ml2.managers [None req-a28a644e-129b-4313-8a14-572eb0ed083b tempest-PortsAdminExtendedAttrsTestJSON-1443575655 tempest-PortsAdminExtendedAttrsTestJSON-1443575655-project-admin] Attempting to bind port e9c052ce-267c-4db3-bb32-16b4f9a1684a on host hv-neutron-8404 for vnic_type normal with profile {{(pid=105301) bind_port /opt/stack/neutron/neutron/plugins/ml2/managers.py:810}}
