Jul 15 08:26:02.253854 dv-neutron-840416-15-hyperv neutron-server[104593]: INFO neutron.plugins.ml2.plugin [None req-6a36326b-6951-4520-a3e7-e76020f31c96 tempest-PortsAdminExtendedAttrsIpV6TestJSON-335378028 tempest-PortsAdminExtendedAttrsIpV6TestJSON-335378028-project-admin] Attempt 2 to bind port 81e32bab-65f2-4ec7-9087-40a3bd792e40
Jul 15 08:26:02.287100 dv-neutron-840416-15-hyperv neutron-server[104593]: DEBUG neutron.plugins.ml2.managers [None req-6a36326b-6951-4520-a3e7-e76020f31c96 tempest-PortsAdminExtendedAttrsIpV6TestJSON-335378028 tempest-PortsAdminExtendedAttrsIpV6TestJSON-335378028-project-admin] Attempting to bind port 81e32bab-65f2-4ec7-9087-40a3bd792e40 on host hv-neutron-8404 for vnic_type normal with profile {{(pid=104593) bind_port /opt/stack/neutron/neutron/plugins/ml2/managers.py:810}}
Jul 15 08:26:02.287385 dv-neutron-840416-15-hyperv neutron-server[104593]: DEBUG neutron.plugins.ml2.managers [None req-6a36326b-6951-4520-a3e7-e76020f31c96 tempest-PortsAdminExtendedAttrsIpV6TestJSON-335378028 tempest-PortsAdminExtendedAttrsIpV6TestJSON-335378028-project-admin] Attempting to bind port 81e32bab-65f2-4ec7-9087-40a3bd792e40 by drivers openvswitch,hyperv on host hv-neutron-8404 at level 0 using segments [{'id': '6838fa8d-d691-40ef-982a-f9316c048fbd', 'network_type': 'vlan', 'physical_network': 'physnet1', 'segmentation_id': 222, 'network_id': 'cc23d12f-915e-4a2f-a067-1bd76a077b4b'}] {{(pid=104593) _bind_port_level /opt/stack/neutron/neutron/plugins/ml2/managers.py:835}}
Jul 15 08:26:02.287721 dv-neutron-840416-15-hyperv neutron-server[104593]: DEBUG neutron.plugins.ml2.drivers.mech_agent [None req-6a36326b-6951-4520-a3e7-e76020f31c96 tempest-PortsAdminExtendedAttrsIpV6TestJSON-335378028 tempest-PortsAdminExtendedAttrsIpV6TestJSON-335378028-project-admin] Attempting to bind port 81e32bab-65f2-4ec7-9087-40a3bd792e40 on network cc23d12f-915e-4a2f-a067-1bd76a077b4b {{(pid=104593) bind_port /opt/stack/neutron/neutron/plugins/ml2/drivers/mech_agent.py:91}}
Jul 15 08:26:02.291847 dv-neutron-840416-15-hyperv neutron-server[104594]: DEBUG dbcounter [-] [104594] Writing DB stats neutron:UPDATE=1,neutron:SELECT=95,neutron:INSERT=4 {{(pid=104594) stat_writer /usr/local/lib/python3.8/dist-packages/dbcounter.py:114}}
Jul 15 08:26:02.300254 dv-neutron-840416-15-hyperv neutron-server[104593]: DEBUG neutron.plugins.ml2.drivers.mech_agent [None req-6a36326b-6951-4520-a3e7-e76020f31c96 tempest-PortsAdminExtendedAttrsIpV6TestJSON-335378028 tempest-PortsAdminExtendedAttrsIpV6TestJSON-335378028-project-admin] Port 81e32bab-65f2-4ec7-9087-40a3bd792e40 on network cc23d12f-915e-4a2f-a067-1bd76a077b4b not bound, no agent of type Open vSwitch agent registered on host hv-neutron-8404 {{(pid=104593) bind_port /opt/stack/neutron/neutron/plugins/ml2/drivers/mech_agent.py:103}}
Jul 15 08:26:02.301253 dv-neutron-840416-15-hyperv neutron-server[104593]: ERROR neutron.plugins.ml2.managers [None req-6a36326b-6951-4520-a3e7-e76020f31c96 tempest-PortsAdminExtendedAttrsIpV6TestJSON-335378028 tempest-PortsAdminExtendedAttrsIpV6TestJSON-335378028-project-admin] Failed to bind port 81e32bab-65f2-4ec7-9087-40a3bd792e40 on host hv-neutron-8404 for vnic_type normal using segments [{'id': '6838fa8d-d691-40ef-982a-f9316c048fbd', 'network_type': 'vlan', 'physical_network': 'physnet1', 'segmentation_id': 222, 'network_id': 'cc23d12f-915e-4a2f-a067-1bd76a077b4b'}]
Jul 15 08:26:02.305436 dv-neutron-840416-15-hyperv neutron-server[104593]: INFO neutron.plugins.ml2.plugin [None req-6a36326b-6951-4520-a3e7-e76020f31c96 tempest-PortsAdminExtendedAttrsIpV6TestJSON-335378028 tempest-PortsAdminExtendedAttrsIpV6TestJSON-335378028-project-admin] Attempt 3 to bind port 81e32bab-65f2-4ec7-9087-40a3bd792e40
Jul 15 08:26:02.316657 dv-neutron-840416-15-hyperv neutron-server[104593]: DEBUG neutron_lib.callbacks.manager [None req-dfd16b04-230f-450a-8fb9-dbcfe65e20ff tempest-RoutersAdminTest-1096674274 tempest-RoutersAdminTest-1096674274-project-admin] Publish callbacks ['neutron.plugins.ml2.plugin.SecurityGroupServerNotifierRpcMixin._notify_sg_on_port_change-3599104', 'neutron.plugins.ml2.ovo_rpc._ObjectChangeHandler.handle_event-4184340', 'neutron.api.rpc.agentnotifiers.dhcp_rpc_agent_api.DhcpAgentNotifyAPI._native_event_send_dhcp_notification-3738058', 'neutron.db.l3_dvrscheduler_db._notify_l3_agent_new_port-8755024053239', 'neutron.services.segments.plugin.NovaSegmentNotifier._notify_port_created_or_deleted-530989783'] for port (a4ecc8de-ed05-4926-b65b-eb16a56a5373), after_create {{(pid=104593) _notify_loop /usr/local/lib/python3.8/dist-packages/neutron_lib/callbacks/manager.py:176}}
Jul 15 08:26:02.348655 dv-neutron-840416-15-hyperv neutron-server[104594]: DEBUG neutron.api.rpc.handlers.resources_rpc [None req-8a8c0671-0962-4bf1-8861-69951e8be3d7 tempest-ExternalNetworksTestJSON-1123036590 tempest-ExternalNetworksTestJSON-1123036590-project-admin] Pushing event updated for resources: {'Port': ['ID=f5e785eb-60e6-4929-98f6-f22877bcd5e0,revision_number=2']} {{(pid=104594) push /opt/stack/neutron/neutron/api/rpc/handlers/resources_rpc.py:237}}
Jul 15 08:26:02.349644 dv-neutron-840416-15-hyperv neutron-server[104593]: DEBUG neutron.plugins.ml2.managers [None req-6a36326b-6951-4520-a3e7-e76020f31c96 tempest-PortsAdminExtendedAttrsIpV6TestJSON-335378028 tempest-PortsAdminExtendedAttrsIpV6TestJSON-335378028-project-admin] Attempting to bind port 81e32bab-65f2-4ec7-9087-40a3bd792e40 on host hv-neutron-8404 for vnic_type normal with profile {{(pid=104593) bind_port /opt/stack/neutron/neutron/plugins/ml2/managers.py:810}}
Jul 15 08:26:02.349986 dv-neutron-840416-15-hyperv neutron-server[104593]: DEBUG neutron.plugins.ml2.managers [None req-6a36326b-6951-4520-a3e7-e76020f31c96 tempest-PortsAdminExtendedAttrsIpV6TestJSON-335378028 tempest-PortsAdminExtendedAttrsIpV6TestJSON-335378028-project-admin] Attempting to bind port 81e32bab-65f2-4ec7-9087-40a3bd792e40 by drivers openvswitch,hyperv on host hv-neutron-8404 at level 0 using segments [{'id': '6838fa8d-d691-40ef-982a-f9316c048fbd', 'network_type': 'vlan', 'physical_network': 'physnet1', 'segmentation_id': 222, 'network_id': 'cc23d12f-915e-4a2f-a067-1bd76a077b4b'}] {{(pid=104593) _bind_port_level /opt/stack/neutron/neutron/plugins/ml2/managers.py:835}}
Jul 15 08:26:02.350322 dv-neutron-840416-15-hyperv neutron-server[104593]: DEBUG neutron.plugins.ml2.drivers.mech_agent [None req-6a36326b-6951-4520-a3e7-e76020f31c96 tempest-PortsAdminExtendedAttrsIpV6TestJSON-335378028 tempest-PortsAdminExtendedAttrsIpV6TestJSON-335378028-project-admin] Attempting to bind port 81e32bab-65f2-4ec7-9087-40a3bd792e40 on network cc23d12f-915e-4a2f-a067-1bd76a077b4b {{(pid=104593) bind_port /opt/stack/neutron/neutron/plugins/ml2/drivers/mech_agent.py:91}}
Jul 15 08:26:02.359197 dv-neutron-840416-15-hyperv neutron-server[104593]: DEBUG neutron.plugins.ml2.drivers.mech_agent [None req-6a36326b-6951-4520-a3e7-e76020f31c96 tempest-PortsAdminExtendedAttrsIpV6TestJSON-335378028 tempest-PortsAdminExtendedAttrsIpV6TestJSON-335378028-project-admin] Port 81e32bab-65f2-4ec7-9087-40a3bd792e40 on network cc23d12f-915e-4a2f-a067-1bd76a077b4b not bound, no agent of type Open vSwitch agent registered on host hv-neutron-8404 {{(pid=104593) bind_port /opt/stack/neutron/neutron/plugins/ml2/drivers/mech_agent.py:103}}
Jul 15 08:26:02.359581 dv-neutron-840416-15-hyperv neutron-server[104593]: ERROR neutron.plugins.ml2.managers [None req-6a36326b-6951-4520-a3e7-e76020f31c96 tempest-PortsAdminExtendedAttrsIpV6TestJSON-335378028 tempest-PortsAdminExtendedAttrsIpV6TestJSON-335378028-project-admin] Failed to bind port 81e32bab-65f2-4ec7-9087-40a3bd792e40 on host hv-neutron-8404 for vnic_type normal using segments [{'id': '6838fa8d-d691-40ef-982a-f9316c048fbd', 'network_type': 'vlan', 'physical_network': 'physnet1', 'segmentation_id': 222, 'network_id': 'cc23d12f-915e-4a2f-a067-1bd76a077b4b'}]
Jul 15 08:26:02.364205 dv-neutron-840416-15-hyperv neutron-server[104593]: INFO neutron.plugins.ml2.plugin [None req-6a36326b-6951-4520-a3e7-e76020f31c96 tempest-PortsAdminExtendedAttrsIpV6TestJSON-335378028 tempest-PortsAdminExtendedAttrsIpV6TestJSON-335378028-project-admin] Attempt 4 to bind port 81e32bab-65f2-4ec7-9087-40a3bd792e40
Jul 15 08:26:02.380869 dv-neutron-840416-15-hyperv neutron-server[104593]: DEBUG neutron.scheduler.dhcp_agent_scheduler [None req-dfd16b04-230f-450a-8fb9-dbcfe65e20ff tempest-RoutersAdminTest-1096674274 tempest-RoutersAdminTest-1096674274-project-admin] Network 9307cf3d-cda4-4b74-9f32-f287a09ba36e is already hosted by enough agents. {{(pid=104593) _get_dhcp_agents_hosting_network /opt/stack/neutron/neutron/scheduler/dhcp_agent_scheduler.py:275}}
Jul 15 08:26:02.390121 dv-neutron-840416-15-hyperv neutron-server[104593]: DEBUG neutron.scheduler.base_scheduler [None req-dfd16b04-230f-450a-8fb9-dbcfe65e20ff tempest-RoutersAdminTest-1096674274 tempest-RoutersAdminTest-1096674274-project-admin] Resources bound (agent type, host, resource id): {{(pid=104593) schedule /opt/stack/neutron/neutron/scheduler/base_scheduler.py:57}}
Jul 15 08:26:02.393066 dv-neutron-840416-15-hyperv neutron-server[104593]: DEBUG neutron.db.l3_dvrscheduler_db [None req-dfd16b04-230f-450a-8fb9-dbcfe65e20ff tempest-RoutersAdminTest-1096674274 tempest-RoutersAdminTest-1096674274-project-admin] Received port after_create {{(pid=104593) _notify_l3_agent_new_port /opt/stack/neutron/neutron/db/l3_dvrscheduler_db.py:542}}
Jul 15 08:26:02.396680 dv-neutron-840416-15-hyperv neutron-server[104594]: DEBUG neutron_lib.callbacks.manager [None req-8e2d809f-dbd7-4b3b-964f-ff7d484ea607 tempest-ServerActionsTestJSON-716494841 tempest-ServerActionsTestJSON-716494841-project] Publish callbacks [] for security_group (98f40099-f08e-4c00-8756-d7687324d67d), precommit_create {{(pid=104594) _notify_loop /usr/local/lib/python3.8/dist-packages/neutron_lib/callbacks/manager.py:176}}
Jul 15 08:26:02.406256 dv-neutron-840416-15-hyperv neutron-server[104594]: DEBUG neutron.api.rpc.agentnotifiers.l3_rpc_agent_api [None req-82ed931b-8fdd-458e-a71e-d09d657c410b admin admin] Notify agent at l3_agent.dv-neutron-840416-15-hyperv the message routers_updated {{(pid=104594) _agent_notification /opt/stack/neutron/neutron/api/rpc/agentnotifiers/l3_rpc_agent_api.py:65}}
Jul 15 08:26:02.421688 dv-neutron-840416-15-hyperv neutron-server[104596]: DEBUG neutron.api.rpc.handlers.l3_rpc [None req-5c53f0f8-f982-4b59-b61f-ee37d4b85c52 None None] Sync routers for ids ['cfdedee0-bf8d-4177-93ec-32f089a37c13'] in dv-neutron-840416-15-hyperv {{(pid=104596) sync_routers /opt/stack/neutron/neutron/api/rpc/handlers/l3_rpc.py:125}}
Jul 15 08:26:02.425483 dv-neutron-840416-15-hyperv neutron-server[104593]: DEBUG neutron.api.rpc.handlers.resources_rpc [None req-dfd16b04-230f-450a-8fb9-dbcfe65e20ff tempest-RoutersAdminTest-1096674274 tempest-RoutersAdminTest-1096674274-project-admin] Pushing event updated for resources: {'Port': ['ID=a4ecc8de-ed05-4926-b65b-eb16a56a5373,revision_number=1']} {{(pid=104593) push /opt/stack/neutron/neutron/api/rpc/handlers/resources_rpc.py:237}}
Jul 15 08:26:02.429740 dv-neutron-840416-15-hyperv neutron-server[104593]: DEBUG neutron.plugins.ml2.managers [None req-6a36326b-6951-4520-a3e7-e76020f31c96 tempest-PortsAdminExtendedAttrsIpV6TestJSON-335378028 tempest-PortsAdminExtendedAttrsIpV6TestJSON-335378028-project-admin] Attempting to bind port 81e32bab-65f2-4ec7-9087-40a3bd792e40 on host hv-neutron-8404 for vnic_type normal with profile {{(pid=104593) bind_port /opt/stack/neutron/neutron/plugins/ml2/managers.py:810}}
Jul 15 08:26:02.430077 dv-neutron-840416-15-hyperv neutron-server[104593]: DEBUG neutron.plugins.ml2.managers [None req-6a36326b-6951-4520-a3e7-e76020f31c96 tempest-PortsAdminExtendedAttrsIpV6TestJSON-335378028 tempest-PortsAdminExtendedAttrsIpV6TestJSON-335378028-project-admin] Attempting to bind port 81e32bab-65f2-4ec7-9087-40a3bd792e40 by drivers openvswitch,hyperv on host hv-neutron-8404 at level 0 using segments [{'id': '6838fa8d-d691-40ef-982a-f9316c048fbd', 'network_type': 'vlan', 'physical_network': 'physnet1', 'segmentation_id': 222, 'network_id': 'cc23d12f-915e-4a2f-a067-1bd76a077b4b'}] {{(pid=104593) _bind_port_level /opt/stack/neutron/neutron/plugins/ml2/managers.py:835}}
Jul 15 08:26:02.430407 dv-neutron-840416-15-hyperv neutron-server[104593]: DEBUG neutron.plugins.ml2.drivers.mech_agent [None req-6a36326b-6951-4520-a3e7-e76020f31c96 tempest-PortsAdminExtendedAttrsIpV6TestJSON-335378028 tempest-PortsAdminExtendedAttrsIpV6TestJSON-335378028-project-admin] Attempting to bind port 81e32bab-65f2-4ec7-9087-40a3bd792e40 on network cc23d12f-915e-4a2f-a067-1bd76a077b4b {{(pid=104593) bind_port /opt/stack/neutron/neutron/plugins/ml2/drivers/mech_agent.py:91}}
Jul 15 08:26:02.450217 dv-neutron-840416-15-hyperv neutron-server[104594]: INFO neutron.wsgi [None req-82ed931b-8fdd-458e-a71e-d09d657c410b admin admin] 10.222.0.17 "PUT /v2.0/routers/cfdedee0-bf8d-4177-93ec-32f089a37c13/add_router_interface HTTP/1.1" status: 200 len: 503 time: 11.4628863
Jul 15 08:26:02.450417 dv-neutron-840416-15-hyperv neutron-server[104593]: DEBUG neutron.plugins.ml2.drivers.mech_agent [None req-6a36326b-6951-4520-a3e7-e76020f31c96 tempest-PortsAdminExtendedAttrsIpV6TestJSON-335378028 tempest-PortsAdminExtendedAttrsIpV6TestJSON-335378028-project-admin] Port 81e32bab-65f2-4ec7-9087-40a3bd792e40 on network cc23d12f-915e-4a2f-a067-1bd76a077b4b not bound, no agent of type Open vSwitch agent registered on host hv-neutron-8404 {{(pid=104593) bind_port /opt/stack/neutron/neutron/plugins/ml2/drivers/mech_agent.py:103}}
Jul 15 08:26:02.450417 dv-neutron-840416-15-hyperv neutron-server[104593]: ERROR neutron.plugins.ml2.managers [None req-6a36326b-6951-4520-a3e7-e76020f31c96 tempest-PortsAdminExtendedAttrsIpV6TestJSON-335378028 tempest-PortsAdminExtendedAttrsIpV6TestJSON-335378028-project-admin] Failed to bind port 81e32bab-65f2-4ec7-9087-40a3bd792e40 on host hv-neutron-8404 for vnic_type normal using segments [{'id': '6838fa8d-d691-40ef-982a-f9316c048fbd', 'network_type': 'vlan', 'physical_network': 'physnet1', 'segmentation_id': 222, 'network_id': 'cc23d12f-915e-4a2f-a067-1bd76a077b4b'}]
Jul 15 08:26:02.450417 dv-neutron-840416-15-hyperv neutron-server[104593]: INFO neutron.plugins.ml2.plugin [None req-6a36326b-6951-4520-a3e7-e76020f31c96 tempest-PortsAdminExtendedAttrsIpV6TestJSON-335378028 tempest-PortsAdminExtendedAttrsIpV6TestJSON-335378028-project-admin] Attempt 5 to bind port 81e32bab-65f2-4ec7-9087-40a3bd792e40
Jul 15 08:26:02.450626 dv-neutron-840416-15-hyperv neutron-server[104594]: DEBUG neutron_lib.callbacks.manager [None req-8a8c0671-0962-4bf1-8861-69951e8be3d7 tempest-ExternalNetworksTestJSON-1123036590 tempest-ExternalNetworksTestJSON-1123036590-project-admin] Publish callbacks ['neutron.services.l3_router.l3_router_plugin.DVRResourceOperationHandler._create_dvr_floating_gw_port-3714318'] for floatingip (f271ac4a-72f2-48b3-bafc-40668cdd6017), after_create {{(pid=104594) _notify_loop /usr/local/lib/python3.8/dist-packages/neutron_lib/callbacks/manager.py:176}}
Jul 15 08:26:02.450705 dv-neutron-840416-15-hyperv neutron-server[104595]: DEBUG neutron_lib.callbacks.manager [None req-0b92208e-ab36-4027-9710-b9726ac4f118 None None] Publish callbacks [] for port (e83c649a-f652-4113-9f6e-e35343154e53), precommit_update {{(pid=104595) _notify_loop /usr/local/lib/python3.8/dist-packages/neutron_lib/callbacks/manager.py:176}}
Jul 15 08:26:02.458359 dv-neutron-840416-15-hyperv neutron-server[104596]: DEBUG neutron.db.l3_dvrscheduler_db [None req-5c53f0f8-f982-4b59-b61f-ee37d4b85c52 None None] Routers {'cfdedee0-bf8d-4177-93ec-32f089a37c13'} bound to L3 agent in host dv-neutron-840416-15-hyperv {{(pid=104596) _get_router_ids_for_agent /opt/stack/neutron/neutron/db/l3_dvrscheduler_db.py:426}}
Jul 15 08:26:02.461571 dv-neutron-840416-15-hyperv neutron-server[104593]: DEBUG neutron.plugins.ml2.managers [None req-6a36326b-6951-4520-a3e7-e76020f31c96 tempest-PortsAdminExtendedAttrsIpV6TestJSON-335378028 tempest-PortsAdminExtendedAttrsIpV6TestJSON-335378028-project-admin] Attempting to bind port 81e32bab-65f2-4ec7-9087-40a3bd792e40 on host hv-neutron-8404 for vnic_type normal with profile {{(pid=104593) bind_port /opt/stack/neutron/neutron/plugins/ml2/managers.py:810}}
Jul 15 08:26:02.461998 dv-neutron-840416-15-hyperv neutron-server[104593]: DEBUG neutron.plugins.ml2.managers [None req-6a36326b-6951-4520-a3e7-e76020f31c96 tempest-PortsAdminExtendedAttrsIpV6TestJSON-335378028 tempest-PortsAdminExtendedAttrsIpV6TestJSON-335378028-project-admin] Attempting to bind port 81e32bab-65f2-4ec7-9087-40a3bd792e40 by drivers openvswitch,hyperv on host hv-neutron-8404 at level 0 using segments [{'id': '6838fa8d-d691-40ef-982a-f9316c048fbd', 'network_type': 'vlan', 'physical_network': 'physnet1', 'segmentation_id': 222, 'network_id': 'cc23d12f-915e-4a2f-a067-1bd76a077b4b'}] {{(pid=104593) _bind_port_level /opt/stack/neutron/neutron/plugins/ml2/managers.py:835}}
Jul 15 08:26:02.462365 dv-neutron-840416-15-hyperv neutron-server[104593]: DEBUG neutron.plugins.ml2.drivers.mech_agent [None req-6a36326b-6951-4520-a3e7-e76020f31c96 tempest-PortsAdminExtendedAttrsIpV6TestJSON-335378028 tempest-PortsAdminExtendedAttrsIpV6TestJSON-335378028-project-admin] Attempting to bind port 81e32bab-65f2-4ec7-9087-40a3bd792e40 on network cc23d12f-915e-4a2f-a067-1bd76a077b4b {{(pid=104593) bind_port /opt/stack/neutron/neutron/plugins/ml2/drivers/mech_agent.py:91}}
Jul 15 08:26:02.462476 dv-neutron-840416-15-hyperv neutron-server[104596]: DEBUG neutron.db.l3_hamode_db [None req-5c53f0f8-f982-4b59-b61f-ee37d4b85c52 None None] neutron.services.l3_router.l3_router_plugin.L3RouterPlugin method get_ha_sync_data_for_host called with arguments (, 'dv-neutron-840416-15-hyperv', Agent(admin_state_up=True,agent_type='L3 agent',availability_zone='nova',binary='neutron-l3-agent',configurations={"agent_mode": "legacy", "ex_gw_ports": 1, "extensions": [], "floating_ips": 0, "handle_internal_only_routers": true, "interface_driver": "openvswitch", "interfaces": 1, "log_agent_heartbeats": false, "routers": 1},created_at=2022-07-15T08:17:46Z,description=,heartbeat_timestamp=2022-07-15T08:25:47Z,host='dv-neutron-840416-15-hyperv',id=ce43b257-1701-4859-b2d6-4addfd15c856,load=0,resource_versions=,resources_synced=,started_at=2022-07-15T08:17:46Z,topic='l3_agent')) {'router_ids': ['cfdedee0-bf8d-4177-93ec-32f089a37c13'], 'active': True} {{(pid=104596) wrapper /usr/local/lib/python3.8/dist-packages/oslo_log/helpers.py:65}}
Jul 15 08:26:02.466291 dv-neutron-840416-15-hyperv neutron-server[104595]: DEBUG neutron_lib.callbacks.manager [None req-0b92208e-ab36-4027-9710-b9726ac4f118 None None] Publish callbacks ['neutron.plugins.ml2.plugin.SecurityGroupServerNotifierRpcMixin._notify_sg_on_port_change-3599104', 'neutron.plugins.ml2.ovo_rpc._ObjectChangeHandler.handle_event-4184340', 'neutron.api.rpc.agentnotifiers.dhcp_rpc_agent_api.DhcpAgentNotifyAPI._native_event_send_dhcp_notification-3738058', 'neutron.db.l3_db.L3RpcNotifierMixin._notify_gateway_port_ip_changed-8755024514789', 'neutron.db.l3_dvrscheduler_db._notify_l3_agent_port_update-8755024053261', 'neutron.db.l3_hascheduler_db._notify_l3_agent_ha_port_update-8755024053279'] for port (e83c649a-f652-4113-9f6e-e35343154e53), after_update {{(pid=104595) _notify_loop /usr/local/lib/python3.8/dist-packages/neutron_lib/callbacks/manager.py:176}}
Jul 15 08:26:02.468649 dv-neutron-840416-15-hyperv neutron-server[104593]: DEBUG neutron.wsgi [-] (104593) accepted ('10.222.0.17', 37116) {{(pid=104593) server /usr/local/lib/python3.8/dist-packages/eventlet/wsgi.py:1004}}
Jul 15 08:26:02.482838 dv-neutron-840416-15-hyperv neutron-server[104593]: DEBUG neutron.plugins.ml2.drivers.mech_agent [None req-6a36326b-6951-4520-a3e7-e76020f31c96 tempest-PortsAdminExtendedAttrsIpV6TestJSON-335378028 tempest-PortsAdminExtendedAttrsIpV6TestJSON-335378028-project-admin] Port 81e32bab-65f2-4ec7-9087-40a3bd792e40 on network cc23d12f-915e-4a2f-a067-1bd76a077b4b not bound, no agent of type Open vSwitch agent registered on host hv-neutron-8404 {{(pid=104593) bind_port /opt/stack/neutron/neutron/plugins/ml2/drivers/mech_agent.py:103}}
Jul 15 08:26:02.483254 dv-neutron-840416-15-hyperv neutron-server[104593]: ERROR neutron.plugins.ml2.managers [None req-6a36326b-6951-4520-a3e7-e76020f31c96 tempest-PortsAdminExtendedAttrsIpV6TestJSON-335378028 tempest-PortsAdminExtendedAttrsIpV6TestJSON-335378028-project-admin] Failed to bind port 81e32bab-65f2-4ec7-9087-40a3bd792e40 on host hv-neutron-8404 for vnic_type normal using segments [{'id': '6838fa8d-d691-40ef-982a-f9316c048fbd', 'network_type': 'vlan', 'physical_network': 'physnet1', 'segmentation_id': 222, 'network_id': 'cc23d12f-915e-4a2f-a067-1bd76a077b4b'}]
Jul 15 08:26:02.491493 dv-neutron-840416-15-hyperv neutron-server[104593]: INFO neutron.plugins.ml2.plugin [None req-6a36326b-6951-4520-a3e7-e76020f31c96 tempest-PortsAdminExtendedAttrsIpV6TestJSON-335378028 tempest-PortsAdminExtendedAttrsIpV6TestJSON-335378028-project-admin] Attempt 6 to bind port 81e32bab-65f2-4ec7-9087-40a3bd792e40
Jul 15 08:26:02.495140 dv-neutron-840416-15-hyperv neutron-server[104594]: DEBUG neutron_lib.callbacks.manager [None req-8e2d809f-dbd7-4b3b-964f-ff7d484ea607 tempest-ServerActionsTestJSON-716494841 tempest-ServerActionsTestJSON-716494841-project] Publish callbacks ['neutron.plugins.ml2.ovo_rpc._ObjectChangeHandler.handle_event-3758269'] for security_group (98f40099-f08e-4c00-8756-d7687324d67d), after_create {{(pid=104594) _notify_loop /usr/local/lib/python3.8/dist-packages/neutron_lib/callbacks/manager.py:176}}
Jul 15 08:26:02.496320 dv-neutron-840416-15-hyperv neutron-server[104593]: DEBUG neutron_lib.callbacks.manager [None req-4b1c16ae-f851-4e41-a9a4-1c7fc37c08f1 admin admin] Publish callbacks [] for security_group (None), before_create {{(pid=104593) _notify_loop /usr/local/lib/python3.8/dist-packages/neutron_lib/callbacks/manager.py:176}}
Jul 15 08:26:02.499085 dv-neutron-840416-15-hyperv neutron-server[104593]: DEBUG neutron.pecan_wsgi.hooks.policy_enforcement [None req-dfd16b04-230f-450a-8fb9-dbcfe65e20ff tempest-RoutersAdminTest-1096674274 tempest-RoutersAdminTest-1096674274-project-admin] Attributes excluded by policy engine: ['standard_attr_id', 'network'] {{(pid=104593) _exclude_attributes_by_policy /opt/stack/neutron/neutron/pecan_wsgi/hooks/policy_enforcement.py:259}}
Jul 15 08:26:02.500757 dv-neutron-840416-15-hyperv neutron-server[104593]: DEBUG neutron_lib.callbacks.manager [None req-dfd16b04-230f-450a-8fb9-dbcfe65e20ff tempest-RoutersAdminTest-1096674274 tempest-RoutersAdminTest-1096674274-project-admin] Publish callbacks ['neutron.notifiers.nova.Notifier._send_nova_notification-38963'] for port (None), before_response {{(pid=104593) _notify_loop /usr/local/lib/python3.8/dist-packages/neutron_lib/callbacks/manager.py:176}}
Jul 15 08:26:02.501418 dv-neutron-840416-15-hyperv neutron-server[104595]: DEBUG dbcounter [-] [104595] Writing DB stats neutron:SELECT=100 {{(pid=104595) stat_writer /usr/local/lib/python3.8/dist-packages/dbcounter.py:114}}
Jul 15 08:26:02.532314 dv-neutron-840416-15-hyperv neutron-server[104594]: DEBUG neutron_lib.callbacks.manager [None req-8a8c0671-0962-4bf1-8861-69951e8be3d7 tempest-ExternalNetworksTestJSON-1123036590 tempest-ExternalNetworksTestJSON-1123036590-project-admin] Publish callbacks ['neutron.notifiers.nova.Notifier._send_nova_notification-38963'] for floatingip (None), before_response {{(pid=104594) _notify_loop /usr/local/lib/python3.8/dist-packages/neutron_lib/callbacks/manager.py:176}}
Jul 15 08:26:02.537391 dv-neutron-840416-15-hyperv neutron-server[104594]: INFO neutron.wsgi [None req-8a8c0671-0962-4bf1-8861-69951e8be3d7 tempest-ExternalNetworksTestJSON-1123036590 tempest-ExternalNetworksTestJSON-1123036590-project-admin] 10.222.0.17 "POST /v2.0/floatingips HTTP/1.1" status: 201 len: 692 time: 8.2973886
Jul 15 08:26:02.556982 dv-neutron-840416-15-hyperv neutron-server[104595]: DEBUG neutron.api.rpc.handlers.resources_rpc [None req-51257b91-413f-477c-9cb2-0528efa83f25 None None] Pushing event updated for resources: {'Port': ['ID=e83c649a-f652-4113-9f6e-e35343154e53,revision_number=3']} {{(pid=104595) push /opt/stack/neutron/neutron/api/rpc/handlers/resources_rpc.py:237}}
Jul 15 08:26:02.591997 dv-neutron-840416-15-hyperv neutron-server[104594]: DEBUG neutron.wsgi [-] (104594) accepted ('10.222.0.17', 37118) {{(pid=104594) server /usr/local/lib/python3.8/dist-packages/eventlet/wsgi.py:1004}}
Jul 15 08:26:02.615614 dv-neutron-840416-15-hyperv neutron-server[104594]: DEBUG neutron_lib.callbacks.manager [None req-b3d96812-8cef-4e6a-88eb-3dbc90c1605c tempest-ServersTestManualDisk-1125908813 tempest-ServersTestManualDisk-1125908813-project] Publish callbacks [] for floatingip (a4eef531-d88e-4c17-bc91-939046745454), precommit_create {{(pid=104594) _notify_loop /usr/local/lib/python3.8/dist-packages/neutron_lib/callbacks/manager.py:176}}
Jul 15 08:26:02.631557 dv-neutron-840416-15-hyperv neutron-server[104593]: DEBUG neutron_lib.callbacks.manager [None req-4b1c16ae-f851-4e41-a9a4-1c7fc37c08f1 admin admin] Publish callbacks [] for security_group (4ef9bbef-7b7c-4bf1-9b67-fb0529bca6f1), precommit_create {{(pid=104593) _notify_loop /usr/local/lib/python3.8/dist-packages/neutron_lib/callbacks/manager.py:176}}
Jul 15 08:26:02.632447 dv-neutron-840416-15-hyperv neutron-server[104593]: DEBUG neutron.plugins.ml2.managers [None req-6a36326b-6951-4520-a3e7-e76020f31c96 tempest-PortsAdminExtendedAttrsIpV6TestJSON-335378028 tempest-PortsAdminExtendedAttrsIpV6TestJSON-335378028-project-admin] Attempting to bind port 81e32bab-65f2-4ec7-9087-40a3bd792e40 on host hv-neutron-8404 for vnic_type normal with profile {{(pid=104593) bind_port /opt/stack/neutron/neutron/plugins/ml2/managers.py:810}}
Jul 15 08:26:02.632809 dv-neutron-840416-15-hyperv neutron-server[104593]: DEBUG neutron.plugins.ml2.managers [None req-6a36326b-6951-4520-a3e7-e76020f31c96 tempest-PortsAdminExtendedAttrsIpV6TestJSON-335378028 tempest-PortsAdminExtendedAttrsIpV6TestJSON-335378028-project-admin] Attempting to bind port 81e32bab-65f2-4ec7-9087-40a3bd792e40 by drivers openvswitch,hyperv on host hv-neutron-8404 at level 0 using segments [{'id': '6838fa8d-d691-40ef-982a-f9316c048fbd', 'network_type': 'vlan', 'physical_network': 'physnet1', 'segmentation_id': 222, 'network_id': 'cc23d12f-915e-4a2f-a067-1bd76a077b4b'}] {{(pid=104593) _bind_port_level /opt/stack/neutron/neutron/plugins/ml2/managers.py:835}}
Jul 15 08:26:02.633204 dv-neutron-840416-15-hyperv neutron-server[104593]: DEBUG neutron.plugins.ml2.drivers.mech_agent [None req-6a36326b-6951-4520-a3e7-e76020f31c96 tempest-PortsAdminExtendedAttrsIpV6TestJSON-335378028 tempest-PortsAdminExtendedAttrsIpV6TestJSON-335378028-project-admin] Attempting to bind port 81e32bab-65f2-4ec7-9087-40a3bd792e40 on network cc23d12f-915e-4a2f-a067-1bd76a077b4b {{(pid=104593) bind_port /opt/stack/neutron/neutron/plugins/ml2/drivers/mech_agent.py:91}}
Jul 15 08:26:02.641090 dv-neutron-840416-15-hyperv neutron-server[104593]: DEBUG neutron.plugins.ml2.drivers.mech_agent [None req-6a36326b-6951-4520-a3e7-e76020f31c96 tempest-PortsAdminExtendedAttrsIpV6TestJSON-335378028 tempest-PortsAdminExtendedAttrsIpV6TestJSON-335378028-project-admin] Port 81e32bab-65f2-4ec7-9087-40a3bd792e40 on network cc23d12f-915e-4a2f-a067-1bd76a077b4b not bound, no agent of type Open vSwitch agent registered on host hv-neutron-8404 {{(pid=104593) bind_port /opt/stack/neutron/neutron/plugins/ml2/drivers/mech_agent.py:103}}
Jul 15 08:26:02.641462 dv-neutron-840416-15-hyperv neutron-server[104593]: ERROR neutron.plugins.ml2.managers [None req-6a36326b-6951-4520-a3e7-e76020f31c96 tempest-PortsAdminExtendedAttrsIpV6TestJSON-335378028 tempest-PortsAdminExtendedAttrsIpV6TestJSON-335378028-project-admin] Failed to bind port 81e32bab-65f2-4ec7-9087-40a3bd792e40 on host hv-neutron-8404 for vnic_type normal using segments [{'id': '6838fa8d-d691-40ef-982a-f9316c048fbd', 'network_type': 'vlan', 'physical_network': 'physnet1', 'segmentation_id': 222, 'network_id': 'cc23d12f-915e-4a2f-a067-1bd76a077b4b'}]
Jul 15 08:26:02.646558 dv-neutron-840416-15-hyperv neutron-server[104593]: INFO neutron.plugins.ml2.plugin [None req-6a36326b-6951-4520-a3e7-e76020f31c96 tempest-PortsAdminExtendedAttrsIpV6TestJSON-335378028 tempest-PortsAdminExtendedAttrsIpV6TestJSON-335378028-project-admin] Attempt 7 to bind port 81e32bab-65f2-4ec7-9087-40a3bd792e40
Jul 15 08:26:02.653818 dv-neutron-840416-15-hyperv neutron-server[104595]: DEBUG neutron.plugins.ml2.managers [None req-0b92208e-ab36-4027-9710-b9726ac4f118 None None] Attempting to bind port e83c649a-f652-4113-9f6e-e35343154e53 on host dv-neutron-840416-15-hyperv for vnic_type normal with profile {{(pid=104595) bind_port /opt/stack/neutron/neutron/plugins/ml2/managers.py:810}}
Jul 15 08:26:02.654468 dv-neutron-840416-15-hyperv neutron-server[104595]: DEBUG neutron.plugins.ml2.managers [None req-0b92208e-ab36-4027-9710-b9726ac4f118 None None] Attempting to bind port e83c649a-f652-4113-9f6e-e35343154e53 by drivers openvswitch,hyperv on host dv-neutron-840416-15-hyperv at level 0 using segments [{'id': '573370a6-bbbf-40e2-88e9-d8c578a9c51b', 'network_type': 'vlan', 'physical_network': 'physnet1', 'segmentation_id': 212, 'network_id': '657d4a2d-c9ae-4193-a3e4-850df2706541'}] {{(pid=104595) _bind_port_level /opt/stack/neutron/neutron/plugins/ml2/managers.py:835}}
Jul 15 08:26:02.655169 dv-neutron-840416-15-hyperv neutron-server[104595]: DEBUG neutron.plugins.ml2.drivers.mech_agent [None req-0b92208e-ab36-4027-9710-b9726ac4f118 None None] Attempting to bind port e83c649a-f652-4113-9f6e-e35343154e53 on network 657d4a2d-c9ae-4193-a3e4-850df2706541 {{(pid=104595) bind_port /opt/stack/neutron/neutron/plugins/ml2/drivers/mech_agent.py:91}}
Jul 15 08:26:02.662895 dv-neutron-840416-15-hyperv neutron-server[104593]: DEBUG neutron_lib.callbacks.manager [None req-4b1c16ae-f851-4e41-a9a4-1c7fc37c08f1 admin admin] Publish callbacks ['neutron.plugins.ml2.ovo_rpc._ObjectChangeHandler.handle_event-3758269'] for security_group (4ef9bbef-7b7c-4bf1-9b67-fb0529bca6f1), after_create {{(pid=104593) _notify_loop /usr/local/lib/python3.8/dist-packages/neutron_lib/callbacks/manager.py:176}}
Jul 15 08:26:02.663483 dv-neutron-840416-15-hyperv neutron-server[104595]: DEBUG neutron.plugins.ml2.drivers.mech_agent [None req-0b92208e-ab36-4027-9710-b9726ac4f118 None None] Checking agent: {'id': '36256381-a9e8-40f3-98d6-486618593589', 'agent_type': 'Open vSwitch agent', 'binary': 'neutron-openvswitch-agent', 'topic': 'N/A', 'host': 'dv-neutron-840416-15-hyperv', 'admin_state_up': True, 'created_at': datetime.datetime(2022, 7, 15, 8, 17, 50), 'started_at': datetime.datetime(2022, 7, 15, 8, 18, 20), 'heartbeat_timestamp': datetime.datetime(2022, 7, 15, 8, 25, 50), 'description': None, 'resources_synced': None, 'availability_zone': None, 'alive': True, 'configurations': {'arp_responder_enabled': False, 'baremetal_smartnic': False, 'bridge_mappings': {'physnet1': 'br-data'}, 'datapath_type': 'system', 'devices': 0, 'enable_distributed_routing': False, 'extensions': [], 'in_distributed_mode': False, 'integration_bridge': 'br-int', 'l2_population': False, 'log_agent_heartbeats': False, 'ovs_capabilities': {'datapath_types': ['netdev', 'system'], 'iface_types': ['erspan', 'geneve', 'gre', 'internal', 'ip6erspan', 'ip6gre', 'lisp', 'patch', 'stt', 'system', 'tap', 'vxlan']}, 'ovs_hybrid_plug': False, 'resource_provider_bandwidths': {}, 'resource_provider_hypervisors': {'br-data': 'dv-neutron-840416-15-hyperv'}, 'resource_provider_inventory_defaults': {'allocation_ratio': 1.0, 'min_unit': 1, 'step_size': 1, 'reserved': 0}, 'resource_provider_packet_processing_inventory_defaults': {'allocation_ratio': 1.0, 'min_unit': 1, 'step_size': 1, 'reserved': 0}, 'resource_provider_packet_processing_with_direction': {}, 'resource_provider_packet_processing_without_direction': {}, 'tunnel_types': [], 'tunneling_ip': None, 'vhostuser_socket_dir': '/var/run/openvswitch'}, 'resource_versions': {'AddressGroup': '1.2', 'Agent': '1.1', 'ConntrackHelper': '1.0', 'LocalIPAssociation': '1.0', 'Log': '1.0', 'NDPProxy': '1.0', 'Network': '1.1', 'Port': '1.7', 'PortForwarding': '1.3', 'QosPolicy': '1.10', 'SecurityGroup': '1.5', 'SecurityGroupRule': '1.2', 'SubPort': '1.0', 'Subnet': '1.1', 'Trunk': '1.1'}} {{(pid=104595) bind_port /opt/stack/neutron/neutron/plugins/ml2/drivers/mech_agent.py:110}}
Jul 15 08:26:02.664034 dv-neutron-840416-15-hyperv neutron-server[104595]: DEBUG neutron.plugins.ml2.drivers.mech_agent [None req-0b92208e-ab36-4027-9710-b9726ac4f118 None None] Checking segment: {'id': '573370a6-bbbf-40e2-88e9-d8c578a9c51b', 'network_type': 'vlan', 'physical_network': 'physnet1', 'segmentation_id': 212, 'network_id': '657d4a2d-c9ae-4193-a3e4-850df2706541'} for mappings: {'physnet1': 'br-data'} with network types: ['local', 'flat', 'vlan'] {{(pid=104595) check_segment_for_agent /opt/stack/neutron/neutron/plugins/ml2/drivers/mech_agent.py:373}}
Jul 15 08:26:02.665020 dv-neutron-840416-15-hyperv neutron-server[104595]: DEBUG neutron_lib.callbacks.manager [None req-0b92208e-ab36-4027-9710-b9726ac4f118 None None] Publish callbacks [] for ovs_bridge_name (None), before_read {{(pid=104595) _notify_loop /usr/local/lib/python3.8/dist-packages/neutron_lib/callbacks/manager.py:176}}
Jul 15 08:26:02.665573 dv-neutron-840416-15-hyperv neutron-server[104595]: DEBUG neutron.plugins.ml2.drivers.mech_agent [None req-0b92208e-ab36-4027-9710-b9726ac4f118 None None] Bound using segment: {'id': '573370a6-bbbf-40e2-88e9-d8c578a9c51b', 'network_type': 'vlan', 'physical_network': 'physnet1', 'segmentation_id': 212, 'network_id': '657d4a2d-c9ae-4193-a3e4-850df2706541'} {{(pid=104595) bind_port /opt/stack/neutron/neutron/plugins/ml2/drivers/mech_agent.py:120}}
Jul 15 08:26:02.666725 dv-neutron-840416-15-hyperv neutron-server[104595]: DEBUG neutron.plugins.ml2.managers [None req-0b92208e-ab36-4027-9710-b9726ac4f118 None None] Bound port: e83c649a-f652-4113-9f6e-e35343154e53, host: dv-neutron-840416-15-hyperv, vif_type: ovs, vif_details: {"connectivity": "l2", "port_filter": true, "ovs_hybrid_plug": false, "datapath_type": "system", "bridge_name": "br-int"}, binding_levels: [{'bound_driver': 'openvswitch', 'bound_segment': {'id': '573370a6-bbbf-40e2-88e9-d8c578a9c51b', 'network_type': 'vlan', 'physical_network': 'physnet1', 'segmentation_id': 212, 'network_id': '657d4a2d-c9ae-4193-a3e4-850df2706541'}}] {{(pid=104595) _bind_port_level /opt/stack/neutron/neutron/plugins/ml2/managers.py:947}}
Jul 15 08:26:02.667537 dv-neutron-840416-15-hyperv neutron-server[104595]: DEBUG neutron_lib.callbacks.manager [None req-0b92208e-ab36-4027-9710-b9726ac4f118 None None] Publish callbacks ['neutron.plugins.ml2.plugin.SecurityGroupDbMixin._ensure_default_security_group_handler-3599821'] for port (e83c649a-f652-4113-9f6e-e35343154e53), before_update {{(pid=104595) _notify_loop /usr/local/lib/python3.8/dist-packages/neutron_lib/callbacks/manager.py:176}}
Jul 15 08:26:02.679337 dv-neutron-840416-15-hyperv neutron-server[104593]: DEBUG dbcounter [-] [104593] Writing DB stats neutron:UPDATE=3,neutron:SELECT=88,neutron:DELETE=6,neutron:INSERT=3 {{(pid=104593) stat_writer /usr/local/lib/python3.8/dist-packages/dbcounter.py:114}}
Jul 15 08:26:02.683764 dv-neutron-840416-15-hyperv neutron-server[104593]: INFO neutron.wsgi [None req-dfd16b04-230f-450a-8fb9-dbcfe65e20ff tempest-RoutersAdminTest-1096674274 tempest-RoutersAdminTest-1096674274-project-admin] 10.222.0.17 "POST /v2.0/ports HTTP/1.1" status: 201 len: 1024 time: 1.7319238
Jul 15 08:26:02.700457 dv-neutron-840416-15-hyperv neutron-server[104593]: DEBUG neutron.wsgi [-] (104593) accepted ('10.222.0.17', 37122) {{(pid=104593) server /usr/local/lib/python3.8/dist-packages/eventlet/wsgi.py:1004}}
Jul 15 08:26:02.731699 dv-neutron-840416-15-hyperv neutron-server[104593]: DEBUG neutron.plugins.ml2.managers [None req-6a36326b-6951-4520-a3e7-e76020f31c96 tempest-PortsAdminExtendedAttrsIpV6TestJSON-335378028 tempest-PortsAdminExtendedAttrsIpV6TestJSON-335378028-project-admin] Attempting to bind port 81e32bab-65f2-4ec7-9087-40a3bd792e40 on host hv-neutron-8404 for vnic_type normal with profile {{(pid=104593) bind_port /opt/stack/neutron/neutron/plugins/ml2/managers.py:810}}
Jul 15 08:26:02.733836 dv-neutron-840416-15-hyperv neutron-server[104593]: DEBUG neutron.plugins.ml2.managers [None req-6a36326b-6951-4520-a3e7-e76020f31c96 tempest-PortsAdminExtendedAttrsIpV6TestJSON-335378028 tempest-PortsAdminExtendedAttrsIpV6TestJSON-335378028-project-admin] Attempting to bind port 81e32bab-65f2-4ec7-9087-40a3bd792e40 by drivers openvswitch,hyperv on host hv-neutron-8404 at level 0 using segments [{'id': '6838fa8d-d691-40ef-982a-f9316c048fbd', 'network_type': 'vlan', 'physical_network': 'physnet1', 'segmentation_id': 222, 'network_id': 'cc23d12f-915e-4a2f-a067-1bd76a077b4b'}] {{(pid=104593) _bind_port_level /opt/stack/neutron/neutron/plugins/ml2/managers.py:835}}
Jul 15 08:26:02.734229 dv-neutron-840416-15-hyperv neutron-server[104593]: DEBUG neutron.plugins.ml2.drivers.mech_agent [None req-6a36326b-6951-4520-a3e7-e76020f31c96 tempest-PortsAdminExtendedAttrsIpV6TestJSON-335378028 tempest-PortsAdminExtendedAttrsIpV6TestJSON-335378028-project-admin] Attempting to bind port 81e32bab-65f2-4ec7-9087-40a3bd792e40 on network cc23d12f-915e-4a2f-a067-1bd76a077b4b {{(pid=104593) bind_port /opt/stack/neutron/neutron/plugins/ml2/drivers/mech_agent.py:91}}
Jul 15 08:26:02.766769 dv-neutron-840416-15-hyperv neutron-server[104594]: DEBUG neutron_lib.callbacks.manager [None req-14c47663-fd20-4837-847f-593dc07f8b47 tempest-RoutersIpV6AdminTest-1459980861 tempest-RoutersIpV6AdminTest-1459980861-project-admin] Publish callbacks ['neutron.plugins.ml2.plugin.External_net_db_mixin._before_network_delete_handler-648336'] for network (f013b991-5cb6-4fd9-9e59-d98c6aa23054), before_delete {{(pid=104594) _notify_loop /usr/local/lib/python3.8/dist-packages/neutron_lib/callbacks/manager.py:176}}
Jul 15 08:26:02.771577 dv-neutron-840416-15-hyperv neutron-server[104594]: INFO neutron.wsgi [None req-a23e915f-b62d-4f94-a3c6-ec5ac6be787b tempest-ExternalNetworksTestJSON-1123036590 tempest-ExternalNetworksTestJSON-1123036590-project-admin] 10.222.0.17 "GET /v2.0/floatingips?floating_network_id=1b808f89-a3e2-41ee-8ad1-793e2d7b8db9 HTTP/1.1" status: 200 len: 690 time: 0.1410816
Jul 15 08:26:02.773378 dv-neutron-840416-15-hyperv neutron-server[104596]: DEBUG neutron.db.l3_dvr_db [None req-5c53f0f8-f982-4b59-b61f-ee37d4b85c52 None None] Set router cfdedee0-bf8d-4177-93ec-32f089a37c13 gateway port host: dv-neutron-840416-15-hyperv {{(pid=104596) _build_routers_list /opt/stack/neutron/neutron/db/l3_dvr_db.py:907}}
Jul 15 08:26:02.778212 dv-neutron-840416-15-hyperv neutron-server[104594]: DEBUG neutron_lib.callbacks.manager [None req-8e2d809f-dbd7-4b3b-964f-ff7d484ea607 tempest-ServerActionsTestJSON-716494841 tempest-ServerActionsTestJSON-716494841-project] Publish callbacks [] for security_group (None), before_response {{(pid=104594) _notify_loop /usr/local/lib/python3.8/dist-packages/neutron_lib/callbacks/manager.py:176}}
Jul 15 08:26:02.780509 dv-neutron-840416-15-hyperv neutron-server[104594]: INFO neutron.wsgi [None req-8e2d809f-dbd7-4b3b-964f-ff7d484ea607 tempest-ServerActionsTestJSON-716494841 tempest-ServerActionsTestJSON-716494841-project] 10.222.0.17 "POST /v2.0/security-groups HTTP/1.1" status: 201 len: 1794 time: 1.0601156
Jul 15 08:26:02.782749 dv-neutron-840416-15-hyperv neutron-server[104594]: DEBUG neutron.wsgi [-] (104594) accepted ('10.222.0.17', 37126) {{(pid=104594) server /usr/local/lib/python3.8/dist-packages/eventlet/wsgi.py:1004}}
Jul 15 08:26:02.783624 dv-neutron-840416-15-hyperv neutron-server[104594]: DEBUG neutron.wsgi [-] (104594) accepted ('10.222.0.17', 37128) {{(pid=104594) server /usr/local/lib/python3.8/dist-packages/eventlet/wsgi.py:1004}}
Jul 15 08:26:02.805013 dv-neutron-840416-15-hyperv neutron-server[104594]: DEBUG neutron.api.v2.base [None req-ada88a30-70ea-4919-9565-289596112967 tempest-ServerActionsTestJSON-716494841 tempest-ServerActionsTestJSON-716494841-project] Request body: {'security_group_rule': {'security_group_id': '98f40099-f08e-4c00-8756-d7687324d67d', 'protocol': 'tcp', 'ethertype': 'IPv4', 'port_range_min': 22, 'port_range_max': 22, 'direction': 'ingress'}} {{(pid=104594) prepare_request_body /opt/stack/neutron/neutron/api/v2/base.py:730}}
Jul 15 08:26:02.830997 dv-neutron-840416-15-hyperv neutron-server[104593]: DEBUG neutron.api.rpc.handlers.resources_rpc [None req-4b1c16ae-f851-4e41-a9a4-1c7fc37c08f1 admin admin] Pushing event updated for resources: {'SecurityGroup': ['ID=4ef9bbef-7b7c-4bf1-9b67-fb0529bca6f1,revision_number=1']} {{(pid=104593) push /opt/stack/neutron/neutron/api/rpc/handlers/resources_rpc.py:237}}
Jul 15 08:26:02.840415 dv-neutron-840416-15-hyperv neutron-server[104595]: DEBUG neutron.plugins.ml2.db [None req-0b92208e-ab36-4027-9710-b9726ac4f118 None None] For port e83c649a-f652-4113-9f6e-e35343154e53, host dv-neutron-840416-15-hyperv, cleared binding levels {{(pid=104595) clear_binding_levels /opt/stack/neutron/neutron/plugins/ml2/db.py:87}}
Jul 15 08:26:02.847018 dv-neutron-840416-15-hyperv neutron-server[104595]: DEBUG neutron.plugins.ml2.db [None req-0b92208e-ab36-4027-9710-b9726ac4f118 None None] For port e83c649a-f652-4113-9f6e-e35343154e53, host dv-neutron-840416-15-hyperv, set binding levels [PortBindingLevel(driver='openvswitch',host='dv-neutron-840416-15-hyperv',level=0,port_id=e83c649a-f652-4113-9f6e-e35343154e53,segment=NetworkSegment(573370a6-bbbf-40e2-88e9-d8c578a9c51b),segment_id=573370a6-bbbf-40e2-88e9-d8c578a9c51b)] {{(pid=104595) set_binding_levels /opt/stack/neutron/neutron/plugins/ml2/db.py:59}}
Jul 15 08:26:02.847669 dv-neutron-840416-15-hyperv neutron-server[104593]: DEBUG neutron.plugins.ml2.drivers.mech_agent [None req-6a36326b-6951-4520-a3e7-e76020f31c96 tempest-PortsAdminExtendedAttrsIpV6TestJSON-335378028 tempest-PortsAdminExtendedAttrsIpV6TestJSON-335378028-project-admin] Port 81e32bab-65f2-4ec7-9087-40a3bd792e40 on network cc23d12f-915e-4a2f-a067-1bd76a077b4b not bound, no agent of type Open vSwitch agent registered on host hv-neutron-8404 {{(pid=104593) bind_port /opt/stack/neutron/neutron/plugins/ml2/drivers/mech_agent.py:103}}
Jul 15 08:26:02.848209 dv-neutron-840416-15-hyperv neutron-server[104593]: ERROR neutron.plugins.ml2.managers [None req-6a36326b-6951-4520-a3e7-e76020f31c96 tempest-PortsAdminExtendedAttrsIpV6TestJSON-335378028 tempest-PortsAdminExtendedAttrsIpV6TestJSON-335378028-project-admin] Failed to bind port 81e32bab-65f2-4ec7-9087-40a3bd792e40 on host hv-neutron-8404 for vnic_type normal using segments [{'id': '6838fa8d-d691-40ef-982a-f9316c048fbd', 'network_type': 'vlan', 'physical_network': 'physnet1', 'segmentation_id': 222, 'network_id': 'cc23d12f-915e-4a2f-a067-1bd76a077b4b'}]
Jul 15 08:26:02.853708 dv-neutron-840416-15-hyperv neutron-server[104593]: INFO neutron.wsgi [None req-4b1c16ae-f851-4e41-a9a4-1c7fc37c08f1 admin admin] 10.222.0.17 "GET /v2.0/security-groups?tenant_id=0d6757f9cd92434c84fa7ff35dc3280d&name=default HTTP/1.1" status: 200 len: 2996 time: 0.3812068
Jul 15 08:26:02.854349 dv-neutron-840416-15-hyperv neutron-server[104593]: INFO neutron.plugins.ml2.plugin [None req-6a36326b-6951-4520-a3e7-e76020f31c96 tempest-PortsAdminExtendedAttrsIpV6TestJSON-335378028 tempest-PortsAdminExtendedAttrsIpV6TestJSON-335378028-project-admin] Attempt 8 to bind port 81e32bab-65f2-4ec7-9087-40a3bd792e40
Jul 15 08:26:02.861398 dv-neutron-840416-15-hyperv neutron-server[104593]: DEBUG neutron.wsgi [-] (104593) accepted ('10.222.0.17', 37130) {{(pid=104593) server /usr/local/lib/python3.8/dist-packages/eventlet/wsgi.py:1004}}
Jul 15 08:26:02.864064 dv-neutron-840416-15-hyperv neutron-server[104595]: DEBUG neutron_lib.callbacks.manager [None req-0b92208e-ab36-4027-9710-b9726ac4f118 None None] Publish callbacks ['neutron.plugins.ml2.plugin.SecurityGroupServerNotifierRpcMixin._notify_sg_on_port_change-3599104', 'neutron.plugins.ml2.ovo_rpc._ObjectChangeHandler.handle_event-4184340', 'neutron.api.rpc.agentnotifiers.dhcp_rpc_agent_api.DhcpAgentNotifyAPI._native_event_send_dhcp_notification-3738058', 'neutron.db.l3_db.L3RpcNotifierMixin._notify_gateway_port_ip_changed-8755024514789', 'neutron.db.l3_dvrscheduler_db._notify_l3_agent_port_update-8755024053261', 'neutron.db.l3_hascheduler_db._notify_l3_agent_ha_port_update-8755024053279'] for port (e83c649a-f652-4113-9f6e-e35343154e53), after_update {{(pid=104595) _notify_loop /usr/local/lib/python3.8/dist-packages/neutron_lib/callbacks/manager.py:176}}
Jul 15 08:26:02.909407 dv-neutron-840416-15-hyperv neutron-server[104594]: DEBUG neutron_lib.callbacks.manager [None req-ada88a30-70ea-4919-9565-289596112967 tempest-ServerActionsTestJSON-716494841 tempest-ServerActionsTestJSON-716494841-project] Publish callbacks [] for security_group_rule (8c10aecb-8ccc-4d02-927d-9ad82712c9ce), before_create {{(pid=104594) _notify_loop /usr/local/lib/python3.8/dist-packages/neutron_lib/callbacks/manager.py:176}}
Jul 15 08:26:02.931463 dv-neutron-840416-15-hyperv neutron-server[104593]: DEBUG dbcounter [-] [104593] Writing DB stats neutron:SELECT=87,neutron:DELETE=1,neutron:INSERT=11,neutron:UPDATE=1 {{(pid=104593) stat_writer /usr/local/lib/python3.8/dist-packages/dbcounter.py:114}}
Jul 15 08:26:02.945568 dv-neutron-840416-15-hyperv neutron-server[104595]: DEBUG neutron.db.l3_dvrscheduler_db [None req-0b92208e-ab36-4027-9710-b9726ac4f118 None None] Routers {'52effa05-a7d2-4669-9c95-4170e6fe29d4'} bound to L3 agent in host dv-neutron-840416-15-hyperv {{(pid=104595) _get_router_ids_for_agent /opt/stack/neutron/neutron/db/l3_dvrscheduler_db.py:426}}
Jul 15 08:26:02.946481 dv-neutron-840416-15-hyperv neutron-server[104595]: DEBUG neutron.db.l3_hamode_db [None req-0b92208e-ab36-4027-9710-b9726ac4f118 None None] neutron.services.l3_router.l3_router_plugin.L3RouterPlugin method get_ha_sync_data_for_host called with arguments (, 'dv-neutron-840416-15-hyperv', Agent(admin_state_up=True,agent_type='L3 agent',availability_zone='nova',binary='neutron-l3-agent',configurations={"agent_mode": "legacy", "ex_gw_ports": 1, "extensions": [], "floating_ips": 0, "handle_internal_only_routers": true, "interface_driver": "openvswitch", "interfaces": 1, "log_agent_heartbeats": false, "routers": 1},created_at=2022-07-15T08:17:46Z,description=,heartbeat_timestamp=2022-07-15T08:25:47Z,host='dv-neutron-840416-15-hyperv',id=ce43b257-1701-4859-b2d6-4addfd15c856,load=0,resource_versions=,resources_synced=,started_at=2022-07-15T08:17:46Z,topic='l3_agent')) {'router_ids': ['52effa05-a7d2-4669-9c95-4170e6fe29d4'], 'active': True} {{(pid=104595) wrapper /usr/local/lib/python3.8/dist-packages/oslo_log/helpers.py:65}}
Jul 15 08:26:02.973335 dv-neutron-840416-15-hyperv neutron-server[104594]: DEBUG neutron.api.rpc.handlers.resources_rpc [None req-8e2d809f-dbd7-4b3b-964f-ff7d484ea607 tempest-ServerActionsTestJSON-716494841 tempest-ServerActionsTestJSON-716494841-project] Pushing event updated for resources: {'SecurityGroup': ['ID=98f40099-f08e-4c00-8756-d7687324d67d,revision_number=1']} {{(pid=104594) push /opt/stack/neutron/neutron/api/rpc/handlers/resources_rpc.py:237}}
Jul 15 08:26:02.989907 dv-neutron-840416-15-hyperv neutron-server[104595]: DEBUG dbcounter [-] [104595] Writing DB stats neutron:SELECT=96,neutron:UPDATE=4 {{(pid=104595) stat_writer /usr/local/lib/python3.8/dist-packages/dbcounter.py:114}}
Jul 15 08:26:03.015186 dv-neutron-840416-15-hyperv neutron-server[104595]: DEBUG neutron.api.rpc.handlers.resources_rpc [None req-51257b91-413f-477c-9cb2-0528efa83f25 None None] Pushing event updated for resources: {'Port': ['ID=e83c649a-f652-4113-9f6e-e35343154e53,revision_number=4']} {{(pid=104595) push /opt/stack/neutron/neutron/api/rpc/handlers/resources_rpc.py:237}}
Jul 15 08:26:03.039267 dv-neutron-840416-15-hyperv neutron-server[104595]: DEBUG neutron.db.provisioning_blocks [None req-a645b929-0f8b-4f38-a480-411948e2bf8c None None] Provisioning complete for port e83c649a-f652-4113-9f6e-e35343154e53 triggered by entity DHCP. {{(pid=104595) provisioning_complete /opt/stack/neutron/neutron/db/provisioning_blocks.py:145}}
Jul 15 08:26:03.040049 dv-neutron-840416-15-hyperv neutron-server[104595]: DEBUG neutron_lib.callbacks.manager [None req-a645b929-0f8b-4f38-a480-411948e2bf8c None None] Publish callbacks ['neutron.plugins.ml2.plugin.Ml2Plugin._port_provisioned-3667661'] for port (e83c649a-f652-4113-9f6e-e35343154e53), provisioning_complete {{(pid=104595) _notify_loop /usr/local/lib/python3.8/dist-packages/neutron_lib/callbacks/manager.py:176}}
Jul 15 08:26:03.076365 dv-neutron-840416-15-hyperv neutron-server[104596]: DEBUG dbcounter [-] [104596] Writing DB stats neutron:SELECT=99,neutron:UPDATE=1 {{(pid=104596) stat_writer /usr/local/lib/python3.8/dist-packages/dbcounter.py:114}}
Jul 15 08:26:03.114240 dv-neutron-840416-15-hyperv neutron-server[104594]: DEBUG neutron.wsgi [-] (104594) accepted ('10.222.0.17', 37132) {{(pid=104594) server /usr/local/lib/python3.8/dist-packages/eventlet/wsgi.py:1004}}
