Jul 20 21:17:53.977942 dv-neutron-840415-20-hyperv neutron-server[105069]: DEBUG neutron_lib.callbacks.manager [None req-9ce6f7a7-5b65-4da7-9b7d-5308f59edd87 None None] Publish callbacks ['neutron.services.segments.db._update_segment_host_mapping_for_agent-8727430717745', 'neutron.plugins.ml2.plugin.Ml2Plugin._retry_binding_revived_agents-1669323'] for agent (26e52b55-4bab-4c13-a897-84d3e0348fc4), after_update {{(pid=105069) _notify_loop /usr/local/lib/python3.8/dist-packages/neutron_lib/callbacks/manager.py:176}}
Jul 20 21:17:53.985585 dv-neutron-840415-20-hyperv neutron-server[105068]: DEBUG neutron_lib.callbacks.manager [None req-b1fd841a-c37b-4888-a120-0d3061cdf134 admin admin] Publish callbacks ['neutron.plugins.ml2.plugin.SecurityGroupServerNotifierRpcMixin._notify_sg_on_port_change-1503155', 'neutron.plugins.ml2.ovo_rpc._ObjectChangeHandler.handle_event-984585', 'neutron.api.rpc.agentnotifiers.dhcp_rpc_agent_api.DhcpAgentNotifyAPI._native_event_send_dhcp_notification-593399', 'neutron.db.l3_dvrscheduler_db._notify_l3_agent_new_port-8727430251246'] for port (2daf6329-7b83-4aa9-9122-eee45db16f4c), after_create {{(pid=105068) _notify_loop /usr/local/lib/python3.8/dist-packages/neutron_lib/callbacks/manager.py:176}}
Jul 20 21:17:53.988263 dv-neutron-840415-20-hyperv neutron-server[105068]: DEBUG neutron.api.rpc.handlers.resources_rpc [None req-e14941a4-4ddf-4cd9-9b98-325e5810d1df admin admin] Pushing event deleted for resources: {'SecurityGroup': ['ID=8abb3d53-10d8-4eed-9312-7d0f6c9a558f,revision_number=None']} {{(pid=105068) push /opt/stack/neutron/neutron/api/rpc/handlers/resources_rpc.py:237}}
Jul 20 21:17:53.990237 dv-neutron-840415-20-hyperv neutron-server[105067]: DEBUG neutron.services.segments.db [None req-4d3dcf9c-c18e-47e3-ae7e-39246df24bb3 tempest-ExternalNetworksTestJSON-1799889014 tempest-ExternalNetworksTestJSON-1799889014-project-admin] neutron.services.segments.plugin.Plugin method delete_segment called with arguments (, '6bcdad02-6d8d-4c44-9512-2bd21e4831f6') {'for_net_delete': True} {{(pid=105067) wrapper /usr/local/lib/python3.8/dist-packages/oslo_log/helpers.py:65}}
Jul 20 21:17:53.990542 dv-neutron-840415-20-hyperv neutron-server[105067]: DEBUG neutron.services.segments.db [None req-4d3dcf9c-c18e-47e3-ae7e-39246df24bb3 tempest-ExternalNetworksTestJSON-1799889014 tempest-ExternalNetworksTestJSON-1799889014-project-admin] neutron.services.segments.plugin.Plugin method get_segment called with arguments (, '6bcdad02-6d8d-4c44-9512-2bd21e4831f6') {} {{(pid=105067) wrapper /usr/local/lib/python3.8/dist-packages/oslo_log/helpers.py:65}}
Jul 20 21:17:54.034944 dv-neutron-840415-20-hyperv neutron-server[105067]: DEBUG neutron_lib.callbacks.manager [None req-4d3dcf9c-c18e-47e3-ae7e-39246df24bb3 tempest-ExternalNetworksTestJSON-1799889014 tempest-ExternalNetworksTestJSON-1799889014-project-admin] Publish callbacks ['neutron.plugins.ml2.db._prevent_segment_delete_with_port_bound-8727430719052', 'neutron.services.segments.plugin.Plugin._prevent_segment_delete_with_subnet_associated-26427320'] for segment (6bcdad02-6d8d-4c44-9512-2bd21e4831f6), before_delete {{(pid=105067) _notify_loop /usr/local/lib/python3.8/dist-packages/neutron_lib/callbacks/manager.py:176}}
Jul 20 21:17:54.049327 dv-neutron-840415-20-hyperv neutron-server[105067]: DEBUG neutron_lib.callbacks.manager [None req-8432bb23-1973-4411-929a-89730599c439 admin admin] Publish callbacks [] for port (34a30cf4-0fe8-4588-90a5-747170175a59), precommit_update {{(pid=105067) _notify_loop /usr/local/lib/python3.8/dist-packages/neutron_lib/callbacks/manager.py:176}}
Jul 20 21:17:54.069272 dv-neutron-840415-20-hyperv neutron-server[105068]: DEBUG neutron.api.rpc.handlers.resources_rpc [None req-b1fd841a-c37b-4888-a120-0d3061cdf134 admin admin] Pushing event updated for resources: {'Port': ['ID=2daf6329-7b83-4aa9-9122-eee45db16f4c,revision_number=1']} {{(pid=105068) push /opt/stack/neutron/neutron/api/rpc/handlers/resources_rpc.py:237}}
Jul 20 21:17:54.071772 dv-neutron-840415-20-hyperv neutron-server[105068]: DEBUG neutron.plugins.ml2.managers [None req-45ea24c7-0f9f-446f-b974-e9a669e350cc tempest-PortsAdminExtendedAttrsIpV6TestJSON-1447237405 tempest-PortsAdminExtendedAttrsIpV6TestJSON-1447237405-project-admin] Attempting to bind port 43ed45e2-5e2a-4a78-a50c-f93495d78baa on host hv-neutron-8404 for vnic_type normal with profile {{(pid=105068) bind_port /opt/stack/neutron/neutron/plugins/ml2/managers.py:810}}
Jul 20 21:17:54.072011 dv-neutron-840415-20-hyperv neutron-server[105068]: DEBUG neutron.plugins.ml2.managers [None req-45ea24c7-0f9f-446f-b974-e9a669e350cc tempest-PortsAdminExtendedAttrsIpV6TestJSON-1447237405 tempest-PortsAdminExtendedAttrsIpV6TestJSON-1447237405-project-admin] Attempting to bind port 43ed45e2-5e2a-4a78-a50c-f93495d78baa by drivers openvswitch,hyperv on host hv-neutron-8404 at level 0 using segments [{'id': '7a3425e9-677a-4952-b506-99894a0280bc', 'network_type': 'vlan', 'physical_network': 'physnet1', 'segmentation_id': 166, 'network_id': 'fede8f0c-06d6-4ef6-bc7b-39868b11ff84'}] {{(pid=105068) _bind_port_level /opt/stack/neutron/neutron/plugins/ml2/managers.py:835}}
Jul 20 21:17:54.072342 dv-neutron-840415-20-hyperv neutron-server[105068]: DEBUG neutron.plugins.ml2.drivers.mech_agent [None req-45ea24c7-0f9f-446f-b974-e9a669e350cc tempest-PortsAdminExtendedAttrsIpV6TestJSON-1447237405 tempest-PortsAdminExtendedAttrsIpV6TestJSON-1447237405-project-admin] Attempting to bind port 43ed45e2-5e2a-4a78-a50c-f93495d78baa on network fede8f0c-06d6-4ef6-bc7b-39868b11ff84 {{(pid=105068) bind_port /opt/stack/neutron/neutron/plugins/ml2/drivers/mech_agent.py:91}}
Jul 20 21:17:54.084402 dv-neutron-840415-20-hyperv neutron-server[105069]: DEBUG neutron_lib.callbacks.manager [None req-db55afd3-a4c5-4f80-b988-3797b5e95e1e None None] Publish callbacks ['neutron.services.segments.db._update_segment_host_mapping_for_agent-8727430717745', 'neutron.plugins.ml2.plugin.Ml2Plugin._retry_binding_revived_agents-1669323'] for agent (de6cb868-23c9-4c78-94ec-4dbca3bbc566), after_update {{(pid=105069) _notify_loop /usr/local/lib/python3.8/dist-packages/neutron_lib/callbacks/manager.py:176}}
Jul 20 21:17:54.092050 dv-neutron-840415-20-hyperv neutron-server[105067]: DEBUG neutron_lib.callbacks.manager [None req-46b783ea-2edc-4c01-aa40-357132325d89 tempest-RoutersTestDVR-195252062 tempest-RoutersTestDVR-195252062-project-admin] Publish callbacks ['neutron.services.l3_router.l3_router_plugin.L3_HA_NAT_db_mixin._before_router_create_handler-519508', 'neutron.services.l3_router.service_providers.driver_controller.DriverController._check_router_request-722'] for router (f191ae98-7c92-464c-b19b-aec19edeb8e1), before_create {{(pid=105067) _notify_loop /usr/local/lib/python3.8/dist-packages/neutron_lib/callbacks/manager.py:176}}
Jul 20 21:17:54.093224 dv-neutron-840415-20-hyperv neutron-server[105067]: DEBUG neutron_lib.callbacks.manager [None req-46b783ea-2edc-4c01-aa40-357132325d89 tempest-RoutersTestDVR-195252062 tempest-RoutersTestDVR-195252062-project-admin] Publish callbacks ['neutron.services.l3_router.l3_router_plugin.L3_HA_NAT_db_mixin._precommit_router_create-519616', 'neutron.services.l3_router.l3_router_plugin.DVRResourceOperationHandler._set_distributed_flag-524197', 'neutron.services.l3_router.l3_router_plugin.RouterAvailabilityZoneMixin._process_az_request-544670', 'neutron.services.l3_router.service_providers.driver_controller.DriverController._set_router_provider-741'] for router (f191ae98-7c92-464c-b19b-aec19edeb8e1), precommit_create {{(pid=105067) _notify_loop /usr/local/lib/python3.8/dist-packages/neutron_lib/callbacks/manager.py:176}}
Jul 20 21:17:54.096777 dv-neutron-840415-20-hyperv neutron-server[105067]: DEBUG neutron_lib.callbacks.manager [None req-8432bb23-1973-4411-929a-89730599c439 admin admin] Publish callbacks ['neutron.plugins.ml2.plugin.SecurityGroupServerNotifierRpcMixin._notify_sg_on_port_change-1503155', 'neutron.plugins.ml2.ovo_rpc._ObjectChangeHandler.handle_event-984585', 'neutron.api.rpc.agentnotifiers.dhcp_rpc_agent_api.DhcpAgentNotifyAPI._native_event_send_dhcp_notification-593399', 'neutron.db.l3_db.L3RpcNotifierMixin._notify_gateway_port_ip_changed-8727430631181', 'neutron.db.l3_dvrscheduler_db._notify_l3_agent_port_update-8727430251524', 'neutron.db.l3_hascheduler_db._notify_l3_agent_ha_port_update-8727430251542', 'neutron.services.segments.plugin.NovaSegmentNotifier._notify_port_updated-26410164'] for port (34a30cf4-0fe8-4588-90a5-747170175a59), after_update {{(pid=105067) _notify_loop /usr/local/lib/python3.8/dist-packages/neutron_lib/callbacks/manager.py:176}}
Jul 20 21:17:54.112533 dv-neutron-840415-20-hyperv neutron-server[105067]: DEBUG neutron_lib.callbacks.manager [None req-4d3dcf9c-c18e-47e3-ae7e-39246df24bb3 tempest-ExternalNetworksTestJSON-1799889014 tempest-ExternalNetworksTestJSON-1799889014-project-admin] Publish callbacks ['neutron.plugins.ml2.plugin.Ml2Plugin._handle_segment_change-1561786'] for segment (6bcdad02-6d8d-4c44-9512-2bd21e4831f6), precommit_delete {{(pid=105067) _notify_loop /usr/local/lib/python3.8/dist-packages/neutron_lib/callbacks/manager.py:176}}
Jul 20 21:17:54.177574 dv-neutron-840415-20-hyperv neutron-server[105068]: DEBUG neutron.plugins.ml2.drivers.mech_agent [None req-45ea24c7-0f9f-446f-b974-e9a669e350cc tempest-PortsAdminExtendedAttrsIpV6TestJSON-1447237405 tempest-PortsAdminExtendedAttrsIpV6TestJSON-1447237405-project-admin] Port 43ed45e2-5e2a-4a78-a50c-f93495d78baa on network fede8f0c-06d6-4ef6-bc7b-39868b11ff84 not bound, no agent of type Open vSwitch agent registered on host hv-neutron-8404 {{(pid=105068) bind_port /opt/stack/neutron/neutron/plugins/ml2/drivers/mech_agent.py:103}}
Jul 20 21:17:54.177998 dv-neutron-840415-20-hyperv neutron-server[105068]: ERROR neutron.plugins.ml2.managers [None req-45ea24c7-0f9f-446f-b974-e9a669e350cc tempest-PortsAdminExtendedAttrsIpV6TestJSON-1447237405 tempest-PortsAdminExtendedAttrsIpV6TestJSON-1447237405-project-admin] Failed to bind port 43ed45e2-5e2a-4a78-a50c-f93495d78baa on host hv-neutron-8404 for vnic_type normal using segments [{'id': '7a3425e9-677a-4952-b506-99894a0280bc', 'network_type': 'vlan', 'physical_network': 'physnet1', 'segmentation_id': 166, 'network_id': 'fede8f0c-06d6-4ef6-bc7b-39868b11ff84'}]
Jul 20 21:17:54.181746 dv-neutron-840415-20-hyperv neutron-server[105068]: DEBUG neutron.scheduler.dhcp_agent_scheduler [None req-b1fd841a-c37b-4888-a120-0d3061cdf134 admin admin] Network 38a79c97-5d37-48e2-b590-a9c95a6d609d is already hosted by enough agents. {{(pid=105068) _get_dhcp_agents_hosting_network /opt/stack/neutron/neutron/scheduler/dhcp_agent_scheduler.py:275}}
Jul 20 21:17:54.184567 dv-neutron-840415-20-hyperv neutron-server[105068]: INFO neutron.plugins.ml2.plugin [None req-45ea24c7-0f9f-446f-b974-e9a669e350cc tempest-PortsAdminExtendedAttrsIpV6TestJSON-1447237405 tempest-PortsAdminExtendedAttrsIpV6TestJSON-1447237405-project-admin] Attempt 7 to bind port 43ed45e2-5e2a-4a78-a50c-f93495d78baa
Jul 20 21:17:54.198518 dv-neutron-840415-20-hyperv neutron-server[105068]: DEBUG dbcounter [-] [105068] Writing DB stats neutron:SELECT=91,neutron:INSERT=2,neutron:UPDATE=3,neutron:DELETE=4 {{(pid=105068) stat_writer /usr/local/lib/python3.8/dist-packages/dbcounter.py:114}}
Jul 20 21:17:54.205466 dv-neutron-840415-20-hyperv neutron-server[105068]: DEBUG neutron.plugins.ml2.managers [None req-45ea24c7-0f9f-446f-b974-e9a669e350cc tempest-PortsAdminExtendedAttrsIpV6TestJSON-1447237405 tempest-PortsAdminExtendedAttrsIpV6TestJSON-1447237405-project-admin] Attempting to bind port 43ed45e2-5e2a-4a78-a50c-f93495d78baa on host hv-neutron-8404 for vnic_type normal with profile {{(pid=105068) bind_port /opt/stack/neutron/neutron/plugins/ml2/managers.py:810}}
Jul 20 21:17:54.206024 dv-neutron-840415-20-hyperv neutron-server[105068]: DEBUG neutron.plugins.ml2.managers [None req-45ea24c7-0f9f-446f-b974-e9a669e350cc tempest-PortsAdminExtendedAttrsIpV6TestJSON-1447237405 tempest-PortsAdminExtendedAttrsIpV6TestJSON-1447237405-project-admin] Attempting to bind port 43ed45e2-5e2a-4a78-a50c-f93495d78baa by drivers openvswitch,hyperv on host hv-neutron-8404 at level 0 using segments [{'id': '7a3425e9-677a-4952-b506-99894a0280bc', 'network_type': 'vlan', 'physical_network': 'physnet1', 'segmentation_id': 166, 'network_id': 'fede8f0c-06d6-4ef6-bc7b-39868b11ff84'}] {{(pid=105068) _bind_port_level /opt/stack/neutron/neutron/plugins/ml2/managers.py:835}}
Jul 20 21:17:54.206617 dv-neutron-840415-20-hyperv neutron-server[105068]: DEBUG neutron.plugins.ml2.drivers.mech_agent [None req-45ea24c7-0f9f-446f-b974-e9a669e350cc tempest-PortsAdminExtendedAttrsIpV6TestJSON-1447237405 tempest-PortsAdminExtendedAttrsIpV6TestJSON-1447237405-project-admin] Attempting to bind port 43ed45e2-5e2a-4a78-a50c-f93495d78baa on network fede8f0c-06d6-4ef6-bc7b-39868b11ff84 {{(pid=105068) bind_port /opt/stack/neutron/neutron/plugins/ml2/drivers/mech_agent.py:91}}
Jul 20 21:17:54.213915 dv-neutron-840415-20-hyperv neutron-server[105067]: DEBUG neutron.plugins.ml2.drivers.type_vlan [None req-4d3dcf9c-c18e-47e3-ae7e-39246df24bb3 tempest-ExternalNetworksTestJSON-1799889014 tempest-ExternalNetworksTestJSON-1799889014-project-admin] Releasing vlan 159 on physical network physnet1 to pool {{(pid=105067) release_segment /opt/stack/neutron/neutron/plugins/ml2/drivers/type_vlan.py:304}}
Jul 20 21:17:54.215266 dv-neutron-840415-20-hyperv neutron-server[105067]: DEBUG neutron_lib.callbacks.manager [None req-4d3dcf9c-c18e-47e3-ae7e-39246df24bb3 tempest-ExternalNetworksTestJSON-1799889014 tempest-ExternalNetworksTestJSON-1799889014-project-admin] Publish callbacks ['neutron.plugins.ml2.plugin.Ml2Plugin._handle_segment_change-1561786', 'neutron.services.segments.plugin.NovaSegmentNotifier._notify_segment_deleted-26410192'] for segment (6bcdad02-6d8d-4c44-9512-2bd21e4831f6), after_delete {{(pid=105067) _notify_loop /usr/local/lib/python3.8/dist-packages/neutron_lib/callbacks/manager.py:176}}
Jul 20 21:17:54.215521 dv-neutron-840415-20-hyperv neutron-server[105068]: DEBUG neutron.scheduler.base_scheduler [None req-b1fd841a-c37b-4888-a120-0d3061cdf134 admin admin] Resources bound (agent type, host, resource id): {{(pid=105068) schedule /opt/stack/neutron/neutron/scheduler/base_scheduler.py:57}}
Jul 20 21:17:54.248785 dv-neutron-840415-20-hyperv neutron-server[105068]: DEBUG neutron.db.l3_dvrscheduler_db [None req-b1fd841a-c37b-4888-a120-0d3061cdf134 admin admin] Received port after_create {{(pid=105068) _notify_l3_agent_new_port /opt/stack/neutron/neutron/db/l3_dvrscheduler_db.py:542}}
Jul 20 21:17:54.249735 dv-neutron-840415-20-hyperv neutron-server[105068]: DEBUG neutron_lib.callbacks.manager [None req-b1fd841a-c37b-4888-a120-0d3061cdf134 admin admin] Publish callbacks ['neutron.services.l3_router.l3_router_plugin.DVRResourceOperationHandler._add_csnat_on_interface_create-396951'] for router_interface (3046d00f-a6c5-47dc-b902-977497232842), before_create {{(pid=105068) _notify_loop /usr/local/lib/python3.8/dist-packages/neutron_lib/callbacks/manager.py:176}}
Jul 20 21:17:54.339034 dv-neutron-840415-20-hyperv neutron-server[105068]: DEBUG neutron.plugins.ml2.plugin [None req-6f06c7ae-1cf0-4c9d-8152-e77b0d1690a4 tempest-ExternalNetworksAdminNegativeTestJSON-1758962335 tempest-ExternalNetworksAdminNegativeTestJSON-1758962335-project-admin] Deleting port 9cd9cf36-f4f0-4ea7-bf84-b875b2545a98 {{(pid=105068) _pre_delete_port /opt/stack/neutron/neutron/plugins/ml2/plugin.py:2037}}
Jul 20 21:17:54.339580 dv-neutron-840415-20-hyperv neutron-server[105068]: DEBUG neutron_lib.callbacks.manager [None req-6f06c7ae-1cf0-4c9d-8152-e77b0d1690a4 tempest-ExternalNetworksAdminNegativeTestJSON-1758962335 tempest-ExternalNetworksAdminNegativeTestJSON-1758962335-project-admin] Publish callbacks ['neutron.db.l3_db.L3_NAT_dbonly_mixin._prevent_l3_port_delete_callback-8727430752494'] for port (9cd9cf36-f4f0-4ea7-bf84-b875b2545a98), before_delete {{(pid=105068) _notify_loop /usr/local/lib/python3.8/dist-packages/neutron_lib/callbacks/manager.py:176}}
Jul 20 21:17:54.395496 dv-neutron-840415-20-hyperv neutron-server[105067]: DEBUG neutron_lib.callbacks.manager [None req-8432bb23-1973-4411-929a-89730599c439 admin admin] Publish callbacks ['neutron.api.rpc.agentnotifiers.dhcp_rpc_agent_api.DhcpAgentNotifyAPI._after_router_interface_created-602893', 'neutron.services.l3_router.l3_router_plugin.DVRResourceOperationHandler._update_snat_v6_addrs_after_intf_update-396015'] for router_interface (e19c3381-c33f-4c32-b81c-0ddb36c88a84), after_create {{(pid=105067) _notify_loop /usr/local/lib/python3.8/dist-packages/neutron_lib/callbacks/manager.py:176}}
Jul 20 21:17:54.417334 dv-neutron-840415-20-hyperv neutron-server[105067]: DEBUG dbcounter [-] [105067] Writing DB stats neutron:SELECT=86,neutron:UPDATE=5,neutron:INSERT=6,neutron:DELETE=3 {{(pid=105067) stat_writer /usr/local/lib/python3.8/dist-packages/dbcounter.py:114}}
Jul 20 21:17:54.448621 dv-neutron-840415-20-hyperv neutron-server[105068]: DEBUG neutron.plugins.ml2.drivers.mech_agent [None req-45ea24c7-0f9f-446f-b974-e9a669e350cc tempest-PortsAdminExtendedAttrsIpV6TestJSON-1447237405 tempest-PortsAdminExtendedAttrsIpV6TestJSON-1447237405-project-admin] Port 43ed45e2-5e2a-4a78-a50c-f93495d78baa on network fede8f0c-06d6-4ef6-bc7b-39868b11ff84 not bound, no agent of type Open vSwitch agent registered on host hv-neutron-8404 {{(pid=105068) bind_port /opt/stack/neutron/neutron/plugins/ml2/drivers/mech_agent.py:103}}
Jul 20 21:17:54.449201 dv-neutron-840415-20-hyperv neutron-server[105068]: ERROR neutron.plugins.ml2.managers [None req-45ea24c7-0f9f-446f-b974-e9a669e350cc tempest-PortsAdminExtendedAttrsIpV6TestJSON-1447237405 tempest-PortsAdminExtendedAttrsIpV6TestJSON-1447237405-project-admin] Failed to bind port 43ed45e2-5e2a-4a78-a50c-f93495d78baa on host hv-neutron-8404 for vnic_type normal using segments [{'id': '7a3425e9-677a-4952-b506-99894a0280bc', 'network_type': 'vlan', 'physical_network': 'physnet1', 'segmentation_id': 166, 'network_id': 'fede8f0c-06d6-4ef6-bc7b-39868b11ff84'}]
Jul 20 21:17:54.467283 dv-neutron-840415-20-hyperv neutron-server[105069]: DEBUG neutron.plugins.ml2.rpc [None req-db55afd3-a4c5-4f80-b988-3797b5e95e1e None None] Device 794fff76-2bbc-4b65-8a49-a87c42b7181f up at agent ovs-agent-dv-neutron-840415-20-hyperv {{(pid=105069) update_device_up /opt/stack/neutron/neutron/plugins/ml2/rpc.py:296}}
Jul 20 21:17:54.549569 dv-neutron-840415-20-hyperv neutron-server[105067]: DEBUG neutron.api.rpc.handlers.resources_rpc [None req-8432bb23-1973-4411-929a-89730599c439 admin admin] Pushing event updated for resources: {'Port': ['ID=34a30cf4-0fe8-4588-90a5-747170175a59,revision_number=2']} {{(pid=105067) push /opt/stack/neutron/neutron/api/rpc/handlers/resources_rpc.py:237}}
Jul 20 21:17:54.571005 dv-neutron-840415-20-hyperv neutron-server[105068]: INFO neutron.plugins.ml2.plugin [None req-45ea24c7-0f9f-446f-b974-e9a669e350cc tempest-PortsAdminExtendedAttrsIpV6TestJSON-1447237405 tempest-PortsAdminExtendedAttrsIpV6TestJSON-1447237405-project-admin] Attempt 8 to bind port 43ed45e2-5e2a-4a78-a50c-f93495d78baa
Jul 20 21:17:54.593656 dv-neutron-840415-20-hyperv neutron-server[105069]: DEBUG dbcounter [-] [105069] Writing DB stats neutron:SELECT=96,neutron:UPDATE=4 {{(pid=105069) stat_writer /usr/local/lib/python3.8/dist-packages/dbcounter.py:114}}
Jul 20 21:17:54.621981 dv-neutron-840415-20-hyperv neutron-server[105069]: DEBUG neutron.db.provisioning_blocks [None req-db55afd3-a4c5-4f80-b988-3797b5e95e1e None None] Provisioning complete for port 794fff76-2bbc-4b65-8a49-a87c42b7181f triggered by entity L2. {{(pid=105069) provisioning_complete /opt/stack/neutron/neutron/db/provisioning_blocks.py:145}}
Jul 20 21:17:54.623722 dv-neutron-840415-20-hyperv neutron-server[105069]: DEBUG neutron_lib.callbacks.manager [None req-db55afd3-a4c5-4f80-b988-3797b5e95e1e None None] Publish callbacks ['neutron.plugins.ml2.plugin.Ml2Plugin._port_provisioned-1669281'] for port (794fff76-2bbc-4b65-8a49-a87c42b7181f), provisioning_complete {{(pid=105069) _notify_loop /usr/local/lib/python3.8/dist-packages/neutron_lib/callbacks/manager.py:176}}
Jul 20 21:17:54.624342 dv-neutron-840415-20-hyperv neutron-server[105068]: DEBUG neutron.plugins.ml2.managers [None req-45ea24c7-0f9f-446f-b974-e9a669e350cc tempest-PortsAdminExtendedAttrsIpV6TestJSON-1447237405 tempest-PortsAdminExtendedAttrsIpV6TestJSON-1447237405-project-admin] Attempting to bind port 43ed45e2-5e2a-4a78-a50c-f93495d78baa on host hv-neutron-8404 for vnic_type normal with profile {{(pid=105068) bind_port /opt/stack/neutron/neutron/plugins/ml2/managers.py:810}}
Jul 20 21:17:54.624678 dv-neutron-840415-20-hyperv neutron-server[105068]: DEBUG neutron.plugins.ml2.managers [None req-45ea24c7-0f9f-446f-b974-e9a669e350cc tempest-PortsAdminExtendedAttrsIpV6TestJSON-1447237405 tempest-PortsAdminExtendedAttrsIpV6TestJSON-1447237405-project-admin] Attempting to bind port 43ed45e2-5e2a-4a78-a50c-f93495d78baa by drivers openvswitch,hyperv on host hv-neutron-8404 at level 0 using segments [{'id': '7a3425e9-677a-4952-b506-99894a0280bc', 'network_type': 'vlan', 'physical_network': 'physnet1', 'segmentation_id': 166, 'network_id': 'fede8f0c-06d6-4ef6-bc7b-39868b11ff84'}] {{(pid=105068) _bind_port_level /opt/stack/neutron/neutron/plugins/ml2/managers.py:835}}
Jul 20 21:17:54.627571 dv-neutron-840415-20-hyperv neutron-server[105068]: DEBUG neutron.plugins.ml2.drivers.mech_agent [None req-45ea24c7-0f9f-446f-b974-e9a669e350cc tempest-PortsAdminExtendedAttrsIpV6TestJSON-1447237405 tempest-PortsAdminExtendedAttrsIpV6TestJSON-1447237405-project-admin] Attempting to bind port 43ed45e2-5e2a-4a78-a50c-f93495d78baa on network fede8f0c-06d6-4ef6-bc7b-39868b11ff84 {{(pid=105068) bind_port /opt/stack/neutron/neutron/plugins/ml2/drivers/mech_agent.py:91}}
Jul 20 21:17:54.683289 dv-neutron-840415-20-hyperv neutron-server[105068]: DEBUG neutron.plugins.ml2.drivers.mech_agent [None req-45ea24c7-0f9f-446f-b974-e9a669e350cc tempest-PortsAdminExtendedAttrsIpV6TestJSON-1447237405 tempest-PortsAdminExtendedAttrsIpV6TestJSON-1447237405-project-admin] Port 43ed45e2-5e2a-4a78-a50c-f93495d78baa on network fede8f0c-06d6-4ef6-bc7b-39868b11ff84 not bound, no agent of type Open vSwitch agent registered on host hv-neutron-8404 {{(pid=105068) bind_port /opt/stack/neutron/neutron/plugins/ml2/drivers/mech_agent.py:103}}
Jul 20 21:17:54.683616 dv-neutron-840415-20-hyperv neutron-server[105068]: ERROR neutron.plugins.ml2.managers [None req-45ea24c7-0f9f-446f-b974-e9a669e350cc tempest-PortsAdminExtendedAttrsIpV6TestJSON-1447237405 tempest-PortsAdminExtendedAttrsIpV6TestJSON-1447237405-project-admin] Failed to bind port 43ed45e2-5e2a-4a78-a50c-f93495d78baa on host hv-neutron-8404 for vnic_type normal using segments [{'id': '7a3425e9-677a-4952-b506-99894a0280bc', 'network_type': 'vlan', 'physical_network': 'physnet1', 'segmentation_id': 166, 'network_id': 'fede8f0c-06d6-4ef6-bc7b-39868b11ff84'}]
Jul 20 21:17:54.687924 dv-neutron-840415-20-hyperv neutron-server[105068]: INFO neutron.plugins.ml2.plugin [None req-45ea24c7-0f9f-446f-b974-e9a669e350cc tempest-PortsAdminExtendedAttrsIpV6TestJSON-1447237405 tempest-PortsAdminExtendedAttrsIpV6TestJSON-1447237405-project-admin] Attempt 9 to bind port 43ed45e2-5e2a-4a78-a50c-f93495d78baa
Jul 20 21:17:54.716671 dv-neutron-840415-20-hyperv neutron-server[105067]: DEBUG neutron_lib.callbacks.manager [None req-4d3dcf9c-c18e-47e3-ae7e-39246df24bb3 tempest-ExternalNetworksTestJSON-1799889014 tempest-ExternalNetworksTestJSON-1799889014-project-admin] Publish callbacks ['neutron.plugins.ml2.plugin.Ml2Plugin._network_delete_after_delete_handler-1668099', 'neutron.plugins.ml2.ovo_rpc._ObjectChangeHandler.handle_event-541452', 'neutron.api.rpc.agentnotifiers.dhcp_rpc_agent_api.DhcpAgentNotifyAPI._native_event_send_dhcp_notification-593399', 'neutron.services.l3_router.l3_router_plugin.DVRResourceOperationHandler.delete_fip_namespaces_for_ext_net-520651'] for network (e8757106-7f3b-4bf6-aece-c921fd0b2e46), after_delete {{(pid=105067) _notify_loop /usr/local/lib/python3.8/dist-packages/neutron_lib/callbacks/manager.py:176}}
Jul 20 21:17:54.724041 dv-neutron-840415-20-hyperv neutron-server[105068]: DEBUG neutron_lib.callbacks.manager [None req-6f06c7ae-1cf0-4c9d-8152-e77b0d1690a4 tempest-ExternalNetworksAdminNegativeTestJSON-1758962335 tempest-ExternalNetworksAdminNegativeTestJSON-1758962335-project-admin] Publish callbacks ['neutron.services.l3_router.l3_router_plugin.L3_NAT_dbonly_mixin._precommit_delete_port_callback-524190'] for port (9cd9cf36-f4f0-4ea7-bf84-b875b2545a98), precommit_delete {{(pid=105068) _notify_loop /usr/local/lib/python3.8/dist-packages/neutron_lib/callbacks/manager.py:176}}
Jul 20 21:17:54.724366 dv-neutron-840415-20-hyperv neutron-server[105068]: DEBUG neutron_lib.callbacks.manager [None req-6f06c7ae-1cf0-4c9d-8152-e77b0d1690a4 tempest-ExternalNetworksAdminNegativeTestJSON-1758962335 tempest-ExternalNetworksAdminNegativeTestJSON-1758962335-project-admin] Publish callbacks [] for floatingip (9cd9cf36-f4f0-4ea7-bf84-b875b2545a98), precommit_delete {{(pid=105068) _notify_loop /usr/local/lib/python3.8/dist-packages/neutron_lib/callbacks/manager.py:176}}
Jul 20 21:17:54.760927 dv-neutron-840415-20-hyperv neutron-server[105068]: DEBUG neutron.plugins.ml2.managers [None req-45ea24c7-0f9f-446f-b974-e9a669e350cc tempest-PortsAdminExtendedAttrsIpV6TestJSON-1447237405 tempest-PortsAdminExtendedAttrsIpV6TestJSON-1447237405-project-admin] Attempting to bind port 43ed45e2-5e2a-4a78-a50c-f93495d78baa on host hv-neutron-8404 for vnic_type normal with profile {{(pid=105068) bind_port /opt/stack/neutron/neutron/plugins/ml2/managers.py:810}}
Jul 20 21:17:54.761308 dv-neutron-840415-20-hyperv neutron-server[105068]: DEBUG neutron.plugins.ml2.managers [None req-45ea24c7-0f9f-446f-b974-e9a669e350cc tempest-PortsAdminExtendedAttrsIpV6TestJSON-1447237405 tempest-PortsAdminExtendedAttrsIpV6TestJSON-1447237405-project-admin] Attempting to bind port 43ed45e2-5e2a-4a78-a50c-f93495d78baa by drivers openvswitch,hyperv on host hv-neutron-8404 at level 0 using segments [{'id': '7a3425e9-677a-4952-b506-99894a0280bc', 'network_type': 'vlan', 'physical_network': 'physnet1', 'segmentation_id': 166, 'network_id': 'fede8f0c-06d6-4ef6-bc7b-39868b11ff84'}] {{(pid=105068) _bind_port_level /opt/stack/neutron/neutron/plugins/ml2/managers.py:835}}
Jul 20 21:17:54.761663 dv-neutron-840415-20-hyperv neutron-server[105068]: DEBUG neutron.plugins.ml2.drivers.mech_agent [None req-45ea24c7-0f9f-446f-b974-e9a669e350cc tempest-PortsAdminExtendedAttrsIpV6TestJSON-1447237405 tempest-PortsAdminExtendedAttrsIpV6TestJSON-1447237405-project-admin] Attempting to bind port 43ed45e2-5e2a-4a78-a50c-f93495d78baa on network fede8f0c-06d6-4ef6-bc7b-39868b11ff84 {{(pid=105068) bind_port /opt/stack/neutron/neutron/plugins/ml2/drivers/mech_agent.py:91}}
Jul 20 21:17:54.787179 dv-neutron-840415-20-hyperv neutron-server[105068]: DEBUG neutron.plugins.ml2.plugin [None req-6f06c7ae-1cf0-4c9d-8152-e77b0d1690a4 tempest-ExternalNetworksAdminNegativeTestJSON-1758962335 tempest-ExternalNetworksAdminNegativeTestJSON-1758962335-project-admin] Calling delete_port for 9cd9cf36-f4f0-4ea7-bf84-b875b2545a98 owned by network:floatingip {{(pid=105068) delete_port /opt/stack/neutron/neutron/plugins/ml2/plugin.py:2116}}
Jul 20 21:17:54.790538 dv-neutron-840415-20-hyperv neutron-server[105067]: DEBUG neutron.api.rpc.agentnotifiers.l3_rpc_agent_api [None req-4d3dcf9c-c18e-47e3-ae7e-39246df24bb3 tempest-ExternalNetworksTestJSON-1799889014 tempest-ExternalNetworksTestJSON-1799889014-project-admin] Fanout notify agent at l3_agent the message fipnamespace_delete_on_ext_net for external_network e8757106-7f3b-4bf6-aece-c921fd0b2e46 {{(pid=105067) _notification_fanout /opt/stack/neutron/neutron/api/rpc/agentnotifiers/l3_rpc_agent_api.py:120}}
Jul 20 21:17:54.797037 dv-neutron-840415-20-hyperv neutron-server[105067]: DEBUG neutron_lib.callbacks.manager [None req-4d3dcf9c-c18e-47e3-ae7e-39246df24bb3 tempest-ExternalNetworksTestJSON-1799889014 tempest-ExternalNetworksTestJSON-1799889014-project-admin] Publish callbacks ['neutron.api.rpc.agentnotifiers.dhcp_rpc_agent_api.DhcpAgentNotifyAPI._send_dhcp_notification-593381'] for network (None), before_response {{(pid=105067) _notify_loop /usr/local/lib/python3.8/dist-packages/neutron_lib/callbacks/manager.py:176}}
Jul 20 21:17:54.801462 dv-neutron-840415-20-hyperv neutron-server[105067]: INFO neutron.wsgi [None req-4d3dcf9c-c18e-47e3-ae7e-39246df24bb3 tempest-ExternalNetworksTestJSON-1799889014 tempest-ExternalNetworksTestJSON-1799889014-project-admin] 10.222.0.16 "DELETE /v2.0/networks/e8757106-7f3b-4bf6-aece-c921fd0b2e46 HTTP/1.1" status: 204 len: 168 time: 2.3699625
Jul 20 21:17:54.810644 dv-neutron-840415-20-hyperv neutron-server[105068]: DEBUG neutron.plugins.ml2.drivers.mech_agent [None req-45ea24c7-0f9f-446f-b974-e9a669e350cc tempest-PortsAdminExtendedAttrsIpV6TestJSON-1447237405 tempest-PortsAdminExtendedAttrsIpV6TestJSON-1447237405-project-admin] Port 43ed45e2-5e2a-4a78-a50c-f93495d78baa on network fede8f0c-06d6-4ef6-bc7b-39868b11ff84 not bound, no agent of type Open vSwitch agent registered on host hv-neutron-8404 {{(pid=105068) bind_port /opt/stack/neutron/neutron/plugins/ml2/drivers/mech_agent.py:103}}
Jul 20 21:17:54.815959 dv-neutron-840415-20-hyperv neutron-server[105068]: ERROR neutron.plugins.ml2.managers [None req-45ea24c7-0f9f-446f-b974-e9a669e350cc tempest-PortsAdminExtendedAttrsIpV6TestJSON-1447237405 tempest-PortsAdminExtendedAttrsIpV6TestJSON-1447237405-project-admin] Failed to bind port 43ed45e2-5e2a-4a78-a50c-f93495d78baa on host hv-neutron-8404 for vnic_type normal using segments [{'id': '7a3425e9-677a-4952-b506-99894a0280bc', 'network_type': 'vlan', 'physical_network': 'physnet1', 'segmentation_id': 166, 'network_id': 'fede8f0c-06d6-4ef6-bc7b-39868b11ff84'}]
Jul 20 21:17:54.818446 dv-neutron-840415-20-hyperv neutron-server[105067]: DEBUG neutron.wsgi [-] (105067) accepted ('10.222.0.16', 52036) {{(pid=105067) server /usr/local/lib/python3.8/dist-packages/eventlet/wsgi.py:1004}}
Jul 20 21:17:54.821654 dv-neutron-840415-20-hyperv neutron-server[105068]: INFO neutron.plugins.ml2.plugin [None req-45ea24c7-0f9f-446f-b974-e9a669e350cc tempest-PortsAdminExtendedAttrsIpV6TestJSON-1447237405 tempest-PortsAdminExtendedAttrsIpV6TestJSON-1447237405-project-admin] Attempt 10 to bind port 43ed45e2-5e2a-4a78-a50c-f93495d78baa
Jul 20 21:17:54.828216 dv-neutron-840415-20-hyperv neutron-server[105069]: DEBUG neutron.db.provisioning_blocks [None req-75671f6b-3240-4b5c-82e7-e320bc9b2a2f None None] Provisioning complete for port 2daf6329-7b83-4aa9-9122-eee45db16f4c triggered by entity DHCP. {{(pid=105069) provisioning_complete /opt/stack/neutron/neutron/db/provisioning_blocks.py:145}}
Jul 20 21:17:54.828620 dv-neutron-840415-20-hyperv neutron-server[105069]: DEBUG neutron_lib.callbacks.manager [None req-75671f6b-3240-4b5c-82e7-e320bc9b2a2f None None] Publish callbacks ['neutron.plugins.ml2.plugin.Ml2Plugin._port_provisioned-1669281'] for port (2daf6329-7b83-4aa9-9122-eee45db16f4c), provisioning_complete {{(pid=105069) _notify_loop /usr/local/lib/python3.8/dist-packages/neutron_lib/callbacks/manager.py:176}}
Jul 20 21:17:54.836319 dv-neutron-840415-20-hyperv neutron-server[105068]: DEBUG dbcounter [-] [105068] Writing DB stats neutron:INSERT=2,neutron:SELECT=96,neutron:DELETE=2 {{(pid=105068) stat_writer /usr/local/lib/python3.8/dist-packages/dbcounter.py:114}}
Jul 20 21:17:54.961671 dv-neutron-840415-20-hyperv neutron-server[105068]: DEBUG neutron_lib.callbacks.manager [None req-b1fd841a-c37b-4888-a120-0d3061cdf134 admin admin] Publish callbacks ['neutron.plugins.ml2.plugin.SecurityGroupDbMixin._ensure_default_security_group_handler-1502576'] for port (2daf6329-7b83-4aa9-9122-eee45db16f4c), before_update {{(pid=105068) _notify_loop /usr/local/lib/python3.8/dist-packages/neutron_lib/callbacks/manager.py:176}}
Jul 20 21:17:54.975128 dv-neutron-840415-20-hyperv neutron-server[105068]: DEBUG neutron.plugins.ml2.managers [None req-45ea24c7-0f9f-446f-b974-e9a669e350cc tempest-PortsAdminExtendedAttrsIpV6TestJSON-1447237405 tempest-PortsAdminExtendedAttrsIpV6TestJSON-1447237405-project-admin] Attempting to bind port 43ed45e2-5e2a-4a78-a50c-f93495d78baa on host hv-neutron-8404 for vnic_type normal with profile {{(pid=105068) bind_port /opt/stack/neutron/neutron/plugins/ml2/managers.py:810}}
Jul 20 21:17:54.975694 dv-neutron-840415-20-hyperv neutron-server[105068]: DEBUG neutron.plugins.ml2.managers [None req-45ea24c7-0f9f-446f-b974-e9a669e350cc tempest-PortsAdminExtendedAttrsIpV6TestJSON-1447237405 tempest-PortsAdminExtendedAttrsIpV6TestJSON-1447237405-project-admin] Attempting to bind port 43ed45e2-5e2a-4a78-a50c-f93495d78baa by drivers openvswitch,hyperv on host hv-neutron-8404 at level 0 using segments [{'id': '7a3425e9-677a-4952-b506-99894a0280bc', 'network_type': 'vlan', 'physical_network': 'physnet1', 'segmentation_id': 166, 'network_id': 'fede8f0c-06d6-4ef6-bc7b-39868b11ff84'}] {{(pid=105068) _bind_port_level /opt/stack/neutron/neutron/plugins/ml2/managers.py:835}}
Jul 20 21:17:54.976168 dv-neutron-840415-20-hyperv neutron-server[105068]: DEBUG neutron.plugins.ml2.drivers.mech_agent [None req-45ea24c7-0f9f-446f-b974-e9a669e350cc tempest-PortsAdminExtendedAttrsIpV6TestJSON-1447237405 tempest-PortsAdminExtendedAttrsIpV6TestJSON-1447237405-project-admin] Attempting to bind port 43ed45e2-5e2a-4a78-a50c-f93495d78baa on network fede8f0c-06d6-4ef6-bc7b-39868b11ff84 {{(pid=105068) bind_port /opt/stack/neutron/neutron/plugins/ml2/drivers/mech_agent.py:91}}
Jul 20 21:17:55.003365 dv-neutron-840415-20-hyperv neutron-server[105068]: DEBUG neutron.plugins.ml2.drivers.mech_agent [None req-45ea24c7-0f9f-446f-b974-e9a669e350cc tempest-PortsAdminExtendedAttrsIpV6TestJSON-1447237405 tempest-PortsAdminExtendedAttrsIpV6TestJSON-1447237405-project-admin] Port 43ed45e2-5e2a-4a78-a50c-f93495d78baa on network fede8f0c-06d6-4ef6-bc7b-39868b11ff84 not bound, no agent of type Open vSwitch agent registered on host hv-neutron-8404 {{(pid=105068) bind_port /opt/stack/neutron/neutron/plugins/ml2/drivers/mech_agent.py:103}}
Jul 20 21:17:55.003993 dv-neutron-840415-20-hyperv neutron-server[105068]: ERROR neutron.plugins.ml2.managers [None req-45ea24c7-0f9f-446f-b974-e9a669e350cc tempest-PortsAdminExtendedAttrsIpV6TestJSON-1447237405 tempest-PortsAdminExtendedAttrsIpV6TestJSON-1447237405-project-admin] Failed to bind port 43ed45e2-5e2a-4a78-a50c-f93495d78baa on host hv-neutron-8404 for vnic_type normal using segments [{'id': '7a3425e9-677a-4952-b506-99894a0280bc', 'network_type': 'vlan', 'physical_network': 'physnet1', 'segmentation_id': 166, 'network_id': 'fede8f0c-06d6-4ef6-bc7b-39868b11ff84'}]
Jul 20 21:17:55.005644 dv-neutron-840415-20-hyperv neutron-server[105068]: DEBUG neutron_lib.callbacks.manager [None req-45ea24c7-0f9f-446f-b974-e9a669e350cc tempest-PortsAdminExtendedAttrsIpV6TestJSON-1447237405 tempest-PortsAdminExtendedAttrsIpV6TestJSON-1447237405-project-admin] Publish callbacks ['neutron.plugins.ml2.plugin.SecurityGroupDbMixin._ensure_default_security_group_handler-1502576'] for port (43ed45e2-5e2a-4a78-a50c-f93495d78baa), before_update {{(pid=105068) _notify_loop /usr/local/lib/python3.8/dist-packages/neutron_lib/callbacks/manager.py:176}}
Jul 20 21:17:55.008673 dv-neutron-840415-20-hyperv neutron-server[105069]: DEBUG neutron.plugins.ml2.plugin [None req-db55afd3-a4c5-4f80-b988-3797b5e95e1e None None] Current status of the port 794fff76-2bbc-4b65-8a49-a87c42b7181f is: ACTIVE; New status is: ACTIVE {{(pid=105069) _update_individual_port_db_status /opt/stack/neutron/neutron/plugins/ml2/plugin.py:2292}}
Jul 20 21:17:55.013977 dv-neutron-840415-20-hyperv neutron-server[105069]: DEBUG neutron.plugins.ml2.rpc [None req-db55afd3-a4c5-4f80-b988-3797b5e95e1e None None] Device 05fe7a04-a7e9-4049-80fb-e89f2961a8ea up at agent ovs-agent-dv-neutron-840415-20-hyperv {{(pid=105069) update_device_up /opt/stack/neutron/neutron/plugins/ml2/rpc.py:296}}
Jul 20 21:17:55.016441 dv-neutron-840415-20-hyperv neutron-server[105069]: DEBUG neutron.plugins.ml2.plugin [None req-75671f6b-3240-4b5c-82e7-e320bc9b2a2f None None] Port 2daf6329-7b83-4aa9-9122-eee45db16f4c cannot update to ACTIVE because it is not bound. {{(pid=105069) _port_provisioned /opt/stack/neutron/neutron/plugins/ml2/plugin.py:348}}
Jul 20 21:17:55.029425 dv-neutron-840415-20-hyperv neutron-server[105067]: DEBUG neutron.api.v2.base [None req-ce554879-42f7-448f-878a-afa7d1bf1998 tempest-ExternalNetworksTestJSON-1799889014 tempest-ExternalNetworksTestJSON-1799889014-project-admin] Request body: {'network': {'router:external': True}} {{(pid=105067) prepare_request_body /opt/stack/neutron/neutron/api/v2/base.py:730}}
Jul 20 21:17:55.057378 dv-neutron-840415-20-hyperv neutron-server[105067]: DEBUG neutron.api.rpc.handlers.resources_rpc [None req-4d3dcf9c-c18e-47e3-ae7e-39246df24bb3 tempest-ExternalNetworksTestJSON-1799889014 tempest-ExternalNetworksTestJSON-1799889014-project-admin] Pushing event deleted for resources: {'Network': ['ID=e8757106-7f3b-4bf6-aece-c921fd0b2e46,revision_number=None']} {{(pid=105067) push /opt/stack/neutron/neutron/api/rpc/handlers/resources_rpc.py:237}}
Jul 20 21:17:55.067079 dv-neutron-840415-20-hyperv neutron-server[105067]: DEBUG neutron.scheduler.dhcp_agent_scheduler [None req-8432bb23-1973-4411-929a-89730599c439 admin admin] Network 174432bb-7e22-47aa-a5c5-33aa9d84942f is already hosted by enough agents. {{(pid=105067) _get_dhcp_agents_hosting_network /opt/stack/neutron/neutron/scheduler/dhcp_agent_scheduler.py:275}}
Jul 20 21:17:55.074145 dv-neutron-840415-20-hyperv neutron-server[105067]: INFO neutron.services.segments.plugin [-] Segment 6bcdad02-6d8d-4c44-9512-2bd21e4831f6 resource provider aggregate not found
Jul 20 21:17:55.096640 dv-neutron-840415-20-hyperv neutron-server[105067]: DEBUG neutron_lib.callbacks.manager [None req-46b783ea-2edc-4c01-aa40-357132325d89 tempest-RoutersTestDVR-195252062 tempest-RoutersTestDVR-195252062-project-admin] Publish callbacks [] for router_controller (f191ae98-7c92-464c-b19b-aec19edeb8e1), precommit_add_association {{(pid=105067) _notify_loop /usr/local/lib/python3.8/dist-packages/neutron_lib/callbacks/manager.py:176}}
Jul 20 21:17:55.145768 dv-neutron-840415-20-hyperv neutron-server[105067]: DEBUG neutron_lib.callbacks.manager [None req-459a729d-087b-4c7a-8a8a-711043634cba tempest-DHCPAgentSchedulersTestJSON-1958232691 tempest-DHCPAgentSchedulersTestJSON-1958232691-project] Publish callbacks [] for port (3c44f067-ef29-4c3a-994c-bc901c8a03e0), precommit_create {{(pid=105067) _notify_loop /usr/local/lib/python3.8/dist-packages/neutron_lib/callbacks/manager.py:176}}
Jul 20 21:17:55.193581 dv-neutron-840415-20-hyperv neutron-server[105067]: DEBUG dbcounter [-] [105067] Writing DB stats neutron:SELECT=89,neutron:INSERT=5,neutron:DELETE=6 {{(pid=105067) stat_writer /usr/local/lib/python3.8/dist-packages/dbcounter.py:114}}
Jul 20 21:17:55.224666 dv-neutron-840415-20-hyperv neutron-server[105067]: DEBUG neutron.scheduler.base_scheduler [None req-8432bb23-1973-4411-929a-89730599c439 admin admin] Resources bound (agent type, host, resource id): {{(pid=105067) schedule /opt/stack/neutron/neutron/scheduler/base_scheduler.py:57}}
Jul 20 21:17:55.228148 dv-neutron-840415-20-hyperv neutron-server[105067]: DEBUG neutron_lib.callbacks.manager [None req-46b783ea-2edc-4c01-aa40-357132325d89 tempest-RoutersTestDVR-195252062 tempest-RoutersTestDVR-195252062-project-admin] Publish callbacks ['neutron.services.l3_router.l3_router_plugin.L3_HA_NAT_db_mixin._after_router_create-519641', 'neutron.services.l3_router.l3_router_plugin.DVRResourceOperationHandler._create_snat_interfaces_after_change-524105'] for router (f191ae98-7c92-464c-b19b-aec19edeb8e1), after_create {{(pid=105067) _notify_loop /usr/local/lib/python3.8/dist-packages/neutron_lib/callbacks/manager.py:176}}
Jul 20 21:17:55.231454 dv-neutron-840415-20-hyperv neutron-server[105067]: DEBUG neutron_lib.callbacks.manager [None req-459a729d-087b-4c7a-8a8a-711043634cba tempest-DHCPAgentSchedulersTestJSON-1958232691 tempest-DHCPAgentSchedulersTestJSON-1958232691-project] Publish callbacks ['neutron.plugins.ml2.plugin.SecurityGroupServerNotifierRpcMixin._notify_sg_on_port_change-1503155', 'neutron.plugins.ml2.ovo_rpc._ObjectChangeHandler.handle_event-984585', 'neutron.api.rpc.agentnotifiers.dhcp_rpc_agent_api.DhcpAgentNotifyAPI._native_event_send_dhcp_notification-593399', 'neutron.db.l3_dvrscheduler_db._notify_l3_agent_new_port-8727430251246', 'neutron.services.segments.plugin.NovaSegmentNotifier._notify_port_created_or_deleted-26410157'] for port (3c44f067-ef29-4c3a-994c-bc901c8a03e0), after_create {{(pid=105067) _notify_loop /usr/local/lib/python3.8/dist-packages/neutron_lib/callbacks/manager.py:176}}
Jul 20 21:17:55.234377 dv-neutron-840415-20-hyperv neutron-server[105067]: INFO neutron.services.segments.plugin [-] Segment 6bcdad02-6d8d-4c44-9512-2bd21e4831f6 resource provider not found; error: Placement Client Error (4xx): {"errors": [{"status": 404, "title": "Not Found", "detail": "The resource could not be found.\n\n No resource provider with uuid 6bcdad02-6d8d-4c44-9512-2bd21e4831f6 found for delete ", "request_id": "req-3d3346c3-ef22-4e2e-82eb-af245ceff203"}]}
Jul 20 21:17:55.294763 dv-neutron-840415-20-hyperv neutron-server[105069]: DEBUG neutron.api.rpc.handlers.dhcp_rpc [None req-c1c7d6b2-a104-423d-82e2-04389328a5c5 None None] Network efcfbf57-2f28-4548-a6a2-03782f055cef requested from dv-neutron-840415-20-hyperv {{(pid=105069) get_network_info /opt/stack/neutron/neutron/api/rpc/handlers/dhcp_rpc.py:191}}
Jul 20 21:17:55.305422 dv-neutron-840415-20-hyperv neutron-server[105068]: DEBUG neutron_lib.callbacks.manager [None req-b1fd841a-c37b-4888-a120-0d3061cdf134 admin admin] Publish callbacks [] for port (2daf6329-7b83-4aa9-9122-eee45db16f4c), precommit_update {{(pid=105068) _notify_loop /usr/local/lib/python3.8/dist-packages/neutron_lib/callbacks/manager.py:176}}
Jul 20 21:17:55.322934 dv-neutron-840415-20-hyperv neutron-server[105068]: DEBUG neutron_lib.callbacks.manager [None req-b1fd841a-c37b-4888-a120-0d3061cdf134 admin admin] Publish callbacks ['neutron.plugins.ml2.plugin.SecurityGroupServerNotifierRpcMixin._notify_sg_on_port_change-1503155', 'neutron.plugins.ml2.ovo_rpc._ObjectChangeHandler.handle_event-984585', 'neutron.api.rpc.agentnotifiers.dhcp_rpc_agent_api.DhcpAgentNotifyAPI._native_event_send_dhcp_notification-593399', 'neutron.db.l3_db.L3RpcNotifierMixin._notify_gateway_port_ip_changed-8727430631181', 'neutron.db.l3_dvrscheduler_db._notify_l3_agent_port_update-8727430251524', 'neutron.db.l3_hascheduler_db._notify_l3_agent_ha_port_update-8727430251542'] for port (2daf6329-7b83-4aa9-9122-eee45db16f4c), after_update {{(pid=105068) _notify_loop /usr/local/lib/python3.8/dist-packages/neutron_lib/callbacks/manager.py:176}}
Jul 20 21:17:55.323995 dv-neutron-840415-20-hyperv neutron-server[105068]: DEBUG neutron_lib.callbacks.manager [None req-b1fd841a-c37b-4888-a120-0d3061cdf134 admin admin] Publish callbacks ['neutron.api.rpc.agentnotifiers.dhcp_rpc_agent_api.DhcpAgentNotifyAPI._after_router_interface_created-602893', 'neutron.services.l3_router.l3_router_plugin.DVRResourceOperationHandler._update_snat_v6_addrs_after_intf_update-396015'] for router_interface (3046d00f-a6c5-47dc-b902-977497232842), after_create {{(pid=105068) _notify_loop /usr/local/lib/python3.8/dist-packages/neutron_lib/callbacks/manager.py:176}}
Jul 20 21:17:55.389719 dv-neutron-840415-20-hyperv neutron-server[105067]: DEBUG neutron.api.rpc.handlers.resources_rpc [None req-459a729d-087b-4c7a-8a8a-711043634cba tempest-DHCPAgentSchedulersTestJSON-1958232691 tempest-DHCPAgentSchedulersTestJSON-1958232691-project] Pushing event updated for resources: {'Port': ['ID=3c44f067-ef29-4c3a-994c-bc901c8a03e0,revision_number=1']} {{(pid=105067) push /opt/stack/neutron/neutron/api/rpc/handlers/resources_rpc.py:237}}
Jul 20 21:17:55.400353 dv-neutron-840415-20-hyperv neutron-server[105067]: DEBUG neutron.wsgi [-] (105067) accepted ('10.222.0.16', 52048) {{(pid=105067) server /usr/local/lib/python3.8/dist-packages/eventlet/wsgi.py:1004}}
Jul 20 21:17:55.454958 dv-neutron-840415-20-hyperv neutron-server[105069]: DEBUG neutron.db.provisioning_blocks [None req-db55afd3-a4c5-4f80-b988-3797b5e95e1e None None] Provisioning complete for port 05fe7a04-a7e9-4049-80fb-e89f2961a8ea triggered by entity L2. {{(pid=105069) provisioning_complete /opt/stack/neutron/neutron/db/provisioning_blocks.py:145}}
Jul 20 21:17:55.455512 dv-neutron-840415-20-hyperv neutron-server[105069]: DEBUG neutron_lib.callbacks.manager [None req-db55afd3-a4c5-4f80-b988-3797b5e95e1e None None] Publish callbacks ['neutron.plugins.ml2.plugin.Ml2Plugin._port_provisioned-1669281'] for port (05fe7a04-a7e9-4049-80fb-e89f2961a8ea), provisioning_complete {{(pid=105069) _notify_loop /usr/local/lib/python3.8/dist-packages/neutron_lib/callbacks/manager.py:176}}
Jul 20 21:17:55.479449 dv-neutron-840415-20-hyperv neutron-server[105068]: DEBUG neutron.api.rpc.handlers.resources_rpc [None req-b1fd841a-c37b-4888-a120-0d3061cdf134 admin admin] Pushing event updated for resources: {'Port': ['ID=2daf6329-7b83-4aa9-9122-eee45db16f4c,revision_number=2']} {{(pid=105068) push /opt/stack/neutron/neutron/api/rpc/handlers/resources_rpc.py:237}}
Jul 20 21:17:55.500887 dv-neutron-840415-20-hyperv neutron-server[105069]: DEBUG neutron.db.provisioning_blocks [None req-1dcb9a48-29ba-4550-8518-e9b767ddd052 None None] Provisioning complete for port 77759945-2d3c-4db3-ba25-37141045180f triggered by entity DHCP. {{(pid=105069) provisioning_complete /opt/stack/neutron/neutron/db/provisioning_blocks.py:145}}
Jul 20 21:17:55.501344 dv-neutron-840415-20-hyperv neutron-server[105069]: DEBUG neutron_lib.callbacks.manager [None req-1dcb9a48-29ba-4550-8518-e9b767ddd052 None None] Publish callbacks ['neutron.plugins.ml2.plugin.Ml2Plugin._port_provisioned-1669281'] for port (77759945-2d3c-4db3-ba25-37141045180f), provisioning_complete {{(pid=105069) _notify_loop /usr/local/lib/python3.8/dist-packages/neutron_lib/callbacks/manager.py:176}}
Jul 20 21:17:55.563017 dv-neutron-840415-20-hyperv neutron-server[105068]: DEBUG dbcounter [-] [105068] Writing DB stats neutron:SELECT=93,neutron:INSERT=1,neutron:UPDATE=3,neutron:DELETE=3 {{(pid=105068) stat_writer /usr/local/lib/python3.8/dist-packages/dbcounter.py:114}}
Jul 20 21:17:55.593252 dv-neutron-840415-20-hyperv neutron-server[105068]: DEBUG neutron.plugins.ml2.db [None req-45ea24c7-0f9f-446f-b974-e9a669e350cc tempest-PortsAdminExtendedAttrsIpV6TestJSON-1447237405 tempest-PortsAdminExtendedAttrsIpV6TestJSON-1447237405-project-admin] For port 43ed45e2-5e2a-4a78-a50c-f93495d78baa, host hv-neutron-8404, cleared binding levels {{(pid=105068) clear_binding_levels /opt/stack/neutron/neutron/plugins/ml2/db.py:87}}
Jul 20 21:17:55.594076 dv-neutron-840415-20-hyperv neutron-server[105068]: DEBUG neutron.plugins.ml2.db [None req-45ea24c7-0f9f-446f-b974-e9a669e350cc tempest-PortsAdminExtendedAttrsIpV6TestJSON-1447237405 tempest-PortsAdminExtendedAttrsIpV6TestJSON-1447237405-project-admin] Attempted to set empty binding levels {{(pid=105068) set_binding_levels /opt/stack/neutron/neutron/plugins/ml2/db.py:65}}
Jul 20 21:17:55.605180 dv-neutron-840415-20-hyperv neutron-server[105067]: DEBUG neutron.pecan_wsgi.hooks.quota_enforcement [None req-ce554879-42f7-448f-878a-afa7d1bf1998 tempest-ExternalNetworksTestJSON-1799889014 tempest-ExternalNetworksTestJSON-1799889014-project-admin] Made reservation on behalf of bb64866eef9742e79df70ce17b9c34fa for: {'network': 1} {{(pid=105067) before /opt/stack/neutron/neutron/pecan_wsgi/hooks/quota_enforcement.py:53}}
Jul 20 21:17:55.615401 dv-neutron-840415-20-hyperv neutron-server[105067]: DEBUG neutron_lib.callbacks.manager [None req-ce554879-42f7-448f-878a-afa7d1bf1998 tempest-ExternalNetworksTestJSON-1799889014 tempest-ExternalNetworksTestJSON-1799889014-project-admin] Publish callbacks ['neutron.plugins.ml2.plugin.SecurityGroupDbMixin._ensure_default_security_group_handler-1502576'] for network (None), before_create {{(pid=105067) _notify_loop /usr/local/lib/python3.8/dist-packages/neutron_lib/callbacks/manager.py:176}}
Jul 20 21:17:55.619956 dv-neutron-840415-20-hyperv neutron-server[105067]: DEBUG neutron.scheduler.l3_agent_scheduler [None req-8432bb23-1973-4411-929a-89730599c439 admin admin] Router e19c3381-c33f-4c32-b81c-0ddb36c88a84 has already been hosted by L3 agent 303272f5-0319-4481-8153-ac768a5b18d8 {{(pid=105067) _get_candidates /opt/stack/neutron/neutron/scheduler/l3_agent_scheduler.py:126}}
Jul 20 21:17:55.622898 dv-neutron-840415-20-hyperv neutron-server[105068]: DEBUG neutron_lib.callbacks.manager [None req-45ea24c7-0f9f-446f-b974-e9a669e350cc tempest-PortsAdminExtendedAttrsIpV6TestJSON-1447237405 tempest-PortsAdminExtendedAttrsIpV6TestJSON-1447237405-project-admin] Publish callbacks ['neutron.plugins.ml2.plugin.SecurityGroupServerNotifierRpcMixin._notify_sg_on_port_change-1503155', 'neutron.plugins.ml2.ovo_rpc._ObjectChangeHandler.handle_event-984585', 'neutron.api.rpc.agentnotifiers.dhcp_rpc_agent_api.DhcpAgentNotifyAPI._native_event_send_dhcp_notification-593399', 'neutron.db.l3_db.L3RpcNotifierMixin._notify_gateway_port_ip_changed-8727430631181', 'neutron.db.l3_dvrscheduler_db._notify_l3_agent_port_update-8727430251524', 'neutron.db.l3_hascheduler_db._notify_l3_agent_ha_port_update-8727430251542'] for port (43ed45e2-5e2a-4a78-a50c-f93495d78baa), after_update {{(pid=105068) _notify_loop /usr/local/lib/python3.8/dist-packages/neutron_lib/callbacks/manager.py:176}}
