Jul 15 08:09:53.327678 dv-neutron-840415-15-hyperv devstack@keystone.service[80442]: DEBUG keystone.common.rbac_enforcer.enforcer [None req-2d939857-bc63-4319-9695-ad06e4281505 None admin] RBAC: Adding query filter params (role.id=95117e4e25d74ae09b05fca533d2ad79, scope.project.id=63c36c9bbb3c4457850f2fb84eb7d050, user.id=2b8e305a9eaa497c9bdebff6815ac95c) {{(pid=80442) _extract_filter_values /opt/stack/keystone/keystone/common/rbac_enforcer/enforcer.py:167}}
Jul 15 08:09:53.328230 dv-neutron-840415-15-hyperv devstack@keystone.service[80442]: DEBUG keystone.common.rbac_enforcer.enforcer [None req-2d939857-bc63-4319-9695-ad06e4281505 None admin] RBAC: Authorizing `identity:list_role_assignments()` {{(pid=80442) enforce_call /opt/stack/keystone/keystone/common/rbac_enforcer/enforcer.py:449}}
Jul 15 08:09:53.329901 dv-neutron-840415-15-hyperv devstack@keystone.service[80442]: DEBUG keystone.common.rbac_enforcer.enforcer [None req-2d939857-bc63-4319-9695-ad06e4281505 None admin] RBAC: Authorization granted {{(pid=80442) enforce_call /opt/stack/keystone/keystone/common/rbac_enforcer/enforcer.py:457}}
Jul 15 08:09:53.330567 dv-neutron-840415-15-hyperv devstack@keystone.service[80443]: DEBUG keystone.server.flask.request_processing.middleware.auth_context [None req-6f43bb9c-62c7-405e-80e7-3e99268b19b9 None admin] RBAC: auth_context: {'token': , 'domain_id': None, 'trust_id': None, 'trustor_id': None, 'trustee_id': None, 'domain_name': None, 'group_ids': [], 'user_id': '7fbe35712962473fb81aac308ace7a8c', 'user_domain_id': 'default', 'system_scope': 'all', 'project_id': None, 'project_domain_id': None, 'roles': ['admin', 'member', 'reader'], 'is_admin_project': True, 'service_user_id': None, 'service_user_domain_id': None, 'service_project_id': None, 'service_project_domain_id': None, 'service_roles': []} {{(pid=80443) fill_context /opt/stack/keystone/keystone/server/flask/request_processing/middleware/auth_context.py:478}}
Jul 15 08:09:53.332071 dv-neutron-840415-15-hyperv devstack@keystone.service[80443]: DEBUG keystone.server.flask.request_processing.req_logging [None req-6f43bb9c-62c7-405e-80e7-3e99268b19b9 None admin] REQUEST_METHOD: `GET` {{(pid=80443) log_request_info /opt/stack/keystone/keystone/server/flask/request_processing/req_logging.py:27}}
Jul 15 08:09:53.332353 dv-neutron-840415-15-hyperv devstack@keystone.service[80443]: DEBUG keystone.server.flask.request_processing.req_logging [None req-6f43bb9c-62c7-405e-80e7-3e99268b19b9 None admin] SCRIPT_NAME: `/identity` {{(pid=80443) log_request_info /opt/stack/keystone/keystone/server/flask/request_processing/req_logging.py:28}}
Jul 15 08:09:53.332626 dv-neutron-840415-15-hyperv devstack@keystone.service[80443]: DEBUG keystone.server.flask.request_processing.req_logging [None req-6f43bb9c-62c7-405e-80e7-3e99268b19b9 None admin] PATH_INFO: `/v3/roles/member` {{(pid=80443) log_request_info /opt/stack/keystone/keystone/server/flask/request_processing/req_logging.py:29}}
Jul 15 08:09:53.335108 dv-neutron-840415-15-hyperv devstack@keystone.service[80442]: DEBUG dbcounter [-] [80442] Writing DB stats keystone:SELECT=100 {{(pid=80442) stat_writer /usr/local/lib/python3.8/dist-packages/dbcounter.py:114}}
Jul 15 08:09:53.338734 dv-neutron-840415-15-hyperv devstack@keystone.service[80442]: [pid: 80442|app: 0|req: 67/127] 10.222.0.50 () {56 vars in 1374 bytes} [Fri Jul 15 08:09:53 2022] GET /identity/v3/role_assignments?user.id=2b8e305a9eaa497c9bdebff6815ac95c&scope.project.id=63c36c9bbb3c4457850f2fb84eb7d050&role.id=95117e4e25d74ae09b05fca533d2ad79 => generated 259 bytes in 196 msecs (HTTP/1.1 200) 5 headers in 177 bytes (1 switches on core 0)
Jul 15 08:09:53.340501 dv-neutron-840415-15-hyperv devstack@keystone.service[80442]: DEBUG keystone.server.flask.request_processing.middleware.auth_context [None req-2d939857-bc63-4319-9695-ad06e4281505 None admin] Authenticating user token {{(pid=80442) process_request /usr/local/lib/python3.8/dist-packages/keystonemiddleware/auth_token/__init__.py:407}}
Jul 15 08:09:53.363402 dv-neutron-840415-15-hyperv devstack@keystone.service[80443]: DEBUG keystone.common.rbac_enforcer.enforcer [None req-6f43bb9c-62c7-405e-80e7-3e99268b19b9 None admin] Extracting inferred target data resulted in "NOT FOUND (404)". {{(pid=80443) enforce_call /opt/stack/keystone/keystone/common/rbac_enforcer/enforcer.py:409}}
Jul 15 08:09:53.384381 dv-neutron-840415-15-hyperv devstack@keystone.service[80443]: ERROR keystone.server.flask.application [None req-6f43bb9c-62c7-405e-80e7-3e99268b19b9 None admin] Could not find role: member.: keystone.exception.RoleNotFound: Could not find role: member.
Jul 15 08:09:53.384381 dv-neutron-840415-15-hyperv devstack@keystone.service[80443]: ERROR keystone.server.flask.application
Traceback (most recent call last):
Jul 15 08:09:53.384381 dv-neutron-840415-15-hyperv devstack@keystone.service[80443]: ERROR keystone.server.flask.application
File "/usr/local/lib/python3.8/dist-packages/flask/app.py", line 1523, in full_dispatch_request
Jul 15 08:09:53.384381 dv-neutron-840415-15-hyperv devstack@keystone.service[80443]: ERROR keystone.server.flask.application rv = self.dispatch_request()
Jul 15 08:09:53.384381 dv-neutron-840415-15-hyperv devstack@keystone.service[80443]: ERROR keystone.server.flask.application
File "/usr/local/lib/python3.8/dist-packages/flask/app.py", line 1509, in dispatch_request
Jul 15 08:09:53.384381 dv-neutron-840415-15-hyperv devstack@keystone.service[80443]: ERROR keystone.server.flask.application return self.ensure_sync(self.view_functions[rule.endpoint])(**req.view_args)
Jul 15 08:09:53.384381 dv-neutron-840415-15-hyperv devstack@keystone.service[80443]: ERROR keystone.server.flask.application
File "/usr/local/lib/python3.8/dist-packages/flask_restful/__init__.py", line 467, in wrapper
Jul 15 08:09:53.384381 dv-neutron-840415-15-hyperv devstack@keystone.service[80443]: ERROR keystone.server.flask.application resp = resource(*args, **kwargs)
Jul 15 08:09:53.384381 dv-neutron-840415-15-hyperv devstack@keystone.service[80443]: ERROR keystone.server.flask.application
File "/usr/local/lib/python3.8/dist-packages/flask/views.py", line 84, in view
Jul 15 08:09:53.384381 dv-neutron-840415-15-hyperv devstack@keystone.service[80443]: ERROR keystone.server.flask.application return current_app.ensure_sync(self.dispatch_request)(*args, **kwargs)
Jul 15 08:09:53.384381 dv-neutron-840415-15-hyperv devstack@keystone.service[80443]: ERROR keystone.server.flask.application
File "/usr/local/lib/python3.8/dist-packages/flask_restful/__init__.py", line 582, in dispatch_request
Jul 15 08:09:53.384381 dv-neutron-840415-15-hyperv devstack@keystone.service[80443]: ERROR keystone.server.flask.application resp = meth(*args, **kwargs)
Jul 15 08:09:53.384381 dv-neutron-840415-15-hyperv devstack@keystone.service[80443]: ERROR keystone.server.flask.application
File "/opt/stack/keystone/keystone/api/roles.py", line 50, in get
Jul 15 08:09:53.384381 dv-neutron-840415-15-hyperv devstack@keystone.service[80443]: ERROR keystone.server.flask.application return self._get_role(role_id)
Jul 15 08:09:53.384381 dv-neutron-840415-15-hyperv devstack@keystone.service[80443]: ERROR keystone.server.flask.application
File "/opt/stack/keystone/keystone/api/roles.py", line 70, in _get_role
Jul 15 08:09:53.384381 dv-neutron-840415-15-hyperv devstack@keystone.service[80443]: ERROR keystone.server.flask.application ENFORCER.enforce_call(action='identity:get_role')
Jul 15 08:09:53.385332 dv-neutron-840415-15-hyperv devstack@keystone.service[80443]: ERROR keystone.server.flask.application
File "/opt/stack/keystone/keystone/common/rbac_enforcer/enforcer.py", line 402, in enforce_call
Jul 15 08:09:53.385332 dv-neutron-840415-15-hyperv devstack@keystone.service[80443]: ERROR keystone.server.flask.application policy_dict.update(cls._extract_member_target_data(
Jul 15 08:09:53.385332 dv-neutron-840415-15-hyperv devstack@keystone.service[80443]: ERROR keystone.server.flask.application
File "/opt/stack/keystone/keystone/common/rbac_enforcer/enforcer.py", line 234, in _extract_member_target_data
Jul 15 08:09:53.385332 dv-neutron-840415-15-hyperv devstack@keystone.service[80443]: ERROR keystone.server.flask.application member_name: func(flask.request.view_args[key])
Jul 15 08:09:53.385332 dv-neutron-840415-15-hyperv devstack@keystone.service[80443]: ERROR keystone.server.flask.application
File "/opt/stack/keystone/keystone/common/manager.py", line 115, in wrapped
Jul 15 08:09:53.385332 dv-neutron-840415-15-hyperv devstack@keystone.service[80443]: ERROR keystone.server.flask.application __ret_val = __f(*args, **kwargs)
Jul 15 08:09:53.385332 dv-neutron-840415-15-hyperv devstack@keystone.service[80443]: ERROR keystone.server.flask.application
File "/usr/local/lib/python3.8/dist-packages/decorator.py", line 232, in fun
Jul 15 08:09:53.385332 dv-neutron-840415-15-hyperv devstack@keystone.service[80443]: ERROR keystone.server.flask.application return caller(func, *(extras + args), **kw)
Jul 15 08:09:53.385332 dv-neutron-840415-15-hyperv devstack@keystone.service[80443]: ERROR keystone.server.flask.application
File "/usr/local/lib/python3.8/dist-packages/dogpile/cache/region.py", line 1577, in get_or_create_for_user_func
Jul 15 08:09:53.385332 dv-neutron-840415-15-hyperv devstack@keystone.service[80443]: ERROR keystone.server.flask.application return self.get_or_create(
Jul 15 08:09:53.385332 dv-neutron-840415-15-hyperv devstack@keystone.service[80443]: ERROR keystone.server.flask.application
File "/usr/local/lib/python3.8/dist-packages/dogpile/cache/region.py", line 1042, in get_or_create
Jul 15 08:09:53.385332 dv-neutron-840415-15-hyperv devstack@keystone.service[80443]: ERROR keystone.server.flask.application with Lock(
Jul 15 08:09:53.385332 dv-neutron-840415-15-hyperv devstack@keystone.service[80443]: ERROR keystone.server.flask.application
File "/usr/local/lib/python3.8/dist-packages/dogpile/lock.py", line 185, in __enter__
Jul 15 08:09:53.385332 dv-neutron-840415-15-hyperv devstack@keystone.service[80443]: ERROR keystone.server.flask.application return self._enter()
Jul 15 08:09:53.385332 dv-neutron-840415-15-hyperv devstack@keystone.service[80443]: ERROR keystone.server.flask.application
File "/usr/local/lib/python3.8/dist-packages/dogpile/lock.py", line 94, in _enter
Jul 15 08:09:53.385332 dv-neutron-840415-15-hyperv devstack@keystone.service[80443]: ERROR keystone.server.flask.application generated = self._enter_create(value, createdtime)
Jul 15 08:09:53.386124 dv-neutron-840415-15-hyperv devstack@keystone.service[80443]: ERROR keystone.server.flask.application
File "/usr/local/lib/python3.8/dist-packages/dogpile/lock.py", line 178, in _enter_create
Jul 15 08:09:53.386124 dv-neutron-840415-15-hyperv devstack@keystone.service[80443]: ERROR keystone.server.flask.application return self.creator()
Jul 15 08:09:53.386124 dv-neutron-840415-15-hyperv devstack@keystone.service[80443]: ERROR keystone.server.flask.application
File "/usr/local/lib/python3.8/dist-packages/dogpile/cache/region.py", line 995, in gen_value
Jul 15 08:09:53.386124 dv-neutron-840415-15-hyperv devstack@keystone.service[80443]: ERROR keystone.server.flask.application created_value = creator(
Jul 15 08:09:53.386124 dv-neutron-840415-15-hyperv devstack@keystone.service[80443]: ERROR keystone.server.flask.application
File "/opt/stack/keystone/keystone/assignment/core.py", line 1276, in get_role
Jul 15 08:09:53.386124 dv-neutron-840415-15-hyperv devstack@keystone.service[80443]: ERROR keystone.server.flask.application return self.driver.get_role(role_id)
Jul 15 08:09:53.386124 dv-neutron-840415-15-hyperv devstack@keystone.service[80443]: ERROR keystone.server.flask.application
File "/opt/stack/keystone/keystone/assignment/role_backends/sql.py", line 70, in get_role
Jul 15 08:09:53.386124 dv-neutron-840415-15-hyperv devstack@keystone.service[80443]: ERROR keystone.server.flask.application return self._get_role(session, role_id).to_dict()
Jul 15 08:09:53.386124 dv-neutron-840415-15-hyperv devstack@keystone.service[80443]: ERROR keystone.server.flask.application
File "/opt/stack/keystone/keystone/assignment/role_backends/sql.py", line 65, in _get_role
Jul 15 08:09:53.386124 dv-neutron-840415-15-hyperv devstack@keystone.service[80443]: ERROR keystone.server.flask.application raise exception.RoleNotFound(role_id=role_id)
Jul 15 08:09:53.386124 dv-neutron-840415-15-hyperv devstack@keystone.service[80443]: ERROR keystone.server.flask.application keystone.exception.RoleNotFound: Could not find role: member.
Jul 15 08:09:53.386124 dv-neutron-840415-15-hyperv devstack@keystone.service[80443]: ERROR keystone.server.flask.application
Jul 15 08:09:53.389785 dv-neutron-840415-15-hyperv devstack@keystone.service[80443]: [pid: 80443|app: 0|req: 61/128] 10.222.0.50 () {56 vars in 1099 bytes} [Fri Jul 15 08:09:53 2022] GET /identity/v3/roles/member => generated 84 bytes in 230 msecs (HTTP/1.1 404) 5 headers in 183 bytes (1 switches on core 0)
Jul 15 08:09:53.390616 dv-neutron-840415-15-hyperv devstack@keystone.service[80443]: DEBUG keystone.server.flask.request_processing.middleware.auth_context [None req-6f43bb9c-62c7-405e-80e7-3e99268b19b9 None admin] Authenticating user token {{(pid=80443) process_request /usr/local/lib/python3.8/dist-packages/keystonemiddleware/auth_token/__init__.py:407}}
Jul 15 08:09:53.443764 dv-neutron-840415-15-hyperv devstack@keystone.service[80443]: DEBUG dbcounter [-] [80443] Writing DB stats keystone:SELECT=100 {{(pid=80443) stat_writer /usr/local/lib/python3.8/dist-packages/dbcounter.py:114}}
Jul 15 08:09:53.495931 dv-neutron-840415-15-hyperv devstack@keystone.service[80442]: DEBUG keystone.server.flask.request_processing.middleware.auth_context [None req-2d939857-bc63-4319-9695-ad06e4281505 None admin] Validating token access rules against request {{(pid=80442) validate_allowed_request /usr/local/lib/python3.8/dist-packages/keystonemiddleware/auth_token/__init__.py:545}}
Jul 15 08:09:53.512653 dv-neutron-840415-15-hyperv devstack@keystone.service[80443]: DEBUG keystone.server.flask.request_processing.middleware.auth_context [None req-6f43bb9c-62c7-405e-80e7-3e99268b19b9 None admin] Validating token access rules against request {{(pid=80443) validate_allowed_request /usr/local/lib/python3.8/dist-packages/keystonemiddleware/auth_token/__init__.py:545}}
Jul 15 08:09:53.542580 dv-neutron-840415-15-hyperv devstack@keystone.service[80442]: DEBUG keystone.server.flask.request_processing.middleware.auth_context [None req-58ba0210-ef74-4aaf-95be-5fc2c2e2cabc None admin] RBAC: auth_context: {'token': , 'domain_id': None, 'trust_id': None, 'trustor_id': None, 'trustee_id': None, 'domain_name': None, 'group_ids': [], 'user_id': '7fbe35712962473fb81aac308ace7a8c', 'user_domain_id': 'default', 'system_scope': 'all', 'project_id': None, 'project_domain_id': None, 'roles': ['admin', 'member', 'reader'], 'is_admin_project': True, 'service_user_id': None, 'service_user_domain_id': None, 'service_project_id': None, 'service_project_domain_id': None, 'service_roles': []} {{(pid=80442) fill_context /opt/stack/keystone/keystone/server/flask/request_processing/middleware/auth_context.py:478}}
Jul 15 08:09:53.543672 dv-neutron-840415-15-hyperv devstack@keystone.service[80442]: DEBUG keystone.server.flask.request_processing.req_logging [None req-58ba0210-ef74-4aaf-95be-5fc2c2e2cabc None admin] REQUEST_METHOD: `GET` {{(pid=80442) log_request_info /opt/stack/keystone/keystone/server/flask/request_processing/req_logging.py:27}}
Jul 15 08:09:53.544020 dv-neutron-840415-15-hyperv devstack@keystone.service[80442]: DEBUG keystone.server.flask.request_processing.req_logging [None req-58ba0210-ef74-4aaf-95be-5fc2c2e2cabc None admin] SCRIPT_NAME: `/identity` {{(pid=80442) log_request_info /opt/stack/keystone/keystone/server/flask/request_processing/req_logging.py:28}}
Jul 15 08:09:53.544301 dv-neutron-840415-15-hyperv devstack@keystone.service[80442]: DEBUG keystone.server.flask.request_processing.req_logging [None req-58ba0210-ef74-4aaf-95be-5fc2c2e2cabc None admin] PATH_INFO: `/v3/roles` {{(pid=80442) log_request_info /opt/stack/keystone/keystone/server/flask/request_processing/req_logging.py:29}}
Jul 15 08:09:53.547644 dv-neutron-840415-15-hyperv devstack@keystone.service[80442]: DEBUG keystone.common.rbac_enforcer.enforcer [None req-58ba0210-ef74-4aaf-95be-5fc2c2e2cabc None admin] RBAC: Adding query filter params (name=anotherrole) {{(pid=80442) _extract_filter_values /opt/stack/keystone/keystone/common/rbac_enforcer/enforcer.py:167}}
Jul 15 08:09:53.547644 dv-neutron-840415-15-hyperv devstack@keystone.service[80442]: DEBUG keystone.common.rbac_enforcer.enforcer [None req-58ba0210-ef74-4aaf-95be-5fc2c2e2cabc None admin] RBAC: Authorizing `identity:list_roles()` {{(pid=80442) enforce_call /opt/stack/keystone/keystone/common/rbac_enforcer/enforcer.py:449}}
Jul 15 08:09:53.551820 dv-neutron-840415-15-hyperv devstack@keystone.service[80442]: DEBUG keystone.common.rbac_enforcer.enforcer [None req-58ba0210-ef74-4aaf-95be-5fc2c2e2cabc None admin] RBAC: Authorization granted {{(pid=80442) enforce_call /opt/stack/keystone/keystone/common/rbac_enforcer/enforcer.py:457}}
Jul 15 08:09:53.554483 dv-neutron-840415-15-hyperv devstack@keystone.service[80443]: DEBUG keystone.server.flask.request_processing.middleware.auth_context [None req-34f1d6a8-1abb-4a16-8ee5-62fdfb6bbce7 None admin] RBAC: auth_context: {'token': , 'domain_id': None, 'trust_id': None, 'trustor_id': None, 'trustee_id': None, 'domain_name': None, 'group_ids': [], 'user_id': '7fbe35712962473fb81aac308ace7a8c', 'user_domain_id': 'default', 'system_scope': 'all', 'project_id': None, 'project_domain_id': None, 'roles': ['admin', 'member', 'reader'], 'is_admin_project': True, 'service_user_id': None, 'service_user_domain_id': None, 'service_project_id': None, 'service_project_domain_id': None, 'service_roles': []} {{(pid=80443) fill_context /opt/stack/keystone/keystone/server/flask/request_processing/middleware/auth_context.py:478}}
Jul 15 08:09:53.555457 dv-neutron-840415-15-hyperv devstack@keystone.service[80443]: DEBUG keystone.server.flask.request_processing.req_logging [None req-34f1d6a8-1abb-4a16-8ee5-62fdfb6bbce7 None admin] REQUEST_METHOD: `PUT` {{(pid=80443) log_request_info /opt/stack/keystone/keystone/server/flask/request_processing/req_logging.py:27}}
Jul 15 08:09:53.555750 dv-neutron-840415-15-hyperv devstack@keystone.service[80443]: DEBUG keystone.server.flask.request_processing.req_logging [None req-34f1d6a8-1abb-4a16-8ee5-62fdfb6bbce7 None admin] SCRIPT_NAME: `/identity` {{(pid=80443) log_request_info /opt/stack/keystone/keystone/server/flask/request_processing/req_logging.py:28}}
Jul 15 08:09:53.556069 dv-neutron-840415-15-hyperv devstack@keystone.service[80443]: DEBUG keystone.server.flask.request_processing.req_logging [None req-34f1d6a8-1abb-4a16-8ee5-62fdfb6bbce7 None admin] PATH_INFO: `/v3/projects/63c36c9bbb3c4457850f2fb84eb7d050/users/7fbe35712962473fb81aac308ace7a8c/roles/19adc58598314110b4ea43c00f855762` {{(pid=80443) log_request_info /opt/stack/keystone/keystone/server/flask/request_processing/req_logging.py:29}}
Jul 15 08:09:53.558272 dv-neutron-840415-15-hyperv devstack@keystone.service[80443]: DEBUG keystone.common.rbac_enforcer.enforcer [None req-34f1d6a8-1abb-4a16-8ee5-62fdfb6bbce7 None admin] RBAC: Authorizing `identity:create_grant(project_id=63c36c9bbb3c4457850f2fb84eb7d050, user_id=7fbe35712962473fb81aac308ace7a8c, role_id=19adc58598314110b4ea43c00f855762)` {{(pid=80443) enforce_call /opt/stack/keystone/keystone/common/rbac_enforcer/enforcer.py:449}}
Jul 15 08:09:53.559760 dv-neutron-840415-15-hyperv devstack@keystone.service[80443]: DEBUG keystone.common.rbac_enforcer.enforcer [None req-34f1d6a8-1abb-4a16-8ee5-62fdfb6bbce7 None admin] RBAC: Authorization granted {{(pid=80443) enforce_call /opt/stack/keystone/keystone/common/rbac_enforcer/enforcer.py:457}}
Jul 15 08:09:53.560034 dv-neutron-840415-15-hyperv devstack@keystone.service[80442]: [pid: 80442|app: 0|req: 68/129] 10.222.0.50 () {56 vars in 1111 bytes} [Fri Jul 15 08:09:53 2022] GET /identity/v3/roles?name=anotherrole => generated 334 bytes in 220 msecs (HTTP/1.1 200) 5 headers in 177 bytes (1 switches on core 0)
Jul 15 08:09:53.561249 dv-neutron-840415-15-hyperv devstack@keystone.service[80442]: DEBUG keystone.server.flask.request_processing.req_logging [None req-697fc1c8-64b1-468b-8903-1b46cd220100 None None] REQUEST_METHOD: `GET` {{(pid=80442) log_request_info /opt/stack/keystone/keystone/server/flask/request_processing/req_logging.py:27}}
Jul 15 08:09:53.561541 dv-neutron-840415-15-hyperv devstack@keystone.service[80442]: DEBUG keystone.server.flask.request_processing.req_logging [None req-697fc1c8-64b1-468b-8903-1b46cd220100 None None] SCRIPT_NAME: `/identity` {{(pid=80442) log_request_info /opt/stack/keystone/keystone/server/flask/request_processing/req_logging.py:28}}
Jul 15 08:09:53.561824 dv-neutron-840415-15-hyperv devstack@keystone.service[80442]: DEBUG keystone.server.flask.request_processing.req_logging [None req-697fc1c8-64b1-468b-8903-1b46cd220100 None None] PATH_INFO: `/` {{(pid=80442) log_request_info /opt/stack/keystone/keystone/server/flask/request_processing/req_logging.py:29}}
Jul 15 08:09:53.563406 dv-neutron-840415-15-hyperv devstack@keystone.service[80442]: [pid: 80442|app: 0|req: 69/130] 10.222.0.50 () {54 vars in 926 bytes} [Fri Jul 15 08:09:53 2022] GET /identity => generated 270 bytes in 3 msecs (HTTP/1.1 300) 6 headers in 234 bytes (1 switches on core 0)
Jul 15 08:09:53.564159 dv-neutron-840415-15-hyperv devstack@keystone.service[80442]: DEBUG keystone.server.flask.request_processing.middleware.auth_context [None req-697fc1c8-64b1-468b-8903-1b46cd220100 None None] Authenticating user token {{(pid=80442) process_request /usr/local/lib/python3.8/dist-packages/keystonemiddleware/auth_token/__init__.py:407}}
Jul 15 08:09:53.584804 dv-neutron-840415-15-hyperv devstack@keystone.service[80443]: [pid: 80443|app: 0|req: 62/131] 10.222.0.50 () {58 vars in 1439 bytes} [Fri Jul 15 08:09:53 2022] PUT /identity/v3/projects/63c36c9bbb3c4457850f2fb84eb7d050/users/7fbe35712962473fb81aac308ace7a8c/roles/19adc58598314110b4ea43c00f855762 => generated 0 bytes in 194 msecs (HTTP/1.1 204) 3 headers in 132 bytes (0 switches on core 0)
Jul 15 08:09:53.585677 dv-neutron-840415-15-hyperv devstack@keystone.service[80443]: DEBUG keystone.server.flask.request_processing.middleware.auth_context [None req-34f1d6a8-1abb-4a16-8ee5-62fdfb6bbce7 None admin] Authenticating user token {{(pid=80443) process_request /usr/local/lib/python3.8/dist-packages/keystonemiddleware/auth_token/__init__.py:407}}
Jul 15 08:09:53.688240 dv-neutron-840415-15-hyperv devstack@keystone.service[80442]: DEBUG dbcounter [-] [80442] Writing DB stats keystone:SELECT=100 {{(pid=80442) stat_writer /usr/local/lib/python3.8/dist-packages/dbcounter.py:114}}
Jul 15 08:09:53.735985 dv-neutron-840415-15-hyperv devstack@keystone.service[80442]: DEBUG keystone.server.flask.request_processing.middleware.auth_context [None req-697fc1c8-64b1-468b-8903-1b46cd220100 None None] Validating token access rules against request {{(pid=80442) validate_allowed_request /usr/local/lib/python3.8/dist-packages/keystonemiddleware/auth_token/__init__.py:545}}
Jul 15 08:09:53.774337 dv-neutron-840415-15-hyperv devstack@keystone.service[80442]: DEBUG keystone.server.flask.request_processing.middleware.auth_context [None req-28f2ba5f-673b-428e-8bb7-7a898c59a0bd None admin] RBAC: auth_context: {'token': , 'domain_id': None, 'trust_id': None, 'trustor_id': None, 'trustee_id': None, 'domain_name': None, 'group_ids': [], 'user_id': '7fbe35712962473fb81aac308ace7a8c', 'user_domain_id': 'default', 'system_scope': 'all', 'project_id': None, 'project_domain_id': None, 'roles': ['admin', 'member', 'reader'], 'is_admin_project': True, 'service_user_id': None, 'service_user_domain_id': None, 'service_project_id': None, 'service_project_domain_id': None, 'service_roles': []} {{(pid=80442) fill_context /opt/stack/keystone/keystone/server/flask/request_processing/middleware/auth_context.py:478}}
Jul 15 08:09:53.775114 dv-neutron-840415-15-hyperv devstack@keystone.service[80442]: DEBUG keystone.server.flask.request_processing.req_logging [None req-28f2ba5f-673b-428e-8bb7-7a898c59a0bd None admin] REQUEST_METHOD: `GET` {{(pid=80442) log_request_info /opt/stack/keystone/keystone/server/flask/request_processing/req_logging.py:27}}
Jul 15 08:09:53.775402 dv-neutron-840415-15-hyperv devstack@keystone.service[80442]: DEBUG keystone.server.flask.request_processing.req_logging [None req-28f2ba5f-673b-428e-8bb7-7a898c59a0bd None admin] SCRIPT_NAME: `/identity` {{(pid=80442) log_request_info /opt/stack/keystone/keystone/server/flask/request_processing/req_logging.py:28}}
Jul 15 08:09:53.775679 dv-neutron-840415-15-hyperv devstack@keystone.service[80442]: DEBUG keystone.server.flask.request_processing.req_logging [None req-28f2ba5f-673b-428e-8bb7-7a898c59a0bd None admin] PATH_INFO: `/v3/roles` {{(pid=80442) log_request_info /opt/stack/keystone/keystone/server/flask/request_processing/req_logging.py:29}}
Jul 15 08:09:53.776479 dv-neutron-840415-15-hyperv devstack@keystone.service[80442]: DEBUG keystone.common.rbac_enforcer.enforcer [None req-28f2ba5f-673b-428e-8bb7-7a898c59a0bd None admin] RBAC: Adding query filter params (name=member) {{(pid=80442) _extract_filter_values /opt/stack/keystone/keystone/common/rbac_enforcer/enforcer.py:167}}
Jul 15 08:09:53.776787 dv-neutron-840415-15-hyperv devstack@keystone.service[80442]: DEBUG keystone.common.rbac_enforcer.enforcer [None req-28f2ba5f-673b-428e-8bb7-7a898c59a0bd None admin] RBAC: Authorizing `identity:list_roles()` {{(pid=80442) enforce_call /opt/stack/keystone/keystone/common/rbac_enforcer/enforcer.py:449}}
Jul 15 08:09:53.778298 dv-neutron-840415-15-hyperv devstack@keystone.service[80442]: DEBUG keystone.common.rbac_enforcer.enforcer [None req-28f2ba5f-673b-428e-8bb7-7a898c59a0bd None admin] RBAC: Authorization granted {{(pid=80442) enforce_call /opt/stack/keystone/keystone/common/rbac_enforcer/enforcer.py:457}}
Jul 15 08:09:53.789240 dv-neutron-840415-15-hyperv devstack@keystone.service[80442]: [pid: 80442|app: 0|req: 70/132] 10.222.0.50 () {56 vars in 1101 bytes} [Fri Jul 15 08:09:53 2022] GET /identity/v3/roles?name=member => generated 341 bytes in 225 msecs (HTTP/1.1 200) 5 headers in 177 bytes (1 switches on core 0)
Jul 15 08:09:53.790716 dv-neutron-840415-15-hyperv devstack@keystone.service[80442]: DEBUG keystone.server.flask.request_processing.req_logging [None req-a3392581-af43-4e83-a688-5b6e1050ee41 None None] REQUEST_METHOD: `POST` {{(pid=80442) log_request_info /opt/stack/keystone/keystone/server/flask/request_processing/req_logging.py:27}}
Jul 15 08:09:53.791008 dv-neutron-840415-15-hyperv devstack@keystone.service[80442]: DEBUG keystone.server.flask.request_processing.req_logging [None req-a3392581-af43-4e83-a688-5b6e1050ee41 None None] SCRIPT_NAME: `/identity` {{(pid=80442) log_request_info /opt/stack/keystone/keystone/server/flask/request_processing/req_logging.py:28}}
Jul 15 08:09:53.791285 dv-neutron-840415-15-hyperv devstack@keystone.service[80442]: DEBUG keystone.server.flask.request_processing.req_logging [None req-a3392581-af43-4e83-a688-5b6e1050ee41 None None] PATH_INFO: `/v3/auth/tokens` {{(pid=80442) log_request_info /opt/stack/keystone/keystone/server/flask/request_processing/req_logging.py:29}}
Jul 15 08:09:53.800860 dv-neutron-840415-15-hyperv devstack@keystone.service[80443]: DEBUG dbcounter [-] [80443] Writing DB stats keystone:SELECT=99,keystone:INSERT=1 {{(pid=80443) stat_writer /usr/local/lib/python3.8/dist-packages/dbcounter.py:114}}
Jul 15 08:09:53.805185 dv-neutron-840415-15-hyperv devstack@keystone.service[80443]: DEBUG keystone.server.flask.request_processing.middleware.auth_context [None req-34f1d6a8-1abb-4a16-8ee5-62fdfb6bbce7 None admin] Validating token access rules against request {{(pid=80443) validate_allowed_request /usr/local/lib/python3.8/dist-packages/keystonemiddleware/auth_token/__init__.py:545}}
Jul 15 08:09:53.811031 dv-neutron-840415-15-hyperv devstack@keystone.service[80442]: DEBUG keystone.auth.core [None req-a3392581-af43-4e83-a688-5b6e1050ee41 None None] MFA Rules not processed for user `7fbe35712962473fb81aac308ace7a8c`. Rule list: `[]` (Enabled: `True`). {{(pid=80442) check_auth_methods_against_rules /opt/stack/keystone/keystone/auth/core.py:438}}
Jul 15 08:09:53.812286 dv-neutron-840415-15-hyperv devstack@keystone.service[80442]: DEBUG keystone.common.fernet_utils [None req-a3392581-af43-4e83-a688-5b6e1050ee41 None None] Loaded 2 Fernet keys from /etc/keystone/fernet-keys/, but `[fernet_tokens] max_active_keys = 3`; perhaps there have not been enough key rotations to reach `max_active_keys` yet? {{(pid=80442) load_keys /opt/stack/keystone/keystone/common/fernet_utils.py:286}}
Jul 15 08:09:53.844546 dv-neutron-840415-15-hyperv devstack@keystone.service[80443]: DEBUG keystone.server.flask.request_processing.middleware.auth_context [None req-5809926c-99c7-4010-b992-be114f67cd33 None admin] RBAC: auth_context: {'token': , 'domain_id': None, 'trust_id': None, 'trustor_id': None, 'trustee_id': None, 'domain_name': None, 'group_ids': [], 'user_id': '7fbe35712962473fb81aac308ace7a8c', 'user_domain_id': 'default', 'system_scope': 'all', 'project_id': None, 'project_domain_id': None, 'roles': ['admin', 'member', 'reader'], 'is_admin_project': True, 'service_user_id': None, 'service_user_domain_id': None, 'service_project_id': None, 'service_project_domain_id': None, 'service_roles': []} {{(pid=80443) fill_context /opt/stack/keystone/keystone/server/flask/request_processing/middleware/auth_context.py:478}}
Jul 15 08:09:53.845538 dv-neutron-840415-15-hyperv devstack@keystone.service[80443]: DEBUG keystone.server.flask.request_processing.req_logging [None req-5809926c-99c7-4010-b992-be114f67cd33 None admin] REQUEST_METHOD: `GET` {{(pid=80443) log_request_info /opt/stack/keystone/keystone/server/flask/request_processing/req_logging.py:27}}
Jul 15 08:09:53.845816 dv-neutron-840415-15-hyperv devstack@keystone.service[80443]: DEBUG keystone.server.flask.request_processing.req_logging [None req-5809926c-99c7-4010-b992-be114f67cd33 None admin] SCRIPT_NAME: `/identity` {{(pid=80443) log_request_info /opt/stack/keystone/keystone/server/flask/request_processing/req_logging.py:28}}
Jul 15 08:09:53.846351 dv-neutron-840415-15-hyperv devstack@keystone.service[80443]: DEBUG keystone.server.flask.request_processing.req_logging [None req-5809926c-99c7-4010-b992-be114f67cd33 None admin] PATH_INFO: `/v3/users/2fa63468a2814bc6afd0d29fb3c78ce7` {{(pid=80443) log_request_info /opt/stack/keystone/keystone/server/flask/request_processing/req_logging.py:29}}
Jul 15 08:09:53.847908 dv-neutron-840415-15-hyperv devstack@keystone.service[80443]: DEBUG keystone.common.rbac_enforcer.enforcer [None req-5809926c-99c7-4010-b992-be114f67cd33 None admin] RBAC: Authorizing `identity:get_user(user_id=2fa63468a2814bc6afd0d29fb3c78ce7)` {{(pid=80443) enforce_call /opt/stack/keystone/keystone/common/rbac_enforcer/enforcer.py:449}}
Jul 15 08:09:53.849455 dv-neutron-840415-15-hyperv devstack@keystone.service[80443]: DEBUG keystone.common.rbac_enforcer.enforcer [None req-5809926c-99c7-4010-b992-be114f67cd33 None admin] RBAC: Authorization granted {{(pid=80443) enforce_call /opt/stack/keystone/keystone/common/rbac_enforcer/enforcer.py:457}}
Jul 15 08:09:53.851441 dv-neutron-840415-15-hyperv devstack@keystone.service[80443]: [pid: 80443|app: 0|req: 63/133] 10.222.0.50 () {56 vars in 1177 bytes} [Fri Jul 15 08:09:53 2022] GET /identity/v3/users/2fa63468a2814bc6afd0d29fb3c78ce7 => generated 275 bytes in 266 msecs (HTTP/1.1 200) 5 headers in 177 bytes (1 switches on core 0)
Jul 15 08:09:53.852349 dv-neutron-840415-15-hyperv devstack@keystone.service[80443]: DEBUG keystone.server.flask.request_processing.middleware.auth_context [None req-5809926c-99c7-4010-b992-be114f67cd33 None admin] Authenticating user token {{(pid=80443) process_request /usr/local/lib/python3.8/dist-packages/keystonemiddleware/auth_token/__init__.py:407}}
Jul 15 08:09:53.892326 dv-neutron-840415-15-hyperv devstack@keystone.service[80442]: [pid: 80442|app: 0|req: 71/134] 10.222.0.50 () {58 vars in 1023 bytes} [Fri Jul 15 08:09:53 2022] POST /identity/v3/auth/tokens => generated 799 bytes in 103 msecs (HTTP/1.1 201) 6 headers in 363 bytes (1 switches on core 0)
Jul 15 08:09:53.894214 dv-neutron-840415-15-hyperv devstack@keystone.service[80442]: DEBUG keystone.server.flask.request_processing.middleware.auth_context [None req-a3392581-af43-4e83-a688-5b6e1050ee41 None None] Authenticating user token {{(pid=80442) process_request /usr/local/lib/python3.8/dist-packages/keystonemiddleware/auth_token/__init__.py:407}}
Jul 15 08:09:53.957247 dv-neutron-840415-15-hyperv devstack@keystone.service[80442]: DEBUG dbcounter [-] [80442] Writing DB stats keystone:SELECT=100 {{(pid=80442) stat_writer /usr/local/lib/python3.8/dist-packages/dbcounter.py:114}}
Jul 15 08:09:53.972768 dv-neutron-840415-15-hyperv devstack@keystone.service[80443]: DEBUG keystone.server.flask.request_processing.middleware.auth_context [None req-5809926c-99c7-4010-b992-be114f67cd33 None admin] Validating token access rules against request {{(pid=80443) validate_allowed_request /usr/local/lib/python3.8/dist-packages/keystonemiddleware/auth_token/__init__.py:545}}
Jul 15 08:09:54.006883 dv-neutron-840415-15-hyperv devstack@keystone.service[80442]: DEBUG keystone.server.flask.request_processing.middleware.auth_context [None req-a3392581-af43-4e83-a688-5b6e1050ee41 None None] Validating token access rules against request {{(pid=80442) validate_allowed_request /usr/local/lib/python3.8/dist-packages/keystonemiddleware/auth_token/__init__.py:545}}
Jul 15 08:09:54.010196 dv-neutron-840415-15-hyperv devstack@keystone.service[80443]: DEBUG keystone.server.flask.request_processing.middleware.auth_context [None req-17b31fa7-c58d-41eb-88f4-d5fb4d4b6424 None admin] RBAC: auth_context: {'token': , 'domain_id': None, 'trust_id': None, 'trustor_id': None, 'trustee_id': None, 'domain_name': None, 'group_ids': [], 'user_id': '7fbe35712962473fb81aac308ace7a8c', 'user_domain_id': 'default', 'system_scope': 'all', 'project_id': None, 'project_domain_id': None, 'roles': ['admin', 'member', 'reader'], 'is_admin_project': True, 'service_user_id': None, 'service_user_domain_id': None, 'service_project_id': None, 'service_project_domain_id': None, 'service_roles': []} {{(pid=80443) fill_context /opt/stack/keystone/keystone/server/flask/request_processing/middleware/auth_context.py:478}}
Jul 15 08:09:54.011077 dv-neutron-840415-15-hyperv devstack@keystone.service[80443]: DEBUG keystone.server.flask.request_processing.req_logging [None req-17b31fa7-c58d-41eb-88f4-d5fb4d4b6424 None admin] REQUEST_METHOD: `GET` {{(pid=80443) log_request_info /opt/stack/keystone/keystone/server/flask/request_processing/req_logging.py:27}}
Jul 15 08:09:54.011369 dv-neutron-840415-15-hyperv devstack@keystone.service[80443]: DEBUG keystone.server.flask.request_processing.req_logging [None req-17b31fa7-c58d-41eb-88f4-d5fb4d4b6424 None admin] SCRIPT_NAME: `/identity` {{(pid=80443) log_request_info /opt/stack/keystone/keystone/server/flask/request_processing/req_logging.py:28}}
Jul 15 08:09:54.011652 dv-neutron-840415-15-hyperv devstack@keystone.service[80443]: DEBUG keystone.server.flask.request_processing.req_logging [None req-17b31fa7-c58d-41eb-88f4-d5fb4d4b6424 None admin] PATH_INFO: `/v3/users/2fa63468a2814bc6afd0d29fb3c78ce7` {{(pid=80443) log_request_info /opt/stack/keystone/keystone/server/flask/request_processing/req_logging.py:29}}
Jul 15 08:09:54.012928 dv-neutron-840415-15-hyperv devstack@keystone.service[80443]: DEBUG keystone.common.rbac_enforcer.enforcer [None req-17b31fa7-c58d-41eb-88f4-d5fb4d4b6424 None admin] RBAC: Authorizing `identity:get_user(user_id=2fa63468a2814bc6afd0d29fb3c78ce7)` {{(pid=80443) enforce_call /opt/stack/keystone/keystone/common/rbac_enforcer/enforcer.py:449}}
Jul 15 08:09:54.014409 dv-neutron-840415-15-hyperv devstack@keystone.service[80443]: DEBUG keystone.common.rbac_enforcer.enforcer [None req-17b31fa7-c58d-41eb-88f4-d5fb4d4b6424 None admin] RBAC: Authorization granted {{(pid=80443) enforce_call /opt/stack/keystone/keystone/common/rbac_enforcer/enforcer.py:457}}
Jul 15 08:09:54.016743 dv-neutron-840415-15-hyperv devstack@keystone.service[80443]: [pid: 80443|app: 0|req: 64/135] 10.222.0.50 () {56 vars in 1177 bytes} [Fri Jul 15 08:09:53 2022] GET /identity/v3/users/2fa63468a2814bc6afd0d29fb3c78ce7 => generated 275 bytes in 164 msecs (HTTP/1.1 200) 5 headers in 177 bytes (1 switches on core 0)
Jul 15 08:09:54.016875 dv-neutron-840415-15-hyperv devstack@keystone.service[80443]: DEBUG keystone.server.flask.request_processing.middleware.auth_context [None req-17b31fa7-c58d-41eb-88f4-d5fb4d4b6424 None admin] Authenticating user token {{(pid=80443) process_request /usr/local/lib/python3.8/dist-packages/keystonemiddleware/auth_token/__init__.py:407}}
Jul 15 08:09:54.047106 dv-neutron-840415-15-hyperv devstack@keystone.service[80442]: DEBUG keystone.server.flask.request_processing.middleware.auth_context [None req-81d837fc-9855-45c0-bcfc-65fa5c7ab0c1 None admin] RBAC: auth_context: {'token': , 'domain_id': None, 'trust_id': None, 'trustor_id': None, 'trustee_id': None, 'domain_name': None, 'group_ids': [], 'user_id': '7fbe35712962473fb81aac308ace7a8c', 'user_domain_id': 'default', 'system_scope': 'all', 'project_id': None, 'project_domain_id': None, 'roles': ['admin', 'member', 'reader'], 'is_admin_project': True, 'service_user_id': None, 'service_user_domain_id': None, 'service_project_id': None, 'service_project_domain_id': None, 'service_roles': []} {{(pid=80442) fill_context /opt/stack/keystone/keystone/server/flask/request_processing/middleware/auth_context.py:478}}
Jul 15 08:09:54.048512 dv-neutron-840415-15-hyperv devstack@keystone.service[80442]: DEBUG keystone.server.flask.request_processing.req_logging [None req-81d837fc-9855-45c0-bcfc-65fa5c7ab0c1 None admin] REQUEST_METHOD: `GET` {{(pid=80442) log_request_info /opt/stack/keystone/keystone/server/flask/request_processing/req_logging.py:27}}
Jul 15 08:09:54.049024 dv-neutron-840415-15-hyperv devstack@keystone.service[80442]: DEBUG keystone.server.flask.request_processing.req_logging [None req-81d837fc-9855-45c0-bcfc-65fa5c7ab0c1 None admin] SCRIPT_NAME: `/identity` {{(pid=80442) log_request_info /opt/stack/keystone/keystone/server/flask/request_processing/req_logging.py:28}}
Jul 15 08:09:54.049518 dv-neutron-840415-15-hyperv devstack@keystone.service[80442]: DEBUG keystone.server.flask.request_processing.req_logging [None req-81d837fc-9855-45c0-bcfc-65fa5c7ab0c1 None admin] PATH_INFO: `/v3/projects/63c36c9bbb3c4457850f2fb84eb7d050` {{(pid=80442) log_request_info /opt/stack/keystone/keystone/server/flask/request_processing/req_logging.py:29}}
Jul 15 08:09:54.051551 dv-neutron-840415-15-hyperv devstack@keystone.service[80442]: DEBUG keystone.common.rbac_enforcer.enforcer [None req-81d837fc-9855-45c0-bcfc-65fa5c7ab0c1 None admin] RBAC: Authorizing `identity:get_project(project_id=63c36c9bbb3c4457850f2fb84eb7d050)` {{(pid=80442) enforce_call /opt/stack/keystone/keystone/common/rbac_enforcer/enforcer.py:449}}
Jul 15 08:09:54.053347 dv-neutron-840415-15-hyperv devstack@keystone.service[80442]: DEBUG keystone.common.rbac_enforcer.enforcer [None req-81d837fc-9855-45c0-bcfc-65fa5c7ab0c1 None admin] RBAC: Authorization granted {{(pid=80442) enforce_call /opt/stack/keystone/keystone/common/rbac_enforcer/enforcer.py:457}}
Jul 15 08:09:54.055498 dv-neutron-840415-15-hyperv devstack@keystone.service[80442]: [pid: 80442|app: 0|req: 72/136] 10.222.0.50 () {56 vars in 1186 bytes} [Fri Jul 15 08:09:53 2022] GET /identity/v3/projects/63c36c9bbb3c4457850f2fb84eb7d050 => generated 298 bytes in 162 msecs (HTTP/1.1 200) 5 headers in 177 bytes (1 switches on core 0)
Jul 15 08:09:54.056563 dv-neutron-840415-15-hyperv devstack@keystone.service[80442]: DEBUG keystone.server.flask.request_processing.middleware.auth_context [None req-81d837fc-9855-45c0-bcfc-65fa5c7ab0c1 None admin] Authenticating user token {{(pid=80442) process_request /usr/local/lib/python3.8/dist-packages/keystonemiddleware/auth_token/__init__.py:407}}
Jul 15 08:09:54.062911 dv-neutron-840415-15-hyperv devstack@keystone.service[80443]: DEBUG dbcounter [-] [80443] Writing DB stats keystone:SELECT=100 {{(pid=80443) stat_writer /usr/local/lib/python3.8/dist-packages/dbcounter.py:114}}
Jul 15 08:09:54.162853 dv-neutron-840415-15-hyperv devstack@keystone.service[80443]: DEBUG keystone.server.flask.request_processing.middleware.auth_context [None req-17b31fa7-c58d-41eb-88f4-d5fb4d4b6424 None admin] Validating token access rules against request {{(pid=80443) validate_allowed_request /usr/local/lib/python3.8/dist-packages/keystonemiddleware/auth_token/__init__.py:545}}
Jul 15 08:09:54.164701 dv-neutron-840415-15-hyperv devstack@keystone.service[80442]: DEBUG keystone.server.flask.request_processing.middleware.auth_context [None req-81d837fc-9855-45c0-bcfc-65fa5c7ab0c1 None admin] Validating token access rules against request {{(pid=80442) validate_allowed_request /usr/local/lib/python3.8/dist-packages/keystonemiddleware/auth_token/__init__.py:545}}
Jul 15 08:09:54.192260 dv-neutron-840415-15-hyperv devstack@keystone.service[80442]: DEBUG dbcounter [-] [80442] Writing DB stats keystone:SELECT=100 {{(pid=80442) stat_writer /usr/local/lib/python3.8/dist-packages/dbcounter.py:114}}
Jul 15 08:09:54.199681 dv-neutron-840415-15-hyperv devstack@keystone.service[80443]: DEBUG keystone.server.flask.request_processing.middleware.auth_context [None req-64e8854b-4a88-42fd-92f8-ab8ee8de44bf None admin] RBAC: auth_context: {'token': , 'domain_id': None, 'trust_id': None, 'trustor_id': None, 'trustee_id': None, 'domain_name': None, 'group_ids': [], 'user_id': '7fbe35712962473fb81aac308ace7a8c', 'user_domain_id': 'default', 'system_scope': 'all', 'project_id': None, 'project_domain_id': None, 'roles': ['admin', 'member', 'reader'], 'is_admin_project': True, 'service_user_id': None, 'service_user_domain_id': None, 'service_project_id': None, 'service_project_domain_id': None, 'service_roles': []} {{(pid=80443) fill_context /opt/stack/keystone/keystone/server/flask/request_processing/middleware/auth_context.py:478}}
Jul 15 08:09:54.200456 dv-neutron-840415-15-hyperv devstack@keystone.service[80443]: DEBUG keystone.server.flask.request_processing.req_logging [None req-64e8854b-4a88-42fd-92f8-ab8ee8de44bf None admin] REQUEST_METHOD: `GET` {{(pid=80443) log_request_info /opt/stack/keystone/keystone/server/flask/request_processing/req_logging.py:27}}
Jul 15 08:09:54.200730 dv-neutron-840415-15-hyperv devstack@keystone.service[80443]: DEBUG keystone.server.flask.request_processing.req_logging [None req-64e8854b-4a88-42fd-92f8-ab8ee8de44bf None admin] SCRIPT_NAME: `/identity` {{(pid=80443) log_request_info /opt/stack/keystone/keystone/server/flask/request_processing/req_logging.py:28}}
Jul 15 08:09:54.201021 dv-neutron-840415-15-hyperv devstack@keystone.service[80443]: DEBUG keystone.server.flask.request_processing.req_logging [None req-64e8854b-4a88-42fd-92f8-ab8ee8de44bf None admin] PATH_INFO: `/v3/domains/default` {{(pid=80443) log_request_info /opt/stack/keystone/keystone/server/flask/request_processing/req_logging.py:29}}
Jul 15 08:09:54.202217 dv-neutron-840415-15-hyperv devstack@keystone.service[80443]: DEBUG keystone.common.rbac_enforcer.enforcer [None req-64e8854b-4a88-42fd-92f8-ab8ee8de44bf None admin] RBAC: Authorizing `identity:get_domain(domain_id=default)` {{(pid=80443) enforce_call /opt/stack/keystone/keystone/common/rbac_enforcer/enforcer.py:449}}
Jul 15 08:09:54.203695 dv-neutron-840415-15-hyperv devstack@keystone.service[80443]: DEBUG keystone.common.rbac_enforcer.enforcer [None req-64e8854b-4a88-42fd-92f8-ab8ee8de44bf None admin] RBAC: Authorization granted {{(pid=80443) enforce_call /opt/stack/keystone/keystone/common/rbac_enforcer/enforcer.py:457}}
Jul 15 08:09:54.204927 dv-neutron-840415-15-hyperv devstack@keystone.service[80442]: DEBUG keystone.server.flask.request_processing.middleware.auth_context [None req-d1e69013-c6d2-4347-ad75-bfce1614d9f1 None admin] RBAC: auth_context: {'token': , 'domain_id': None, 'trust_id': None, 'trustor_id': None, 'trustee_id': None, 'domain_name': None, 'group_ids': [], 'user_id': '7fbe35712962473fb81aac308ace7a8c', 'user_domain_id': 'default', 'system_scope': 'all', 'project_id': None, 'project_domain_id': None, 'roles': ['admin', 'member', 'reader'], 'is_admin_project': True, 'service_user_id': None, 'service_user_domain_id': None, 'service_project_id': None, 'service_project_domain_id': None, 'service_roles': []} {{(pid=80442) fill_context /opt/stack/keystone/keystone/server/flask/request_processing/middleware/auth_context.py:478}}
Jul 15 08:09:54.205715 dv-neutron-840415-15-hyperv devstack@keystone.service[80443]: [pid: 80443|app: 0|req: 65/137] 10.222.0.50 () {56 vars in 1108 bytes} [Fri Jul 15 08:09:54 2022] GET /identity/v3/domains/default => generated 199 bytes in 189 msecs (HTTP/1.1 200) 5 headers in 177 bytes (1 switches on core 0)
Jul 15 08:09:54.206898 dv-neutron-840415-15-hyperv devstack@keystone.service[80442]: DEBUG keystone.server.flask.request_processing.req_logging [None req-d1e69013-c6d2-4347-ad75-bfce1614d9f1 None admin] REQUEST_METHOD: `GET` {{(pid=80442) log_request_info /opt/stack/keystone/keystone/server/flask/request_processing/req_logging.py:27}}
Jul 15 08:09:54.207124 dv-neutron-840415-15-hyperv devstack@keystone.service[80443]: DEBUG keystone.server.flask.request_processing.middleware.auth_context [None req-64e8854b-4a88-42fd-92f8-ab8ee8de44bf None admin] Authenticating user token {{(pid=80443) process_request /usr/local/lib/python3.8/dist-packages/keystonemiddleware/auth_token/__init__.py:407}}
Jul 15 08:09:54.207638 dv-neutron-840415-15-hyperv devstack@keystone.service[80442]: DEBUG keystone.server.flask.request_processing.req_logging [None req-d1e69013-c6d2-4347-ad75-bfce1614d9f1 None admin] SCRIPT_NAME: `/identity` {{(pid=80442) log_request_info /opt/stack/keystone/keystone/server/flask/request_processing/req_logging.py:28}}
Jul 15 08:09:54.208138 dv-neutron-840415-15-hyperv devstack@keystone.service[80442]: DEBUG keystone.server.flask.request_processing.req_logging [None req-d1e69013-c6d2-4347-ad75-bfce1614d9f1 None admin] PATH_INFO: `/v3/projects/fe91316f8bd142d68d105caca386f61c` {{(pid=80442) log_request_info /opt/stack/keystone/keystone/server/flask/request_processing/req_logging.py:29}}
Jul 15 08:09:54.209900 dv-neutron-840415-15-hyperv devstack@keystone.service[80442]: DEBUG keystone.common.rbac_enforcer.enforcer [None req-d1e69013-c6d2-4347-ad75-bfce1614d9f1 None admin] RBAC: Authorizing `identity:get_project(project_id=fe91316f8bd142d68d105caca386f61c)` {{(pid=80442) enforce_call /opt/stack/keystone/keystone/common/rbac_enforcer/enforcer.py:449}}
Jul 15 08:09:54.219905 dv-neutron-840415-15-hyperv devstack@keystone.service[80442]: DEBUG keystone.common.rbac_enforcer.enforcer [None req-d1e69013-c6d2-4347-ad75-bfce1614d9f1 None admin] RBAC: Authorization granted {{(pid=80442) enforce_call /opt/stack/keystone/keystone/common/rbac_enforcer/enforcer.py:457}}
Jul 15 08:09:54.222475 dv-neutron-840415-15-hyperv devstack@keystone.service[80442]: [pid: 80442|app: 0|req: 73/138] 10.222.0.50 () {56 vars in 1186 bytes} [Fri Jul 15 08:09:54 2022] GET /identity/v3/projects/fe91316f8bd142d68d105caca386f61c => generated 312 bytes in 166 msecs (HTTP/1.1 200) 5 headers in 177 bytes (1 switches on core 0)
Jul 15 08:09:54.223314 dv-neutron-840415-15-hyperv devstack@keystone.service[80442]: DEBUG keystone.server.flask.request_processing.middleware.auth_context [None req-d1e69013-c6d2-4347-ad75-bfce1614d9f1 None admin] Authenticating user token {{(pid=80442) process_request /usr/local/lib/python3.8/dist-packages/keystonemiddleware/auth_token/__init__.py:407}}
Jul 15 08:09:54.347386 dv-neutron-840415-15-hyperv devstack@keystone.service[80442]: DEBUG keystone.server.flask.request_processing.middleware.auth_context [None req-d1e69013-c6d2-4347-ad75-bfce1614d9f1 None admin] Validating token access rules against request {{(pid=80442) validate_allowed_request /usr/local/lib/python3.8/dist-packages/keystonemiddleware/auth_token/__init__.py:545}}
Jul 15 08:09:54.395897 dv-neutron-840415-15-hyperv devstack@keystone.service[80442]: DEBUG keystone.server.flask.request_processing.middleware.auth_context [None req-e909dc7f-b576-4e70-be20-b03f2c13029c None admin] RBAC: auth_context: {'token': , 'domain_id': None, 'trust_id': None, 'trustor_id': None, 'trustee_id': None, 'domain_name': None, 'group_ids': [], 'user_id': '7fbe35712962473fb81aac308ace7a8c', 'user_domain_id': 'default', 'system_scope': 'all', 'project_id': None, 'project_domain_id': None, 'roles': ['admin', 'member', 'reader'], 'is_admin_project': True, 'service_user_id': None, 'service_user_domain_id': None, 'service_project_id': None, 'service_project_domain_id': None, 'service_roles': []} {{(pid=80442) fill_context /opt/stack/keystone/keystone/server/flask/request_processing/middleware/auth_context.py:478}}
Jul 15 08:09:54.397071 dv-neutron-840415-15-hyperv devstack@keystone.service[80442]: DEBUG keystone.server.flask.request_processing.req_logging [None req-e909dc7f-b576-4e70-be20-b03f2c13029c None admin] REQUEST_METHOD: `POST` {{(pid=80442) log_request_info /opt/stack/keystone/keystone/server/flask/request_processing/req_logging.py:27}}
Jul 15 08:09:54.398460 dv-neutron-840415-15-hyperv devstack@keystone.service[80442]: DEBUG keystone.server.flask.request_processing.req_logging [None req-e909dc7f-b576-4e70-be20-b03f2c13029c None admin] SCRIPT_NAME: `/identity` {{(pid=80442) log_request_info /opt/stack/keystone/keystone/server/flask/request_processing/req_logging.py:28}}
