Jul 11 13:36:00.474439 dv-neutron-840415-14-hyperv neutron-server[104922]: ERROR neutron.plugins.ml2.managers [None req-b78b0045-7e52-4e67-807a-8d209370d15c tempest-PortsAdminExtendedAttrsIpV6TestJSON-140927835 tempest-PortsAdminExtendedAttrsIpV6TestJSON-140927835-project-admin] Failed to bind port 998703c8-781c-486c-aedc-bc47e08c4ef5 on host hv-neutron-8404 for vnic_type normal using segments [{'id': '9cb1b3ce-4974-4ab8-a13b-a62da60b5d56', 'network_type': 'vlan', 'physical_network': 'physnet1', 'segmentation_id': 183, 'network_id': '7f53e02c-a131-4b20-88a9-90821375c134'}]
Jul 11 13:36:00.476417 dv-neutron-840415-14-hyperv neutron-server[104921]: DEBUG neutron_lib.callbacks.manager [None req-599acda9-2c37-4af9-a8af-984079c82b1b admin admin] Publish callbacks [] for security_group (f293eb4b-c048-4c3e-9320-d3e995ebc98c), precommit_delete {{(pid=104921) _notify_loop /usr/local/lib/python3.8/dist-packages/neutron_lib/callbacks/manager.py:176}}
Jul 11 13:36:00.477911 dv-neutron-840415-14-hyperv neutron-server[104922]: DEBUG neutron_lib.callbacks.manager [None req-b05ed335-8c42-4907-8308-e321edb64653 tempest-ServersTestJSON-99257184 tempest-ServersTestJSON-99257184-project] Publish callbacks [] for security_group_rule (5c1f8001-3b69-482b-8fda-1802223270f9), precommit_create {{(pid=104922) _notify_loop /usr/local/lib/python3.8/dist-packages/neutron_lib/callbacks/manager.py:176}}
Jul 11 13:36:00.480641 dv-neutron-840415-14-hyperv neutron-server[104922]: INFO neutron.plugins.ml2.plugin [None req-b78b0045-7e52-4e67-807a-8d209370d15c tempest-PortsAdminExtendedAttrsIpV6TestJSON-140927835 tempest-PortsAdminExtendedAttrsIpV6TestJSON-140927835-project-admin] Attempt 10 to bind port 998703c8-781c-486c-aedc-bc47e08c4ef5
Jul 11 13:36:00.498642 dv-neutron-840415-14-hyperv neutron-server[104922]: DEBUG dbcounter [-] [104922] Writing DB stats neutron:SELECT=96,neutron:DELETE=2,neutron:INSERT=1,neutron:UPDATE=1 {{(pid=104922) stat_writer /usr/local/lib/python3.8/dist-packages/dbcounter.py:114}}
Jul 11 13:36:00.514039 dv-neutron-840415-14-hyperv neutron-server[104922]: DEBUG neutron_lib.callbacks.manager [None req-b05ed335-8c42-4907-8308-e321edb64653 tempest-ServersTestJSON-99257184 tempest-ServersTestJSON-99257184-project] Publish callbacks ['neutron.plugins.ml2.ovo_rpc._ObjectChangeHandler.handle_event-2042039'] for security_group_rule (5c1f8001-3b69-482b-8fda-1802223270f9), after_create {{(pid=104922) _notify_loop /usr/local/lib/python3.8/dist-packages/neutron_lib/callbacks/manager.py:176}}
Jul 11 13:36:00.530946 dv-neutron-840415-14-hyperv neutron-server[104921]: DEBUG neutron_lib.callbacks.manager [None req-91a154ff-b3e5-4b6a-a374-7628b4a17fd4 admin admin] Publish callbacks [] for port (50e6a8a4-ebca-4625-bdaa-1f7cb95d6fe7), precommit_update {{(pid=104921) _notify_loop /usr/local/lib/python3.8/dist-packages/neutron_lib/callbacks/manager.py:176}}
Jul 11 13:36:00.558457 dv-neutron-840415-14-hyperv neutron-server[104921]: DEBUG neutron_lib.callbacks.manager [None req-91a154ff-b3e5-4b6a-a374-7628b4a17fd4 admin admin] Publish callbacks ['neutron.plugins.ml2.plugin.SecurityGroupServerNotifierRpcMixin._notify_sg_on_port_change-3339080', 'neutron.plugins.ml2.ovo_rpc._ObjectChangeHandler.handle_event-52840', 'neutron.api.rpc.agentnotifiers.dhcp_rpc_agent_api.DhcpAgentNotifyAPI._native_event_send_dhcp_notification-1611099', 'neutron.db.l3_db.L3RpcNotifierMixin._notify_gateway_port_ip_changed-8783184262952', 'neutron.db.l3_dvrscheduler_db._notify_l3_agent_port_update-8783183750759', 'neutron.db.l3_hascheduler_db._notify_l3_agent_ha_port_update-8783183750777'] for port (50e6a8a4-ebca-4625-bdaa-1f7cb95d6fe7), after_update {{(pid=104921) _notify_loop /usr/local/lib/python3.8/dist-packages/neutron_lib/callbacks/manager.py:176}}
Jul 11 13:36:00.559283 dv-neutron-840415-14-hyperv neutron-server[104921]: DEBUG neutron_lib.callbacks.manager [None req-91a154ff-b3e5-4b6a-a374-7628b4a17fd4 admin admin] Publish callbacks ['neutron.api.rpc.agentnotifiers.dhcp_rpc_agent_api.DhcpAgentNotifyAPI._after_router_interface_created-1611125', 'neutron.services.l3_router.l3_router_plugin.DVRResourceOperationHandler._update_snat_v6_addrs_after_intf_update-2057772'] for router_interface (ce936e3b-d0f2-402b-9d68-2eba5f8e8a0b), after_create {{(pid=104921) _notify_loop /usr/local/lib/python3.8/dist-packages/neutron_lib/callbacks/manager.py:176}}
Jul 11 13:36:00.578613 dv-neutron-840415-14-hyperv neutron-server[104922]: DEBUG neutron.plugins.ml2.managers [None req-b78b0045-7e52-4e67-807a-8d209370d15c tempest-PortsAdminExtendedAttrsIpV6TestJSON-140927835 tempest-PortsAdminExtendedAttrsIpV6TestJSON-140927835-project-admin] Attempting to bind port 998703c8-781c-486c-aedc-bc47e08c4ef5 on host hv-neutron-8404 for vnic_type normal with profile {{(pid=104922) bind_port /opt/stack/neutron/neutron/plugins/ml2/managers.py:810}}
Jul 11 13:36:00.579009 dv-neutron-840415-14-hyperv neutron-server[104922]: DEBUG neutron.plugins.ml2.managers [None req-b78b0045-7e52-4e67-807a-8d209370d15c tempest-PortsAdminExtendedAttrsIpV6TestJSON-140927835 tempest-PortsAdminExtendedAttrsIpV6TestJSON-140927835-project-admin] Attempting to bind port 998703c8-781c-486c-aedc-bc47e08c4ef5 by drivers openvswitch,hyperv on host hv-neutron-8404 at level 0 using segments [{'id': '9cb1b3ce-4974-4ab8-a13b-a62da60b5d56', 'network_type': 'vlan', 'physical_network': 'physnet1', 'segmentation_id': 183, 'network_id': '7f53e02c-a131-4b20-88a9-90821375c134'}] {{(pid=104922) _bind_port_level /opt/stack/neutron/neutron/plugins/ml2/managers.py:835}}
Jul 11 13:36:00.579399 dv-neutron-840415-14-hyperv neutron-server[104922]: DEBUG neutron.plugins.ml2.drivers.mech_agent [None req-b78b0045-7e52-4e67-807a-8d209370d15c tempest-PortsAdminExtendedAttrsIpV6TestJSON-140927835 tempest-PortsAdminExtendedAttrsIpV6TestJSON-140927835-project-admin] Attempting to bind port 998703c8-781c-486c-aedc-bc47e08c4ef5 on network 7f53e02c-a131-4b20-88a9-90821375c134 {{(pid=104922) bind_port /opt/stack/neutron/neutron/plugins/ml2/drivers/mech_agent.py:91}}
Jul 11 13:36:00.638132 dv-neutron-840415-14-hyperv neutron-server[104922]: DEBUG neutron.api.rpc.handlers.resources_rpc [None req-b05ed335-8c42-4907-8308-e321edb64653 tempest-ServersTestJSON-99257184 tempest-ServersTestJSON-99257184-project] Pushing event updated for resources: {'SecurityGroupRule': ['ID=5c1f8001-3b69-482b-8fda-1802223270f9,revision_number=0']} {{(pid=104922) push /opt/stack/neutron/neutron/api/rpc/handlers/resources_rpc.py:237}}
Jul 11 13:36:00.651457 dv-neutron-840415-14-hyperv neutron-server[104922]: DEBUG neutron.plugins.ml2.drivers.mech_agent [None req-b78b0045-7e52-4e67-807a-8d209370d15c tempest-PortsAdminExtendedAttrsIpV6TestJSON-140927835 tempest-PortsAdminExtendedAttrsIpV6TestJSON-140927835-project-admin] Port 998703c8-781c-486c-aedc-bc47e08c4ef5 on network 7f53e02c-a131-4b20-88a9-90821375c134 not bound, no agent of type Open vSwitch agent registered on host hv-neutron-8404 {{(pid=104922) bind_port /opt/stack/neutron/neutron/plugins/ml2/drivers/mech_agent.py:103}}
Jul 11 13:36:00.652464 dv-neutron-840415-14-hyperv neutron-server[104922]: ERROR neutron.plugins.ml2.managers [None req-b78b0045-7e52-4e67-807a-8d209370d15c tempest-PortsAdminExtendedAttrsIpV6TestJSON-140927835 tempest-PortsAdminExtendedAttrsIpV6TestJSON-140927835-project-admin] Failed to bind port 998703c8-781c-486c-aedc-bc47e08c4ef5 on host hv-neutron-8404 for vnic_type normal using segments [{'id': '9cb1b3ce-4974-4ab8-a13b-a62da60b5d56', 'network_type': 'vlan', 'physical_network': 'physnet1', 'segmentation_id': 183, 'network_id': '7f53e02c-a131-4b20-88a9-90821375c134'}]
Jul 11 13:36:00.652464 dv-neutron-840415-14-hyperv neutron-server[104922]: DEBUG neutron_lib.callbacks.manager [None req-b78b0045-7e52-4e67-807a-8d209370d15c tempest-PortsAdminExtendedAttrsIpV6TestJSON-140927835 tempest-PortsAdminExtendedAttrsIpV6TestJSON-140927835-project-admin] Publish callbacks ['neutron.plugins.ml2.plugin.SecurityGroupDbMixin._ensure_default_security_group_handler-3341965'] for port (998703c8-781c-486c-aedc-bc47e08c4ef5), before_update {{(pid=104922) _notify_loop /usr/local/lib/python3.8/dist-packages/neutron_lib/callbacks/manager.py:176}}
Jul 11 13:36:00.657268 dv-neutron-840415-14-hyperv neutron-server[104922]: DEBUG neutron_lib.callbacks.manager [None req-b05ed335-8c42-4907-8308-e321edb64653 tempest-ServersTestJSON-99257184 tempest-ServersTestJSON-99257184-project] Publish callbacks [] for security_group_rule (None), before_response {{(pid=104922) _notify_loop /usr/local/lib/python3.8/dist-packages/neutron_lib/callbacks/manager.py:176}}
Jul 11 13:36:00.662067 dv-neutron-840415-14-hyperv neutron-server[104922]: INFO neutron.wsgi [None req-b05ed335-8c42-4907-8308-e321edb64653 tempest-ServersTestJSON-99257184 tempest-ServersTestJSON-99257184-project] 10.222.0.16 "POST /v2.0/security-group-rules HTTP/1.1" status: 201 len: 764 time: 0.7707169
Jul 11 13:36:00.665097 dv-neutron-840415-14-hyperv neutron-server[104922]: DEBUG neutron.wsgi [-] (104922) accepted ('10.222.0.16', 39000) {{(pid=104922) server /usr/local/lib/python3.8/dist-packages/eventlet/wsgi.py:1004}}
Jul 11 13:36:00.683381 dv-neutron-840415-14-hyperv neutron-server[104921]: DEBUG dbcounter [-] [104921] Writing DB stats neutron:SELECT=91,neutron:INSERT=7,neutron:UPDATE=2 {{(pid=104921) stat_writer /usr/local/lib/python3.8/dist-packages/dbcounter.py:114}}
Jul 11 13:36:00.687940 dv-neutron-840415-14-hyperv neutron-server[104922]: DEBUG neutron.api.v2.base [None req-84e04c45-e977-4b2b-a61c-32b7d6fea18f tempest-ServersTestJSON-99257184 tempest-ServersTestJSON-99257184-project] Request body: {'security_group_rule': {'security_group_id': '564f85a0-58f6-41c4-a6ca-2077ca9e19c4', 'protocol': 'icmp', 'ethertype': 'IPv4', 'direction': 'ingress'}} {{(pid=104922) prepare_request_body /opt/stack/neutron/neutron/api/v2/base.py:730}}
Jul 11 13:36:00.689370 dv-neutron-840415-14-hyperv neutron-server[104921]: DEBUG neutron_lib.callbacks.manager [None req-612b4153-2431-4c38-9504-20e45f485966 tempest-ExtraDHCPOptionsIpV6TestJSON-969399486 tempest-ExtraDHCPOptionsIpV6TestJSON-969399486-project] Publish callbacks [] for security_group (b3cf6d7a-6067-47bd-bfd9-8f5494814901), precommit_create {{(pid=104921) _notify_loop /usr/local/lib/python3.8/dist-packages/neutron_lib/callbacks/manager.py:176}}
Jul 11 13:36:00.704564 dv-neutron-840415-14-hyperv neutron-server[104922]: DEBUG neutron.notifiers.nova [None req-922992aa-0a17-43d1-bcc7-747d377e523c tempest-PortsAdminExtendedAttrsTestJSON-1247660374 tempest-PortsAdminExtendedAttrsTestJSON-1247660374-project-admin] device_id is not set on port fd3e3db1-c9a8-430d-8f74-79c2c92f4069 yet. {{(pid=104922) _can_notify /opt/stack/neutron/neutron/notifiers/nova.py:199}}
Jul 11 13:36:00.722537 dv-neutron-840415-14-hyperv neutron-server[104922]: DEBUG neutron_lib.callbacks.manager [None req-922992aa-0a17-43d1-bcc7-747d377e523c tempest-PortsAdminExtendedAttrsTestJSON-1247660374 tempest-PortsAdminExtendedAttrsTestJSON-1247660374-project-admin] Publish callbacks [] for port (fd3e3db1-c9a8-430d-8f74-79c2c92f4069), precommit_update {{(pid=104922) _notify_loop /usr/local/lib/python3.8/dist-packages/neutron_lib/callbacks/manager.py:176}}
Jul 11 13:36:00.725554 dv-neutron-840415-14-hyperv neutron-server[104921]: DEBUG neutron_lib.callbacks.manager [None req-612b4153-2431-4c38-9504-20e45f485966 tempest-ExtraDHCPOptionsIpV6TestJSON-969399486 tempest-ExtraDHCPOptionsIpV6TestJSON-969399486-project] Publish callbacks ['neutron.plugins.ml2.ovo_rpc._ObjectChangeHandler.handle_event-2042048'] for security_group (b3cf6d7a-6067-47bd-bfd9-8f5494814901), after_create {{(pid=104921) _notify_loop /usr/local/lib/python3.8/dist-packages/neutron_lib/callbacks/manager.py:176}}
Jul 11 13:36:00.741871 dv-neutron-840415-14-hyperv neutron-server[104922]: DEBUG neutron_lib.callbacks.manager [None req-5262da1d-6640-46ea-9d6a-c222e088e83b tempest-BulkNetworkOpsIpV6Test-663201792 tempest-BulkNetworkOpsIpV6Test-663201792-project] Publish callbacks [] for port (aeba1d3b-a0cc-42fd-abdd-c5f0e47ab45f), precommit_create {{(pid=104922) _notify_loop /usr/local/lib/python3.8/dist-packages/neutron_lib/callbacks/manager.py:176}}
Jul 11 13:36:00.745409 dv-neutron-840415-14-hyperv neutron-server[104921]: DEBUG neutron.api.rpc.handlers.resources_rpc [None req-91a154ff-b3e5-4b6a-a374-7628b4a17fd4 admin admin] Pushing event updated for resources: {'Port': ['ID=50e6a8a4-ebca-4625-bdaa-1f7cb95d6fe7,revision_number=2']} {{(pid=104921) push /opt/stack/neutron/neutron/api/rpc/handlers/resources_rpc.py:237}}
Jul 11 13:36:00.760235 dv-neutron-840415-14-hyperv neutron-server[104921]: DEBUG neutron_lib.callbacks.manager [None req-4fbbd4d2-ca75-44bf-ba20-bb63124db381 tempest-ExternalNetworksTestJSON-1364525862 tempest-ExternalNetworksTestJSON-1364525862-project-admin] Publish callbacks [] for port (6cd44796-c31a-49ea-8687-2553399b8f04), precommit_update {{(pid=104921) _notify_loop /usr/local/lib/python3.8/dist-packages/neutron_lib/callbacks/manager.py:176}}
Jul 11 13:36:00.780712 dv-neutron-840415-14-hyperv neutron-server[104922]: DEBUG neutron_lib.callbacks.manager [None req-922992aa-0a17-43d1-bcc7-747d377e523c tempest-PortsAdminExtendedAttrsTestJSON-1247660374 tempest-PortsAdminExtendedAttrsTestJSON-1247660374-project-admin] Publish callbacks ['neutron.plugins.ml2.plugin.SecurityGroupServerNotifierRpcMixin._notify_sg_on_port_change-3339080', 'neutron.plugins.ml2.ovo_rpc._ObjectChangeHandler.handle_event-52840', 'neutron.api.rpc.agentnotifiers.dhcp_rpc_agent_api.DhcpAgentNotifyAPI._native_event_send_dhcp_notification-1611099', 'neutron.db.l3_db.L3RpcNotifierMixin._notify_gateway_port_ip_changed-8783184262952', 'neutron.db.l3_dvrscheduler_db._notify_l3_agent_port_update-8783183750759', 'neutron.db.l3_hascheduler_db._notify_l3_agent_ha_port_update-8783183750777', 'neutron.services.segments.plugin.NovaSegmentNotifier._notify_port_updated-16620131'] for port (fd3e3db1-c9a8-430d-8f74-79c2c92f4069), after_update {{(pid=104922) _notify_loop /usr/local/lib/python3.8/dist-packages/neutron_lib/callbacks/manager.py:176}}
Jul 11 13:36:00.783703 dv-neutron-840415-14-hyperv neutron-server[104922]: DEBUG dbcounter [-] [104922] Writing DB stats neutron:SELECT=89,neutron:INSERT=8,neutron:UPDATE=1,neutron:DELETE=2 {{(pid=104922) stat_writer /usr/local/lib/python3.8/dist-packages/dbcounter.py:114}}
Jul 11 13:36:00.818010 dv-neutron-840415-14-hyperv neutron-server[104921]: DEBUG neutron_lib.callbacks.manager [None req-4fbbd4d2-ca75-44bf-ba20-bb63124db381 tempest-ExternalNetworksTestJSON-1364525862 tempest-ExternalNetworksTestJSON-1364525862-project-admin] Publish callbacks ['neutron.plugins.ml2.plugin.SecurityGroupServerNotifierRpcMixin._notify_sg_on_port_change-3339080', 'neutron.plugins.ml2.ovo_rpc._ObjectChangeHandler.handle_event-52840', 'neutron.api.rpc.agentnotifiers.dhcp_rpc_agent_api.DhcpAgentNotifyAPI._native_event_send_dhcp_notification-1611099', 'neutron.db.l3_db.L3RpcNotifierMixin._notify_gateway_port_ip_changed-8783184262952', 'neutron.db.l3_dvrscheduler_db._notify_l3_agent_port_update-8783183750759', 'neutron.db.l3_hascheduler_db._notify_l3_agent_ha_port_update-8783183750777'] for port (6cd44796-c31a-49ea-8687-2553399b8f04), after_update {{(pid=104921) _notify_loop /usr/local/lib/python3.8/dist-packages/neutron_lib/callbacks/manager.py:176}}
Jul 11 13:36:00.846411 dv-neutron-840415-14-hyperv neutron-server[104921]: DEBUG neutron_lib.callbacks.manager [None req-4fbbd4d2-ca75-44bf-ba20-bb63124db381 tempest-ExternalNetworksTestJSON-1364525862 tempest-ExternalNetworksTestJSON-1364525862-project-admin] Publish callbacks ['neutron.services.l3_router.l3_router_plugin.DVRResourceOperationHandler._create_dvr_floating_gw_port-2062091'] for floatingip (13b20686-4896-4e39-ac00-4194fd62de68), after_create {{(pid=104921) _notify_loop /usr/local/lib/python3.8/dist-packages/neutron_lib/callbacks/manager.py:176}}
Jul 11 13:36:00.850601 dv-neutron-840415-14-hyperv neutron-server[104921]: DEBUG neutron_lib.callbacks.manager [None req-599acda9-2c37-4af9-a8af-984079c82b1b admin admin] Publish callbacks ['neutron.plugins.ml2.ovo_rpc._ObjectChangeHandler.handle_event-2042048'] for security_group (f293eb4b-c048-4c3e-9320-d3e995ebc98c), after_delete {{(pid=104921) _notify_loop /usr/local/lib/python3.8/dist-packages/neutron_lib/callbacks/manager.py:176}}
Jul 11 13:36:00.856171 dv-neutron-840415-14-hyperv neutron-server[104921]: DEBUG neutron_lib.callbacks.manager [None req-599acda9-2c37-4af9-a8af-984079c82b1b admin admin] Publish callbacks [] for security_group (None), before_response {{(pid=104921) _notify_loop /usr/local/lib/python3.8/dist-packages/neutron_lib/callbacks/manager.py:176}}
Jul 11 13:36:00.865308 dv-neutron-840415-14-hyperv neutron-server[104921]: INFO neutron.wsgi [None req-599acda9-2c37-4af9-a8af-984079c82b1b admin admin] 10.222.0.16 "DELETE /v2.0/security-groups/f293eb4b-c048-4c3e-9320-d3e995ebc98c HTTP/1.1" status: 204 len: 168 time: 1.0708916
Jul 11 13:36:00.938648 dv-neutron-840415-14-hyperv neutron-server[104921]: DEBUG neutron.plugins.ml2.drivers.helpers [None req-612b4153-2431-4c38-9504-20e45f485966 tempest-ExtraDHCPOptionsIpV6TestJSON-969399486 tempest-ExtraDHCPOptionsIpV6TestJSON-969399486-project] vlan segment allocate from pool success with {'vlan_id': 162, 'physical_network': 'physnet1'} {{(pid=104921) allocate_partially_specified_segment /opt/stack/neutron/neutron/plugins/ml2/drivers/helpers.py:153}}
Jul 11 13:36:00.966475 dv-neutron-840415-14-hyperv neutron-server[104921]: DEBUG neutron.api.rpc.handlers.resources_rpc [None req-612b4153-2431-4c38-9504-20e45f485966 tempest-ExtraDHCPOptionsIpV6TestJSON-969399486 tempest-ExtraDHCPOptionsIpV6TestJSON-969399486-project] Pushing event updated for resources: {'SecurityGroup': ['ID=b3cf6d7a-6067-47bd-bfd9-8f5494814901,revision_number=1']} {{(pid=104921) push /opt/stack/neutron/neutron/api/rpc/handlers/resources_rpc.py:237}}
Jul 11 13:36:00.978815 dv-neutron-840415-14-hyperv neutron-server[104921]: DEBUG neutron_lib.callbacks.manager [None req-612b4153-2431-4c38-9504-20e45f485966 tempest-ExtraDHCPOptionsIpV6TestJSON-969399486 tempest-ExtraDHCPOptionsIpV6TestJSON-969399486-project] Publish callbacks ['neutron.plugins.ml2.plugin.Ml2Plugin._handle_segment_change-3373586'] for segment (a460bd99-1170-4a72-8ed0-f00103d0340a), precommit_create {{(pid=104921) _notify_loop /usr/local/lib/python3.8/dist-packages/neutron_lib/callbacks/manager.py:176}}
Jul 11 13:36:00.979202 dv-neutron-840415-14-hyperv neutron-server[104921]: INFO neutron.db.segments_db [None req-612b4153-2431-4c38-9504-20e45f485966 tempest-ExtraDHCPOptionsIpV6TestJSON-969399486 tempest-ExtraDHCPOptionsIpV6TestJSON-969399486-project] Added segment a460bd99-1170-4a72-8ed0-f00103d0340a of type vlan for network f25803bd-fd03-4f72-b13d-a9fc32d90681
Jul 11 13:36:01.017684 dv-neutron-840415-14-hyperv neutron-server[104923]: DEBUG neutron.plugins.ml2.rpc [None req-ff3cab1c-e63d-4772-81c1-633f5fae4c6d None None] Device c788380f-fb97-410a-952c-f01636cae59b up at agent ovs-agent-dv-neutron-840415-14-hyperv {{(pid=104923) update_device_up /opt/stack/neutron/neutron/plugins/ml2/rpc.py:296}}
Jul 11 13:36:01.062067 dv-neutron-840415-14-hyperv neutron-server[104921]: DEBUG neutron_lib.callbacks.manager [None req-4fbbd4d2-ca75-44bf-ba20-bb63124db381 tempest-ExternalNetworksTestJSON-1364525862 tempest-ExternalNetworksTestJSON-1364525862-project-admin] Publish callbacks ['neutron.notifiers.nova.Notifier._send_nova_notification-39757'] for floatingip (None), before_response {{(pid=104921) _notify_loop /usr/local/lib/python3.8/dist-packages/neutron_lib/callbacks/manager.py:176}}
Jul 11 13:36:01.072109 dv-neutron-840415-14-hyperv neutron-server[104921]: INFO neutron.wsgi [None req-4fbbd4d2-ca75-44bf-ba20-bb63124db381 tempest-ExternalNetworksTestJSON-1364525862 tempest-ExternalNetworksTestJSON-1364525862-project-admin] 10.222.0.16 "POST /v2.0/floatingips HTTP/1.1" status: 201 len: 692 time: 3.6533046
Jul 11 13:36:01.117044 dv-neutron-840415-14-hyperv neutron-server[104921]: DEBUG neutron.wsgi [-] (104921) accepted ('10.222.0.16', 39004) {{(pid=104921) server /usr/local/lib/python3.8/dist-packages/eventlet/wsgi.py:1004}}
Jul 11 13:36:01.118288 dv-neutron-840415-14-hyperv neutron-server[104921]: DEBUG neutron.api.rpc.handlers.resources_rpc [None req-599acda9-2c37-4af9-a8af-984079c82b1b admin admin] Pushing event deleted for resources: {'SecurityGroup': ['ID=f293eb4b-c048-4c3e-9320-d3e995ebc98c,revision_number=None']} {{(pid=104921) push /opt/stack/neutron/neutron/api/rpc/handlers/resources_rpc.py:237}}
Jul 11 13:36:01.127795 dv-neutron-840415-14-hyperv neutron-server[104923]: DEBUG neutron.db.provisioning_blocks [None req-ff3cab1c-e63d-4772-81c1-633f5fae4c6d None None] Provisioning complete for port c788380f-fb97-410a-952c-f01636cae59b triggered by entity L2. {{(pid=104923) provisioning_complete /opt/stack/neutron/neutron/db/provisioning_blocks.py:145}}
Jul 11 13:36:01.128260 dv-neutron-840415-14-hyperv neutron-server[104923]: DEBUG neutron_lib.callbacks.manager [None req-ff3cab1c-e63d-4772-81c1-633f5fae4c6d None None] Publish callbacks ['neutron.plugins.ml2.plugin.Ml2Plugin._port_provisioned-3299357'] for port (c788380f-fb97-410a-952c-f01636cae59b), provisioning_complete {{(pid=104923) _notify_loop /usr/local/lib/python3.8/dist-packages/neutron_lib/callbacks/manager.py:176}}
Jul 11 13:36:01.170174 dv-neutron-840415-14-hyperv neutron-server[104922]: DEBUG neutron_lib.callbacks.manager [None req-84e04c45-e977-4b2b-a61c-32b7d6fea18f tempest-ServersTestJSON-99257184 tempest-ServersTestJSON-99257184-project] Publish callbacks [] for security_group_rule (ed3d8901-e004-42fc-906d-cb39812e10e0), before_create {{(pid=104922) _notify_loop /usr/local/lib/python3.8/dist-packages/neutron_lib/callbacks/manager.py:176}}
Jul 11 13:36:01.178437 dv-neutron-840415-14-hyperv neutron-server[104922]: DEBUG neutron.notifiers.nova [None req-5262da1d-6640-46ea-9d6a-c222e088e83b tempest-BulkNetworkOpsIpV6Test-663201792 tempest-BulkNetworkOpsIpV6Test-663201792-project] device_id is not set on port 862538f0-d9ce-4813-8619-0571b3aa424f yet. {{(pid=104922) _can_notify /opt/stack/neutron/neutron/notifiers/nova.py:199}}
Jul 11 13:36:01.203123 dv-neutron-840415-14-hyperv neutron-server[104922]: DEBUG neutron.api.rpc.handlers.resources_rpc [None req-922992aa-0a17-43d1-bcc7-747d377e523c tempest-PortsAdminExtendedAttrsTestJSON-1247660374 tempest-PortsAdminExtendedAttrsTestJSON-1247660374-project-admin] Pushing event updated for resources: {'Port': ['ID=fd3e3db1-c9a8-430d-8f74-79c2c92f4069,revision_number=2']} {{(pid=104922) push /opt/stack/neutron/neutron/api/rpc/handlers/resources_rpc.py:237}}
Jul 11 13:36:01.208811 dv-neutron-840415-14-hyperv neutron-server[104921]: DEBUG neutron.api.rpc.handlers.resources_rpc [None req-4fbbd4d2-ca75-44bf-ba20-bb63124db381 tempest-ExternalNetworksTestJSON-1364525862 tempest-ExternalNetworksTestJSON-1364525862-project-admin] Pushing event updated for resources: {'Port': ['ID=6cd44796-c31a-49ea-8687-2553399b8f04,revision_number=2']} {{(pid=104921) push /opt/stack/neutron/neutron/api/rpc/handlers/resources_rpc.py:237}}
Jul 11 13:36:01.225325 dv-neutron-840415-14-hyperv neutron-server[104922]: DEBUG neutron.plugins.ml2.db [None req-b78b0045-7e52-4e67-807a-8d209370d15c tempest-PortsAdminExtendedAttrsIpV6TestJSON-140927835 tempest-PortsAdminExtendedAttrsIpV6TestJSON-140927835-project-admin] For port 998703c8-781c-486c-aedc-bc47e08c4ef5, host hv-neutron-8404, cleared binding levels {{(pid=104922) clear_binding_levels /opt/stack/neutron/neutron/plugins/ml2/db.py:87}}
Jul 11 13:36:01.225750 dv-neutron-840415-14-hyperv neutron-server[104922]: DEBUG neutron.plugins.ml2.db [None req-b78b0045-7e52-4e67-807a-8d209370d15c tempest-PortsAdminExtendedAttrsIpV6TestJSON-140927835 tempest-PortsAdminExtendedAttrsIpV6TestJSON-140927835-project-admin] Attempted to set empty binding levels {{(pid=104922) set_binding_levels /opt/stack/neutron/neutron/plugins/ml2/db.py:65}}
Jul 11 13:36:01.248932 dv-neutron-840415-14-hyperv neutron-server[104922]: DEBUG neutron_lib.callbacks.manager [None req-b78b0045-7e52-4e67-807a-8d209370d15c tempest-PortsAdminExtendedAttrsIpV6TestJSON-140927835 tempest-PortsAdminExtendedAttrsIpV6TestJSON-140927835-project-admin] Publish callbacks ['neutron.plugins.ml2.plugin.SecurityGroupServerNotifierRpcMixin._notify_sg_on_port_change-3339080', 'neutron.plugins.ml2.ovo_rpc._ObjectChangeHandler.handle_event-52840', 'neutron.api.rpc.agentnotifiers.dhcp_rpc_agent_api.DhcpAgentNotifyAPI._native_event_send_dhcp_notification-1611099', 'neutron.db.l3_db.L3RpcNotifierMixin._notify_gateway_port_ip_changed-8783184262952', 'neutron.db.l3_dvrscheduler_db._notify_l3_agent_port_update-8783183750759', 'neutron.db.l3_hascheduler_db._notify_l3_agent_ha_port_update-8783183750777', 'neutron.services.segments.plugin.NovaSegmentNotifier._notify_port_updated-16620131'] for port (998703c8-781c-486c-aedc-bc47e08c4ef5), after_update {{(pid=104922) _notify_loop /usr/local/lib/python3.8/dist-packages/neutron_lib/callbacks/manager.py:176}}
Jul 11 13:36:01.308102 dv-neutron-840415-14-hyperv neutron-server[104921]: DEBUG neutron_lib.callbacks.manager [None req-612b4153-2431-4c38-9504-20e45f485966 tempest-ExtraDHCPOptionsIpV6TestJSON-969399486 tempest-ExtraDHCPOptionsIpV6TestJSON-969399486-project] Publish callbacks ['neutron.services.auto_allocate.db._ensure_external_network_default_value_callback-8783183739019'] for network (f25803bd-fd03-4f72-b13d-a9fc32d90681), precommit_create {{(pid=104921) _notify_loop /usr/local/lib/python3.8/dist-packages/neutron_lib/callbacks/manager.py:176}}
Jul 11 13:36:01.316200 dv-neutron-840415-14-hyperv neutron-server[104921]: INFO neutron.wsgi [None req-22fff12f-978e-41ea-a6c8-2040c6a37f00 tempest-ExternalNetworksTestJSON-1364525862 tempest-ExternalNetworksTestJSON-1364525862-project-admin] 10.222.0.16 "GET /v2.0/floatingips?floating_network_id=40d7b41b-3d61-4deb-8f83-d271044a4177 HTTP/1.1" status: 200 len: 690 time: 0.1822202
Jul 11 13:36:01.323364 dv-neutron-840415-14-hyperv neutron-server[104921]: DEBUG neutron.scheduler.dhcp_agent_scheduler [None req-91a154ff-b3e5-4b6a-a374-7628b4a17fd4 admin admin] Network e1d58af9-1565-4fd2-b85d-54746ac563b0 is already hosted by enough agents. {{(pid=104921) _get_dhcp_agents_hosting_network /opt/stack/neutron/neutron/scheduler/dhcp_agent_scheduler.py:275}}
Jul 11 13:36:01.327244 dv-neutron-840415-14-hyperv neutron-server[104923]: DEBUG neutron.plugins.ml2.plugin [None req-ff3cab1c-e63d-4772-81c1-633f5fae4c6d None None] Current status of the port c788380f-fb97-410a-952c-f01636cae59b is: DOWN; New status is: ACTIVE {{(pid=104923) _update_individual_port_db_status /opt/stack/neutron/neutron/plugins/ml2/plugin.py:2292}}
Jul 11 13:36:01.327917 dv-neutron-840415-14-hyperv neutron-server[104923]: DEBUG neutron_lib.callbacks.manager [None req-ff3cab1c-e63d-4772-81c1-633f5fae4c6d None None] Publish callbacks ['neutron.plugins.ml2.plugin.SecurityGroupDbMixin._ensure_default_security_group_handler-3341965'] for port (c788380f-fb97-410a-952c-f01636cae59b), before_update {{(pid=104923) _notify_loop /usr/local/lib/python3.8/dist-packages/neutron_lib/callbacks/manager.py:176}}
Jul 11 13:36:01.329875 dv-neutron-840415-14-hyperv neutron-server[104922]: DEBUG neutron.plugins.ml2.managers [None req-922992aa-0a17-43d1-bcc7-747d377e523c tempest-PortsAdminExtendedAttrsTestJSON-1247660374 tempest-PortsAdminExtendedAttrsTestJSON-1247660374-project-admin] Attempting to bind port fd3e3db1-c9a8-430d-8f74-79c2c92f4069 on host hv-neutron-8404 for vnic_type normal with profile {{(pid=104922) bind_port /opt/stack/neutron/neutron/plugins/ml2/managers.py:810}}
Jul 11 13:36:01.330203 dv-neutron-840415-14-hyperv neutron-server[104922]: DEBUG neutron.plugins.ml2.managers [None req-922992aa-0a17-43d1-bcc7-747d377e523c tempest-PortsAdminExtendedAttrsTestJSON-1247660374 tempest-PortsAdminExtendedAttrsTestJSON-1247660374-project-admin] Attempting to bind port fd3e3db1-c9a8-430d-8f74-79c2c92f4069 by drivers openvswitch,hyperv on host hv-neutron-8404 at level 0 using segments [{'id': '509cd369-4968-48fd-877b-2886904f90e6', 'network_type': 'vlan', 'physical_network': 'physnet1', 'segmentation_id': 176, 'network_id': 'c05d5846-9938-4fd6-83a4-bde2737809fb'}] {{(pid=104922) _bind_port_level /opt/stack/neutron/neutron/plugins/ml2/managers.py:835}}
Jul 11 13:36:01.330535 dv-neutron-840415-14-hyperv neutron-server[104922]: DEBUG neutron.plugins.ml2.drivers.mech_agent [None req-922992aa-0a17-43d1-bcc7-747d377e523c tempest-PortsAdminExtendedAttrsTestJSON-1247660374 tempest-PortsAdminExtendedAttrsTestJSON-1247660374-project-admin] Attempting to bind port fd3e3db1-c9a8-430d-8f74-79c2c92f4069 on network c05d5846-9938-4fd6-83a4-bde2737809fb {{(pid=104922) bind_port /opt/stack/neutron/neutron/plugins/ml2/drivers/mech_agent.py:91}}
Jul 11 13:36:01.330685 dv-neutron-840415-14-hyperv neutron-server[104921]: DEBUG neutron.wsgi [-] (104921) accepted ('10.222.0.16', 39008) {{(pid=104921) server /usr/local/lib/python3.8/dist-packages/eventlet/wsgi.py:1004}}
Jul 11 13:36:01.339446 dv-neutron-840415-14-hyperv neutron-server[104922]: DEBUG neutron.plugins.ml2.plugin [None req-b78b0045-7e52-4e67-807a-8d209370d15c tempest-PortsAdminExtendedAttrsIpV6TestJSON-140927835 tempest-PortsAdminExtendedAttrsIpV6TestJSON-140927835-project-admin] In _notify_port_updated(), no bound segment for port 998703c8-781c-486c-aedc-bc47e08c4ef5 on network 7f53e02c-a131-4b20-88a9-90821375c134 {{(pid=104922) _notify_port_updated /opt/stack/neutron/neutron/plugins/ml2/plugin.py:931}}
Jul 11 13:36:01.339651 dv-neutron-840415-14-hyperv neutron-server[104922]: DEBUG neutron.pecan_wsgi.hooks.policy_enforcement [None req-b78b0045-7e52-4e67-807a-8d209370d15c tempest-PortsAdminExtendedAttrsIpV6TestJSON-140927835 tempest-PortsAdminExtendedAttrsIpV6TestJSON-140927835-project-admin] Attributes excluded by policy engine: ['standard_attr_id'] {{(pid=104922) _exclude_attributes_by_policy /opt/stack/neutron/neutron/pecan_wsgi/hooks/policy_enforcement.py:259}}
Jul 11 13:36:01.340336 dv-neutron-840415-14-hyperv neutron-server[104922]: DEBUG neutron_lib.callbacks.manager [None req-b78b0045-7e52-4e67-807a-8d209370d15c tempest-PortsAdminExtendedAttrsIpV6TestJSON-140927835 tempest-PortsAdminExtendedAttrsIpV6TestJSON-140927835-project-admin] Publish callbacks ['neutron.notifiers.nova.Notifier._send_nova_notification-39757'] for port (None), before_response {{(pid=104922) _notify_loop /usr/local/lib/python3.8/dist-packages/neutron_lib/callbacks/manager.py:176}}
Jul 11 13:36:01.344246 dv-neutron-840415-14-hyperv neutron-server[104922]: INFO neutron.wsgi [None req-b78b0045-7e52-4e67-807a-8d209370d15c tempest-PortsAdminExtendedAttrsIpV6TestJSON-140927835 tempest-PortsAdminExtendedAttrsIpV6TestJSON-140927835-project-admin] 10.222.0.16 "PUT /v2.0/ports/998703c8-781c-486c-aedc-bc47e08c4ef5 HTTP/1.1" status: 200 len: 981 time: 4.0368245
Jul 11 13:36:01.349943 dv-neutron-840415-14-hyperv neutron-server[104922]: DEBUG neutron.plugins.ml2.drivers.mech_agent [None req-922992aa-0a17-43d1-bcc7-747d377e523c tempest-PortsAdminExtendedAttrsTestJSON-1247660374 tempest-PortsAdminExtendedAttrsTestJSON-1247660374-project-admin] Port fd3e3db1-c9a8-430d-8f74-79c2c92f4069 on network c05d5846-9938-4fd6-83a4-bde2737809fb not bound, no agent of type Open vSwitch agent registered on host hv-neutron-8404 {{(pid=104922) bind_port /opt/stack/neutron/neutron/plugins/ml2/drivers/mech_agent.py:103}}
Jul 11 13:36:01.350457 dv-neutron-840415-14-hyperv neutron-server[104922]: ERROR neutron.plugins.ml2.managers [None req-922992aa-0a17-43d1-bcc7-747d377e523c tempest-PortsAdminExtendedAttrsTestJSON-1247660374 tempest-PortsAdminExtendedAttrsTestJSON-1247660374-project-admin] Failed to bind port fd3e3db1-c9a8-430d-8f74-79c2c92f4069 on host hv-neutron-8404 for vnic_type normal using segments [{'id': '509cd369-4968-48fd-877b-2886904f90e6', 'network_type': 'vlan', 'physical_network': 'physnet1', 'segmentation_id': 176, 'network_id': 'c05d5846-9938-4fd6-83a4-bde2737809fb'}]
Jul 11 13:36:01.352623 dv-neutron-840415-14-hyperv neutron-server[104922]: DEBUG neutron.wsgi [-] (104922) accepted ('10.222.0.16', 39010) {{(pid=104922) server /usr/local/lib/python3.8/dist-packages/eventlet/wsgi.py:1004}}
Jul 11 13:36:01.356934 dv-neutron-840415-14-hyperv neutron-server[104922]: INFO neutron.plugins.ml2.plugin [None req-922992aa-0a17-43d1-bcc7-747d377e523c tempest-PortsAdminExtendedAttrsTestJSON-1247660374 tempest-PortsAdminExtendedAttrsTestJSON-1247660374-project-admin] Attempt 2 to bind port fd3e3db1-c9a8-430d-8f74-79c2c92f4069
Jul 11 13:36:01.361982 dv-neutron-840415-14-hyperv neutron-server[104923]: DEBUG neutron.plugins.ml2.db [None req-ff3cab1c-e63d-4772-81c1-633f5fae4c6d None None] For port c788380f-fb97-410a-952c-f01636cae59b, host dv-neutron-840415-14-hyperv, got binding levels [PortBindingLevel(driver='openvswitch',host='dv-neutron-840415-14-hyperv',level=0,port_id=c788380f-fb97-410a-952c-f01636cae59b,segment=NetworkSegment(add26928-9bc5-4f69-ac5e-dd2d74e23d8f),segment_id=add26928-9bc5-4f69-ac5e-dd2d74e23d8f)] {{(pid=104923) get_binding_level_objs /opt/stack/neutron/neutron/plugins/ml2/db.py:74}}
Jul 11 13:36:01.367223 dv-neutron-840415-14-hyperv neutron-server[104921]: DEBUG neutron.scheduler.base_scheduler [None req-91a154ff-b3e5-4b6a-a374-7628b4a17fd4 admin admin] Resources bound (agent type, host, resource id): {{(pid=104921) schedule /opt/stack/neutron/neutron/scheduler/base_scheduler.py:57}}
Jul 11 13:36:01.371048 dv-neutron-840415-14-hyperv neutron-server[104923]: DEBUG neutron_lib.callbacks.manager [None req-ff3cab1c-e63d-4772-81c1-633f5fae4c6d None None] Publish callbacks ['neutron.plugins.ml2.plugin.SecurityGroupServerNotifierRpcMixin._notify_sg_on_port_change-3339080', 'neutron.plugins.ml2.ovo_rpc._ObjectChangeHandler.handle_event-52840', 'neutron.api.rpc.agentnotifiers.dhcp_rpc_agent_api.DhcpAgentNotifyAPI._native_event_send_dhcp_notification-1611099', 'neutron.db.l3_db.L3RpcNotifierMixin._notify_gateway_port_ip_changed-8783184262952', 'neutron.db.l3_dvrscheduler_db._notify_l3_agent_port_update-8783183750759', 'neutron.db.l3_hascheduler_db._notify_l3_agent_ha_port_update-8783183750777'] for port (c788380f-fb97-410a-952c-f01636cae59b), after_update {{(pid=104923) _notify_loop /usr/local/lib/python3.8/dist-packages/neutron_lib/callbacks/manager.py:176}}
Jul 11 13:36:01.371970 dv-neutron-840415-14-hyperv neutron-server[104923]: DEBUG neutron.plugins.ml2.rpc [None req-ff3cab1c-e63d-4772-81c1-633f5fae4c6d None None] Device a5c91cf4-ec3c-4160-a53d-f44203e8e20f up at agent ovs-agent-dv-neutron-840415-14-hyperv {{(pid=104923) update_device_up /opt/stack/neutron/neutron/plugins/ml2/rpc.py:296}}
Jul 11 13:36:01.525125 dv-neutron-840415-14-hyperv neutron-server[104921]: DEBUG neutron_lib.callbacks.manager [None req-612b4153-2431-4c38-9504-20e45f485966 tempest-ExtraDHCPOptionsIpV6TestJSON-969399486 tempest-ExtraDHCPOptionsIpV6TestJSON-969399486-project] Publish callbacks ['neutron.plugins.ml2.ovo_rpc._ObjectChangeHandler.handle_event-2040343', 'neutron.api.rpc.agentnotifiers.dhcp_rpc_agent_api.DhcpAgentNotifyAPI._native_event_send_dhcp_notification-1611099'] for network (f25803bd-fd03-4f72-b13d-a9fc32d90681), after_create {{(pid=104921) _notify_loop /usr/local/lib/python3.8/dist-packages/neutron_lib/callbacks/manager.py:176}}
Jul 11 13:36:01.532243 dv-neutron-840415-14-hyperv neutron-server[104921]: DEBUG neutron.pecan_wsgi.hooks.policy_enforcement [None req-612b4153-2431-4c38-9504-20e45f485966 tempest-ExtraDHCPOptionsIpV6TestJSON-969399486 tempest-ExtraDHCPOptionsIpV6TestJSON-969399486-project] Attributes excluded by policy engine: ['standard_attr_id', 'provider:network_type', 'provider:physical_network', 'provider:segmentation_id', 'vlan_transparent'] {{(pid=104921) _exclude_attributes_by_policy /opt/stack/neutron/neutron/pecan_wsgi/hooks/policy_enforcement.py:259}}
Jul 11 13:36:01.533346 dv-neutron-840415-14-hyperv neutron-server[104921]: DEBUG neutron_lib.callbacks.manager [None req-612b4153-2431-4c38-9504-20e45f485966 tempest-ExtraDHCPOptionsIpV6TestJSON-969399486 tempest-ExtraDHCPOptionsIpV6TestJSON-969399486-project] Publish callbacks ['neutron.api.rpc.agentnotifiers.dhcp_rpc_agent_api.DhcpAgentNotifyAPI._send_dhcp_notification-1611177'] for network (None), before_response {{(pid=104921) _notify_loop /usr/local/lib/python3.8/dist-packages/neutron_lib/callbacks/manager.py:176}}
Jul 11 13:36:01.540488 dv-neutron-840415-14-hyperv neutron-server[104922]: DEBUG neutron.plugins.ml2.managers [None req-922992aa-0a17-43d1-bcc7-747d377e523c tempest-PortsAdminExtendedAttrsTestJSON-1247660374 tempest-PortsAdminExtendedAttrsTestJSON-1247660374-project-admin] Attempting to bind port fd3e3db1-c9a8-430d-8f74-79c2c92f4069 on host hv-neutron-8404 for vnic_type normal with profile {{(pid=104922) bind_port /opt/stack/neutron/neutron/plugins/ml2/managers.py:810}}
Jul 11 13:36:01.540852 dv-neutron-840415-14-hyperv neutron-server[104922]: DEBUG neutron.plugins.ml2.managers [None req-922992aa-0a17-43d1-bcc7-747d377e523c tempest-PortsAdminExtendedAttrsTestJSON-1247660374 tempest-PortsAdminExtendedAttrsTestJSON-1247660374-project-admin] Attempting to bind port fd3e3db1-c9a8-430d-8f74-79c2c92f4069 by drivers openvswitch,hyperv on host hv-neutron-8404 at level 0 using segments [{'id': '509cd369-4968-48fd-877b-2886904f90e6', 'network_type': 'vlan', 'physical_network': 'physnet1', 'segmentation_id': 176, 'network_id': 'c05d5846-9938-4fd6-83a4-bde2737809fb'}] {{(pid=104922) _bind_port_level /opt/stack/neutron/neutron/plugins/ml2/managers.py:835}}
Jul 11 13:36:01.541187 dv-neutron-840415-14-hyperv neutron-server[104922]: DEBUG neutron.plugins.ml2.drivers.mech_agent [None req-922992aa-0a17-43d1-bcc7-747d377e523c tempest-PortsAdminExtendedAttrsTestJSON-1247660374 tempest-PortsAdminExtendedAttrsTestJSON-1247660374-project-admin] Attempting to bind port fd3e3db1-c9a8-430d-8f74-79c2c92f4069 on network c05d5846-9938-4fd6-83a4-bde2737809fb {{(pid=104922) bind_port /opt/stack/neutron/neutron/plugins/ml2/drivers/mech_agent.py:91}}
Jul 11 13:36:01.547129 dv-neutron-840415-14-hyperv neutron-server[104923]: DEBUG neutron.api.rpc.handlers.resources_rpc [None req-ff3cab1c-e63d-4772-81c1-633f5fae4c6d None None] Pushing event updated for resources: {'Port': ['ID=c788380f-fb97-410a-952c-f01636cae59b,revision_number=4']} {{(pid=104923) push /opt/stack/neutron/neutron/api/rpc/handlers/resources_rpc.py:237}}
Jul 11 13:36:01.562460 dv-neutron-840415-14-hyperv neutron-server[104923]: DEBUG neutron_lib.callbacks.manager [None req-71376c59-d46d-4968-a119-d9c87cb74d75 None None] Publish callbacks ['neutron.services.segments.db._update_segment_host_mapping_for_agent-8783184052583', 'neutron.plugins.ml2.plugin.Ml2Plugin._retry_binding_revived_agents-3299523'] for agent (84ba34be-f234-4fa1-b8e9-f8f5fd706267), after_update {{(pid=104923) _notify_loop /usr/local/lib/python3.8/dist-packages/neutron_lib/callbacks/manager.py:176}}
Jul 11 13:36:01.572634 dv-neutron-840415-14-hyperv neutron-server[104921]: DEBUG dbcounter [-] [104921] Writing DB stats neutron:SELECT=83,neutron:INSERT=9,neutron:DELETE=6,neutron:UPDATE=2 {{(pid=104921) stat_writer /usr/local/lib/python3.8/dist-packages/dbcounter.py:114}}
Jul 11 13:36:01.581818 dv-neutron-840415-14-hyperv neutron-server[104923]: DEBUG neutron.db.provisioning_blocks [None req-ff3cab1c-e63d-4772-81c1-633f5fae4c6d None None] Provisioning complete for port a5c91cf4-ec3c-4160-a53d-f44203e8e20f triggered by entity L2. {{(pid=104923) provisioning_complete /opt/stack/neutron/neutron/db/provisioning_blocks.py:145}}
Jul 11 13:36:01.582399 dv-neutron-840415-14-hyperv neutron-server[104923]: DEBUG neutron_lib.callbacks.manager [None req-ff3cab1c-e63d-4772-81c1-633f5fae4c6d None None] Publish callbacks ['neutron.plugins.ml2.plugin.Ml2Plugin._port_provisioned-3299357'] for port (a5c91cf4-ec3c-4160-a53d-f44203e8e20f), provisioning_complete {{(pid=104923) _notify_loop /usr/local/lib/python3.8/dist-packages/neutron_lib/callbacks/manager.py:176}}
Jul 11 13:36:01.629979 dv-neutron-840415-14-hyperv neutron-server[104922]: DEBUG neutron.api.rpc.handlers.resources_rpc [None req-b78b0045-7e52-4e67-807a-8d209370d15c tempest-PortsAdminExtendedAttrsIpV6TestJSON-140927835 tempest-PortsAdminExtendedAttrsIpV6TestJSON-140927835-project-admin] Pushing event updated for resources: {'Port': ['ID=998703c8-781c-486c-aedc-bc47e08c4ef5,revision_number=3']} {{(pid=104922) push /opt/stack/neutron/neutron/api/rpc/handlers/resources_rpc.py:237}}
Jul 11 13:36:01.642012 dv-neutron-840415-14-hyperv neutron-server[104922]: DEBUG neutron.wsgi [-] (104922) accepted ('10.222.0.16', 39012) {{(pid=104922) server /usr/local/lib/python3.8/dist-packages/eventlet/wsgi.py:1004}}
Jul 11 13:36:01.655082 dv-neutron-840415-14-hyperv neutron-server[104922]: DEBUG neutron_lib.callbacks.manager [None req-84e04c45-e977-4b2b-a61c-32b7d6fea18f tempest-ServersTestJSON-99257184 tempest-ServersTestJSON-99257184-project] Publish callbacks [] for security_group_rule (ed3d8901-e004-42fc-906d-cb39812e10e0), precommit_create {{(pid=104922) _notify_loop /usr/local/lib/python3.8/dist-packages/neutron_lib/callbacks/manager.py:176}}
Jul 11 13:36:01.672315 dv-neutron-840415-14-hyperv neutron-server[104922]: DEBUG neutron.plugins.ml2.drivers.mech_agent [None req-922992aa-0a17-43d1-bcc7-747d377e523c tempest-PortsAdminExtendedAttrsTestJSON-1247660374 tempest-PortsAdminExtendedAttrsTestJSON-1247660374-project-admin] Port fd3e3db1-c9a8-430d-8f74-79c2c92f4069 on network c05d5846-9938-4fd6-83a4-bde2737809fb not bound, no agent of type Open vSwitch agent registered on host hv-neutron-8404 {{(pid=104922) bind_port /opt/stack/neutron/neutron/plugins/ml2/drivers/mech_agent.py:103}}
Jul 11 13:36:01.672742 dv-neutron-840415-14-hyperv neutron-server[104922]: ERROR neutron.plugins.ml2.managers [None req-922992aa-0a17-43d1-bcc7-747d377e523c tempest-PortsAdminExtendedAttrsTestJSON-1247660374 tempest-PortsAdminExtendedAttrsTestJSON-1247660374-project-admin] Failed to bind port fd3e3db1-c9a8-430d-8f74-79c2c92f4069 on host hv-neutron-8404 for vnic_type normal using segments [{'id': '509cd369-4968-48fd-877b-2886904f90e6', 'network_type': 'vlan', 'physical_network': 'physnet1', 'segmentation_id': 176, 'network_id': 'c05d5846-9938-4fd6-83a4-bde2737809fb'}]
Jul 11 13:36:01.673360 dv-neutron-840415-14-hyperv neutron-server[104921]: INFO neutron.wsgi [None req-612b4153-2431-4c38-9504-20e45f485966 tempest-ExtraDHCPOptionsIpV6TestJSON-969399486 tempest-ExtraDHCPOptionsIpV6TestJSON-969399486-project] 10.222.0.16 "POST /v2.0/networks HTTP/1.1" status: 201 len: 777 time: 2.1792915
Jul 11 13:36:01.674553 dv-neutron-840415-14-hyperv neutron-server[104922]: DEBUG neutron.pecan_wsgi.hooks.policy_enforcement [None req-b1bdfcc1-2d31-4bc2-9288-cd7fcfa5cc5b tempest-PortsAdminExtendedAttrsIpV6TestJSON-140927835 tempest-PortsAdminExtendedAttrsIpV6TestJSON-140927835-project-admin] Attributes excluded by policy engine: ['standard_attr_id'] {{(pid=104922) _exclude_attributes_by_policy /opt/stack/neutron/neutron/pecan_wsgi/hooks/policy_enforcement.py:259}}
Jul 11 13:36:01.675128 dv-neutron-840415-14-hyperv neutron-server[104922]: DEBUG neutron.pecan_wsgi.hooks.policy_enforcement [None req-b1bdfcc1-2d31-4bc2-9288-cd7fcfa5cc5b tempest-PortsAdminExtendedAttrsIpV6TestJSON-140927835 tempest-PortsAdminExtendedAttrsIpV6TestJSON-140927835-project-admin] Attributes excluded by policy engine: ['standard_attr_id'] {{(pid=104922) _exclude_attributes_by_policy /opt/stack/neutron/neutron/pecan_wsgi/hooks/policy_enforcement.py:259}}
Jul 11 13:36:01.675588 dv-neutron-840415-14-hyperv neutron-server[104922]: DEBUG neutron.pecan_wsgi.hooks.policy_enforcement [None req-b1bdfcc1-2d31-4bc2-9288-cd7fcfa5cc5b tempest-PortsAdminExtendedAttrsIpV6TestJSON-140927835 tempest-PortsAdminExtendedAttrsIpV6TestJSON-140927835-project-admin] Attributes excluded by policy engine: ['standard_attr_id'] {{(pid=104922) _exclude_attributes_by_policy /opt/stack/neutron/neutron/pecan_wsgi/hooks/policy_enforcement.py:259}}
Jul 11 13:36:01.676172 dv-neutron-840415-14-hyperv neutron-server[104922]: DEBUG neutron.pecan_wsgi.hooks.policy_enforcement [None req-b1bdfcc1-2d31-4bc2-9288-cd7fcfa5cc5b tempest-PortsAdminExtendedAttrsIpV6TestJSON-140927835 tempest-PortsAdminExtendedAttrsIpV6TestJSON-140927835-project-admin] Attributes excluded by policy engine: ['standard_attr_id'] {{(pid=104922) _exclude_attributes_by_policy /opt/stack/neutron/neutron/pecan_wsgi/hooks/policy_enforcement.py:259}}
Jul 11 13:36:01.678287 dv-neutron-840415-14-hyperv neutron-server[104921]: DEBUG neutron.wsgi [-] (104921) accepted ('10.222.0.16', 39014) {{(pid=104921) server /usr/local/lib/python3.8/dist-packages/eventlet/wsgi.py:1004}}
Jul 11 13:36:01.682006 dv-neutron-840415-14-hyperv neutron-server[104922]: DEBUG neutron.pecan_wsgi.hooks.policy_enforcement [None req-b1bdfcc1-2d31-4bc2-9288-cd7fcfa5cc5b tempest-PortsAdminExtendedAttrsIpV6TestJSON-140927835 tempest-PortsAdminExtendedAttrsIpV6TestJSON-140927835-project-admin] Attributes excluded by policy engine: ['standard_attr_id'] {{(pid=104922) _exclude_attributes_by_policy /opt/stack/neutron/neutron/pecan_wsgi/hooks/policy_enforcement.py:259}}
Jul 11 13:36:01.682651 dv-neutron-840415-14-hyperv neutron-server[104922]: DEBUG neutron.pecan_wsgi.hooks.policy_enforcement [None req-b1bdfcc1-2d31-4bc2-9288-cd7fcfa5cc5b tempest-PortsAdminExtendedAttrsIpV6TestJSON-140927835 tempest-PortsAdminExtendedAttrsIpV6TestJSON-140927835-project-admin] Attributes excluded by policy engine: ['standard_attr_id'] {{(pid=104922) _exclude_attributes_by_policy /opt/stack/neutron/neutron/pecan_wsgi/hooks/policy_enforcement.py:259}}
Jul 11 13:36:01.683133 dv-neutron-840415-14-hyperv neutron-server[104922]: DEBUG neutron.pecan_wsgi.hooks.policy_enforcement [None req-b1bdfcc1-2d31-4bc2-9288-cd7fcfa5cc5b tempest-PortsAdminExtendedAttrsIpV6TestJSON-140927835 tempest-PortsAdminExtendedAttrsIpV6TestJSON-140927835-project-admin] Attributes excluded by policy engine: ['standard_attr_id'] {{(pid=104922) _exclude_attributes_by_policy /opt/stack/neutron/neutron/pecan_wsgi/hooks/policy_enforcement.py:259}}
Jul 11 13:36:01.683602 dv-neutron-840415-14-hyperv neutron-server[104922]: DEBUG neutron.pecan_wsgi.hooks.policy_enforcement [None req-b1bdfcc1-2d31-4bc2-9288-cd7fcfa5cc5b tempest-PortsAdminExtendedAttrsIpV6TestJSON-140927835 tempest-PortsAdminExtendedAttrsIpV6TestJSON-140927835-project-admin] Attributes excluded by policy engine: ['standard_attr_id'] {{(pid=104922) _exclude_attributes_by_policy /opt/stack/neutron/neutron/pecan_wsgi/hooks/policy_enforcement.py:259}}
Jul 11 13:36:01.684227 dv-neutron-840415-14-hyperv neutron-server[104922]: DEBUG neutron.pecan_wsgi.hooks.policy_enforcement [None req-b1bdfcc1-2d31-4bc2-9288-cd7fcfa5cc5b tempest-PortsAdminExtendedAttrsIpV6TestJSON-140927835 tempest-PortsAdminExtendedAttrsIpV6TestJSON-140927835-project-admin] Attributes excluded by policy engine: ['standard_attr_id'] {{(pid=104922) _exclude_attributes_by_policy /opt/stack/neutron/neutron/pecan_wsgi/hooks/policy_enforcement.py:259}}
Jul 11 13:36:01.684731 dv-neutron-840415-14-hyperv neutron-server[104922]: DEBUG neutron.pecan_wsgi.hooks.policy_enforcement [None req-b1bdfcc1-2d31-4bc2-9288-cd7fcfa5cc5b tempest-PortsAdminExtendedAttrsIpV6TestJSON-140927835 tempest-PortsAdminExtendedAttrsIpV6TestJSON-140927835-project-admin] Attributes excluded by policy engine: ['standard_attr_id'] {{(pid=104922) _exclude_attributes_by_policy /opt/stack/neutron/neutron/pecan_wsgi/hooks/policy_enforcement.py:259}}
Jul 11 13:36:01.685186 dv-neutron-840415-14-hyperv neutron-server[104922]: DEBUG neutron.pecan_wsgi.hooks.policy_enforcement [None req-b1bdfcc1-2d31-4bc2-9288-cd7fcfa5cc5b tempest-PortsAdminExtendedAttrsIpV6TestJSON-140927835 tempest-PortsAdminExtendedAttrsIpV6TestJSON-140927835-project-admin] Attributes excluded by policy engine: ['standard_attr_id'] {{(pid=104922) _exclude_attributes_by_policy /opt/stack/neutron/neutron/pecan_wsgi/hooks/policy_enforcement.py:259}}
Jul 11 13:36:01.685794 dv-neutron-840415-14-hyperv neutron-server[104922]: DEBUG neutron.pecan_wsgi.hooks.policy_enforcement [None req-b1bdfcc1-2d31-4bc2-9288-cd7fcfa5cc5b tempest-PortsAdminExtendedAttrsIpV6TestJSON-140927835 tempest-PortsAdminExtendedAttrsIpV6TestJSON-140927835-project-admin] Attributes excluded by policy engine: ['standard_attr_id'] {{(pid=104922) _exclude_attributes_by_policy /opt/stack/neutron/neutron/pecan_wsgi/hooks/policy_enforcement.py:259}}
Jul 11 13:36:01.686280 dv-neutron-840415-14-hyperv neutron-server[104922]: DEBUG neutron.pecan_wsgi.hooks.policy_enforcement [None req-b1bdfcc1-2d31-4bc2-9288-cd7fcfa5cc5b tempest-PortsAdminExtendedAttrsIpV6TestJSON-140927835 tempest-PortsAdminExtendedAttrsIpV6TestJSON-140927835-project-admin] Attributes excluded by policy engine: ['standard_attr_id'] {{(pid=104922) _exclude_attributes_by_policy /opt/stack/neutron/neutron/pecan_wsgi/hooks/policy_enforcement.py:259}}
Jul 11 13:36:01.693796 dv-neutron-840415-14-hyperv neutron-server[104922]: INFO neutron.wsgi [None req-b1bdfcc1-2d31-4bc2-9288-cd7fcfa5cc5b tempest-PortsAdminExtendedAttrsIpV6TestJSON-140927835 tempest-PortsAdminExtendedAttrsIpV6TestJSON-140927835-project-admin] 10.222.0.16 "GET /v2.0/ports HTTP/1.1" status: 200 len: 11994 time: 0.3298001
Jul 11 13:36:01.694534 dv-neutron-840415-14-hyperv neutron-server[104922]: INFO neutron.plugins.ml2.plugin [None req-922992aa-0a17-43d1-bcc7-747d377e523c tempest-PortsAdminExtendedAttrsTestJSON-1247660374 tempest-PortsAdminExtendedAttrsTestJSON-1247660374-project-admin] Attempt 3 to bind port fd3e3db1-c9a8-430d-8f74-79c2c92f4069
Jul 11 13:36:01.697968 dv-neutron-840415-14-hyperv neutron-server[104923]: DEBUG dbcounter [-] [104923] Writing DB stats neutron:SELECT=98,neutron:UPDATE=2 {{(pid=104923) stat_writer /usr/local/lib/python3.8/dist-packages/dbcounter.py:114}}
