May 24 13:26:06.279320 dv-neutron-840316-8-hyperv devstack@n-api.service[118792]: DEBUG nova.api.openstack.wsgi_app [-] profiler.trace_sqlalchemy = False {{(pid=118792) log_opt_values /usr/local/lib/python3.8/dist-packages/oslo_config/cfg.py:2609}}
May 24 13:26:06.279739 dv-neutron-840316-8-hyperv devstack@n-api.service[118792]: DEBUG nova.api.openstack.wsgi_app [-] oslo_messaging_rabbit.amqp_auto_delete = False {{(pid=118792) log_opt_values /usr/local/lib/python3.8/dist-packages/oslo_config/cfg.py:2609}}
May 24 13:26:06.280060 dv-neutron-840316-8-hyperv devstack@n-api.service[118792]: DEBUG nova.api.openstack.wsgi_app [-] oslo_messaging_rabbit.amqp_durable_queues = False {{(pid=118792) log_opt_values /usr/local/lib/python3.8/dist-packages/oslo_config/cfg.py:2609}}
May 24 13:26:06.280428 dv-neutron-840316-8-hyperv devstack@n-api.service[118792]: DEBUG nova.api.openstack.wsgi_app [-] oslo_messaging_rabbit.conn_pool_min_size = 2 {{(pid=118792) log_opt_values /usr/local/lib/python3.8/dist-packages/oslo_config/cfg.py:2609}}
May 24 13:26:06.280746 dv-neutron-840316-8-hyperv devstack@n-api.service[118792]: DEBUG nova.api.openstack.wsgi_app [-] oslo_messaging_rabbit.conn_pool_ttl = 1200 {{(pid=118792) log_opt_values /usr/local/lib/python3.8/dist-packages/oslo_config/cfg.py:2609}}
May 24 13:26:06.281077 dv-neutron-840316-8-hyperv devstack@n-api.service[118792]: DEBUG nova.api.openstack.wsgi_app [-] oslo_messaging_rabbit.direct_mandatory_flag = True {{(pid=118792) log_opt_values /usr/local/lib/python3.8/dist-packages/oslo_config/cfg.py:2609}}
May 24 13:26:06.281443 dv-neutron-840316-8-hyperv devstack@n-api.service[118792]: DEBUG nova.api.openstack.wsgi_app [-] oslo_messaging_rabbit.enable_cancel_on_failover = False {{(pid=118792) log_opt_values /usr/local/lib/python3.8/dist-packages/oslo_config/cfg.py:2609}}
May 24 13:26:06.281763 dv-neutron-840316-8-hyperv devstack@n-api.service[118792]: DEBUG nova.api.openstack.wsgi_app [-] oslo_messaging_rabbit.heartbeat_in_pthread = True {{(pid=118792) log_opt_values /usr/local/lib/python3.8/dist-packages/oslo_config/cfg.py:2609}}
May 24 13:26:06.282152 dv-neutron-840316-8-hyperv devstack@n-api.service[118792]: DEBUG nova.api.openstack.wsgi_app [-] oslo_messaging_rabbit.heartbeat_rate = 3 {{(pid=118792) log_opt_values /usr/local/lib/python3.8/dist-packages/oslo_config/cfg.py:2609}}
May 24 13:26:06.282490 dv-neutron-840316-8-hyperv devstack@n-api.service[118792]: DEBUG nova.api.openstack.wsgi_app [-] oslo_messaging_rabbit.heartbeat_timeout_threshold = 600 {{(pid=118792) log_opt_values /usr/local/lib/python3.8/dist-packages/oslo_config/cfg.py:2609}}
May 24 13:26:06.282804 dv-neutron-840316-8-hyperv devstack@n-api.service[118792]: DEBUG nova.api.openstack.wsgi_app [-] oslo_messaging_rabbit.kombu_compression = None {{(pid=118792) log_opt_values /usr/local/lib/python3.8/dist-packages/oslo_config/cfg.py:2609}}
May 24 13:26:06.283136 dv-neutron-840316-8-hyperv devstack@n-api.service[118792]: DEBUG nova.api.openstack.wsgi_app [-] oslo_messaging_rabbit.kombu_failover_strategy = round-robin {{(pid=118792) log_opt_values /usr/local/lib/python3.8/dist-packages/oslo_config/cfg.py:2609}}
May 24 13:26:06.283460 dv-neutron-840316-8-hyperv devstack@n-api.service[118792]: DEBUG nova.api.openstack.wsgi_app [-] oslo_messaging_rabbit.kombu_missing_consumer_retry_timeout = 60 {{(pid=118792) log_opt_values /usr/local/lib/python3.8/dist-packages/oslo_config/cfg.py:2609}}
May 24 13:26:06.283789 dv-neutron-840316-8-hyperv devstack@n-api.service[118792]: DEBUG nova.api.openstack.wsgi_app [-] oslo_messaging_rabbit.kombu_reconnect_delay = 1.0 {{(pid=118792) log_opt_values /usr/local/lib/python3.8/dist-packages/oslo_config/cfg.py:2609}}
May 24 13:26:06.284120 dv-neutron-840316-8-hyperv devstack@n-api.service[118792]: DEBUG nova.api.openstack.wsgi_app [-] oslo_messaging_rabbit.rabbit_ha_queues = False {{(pid=118792) log_opt_values /usr/local/lib/python3.8/dist-packages/oslo_config/cfg.py:2609}}
May 24 13:26:06.284440 dv-neutron-840316-8-hyperv devstack@n-api.service[118792]: DEBUG nova.api.openstack.wsgi_app [-] oslo_messaging_rabbit.rabbit_interval_max = 30 {{(pid=118792) log_opt_values /usr/local/lib/python3.8/dist-packages/oslo_config/cfg.py:2609}}
May 24 13:26:06.284776 dv-neutron-840316-8-hyperv devstack@n-api.service[118792]: DEBUG nova.api.openstack.wsgi_app [-] oslo_messaging_rabbit.rabbit_login_method = AMQPLAIN {{(pid=118792) log_opt_values /usr/local/lib/python3.8/dist-packages/oslo_config/cfg.py:2609}}
May 24 13:26:06.285094 dv-neutron-840316-8-hyperv devstack@n-api.service[118792]: DEBUG nova.api.openstack.wsgi_app [-] oslo_messaging_rabbit.rabbit_qos_prefetch_count = 0 {{(pid=118792) log_opt_values /usr/local/lib/python3.8/dist-packages/oslo_config/cfg.py:2609}}
May 24 13:26:06.285411 dv-neutron-840316-8-hyperv devstack@n-api.service[118792]: DEBUG nova.api.openstack.wsgi_app [-] oslo_messaging_rabbit.rabbit_quorum_queue = False {{(pid=118792) log_opt_values /usr/local/lib/python3.8/dist-packages/oslo_config/cfg.py:2609}}
May 24 13:26:06.285733 dv-neutron-840316-8-hyperv devstack@n-api.service[118792]: DEBUG nova.api.openstack.wsgi_app [-] oslo_messaging_rabbit.rabbit_retry_backoff = 2 {{(pid=118792) log_opt_values /usr/local/lib/python3.8/dist-packages/oslo_config/cfg.py:2609}}
May 24 13:26:06.286076 dv-neutron-840316-8-hyperv devstack@n-api.service[118792]: DEBUG nova.api.openstack.wsgi_app [-] oslo_messaging_rabbit.rabbit_retry_interval = 1 {{(pid=118792) log_opt_values /usr/local/lib/python3.8/dist-packages/oslo_config/cfg.py:2609}}
May 24 13:26:06.286395 dv-neutron-840316-8-hyperv devstack@n-api.service[118792]: DEBUG nova.api.openstack.wsgi_app [-] oslo_messaging_rabbit.rabbit_transient_queues_ttl = 1800 {{(pid=118792) log_opt_values /usr/local/lib/python3.8/dist-packages/oslo_config/cfg.py:2609}}
May 24 13:26:06.286718 dv-neutron-840316-8-hyperv devstack@n-api.service[118792]: DEBUG nova.api.openstack.wsgi_app [-] oslo_messaging_rabbit.rpc_conn_pool_size = 30 {{(pid=118792) log_opt_values /usr/local/lib/python3.8/dist-packages/oslo_config/cfg.py:2609}}
May 24 13:26:06.287136 dv-neutron-840316-8-hyperv devstack@n-api.service[118792]: DEBUG nova.api.openstack.wsgi_app [-] oslo_messaging_rabbit.ssl = False {{(pid=118792) log_opt_values /usr/local/lib/python3.8/dist-packages/oslo_config/cfg.py:2609}}
May 24 13:26:06.287412 dv-neutron-840316-8-hyperv devstack@n-api.service[118792]: DEBUG nova.api.openstack.wsgi_app [-] oslo_messaging_rabbit.ssl_ca_file = {{(pid=118792) log_opt_values /usr/local/lib/python3.8/dist-packages/oslo_config/cfg.py:2609}}
May 24 13:26:06.287745 dv-neutron-840316-8-hyperv devstack@n-api.service[118792]: DEBUG nova.api.openstack.wsgi_app [-] oslo_messaging_rabbit.ssl_cert_file = {{(pid=118792) log_opt_values /usr/local/lib/python3.8/dist-packages/oslo_config/cfg.py:2609}}
May 24 13:26:06.288105 dv-neutron-840316-8-hyperv devstack@n-api.service[118792]: DEBUG nova.api.openstack.wsgi_app [-] oslo_messaging_rabbit.ssl_enforce_fips_mode = False {{(pid=118792) log_opt_values /usr/local/lib/python3.8/dist-packages/oslo_config/cfg.py:2609}}
May 24 13:26:06.288438 dv-neutron-840316-8-hyperv devstack@n-api.service[118792]: DEBUG nova.api.openstack.wsgi_app [-] oslo_messaging_rabbit.ssl_key_file = {{(pid=118792) log_opt_values /usr/local/lib/python3.8/dist-packages/oslo_config/cfg.py:2609}}
May 24 13:26:06.288773 dv-neutron-840316-8-hyperv devstack@n-api.service[118792]: DEBUG nova.api.openstack.wsgi_app [-] oslo_messaging_rabbit.ssl_version = {{(pid=118792) log_opt_values /usr/local/lib/python3.8/dist-packages/oslo_config/cfg.py:2609}}
May 24 13:26:06.289129 dv-neutron-840316-8-hyperv devstack@n-api.service[118792]: DEBUG nova.api.openstack.wsgi_app [-] oslo_messaging_notifications.driver = ['messagingv2'] {{(pid=118792) log_opt_values /usr/local/lib/python3.8/dist-packages/oslo_config/cfg.py:2609}}
May 24 13:26:06.289448 dv-neutron-840316-8-hyperv devstack@n-api.service[118792]: DEBUG nova.api.openstack.wsgi_app [-] oslo_messaging_notifications.retry = -1 {{(pid=118792) log_opt_values /usr/local/lib/python3.8/dist-packages/oslo_config/cfg.py:2609}}
May 24 13:26:06.289802 dv-neutron-840316-8-hyperv devstack@n-api.service[118792]: DEBUG nova.api.openstack.wsgi_app [-] oslo_messaging_notifications.topics = ['notifications'] {{(pid=118792) log_opt_values /usr/local/lib/python3.8/dist-packages/oslo_config/cfg.py:2609}}
May 24 13:26:06.290255 dv-neutron-840316-8-hyperv devstack@n-api.service[118792]: DEBUG nova.api.openstack.wsgi_app [-] oslo_messaging_notifications.transport_url = **** {{(pid=118792) log_opt_values /usr/local/lib/python3.8/dist-packages/oslo_config/cfg.py:2609}}
May 24 13:26:06.290578 dv-neutron-840316-8-hyperv devstack@n-api.service[118792]: DEBUG nova.api.openstack.wsgi_app [-] oslo_reports.file_event_handler = None {{(pid=118792) log_opt_values /usr/local/lib/python3.8/dist-packages/oslo_config/cfg.py:2609}}
May 24 13:26:06.290946 dv-neutron-840316-8-hyperv devstack@n-api.service[118792]: DEBUG nova.api.openstack.wsgi_app [-] oslo_reports.file_event_handler_interval = 1 {{(pid=118792) log_opt_values /usr/local/lib/python3.8/dist-packages/oslo_config/cfg.py:2609}}
May 24 13:26:06.291276 dv-neutron-840316-8-hyperv devstack@n-api.service[118792]: DEBUG nova.api.openstack.wsgi_app [-] oslo_reports.log_dir = None {{(pid=118792) log_opt_values /usr/local/lib/python3.8/dist-packages/oslo_config/cfg.py:2609}}
May 24 13:26:06.291569 dv-neutron-840316-8-hyperv devstack@n-api.service[118792]: DEBUG nova.api.openstack.wsgi_app [-] ******************************************************************************** {{(pid=118792) log_opt_values /usr/local/lib/python3.8/dist-packages/oslo_config/cfg.py:2613}}
May 24 13:26:06.336426 dv-neutron-840316-8-hyperv devstack@n-api.service[118793]: INFO dbcounter [None req-3da46dea-d07c-4e5a-ac9b-4a152a75d51f None None] Registered counter for database nova_api
May 24 13:26:06.352853 dv-neutron-840316-8-hyperv devstack@n-api.service[118792]: INFO dbcounter [None req-bd6bf0b1-db26-4ea6-bccf-e52cec40813e None None] Registered counter for database nova_api
May 24 13:26:06.357396 dv-neutron-840316-8-hyperv devstack@n-api.service[118793]: DEBUG oslo_db.sqlalchemy.engines [None req-3da46dea-d07c-4e5a-ac9b-4a152a75d51f None None] MySQL server mode set to STRICT_TRANS_TABLES,STRICT_ALL_TABLES,NO_ZERO_IN_DATE,NO_ZERO_DATE,ERROR_FOR_DIVISION_BY_ZERO,TRADITIONAL,NO_ENGINE_SUBSTITUTION {{(pid=118793) _check_effective_sql_mode /usr/local/lib/python3.8/dist-packages/oslo_db/sqlalchemy/engines.py:314}}
May 24 13:26:06.368065 dv-neutron-840316-8-hyperv devstack@n-api.service[118793]: DEBUG dbcounter [-] [118793] Writer thread running {{(pid=118793) stat_writer /usr/local/lib/python3.8/dist-packages/dbcounter.py:99}}
May 24 13:26:06.373931 dv-neutron-840316-8-hyperv devstack@n-api.service[118792]: DEBUG oslo_db.sqlalchemy.engines [None req-bd6bf0b1-db26-4ea6-bccf-e52cec40813e None None] MySQL server mode set to STRICT_TRANS_TABLES,STRICT_ALL_TABLES,NO_ZERO_IN_DATE,NO_ZERO_DATE,ERROR_FOR_DIVISION_BY_ZERO,TRADITIONAL,NO_ENGINE_SUBSTITUTION {{(pid=118792) _check_effective_sql_mode /usr/local/lib/python3.8/dist-packages/oslo_db/sqlalchemy/engines.py:314}}
May 24 13:26:06.384965 dv-neutron-840316-8-hyperv devstack@n-api.service[118792]: DEBUG dbcounter [-] [118792] Writer thread running {{(pid=118792) stat_writer /usr/local/lib/python3.8/dist-packages/dbcounter.py:99}}
May 24 13:26:06.425421 dv-neutron-840316-8-hyperv devstack@n-api.service[118793]: DEBUG nova.context [None req-3da46dea-d07c-4e5a-ac9b-4a152a75d51f None None] Found 2 cells: 00000000-0000-0000-0000-000000000000(cell0),9393b9d4-5e35-46ef-ad59-7a22292b0f0b(cell1) {{(pid=118793) load_cells /opt/stack/nova/nova/context.py:464}}
May 24 13:26:06.430426 dv-neutron-840316-8-hyperv devstack@n-api.service[118793]: DEBUG oslo_concurrency.lockutils [None req-3da46dea-d07c-4e5a-ac9b-4a152a75d51f None None] Lock "00000000-0000-0000-0000-000000000000" acquired by "nova.context.set_target_cell..get_or_set_cached_cell_and_set_connections" :: waited 0.000s {{(pid=118793) inner /usr/local/lib/python3.8/dist-packages/oslo_concurrency/lockutils.py:386}}
May 24 13:26:06.432031 dv-neutron-840316-8-hyperv devstack@n-api.service[118793]: DEBUG oslo_concurrency.lockutils [None req-3da46dea-d07c-4e5a-ac9b-4a152a75d51f None None] Lock "00000000-0000-0000-0000-000000000000" "released" by "nova.context.set_target_cell..get_or_set_cached_cell_and_set_connections" :: held 0.002s {{(pid=118793) inner /usr/local/lib/python3.8/dist-packages/oslo_concurrency/lockutils.py:400}}
May 24 13:26:06.432838 dv-neutron-840316-8-hyperv devstack@n-api.service[118793]: DEBUG oslo_concurrency.lockutils [None req-3da46dea-d07c-4e5a-ac9b-4a152a75d51f None None] Lock "9393b9d4-5e35-46ef-ad59-7a22292b0f0b" acquired by "nova.context.set_target_cell..get_or_set_cached_cell_and_set_connections" :: waited 0.000s {{(pid=118793) inner /usr/local/lib/python3.8/dist-packages/oslo_concurrency/lockutils.py:386}}
May 24 13:26:06.434838 dv-neutron-840316-8-hyperv devstack@n-api.service[118793]: DEBUG oslo_concurrency.lockutils [None req-3da46dea-d07c-4e5a-ac9b-4a152a75d51f None None] Lock "9393b9d4-5e35-46ef-ad59-7a22292b0f0b" "released" by "nova.context.set_target_cell..get_or_set_cached_cell_and_set_connections" :: held 0.002s {{(pid=118793) inner /usr/local/lib/python3.8/dist-packages/oslo_concurrency/lockutils.py:400}}
May 24 13:26:06.436830 dv-neutron-840316-8-hyperv devstack@n-api.service[118793]: INFO dbcounter [None req-3da46dea-d07c-4e5a-ac9b-4a152a75d51f None None] Registered counter for database nova_cell0
May 24 13:26:06.441100 dv-neutron-840316-8-hyperv devstack@n-api.service[118793]: INFO dbcounter [None req-3da46dea-d07c-4e5a-ac9b-4a152a75d51f None None] Registered counter for database nova_cell1
May 24 13:26:06.442473 dv-neutron-840316-8-hyperv devstack@n-api.service[118792]: DEBUG nova.context [None req-bd6bf0b1-db26-4ea6-bccf-e52cec40813e None None] Found 2 cells: 00000000-0000-0000-0000-000000000000(cell0),9393b9d4-5e35-46ef-ad59-7a22292b0f0b(cell1) {{(pid=118792) load_cells /opt/stack/nova/nova/context.py:464}}
May 24 13:26:06.446737 dv-neutron-840316-8-hyperv devstack@n-api.service[118792]: DEBUG oslo_concurrency.lockutils [None req-bd6bf0b1-db26-4ea6-bccf-e52cec40813e None None] Lock "00000000-0000-0000-0000-000000000000" acquired by "nova.context.set_target_cell..get_or_set_cached_cell_and_set_connections" :: waited 0.000s {{(pid=118792) inner /usr/local/lib/python3.8/dist-packages/oslo_concurrency/lockutils.py:386}}
May 24 13:26:06.448364 dv-neutron-840316-8-hyperv devstack@n-api.service[118792]: DEBUG oslo_concurrency.lockutils [None req-bd6bf0b1-db26-4ea6-bccf-e52cec40813e None None] Lock "00000000-0000-0000-0000-000000000000" "released" by "nova.context.set_target_cell..get_or_set_cached_cell_and_set_connections" :: held 0.002s {{(pid=118792) inner /usr/local/lib/python3.8/dist-packages/oslo_concurrency/lockutils.py:400}}
May 24 13:26:06.448483 dv-neutron-840316-8-hyperv devstack@n-api.service[118793]: DEBUG oslo_db.sqlalchemy.engines [None req-3da46dea-d07c-4e5a-ac9b-4a152a75d51f None None] MySQL server mode set to STRICT_TRANS_TABLES,STRICT_ALL_TABLES,NO_ZERO_IN_DATE,NO_ZERO_DATE,ERROR_FOR_DIVISION_BY_ZERO,TRADITIONAL,NO_ENGINE_SUBSTITUTION {{(pid=118793) _check_effective_sql_mode /usr/local/lib/python3.8/dist-packages/oslo_db/sqlalchemy/engines.py:314}}
May 24 13:26:06.449239 dv-neutron-840316-8-hyperv devstack@n-api.service[118792]: DEBUG oslo_concurrency.lockutils [None req-bd6bf0b1-db26-4ea6-bccf-e52cec40813e None None] Lock "9393b9d4-5e35-46ef-ad59-7a22292b0f0b" acquired by "nova.context.set_target_cell..get_or_set_cached_cell_and_set_connections" :: waited 0.000s {{(pid=118792) inner /usr/local/lib/python3.8/dist-packages/oslo_concurrency/lockutils.py:386}}
May 24 13:26:06.451923 dv-neutron-840316-8-hyperv devstack@n-api.service[118792]: DEBUG oslo_concurrency.lockutils [None req-bd6bf0b1-db26-4ea6-bccf-e52cec40813e None None] Lock "9393b9d4-5e35-46ef-ad59-7a22292b0f0b" "released" by "nova.context.set_target_cell..get_or_set_cached_cell_and_set_connections" :: held 0.002s {{(pid=118792) inner /usr/local/lib/python3.8/dist-packages/oslo_concurrency/lockutils.py:400}}
May 24 13:26:06.453404 dv-neutron-840316-8-hyperv devstack@n-api.service[118792]: INFO dbcounter [None req-bd6bf0b1-db26-4ea6-bccf-e52cec40813e None None] Registered counter for database nova_cell0
May 24 13:26:06.453539 dv-neutron-840316-8-hyperv devstack@n-api.service[118793]: DEBUG dbcounter [-] [118793] Writer thread running {{(pid=118793) stat_writer /usr/local/lib/python3.8/dist-packages/dbcounter.py:99}}
May 24 13:26:06.454221 dv-neutron-840316-8-hyperv devstack@n-api.service[118793]: DEBUG oslo_db.sqlalchemy.engines [None req-3da46dea-d07c-4e5a-ac9b-4a152a75d51f None None] MySQL server mode set to STRICT_TRANS_TABLES,STRICT_ALL_TABLES,NO_ZERO_IN_DATE,NO_ZERO_DATE,ERROR_FOR_DIVISION_BY_ZERO,TRADITIONAL,NO_ENGINE_SUBSTITUTION {{(pid=118793) _check_effective_sql_mode /usr/local/lib/python3.8/dist-packages/oslo_db/sqlalchemy/engines.py:314}}
May 24 13:26:06.457647 dv-neutron-840316-8-hyperv devstack@n-api.service[118792]: INFO dbcounter [None req-bd6bf0b1-db26-4ea6-bccf-e52cec40813e None None] Registered counter for database nova_cell1
May 24 13:26:06.465066 dv-neutron-840316-8-hyperv devstack@n-api.service[118792]: DEBUG oslo_db.sqlalchemy.engines [None req-bd6bf0b1-db26-4ea6-bccf-e52cec40813e None None] MySQL server mode set to STRICT_TRANS_TABLES,STRICT_ALL_TABLES,NO_ZERO_IN_DATE,NO_ZERO_DATE,ERROR_FOR_DIVISION_BY_ZERO,TRADITIONAL,NO_ENGINE_SUBSTITUTION {{(pid=118792) _check_effective_sql_mode /usr/local/lib/python3.8/dist-packages/oslo_db/sqlalchemy/engines.py:314}}
May 24 13:26:06.467735 dv-neutron-840316-8-hyperv devstack@n-api.service[118792]: DEBUG oslo_db.sqlalchemy.engines [None req-bd6bf0b1-db26-4ea6-bccf-e52cec40813e None None] MySQL server mode set to STRICT_TRANS_TABLES,STRICT_ALL_TABLES,NO_ZERO_IN_DATE,NO_ZERO_DATE,ERROR_FOR_DIVISION_BY_ZERO,TRADITIONAL,NO_ENGINE_SUBSTITUTION {{(pid=118792) _check_effective_sql_mode /usr/local/lib/python3.8/dist-packages/oslo_db/sqlalchemy/engines.py:314}}
May 24 13:26:06.475621 dv-neutron-840316-8-hyperv devstack@n-api.service[118792]: DEBUG dbcounter [-] [118792] Writer thread running {{(pid=118792) stat_writer /usr/local/lib/python3.8/dist-packages/dbcounter.py:99}}
May 24 13:26:06.477743 dv-neutron-840316-8-hyperv devstack@n-api.service[118792]: DEBUG dbcounter [-] [118792] Writer thread running {{(pid=118792) stat_writer /usr/local/lib/python3.8/dist-packages/dbcounter.py:99}}
May 24 13:26:06.600713 dv-neutron-840316-8-hyperv devstack@n-api.service[118793]: DEBUG dbcounter [-] [118793] Writer thread running {{(pid=118793) stat_writer /usr/local/lib/python3.8/dist-packages/dbcounter.py:99}}
May 24 13:26:06.610907 dv-neutron-840316-8-hyperv devstack@n-api.service[118793]: INFO dbcounter [None req-3da46dea-d07c-4e5a-ac9b-4a152a75d51f None None] Registered counter for database nova_cell0
May 24 13:26:06.618708 dv-neutron-840316-8-hyperv devstack@n-api.service[118793]: DEBUG oslo_db.sqlalchemy.engines [None req-3da46dea-d07c-4e5a-ac9b-4a152a75d51f None None] MySQL server mode set to STRICT_TRANS_TABLES,STRICT_ALL_TABLES,NO_ZERO_IN_DATE,NO_ZERO_DATE,ERROR_FOR_DIVISION_BY_ZERO,TRADITIONAL,NO_ENGINE_SUBSTITUTION {{(pid=118793) _check_effective_sql_mode /usr/local/lib/python3.8/dist-packages/oslo_db/sqlalchemy/engines.py:314}}
May 24 13:26:06.623412 dv-neutron-840316-8-hyperv devstack@n-api.service[118793]: DEBUG dbcounter [-] [118793] Writer thread running {{(pid=118793) stat_writer /usr/local/lib/python3.8/dist-packages/dbcounter.py:99}}
May 24 13:26:06.626924 dv-neutron-840316-8-hyperv devstack@n-api.service[118792]: INFO dbcounter [None req-bd6bf0b1-db26-4ea6-bccf-e52cec40813e None None] Registered counter for database nova_cell0
May 24 13:26:06.633774 dv-neutron-840316-8-hyperv devstack@n-api.service[118792]: DEBUG oslo_db.sqlalchemy.engines [None req-bd6bf0b1-db26-4ea6-bccf-e52cec40813e None None] MySQL server mode set to STRICT_TRANS_TABLES,STRICT_ALL_TABLES,NO_ZERO_IN_DATE,NO_ZERO_DATE,ERROR_FOR_DIVISION_BY_ZERO,TRADITIONAL,NO_ENGINE_SUBSTITUTION {{(pid=118792) _check_effective_sql_mode /usr/local/lib/python3.8/dist-packages/oslo_db/sqlalchemy/engines.py:314}}
May 24 13:26:06.638107 dv-neutron-840316-8-hyperv devstack@n-api.service[118792]: DEBUG dbcounter [-] [118792] Writer thread running {{(pid=118792) stat_writer /usr/local/lib/python3.8/dist-packages/dbcounter.py:99}}
May 24 13:26:06.944517 dv-neutron-840316-8-hyperv devstack@n-api.service[118793]: WARNING keystonemiddleware.auth_token [None req-3da46dea-d07c-4e5a-ac9b-4a152a75d51f None None] AuthToken middleware is set with keystone_authtoken.service_token_roles_required set to False. This is backwards compatible but deprecated behaviour. Please set this to True.
May 24 13:26:06.951773 dv-neutron-840316-8-hyperv devstack@n-api.service[118793]: WARNING keystonemiddleware.auth_token [None req-3da46dea-d07c-4e5a-ac9b-4a152a75d51f None None] Configuring www_authenticate_uri to point to the public identity endpoint is required; clients may not be able to authenticate against an admin endpoint
May 24 13:26:06.955775 dv-neutron-840316-8-hyperv devstack@n-api.service[118792]: WARNING keystonemiddleware.auth_token [None req-bd6bf0b1-db26-4ea6-bccf-e52cec40813e None None] AuthToken middleware is set with keystone_authtoken.service_token_roles_required set to False. This is backwards compatible but deprecated behaviour. Please set this to True.
May 24 13:26:06.964169 dv-neutron-840316-8-hyperv devstack@n-api.service[118792]: WARNING keystonemiddleware.auth_token [None req-bd6bf0b1-db26-4ea6-bccf-e52cec40813e None None] Configuring www_authenticate_uri to point to the public identity endpoint is required; clients may not be able to authenticate against an admin endpoint
May 24 13:26:07.293946 dv-neutron-840316-8-hyperv devstack@n-api.service[118793]: WARNING keystonemiddleware.auth_token [None req-3da46dea-d07c-4e5a-ac9b-4a152a75d51f None None] AuthToken middleware is set with keystone_authtoken.service_token_roles_required set to False. This is backwards compatible but deprecated behaviour. Please set this to True.
May 24 13:26:07.299960 dv-neutron-840316-8-hyperv devstack@n-api.service[118793]: WARNING keystonemiddleware.auth_token [None req-3da46dea-d07c-4e5a-ac9b-4a152a75d51f None None] Configuring www_authenticate_uri to point to the public identity endpoint is required; clients may not be able to authenticate against an admin endpoint
May 24 13:26:07.305516 dv-neutron-840316-8-hyperv devstack@n-api.service[118793]: WSGI app 0 (mountpoint='') ready in 6 seconds on interpreter 0x5591a1fc59c0 pid: 118793 (default app)
May 24 13:26:07.305644 dv-neutron-840316-8-hyperv devstack@n-api.service[118792]: WARNING keystonemiddleware.auth_token [None req-bd6bf0b1-db26-4ea6-bccf-e52cec40813e None None] AuthToken middleware is set with keystone_authtoken.service_token_roles_required set to False. This is backwards compatible but deprecated behaviour. Please set this to True.
May 24 13:26:07.311690 dv-neutron-840316-8-hyperv devstack@n-api.service[118792]: WARNING keystonemiddleware.auth_token [None req-bd6bf0b1-db26-4ea6-bccf-e52cec40813e None None] Configuring www_authenticate_uri to point to the public identity endpoint is required; clients may not be able to authenticate against an admin endpoint
May 24 13:26:07.316941 dv-neutron-840316-8-hyperv devstack@n-api.service[118792]: WSGI app 0 (mountpoint='') ready in 6 seconds on interpreter 0x5591a1fc59c0 pid: 118792 (default app)
May 24 13:26:55.626104 dv-neutron-840316-8-hyperv devstack@n-api.service[118793]: DEBUG dbcounter [-] [118793] Writing DB stats nova_api:SELECT=3 {{(pid=118793) stat_writer /usr/local/lib/python3.8/dist-packages/dbcounter.py:114}}
May 24 13:26:55.631342 dv-neutron-840316-8-hyperv devstack@n-api.service[118793]: DEBUG dbcounter [-] [118793] Writing DB stats nova_cell0:SELECT=3 {{(pid=118793) stat_writer /usr/local/lib/python3.8/dist-packages/dbcounter.py:114}}
May 24 13:26:55.634458 dv-neutron-840316-8-hyperv devstack@n-api.service[118793]: DEBUG dbcounter [-] [118793] Writing DB stats nova_cell1:SELECT=3 {{(pid=118793) stat_writer /usr/local/lib/python3.8/dist-packages/dbcounter.py:114}}
May 24 13:26:55.635211 dv-neutron-840316-8-hyperv devstack@n-api.service[118793]: DEBUG dbcounter [-] [118793] Writing DB stats nova_cell0:SELECT=3 {{(pid=118793) stat_writer /usr/local/lib/python3.8/dist-packages/dbcounter.py:114}}
May 24 13:26:56.221236 dv-neutron-840316-8-hyperv devstack@n-api.service[118792]: DEBUG dbcounter [-] [118792] Writing DB stats nova_api:SELECT=3 {{(pid=118792) stat_writer /usr/local/lib/python3.8/dist-packages/dbcounter.py:114}}
May 24 13:26:56.222389 dv-neutron-840316-8-hyperv devstack@n-api.service[118792]: DEBUG dbcounter [-] [118792] Writing DB stats nova_cell1:SELECT=3 {{(pid=118792) stat_writer /usr/local/lib/python3.8/dist-packages/dbcounter.py:114}}
May 24 13:26:56.223479 dv-neutron-840316-8-hyperv devstack@n-api.service[118792]: DEBUG dbcounter [-] [118792] Writing DB stats nova_cell0:SELECT=3 {{(pid=118792) stat_writer /usr/local/lib/python3.8/dist-packages/dbcounter.py:114}}
May 24 13:26:56.224210 dv-neutron-840316-8-hyperv devstack@n-api.service[118792]: DEBUG dbcounter [-] [118792] Writing DB stats nova_cell0:SELECT=3 {{(pid=118792) stat_writer /usr/local/lib/python3.8/dist-packages/dbcounter.py:114}}
May 24 13:26:56.436436 dv-neutron-840316-8-hyperv devstack@n-api.service[118793]: DEBUG nova.api.openstack.wsgi [None req-fd7b0365-a380-4359-b3f8-b008a30de2b0 tempest-PortsAdminExtendedAttrsTestJSON-1878739466 tempest-PortsAdminExtendedAttrsTestJSON-1878739466-project-admin] Calling method '.version_select at 0x7f6741302c10>' {{(pid=118793) _process_stack /opt/stack/nova/nova/api/openstack/wsgi.py:513}}
May 24 13:26:56.437966 dv-neutron-840316-8-hyperv devstack@n-api.service[118793]: /usr/local/lib/python3.8/dist-packages/oslo_policy/policy.py:1129: UserWarning: Policy "os_compute_api:os-hypervisors:list": "rule:context_is_admin" failed scope check. The token used to make the request was project scoped but the policy requires ['system'] scope. This behavior may change in the future where using the intended scope is required
May 24 13:26:56.437966 dv-neutron-840316-8-hyperv devstack@n-api.service[118793]: warnings.warn(msg)
May 24 13:26:56.474083 dv-neutron-840316-8-hyperv devstack@n-api.service[118793]: DEBUG nova.compute.api [None req-fd7b0365-a380-4359-b3f8-b008a30de2b0 tempest-PortsAdminExtendedAttrsTestJSON-1878739466 tempest-PortsAdminExtendedAttrsTestJSON-1878739466-project-admin] Found 2 cells: 00000000-0000-0000-0000-000000000000(cell0),9393b9d4-5e35-46ef-ad59-7a22292b0f0b(cell1) {{(pid=118793) load_cells /opt/stack/nova/nova/compute/api.py:306}}
May 24 13:26:56.477416 dv-neutron-840316-8-hyperv devstack@n-api.service[118793]: DEBUG oslo_concurrency.lockutils [None req-fd7b0365-a380-4359-b3f8-b008a30de2b0 tempest-PortsAdminExtendedAttrsTestJSON-1878739466 tempest-PortsAdminExtendedAttrsTestJSON-1878739466-project-admin] Lock "9393b9d4-5e35-46ef-ad59-7a22292b0f0b" acquired by "nova.context.set_target_cell..get_or_set_cached_cell_and_set_connections" :: waited 0.000s {{(pid=118793) inner /usr/local/lib/python3.8/dist-packages/oslo_concurrency/lockutils.py:386}}
May 24 13:26:56.478630 dv-neutron-840316-8-hyperv devstack@n-api.service[118793]: DEBUG oslo_concurrency.lockutils [None req-fd7b0365-a380-4359-b3f8-b008a30de2b0 tempest-PortsAdminExtendedAttrsTestJSON-1878739466 tempest-PortsAdminExtendedAttrsTestJSON-1878739466-project-admin] Lock "9393b9d4-5e35-46ef-ad59-7a22292b0f0b" "released" by "nova.context.set_target_cell..get_or_set_cached_cell_and_set_connections" :: held 0.003s {{(pid=118793) inner /usr/local/lib/python3.8/dist-packages/oslo_concurrency/lockutils.py:400}}
May 24 13:26:56.559307 dv-neutron-840316-8-hyperv devstack@n-api.service[118793]: DEBUG oslo_concurrency.lockutils [None req-fd7b0365-a380-4359-b3f8-b008a30de2b0 tempest-PortsAdminExtendedAttrsTestJSON-1878739466 tempest-PortsAdminExtendedAttrsTestJSON-1878739466-project-admin] Lock "9393b9d4-5e35-46ef-ad59-7a22292b0f0b" acquired by "nova.context.set_target_cell..get_or_set_cached_cell_and_set_connections" :: waited 0.000s {{(pid=118793) inner /usr/local/lib/python3.8/dist-packages/oslo_concurrency/lockutils.py:386}}
May 24 13:26:56.559779 dv-neutron-840316-8-hyperv devstack@n-api.service[118793]: DEBUG oslo_concurrency.lockutils [None req-fd7b0365-a380-4359-b3f8-b008a30de2b0 tempest-PortsAdminExtendedAttrsTestJSON-1878739466 tempest-PortsAdminExtendedAttrsTestJSON-1878739466-project-admin] Lock "9393b9d4-5e35-46ef-ad59-7a22292b0f0b" "released" by "nova.context.set_target_cell..get_or_set_cached_cell_and_set_connections" :: held 0.001s {{(pid=118793) inner /usr/local/lib/python3.8/dist-packages/oslo_concurrency/lockutils.py:400}}
May 24 13:26:56.592829 dv-neutron-840316-8-hyperv devstack@n-api.service[118793]: INFO nova.api.openstack.requestlog [None req-fd7b0365-a380-4359-b3f8-b008a30de2b0 tempest-PortsAdminExtendedAttrsTestJSON-1878739466 tempest-PortsAdminExtendedAttrsTestJSON-1878739466-project-admin] 10.222.0.47 "GET /compute/v2.1/os-hypervisors" status: 200 len: 106 microversion: 2.1 time: 0.975206
May 24 13:26:56.593744 dv-neutron-840316-8-hyperv devstack@n-api.service[118793]: [pid: 118793|app: 0|req: 1/1] 10.222.0.47 () {58 vars in 1145 bytes} [Tue May 24 13:26:55 2022] GET /compute/v2.1/os-hypervisors => generated 106 bytes in 979 msecs (HTTP/1.1 200) 9 headers in 357 bytes (1 switches on core 0)
May 24 13:26:56.704149 dv-neutron-840316-8-hyperv devstack@n-api.service[118792]: DEBUG nova.api.openstack.wsgi [None req-7f34fca2-fc0a-4cd3-87fb-6984e4b95c30 tempest-ServersTestJSON-1376476771 tempest-ServersTestJSON-1376476771-project] Action: 'create', calling method: .version_select at 0x7f6741301c10>, body: {"keypair": {"name": "tempest-keypair-1202938710", "public_key": "ecdsa-sha2-nistp384 AAAAE2VjZHNhLXNoYTItbmlzdHAzODQAAAAIbmlzdHAzODQAAABhBIqcAXypdNw+5oRmV3RATRh1vkwRNwTluagRlvaklwYZkAW6OPaM0jVmee31Gn/wmHqYv3RvJP/9MkQmwH+Mj3iJl+B7bNhiKFWVkzPyL597oP5XxOq3/ae/BPDt4e+uQA=="}} {{(pid=118792) _process_stack /opt/stack/nova/nova/api/openstack/wsgi.py:511}}
May 24 13:26:56.760626 dv-neutron-840316-8-hyperv devstack@n-api.service[118792]: DEBUG nova.quota [None req-7f34fca2-fc0a-4cd3-87fb-6984e4b95c30 tempest-ServersTestJSON-1376476771 tempest-ServersTestJSON-1376476771-project] Getting quotas for project 93e6e6339fd34ebfa4aa930192a30601. Resources: {'key_pairs'} {{(pid=118792) _get_quotas /opt/stack/nova/nova/quota.py:393}}
May 24 13:26:56.769642 dv-neutron-840316-8-hyperv devstack@n-api.service[118792]: DEBUG nova.quota [None req-7f34fca2-fc0a-4cd3-87fb-6984e4b95c30 tempest-ServersTestJSON-1376476771 tempest-ServersTestJSON-1376476771-project] Getting quotas for user 67f4a01433fa414dbcd9431c69c34af5 and project 93e6e6339fd34ebfa4aa930192a30601. Resources: {'key_pairs'} {{(pid=118792) _get_quotas /opt/stack/nova/nova/quota.py:383}}
May 24 13:26:56.839476 dv-neutron-840316-8-hyperv devstack@n-api.service[118792]: INFO nova.api.openstack.requestlog [None req-7f34fca2-fc0a-4cd3-87fb-6984e4b95c30 tempest-ServersTestJSON-1376476771 tempest-ServersTestJSON-1376476771-project] 10.222.0.47 "POST /compute/v2.1/os-keypairs" status: 200 len: 386 microversion: 2.1 time: 0.623559
May 24 13:26:56.841027 dv-neutron-840316-8-hyperv devstack@n-api.service[118792]: [pid: 118792|app: 0|req: 1/2] 10.222.0.47 () {60 vars in 1158 bytes} [Tue May 24 13:26:56 2022] POST /compute/v2.1/os-keypairs => generated 386 bytes in 626 msecs (HTTP/1.1 200) 9 headers in 357 bytes (1 switches on core 0)
May 24 13:27:02.795325 dv-neutron-840316-8-hyperv devstack@n-api.service[118793]: DEBUG nova.api.openstack.wsgi [None req-205f6b6a-6be7-485c-b21f-7c59c7655bcd tempest-ServersTestJSON-1376476771 tempest-ServersTestJSON-1376476771-project] Action: 'create', calling method: >, body: {"server": {"name": "tempest-ServersTestJSON-server-1504146006", "imageRef": "a375c867-e60a-40c6-88fa-bed5d0726dab", "flavorRef": "452", "metadata": {"hello": "world"}, "accessIPv4": "1.1.1.1", "accessIPv6": "0000:0000:0000:0000:0000:babe:220.12.22.2", "adminPass": "***", "networks": [{"uuid": "0ffaf7ad-7a5c-44ab-9fc7-2185e6c8aa55"}], "security_groups": [{"name": "tempest-securitygroup--63902874"}], "key_name": "tempest-keypair-1202938710", "user_data": "IyEvYmluL3NoCmVjaG8gIlByaW50aW5nIHVidW50dSB1c2VyIGF1dGhvcml6ZWQga2V5cyIKY2F0IH51YnVudHUvLnNzaC9hdXRob3JpemVkX2tleXMgfHwgdHJ1ZQo=", "OS-DCF:diskConfig": "}} {{(pid=118793) _process_stack /opt/stack/nova/nova/api/openstack/wsgi.py:511}}
May 24 13:27:04.223322 dv-neutron-840316-8-hyperv devstack@n-api.service[118793]: DEBUG nova.network.neutron [None req-205f6b6a-6be7-485c-b21f-7c59c7655bcd tempest-ServersTestJSON-1376476771 tempest-ServersTestJSON-1376476771-project] validate_networks() for [('0ffaf7ad-7a5c-44ab-9fc7-2185e6c8aa55', None, None, None, None, None)] {{(pid=118793) validate_networks /opt/stack/nova/nova/network/neutron.py:2609}}
May 24 13:27:06.588686 dv-neutron-840316-8-hyperv devstack@n-api.service[118793]: DEBUG dbcounter [-] [118793] Writing DB stats nova_cell1:SELECT=4 {{(pid=118793) stat_writer /usr/local/lib/python3.8/dist-packages/dbcounter.py:114}}
May 24 13:27:06.780086 dv-neutron-840316-8-hyperv devstack@n-api.service[118793]: DEBUG nova.quota [None req-205f6b6a-6be7-485c-b21f-7c59c7655bcd tempest-ServersTestJSON-1376476771 tempest-ServersTestJSON-1376476771-project] Getting quotas for project 93e6e6339fd34ebfa4aa930192a30601. Resources: dict_keys(['metadata_items']) {{(pid=118793) _get_quotas /opt/stack/nova/nova/quota.py:393}}
May 24 13:27:06.787852 dv-neutron-840316-8-hyperv devstack@n-api.service[118793]: DEBUG nova.quota [None req-205f6b6a-6be7-485c-b21f-7c59c7655bcd tempest-ServersTestJSON-1376476771 tempest-ServersTestJSON-1376476771-project] Getting quotas for user 67f4a01433fa414dbcd9431c69c34af5 and project 93e6e6339fd34ebfa4aa930192a30601. Resources: dict_keys(['metadata_items']) {{(pid=118793) _get_quotas /opt/stack/nova/nova/quota.py:383}}
May 24 13:27:06.810121 dv-neutron-840316-8-hyperv devstack@n-api.service[118793]: DEBUG nova.virt.hardware [None req-205f6b6a-6be7-485c-b21f-7c59c7655bcd tempest-ServersTestJSON-1376476771 tempest-ServersTestJSON-1376476771-project] Flavor limits 0:0:0 {{(pid=118793) get_cpu_topology_constraints /opt/stack/nova/nova/virt/hardware.py:343}}
May 24 13:27:06.810824 dv-neutron-840316-8-hyperv devstack@n-api.service[118793]: DEBUG nova.virt.hardware [None req-205f6b6a-6be7-485c-b21f-7c59c7655bcd tempest-ServersTestJSON-1376476771 tempest-ServersTestJSON-1376476771-project] Image limits 0:0:0 {{(pid=118793) get_cpu_topology_constraints /opt/stack/nova/nova/virt/hardware.py:347}}
May 24 13:27:06.811515 dv-neutron-840316-8-hyperv devstack@n-api.service[118793]: DEBUG nova.virt.hardware [None req-205f6b6a-6be7-485c-b21f-7c59c7655bcd tempest-ServersTestJSON-1376476771 tempest-ServersTestJSON-1376476771-project] Flavor pref 0:0:0 {{(pid=118793) get_cpu_topology_constraints /opt/stack/nova/nova/virt/hardware.py:383}}
May 24 13:27:06.812110 dv-neutron-840316-8-hyperv devstack@n-api.service[118793]: DEBUG nova.virt.hardware [None req-205f6b6a-6be7-485c-b21f-7c59c7655bcd tempest-ServersTestJSON-1376476771 tempest-ServersTestJSON-1376476771-project] Image pref 0:0:0 {{(pid=118793) get_cpu_topology_constraints /opt/stack/nova/nova/virt/hardware.py:387}}
May 24 13:27:06.812708 dv-neutron-840316-8-hyperv devstack@n-api.service[118793]: DEBUG nova.virt.hardware [None req-205f6b6a-6be7-485c-b21f-7c59c7655bcd tempest-ServersTestJSON-1376476771 tempest-ServersTestJSON-1376476771-project] Chose sockets=0, cores=0, threads=0; limits were sockets=65536, cores=65536, threads=65536 {{(pid=118793) get_cpu_topology_constraints /opt/stack/nova/nova/virt/hardware.py:425}}
May 24 13:27:06.823320 dv-neutron-840316-8-hyperv devstack@n-api.service[118793]: DEBUG oslo_concurrency.lockutils [None req-205f6b6a-6be7-485c-b21f-7c59c7655bcd tempest-ServersTestJSON-1376476771 tempest-ServersTestJSON-1376476771-project] Lock "00000000-0000-0000-0000-000000000000" acquired by "nova.context.set_target_cell..get_or_set_cached_cell_and_set_connections" :: waited 0.000s {{(pid=118793) inner /usr/local/lib/python3.8/dist-packages/oslo_concurrency/lockutils.py:386}}
May 24 13:27:06.824087 dv-neutron-840316-8-hyperv devstack@n-api.service[118793]: DEBUG oslo_concurrency.lockutils [None req-205f6b6a-6be7-485c-b21f-7c59c7655bcd tempest-ServersTestJSON-1376476771 tempest-ServersTestJSON-1376476771-project] Lock "00000000-0000-0000-0000-000000000000" "released" by "nova.context.set_target_cell..get_or_set_cached_cell_and_set_connections" :: held 0.001s {{(pid=118793) inner /usr/local/lib/python3.8/dist-packages/oslo_concurrency/lockutils.py:400}}
May 24 13:27:06.825127 dv-neutron-840316-8-hyperv devstack@n-api.service[118793]: DEBUG oslo_concurrency.lockutils [None req-205f6b6a-6be7-485c-b21f-7c59c7655bcd tempest-ServersTestJSON-1376476771 tempest-ServersTestJSON-1376476771-project] Lock "9393b9d4-5e35-46ef-ad59-7a22292b0f0b" acquired by "nova.context.set_target_cell..get_or_set_cached_cell_and_set_connections" :: waited 0.000s {{(pid=118793) inner /usr/local/lib/python3.8/dist-packages/oslo_concurrency/lockutils.py:386}}
May 24 13:27:06.825769 dv-neutron-840316-8-hyperv devstack@n-api.service[118793]: DEBUG oslo_concurrency.lockutils [None req-205f6b6a-6be7-485c-b21f-7c59c7655bcd tempest-ServersTestJSON-1376476771 tempest-ServersTestJSON-1376476771-project] Lock "9393b9d4-5e35-46ef-ad59-7a22292b0f0b" "released" by "nova.context.set_target_cell..get_or_set_cached_cell_and_set_connections" :: held 0.001s {{(pid=118793) inner /usr/local/lib/python3.8/dist-packages/oslo_concurrency/lockutils.py:400}}
May 24 13:27:06.862171 dv-neutron-840316-8-hyperv devstack@n-api.service[118793]: DEBUG nova.quota [None req-205f6b6a-6be7-485c-b21f-7c59c7655bcd tempest-ServersTestJSON-1376476771 tempest-ServersTestJSON-1376476771-project] Getting quotas for project 93e6e6339fd34ebfa4aa930192a30601. Resources: {'cores', 'ram', 'instances'} {{(pid=118793) _get_quotas /opt/stack/nova/nova/quota.py:393}}
May 24 13:27:06.870484 dv-neutron-840316-8-hyperv devstack@n-api.service[118793]: DEBUG nova.quota [None req-205f6b6a-6be7-485c-b21f-7c59c7655bcd tempest-ServersTestJSON-1376476771 tempest-ServersTestJSON-1376476771-project] Getting quotas for user 67f4a01433fa414dbcd9431c69c34af5 and project 93e6e6339fd34ebfa4aa930192a30601. Resources: {'cores', 'ram', 'instances'} {{(pid=118793) _get_quotas /opt/stack/nova/nova/quota.py:383}}
May 24 13:27:06.886489 dv-neutron-840316-8-hyperv devstack@n-api.service[118793]: DEBUG nova.compute.api [None req-205f6b6a-6be7-485c-b21f-7c59c7655bcd tempest-ServersTestJSON-1376476771 tempest-ServersTestJSON-1376476771-project] Going to run 1 instances... {{(pid=118793) _provision_instances /opt/stack/nova/nova/compute/api.py:1389}}
May 24 13:27:06.889717 dv-neutron-840316-8-hyperv devstack@n-api.service[118793]: DEBUG nova.compute.api [None req-205f6b6a-6be7-485c-b21f-7c59c7655bcd tempest-ServersTestJSON-1376476771 tempest-ServersTestJSON-1376476771-project] [instance: 2d355070-6ef1-4a5e-8151-1a2f01ec0c31] block_device_mapping [BlockDeviceMapping(attachment_id=,boot_index=0,connection_info=None,created_at=,delete_on_termination=True,deleted=,deleted_at=,destination_type='local',device_name=None,device_type='disk',disk_bus=None,guest_format=None,id=,image_id='a375c867-e60a-40c6-88fa-bed5d0726dab',instance=,instance_uuid=,no_device=False,snapshot_id=None,source_type='image',tag=None,updated_at=,uuid=,volume_id=None,volume_size=None,volume_type=None)] {{(pid=118793) _bdm_validate_set_size_and_instance /opt/stack/nova/nova/compute/api.py:1807}}
May 24 13:27:07.022955 dv-neutron-840316-8-hyperv devstack@n-api.service[118793]: INFO nova.api.openstack.requestlog [None req-205f6b6a-6be7-485c-b21f-7c59c7655bcd tempest-ServersTestJSON-1376476771 tempest-ServersTestJSON-1376476771-project] 10.222.0.47 "POST /compute/v2.1/servers" status: 202 len: 405 microversion: 2.1 time: 4.246073
May 24 13:27:07.024282 dv-neutron-840316-8-hyperv devstack@n-api.service[118793]: [pid: 118793|app: 0|req: 2/3] 10.222.0.47 () {60 vars in 1146 bytes} [Tue May 24 13:27:02 2022] POST /compute/v2.1/servers => generated 405 bytes in 4248 msecs (HTTP/1.1 202) 10 headers in 451 bytes (1 switches on core 0)
May 24 13:27:07.034804 dv-neutron-840316-8-hyperv devstack@n-api.service[118792]: DEBUG nova.api.openstack.wsgi [None req-3f0eda60-be27-464c-8a70-71d8e06850f1 tempest-ServersTestJSON-1376476771 tempest-ServersTestJSON-1376476771-project] Calling method '>' {{(pid=118792) _process_stack /opt/stack/nova/nova/api/openstack/wsgi.py:513}}
May 24 13:27:07.037573 dv-neutron-840316-8-hyperv devstack@n-api.service[118792]: DEBUG nova.compute.api [None req-3f0eda60-be27-464c-8a70-71d8e06850f1 tempest-ServersTestJSON-1376476771 tempest-ServersTestJSON-1376476771-project] [instance: 2d355070-6ef1-4a5e-8151-1a2f01ec0c31] Fetching instance by UUID {{(pid=118792) get /opt/stack/nova/nova/compute/api.py:2920}}
May 24 13:27:07.053803 dv-neutron-840316-8-hyperv devstack@n-api.service[118792]: DEBUG dbcounter [-] [118792] Writing DB stats nova_cell0:SELECT=4 {{(pid=118792) stat_writer /usr/local/lib/python3.8/dist-packages/dbcounter.py:114}}
May 24 13:27:07.055469 dv-neutron-840316-8-hyperv devstack@n-api.service[118792]: DEBUG dbcounter [-] [118792] Writing DB stats nova_api:SELECT=11,nova_api:INSERT=1 {{(pid=118792) stat_writer /usr/local/lib/python3.8/dist-packages/dbcounter.py:114}}
May 24 13:27:08.608188 dv-neutron-840316-8-hyperv devstack@n-api.service[118792]: DEBUG nova.policy [None req-3f0eda60-be27-464c-8a70-71d8e06850f1 tempest-ServersTestJSON-1376476771 tempest-ServersTestJSON-1376476771-project] Policy check for os_compute_api:os-extended-server-attributes failed with credentials {'is_admin': False, 'user_id': '67f4a01433fa414dbcd9431c69c34af5', 'user_domain_id': 'default', 'system_scope': None, 'domain_id': None, 'project_id': '93e6e6339fd34ebfa4aa930192a30601', 'project_domain_id': 'default', 'roles': ['reader', 'member'], 'is_admin_project': True, 'service_user_id': None, 'service_user_domain_id': None, 'service_project_id': None, 'service_project_domain_id': None, 'service_roles': []} {{(pid=118792) authorize /opt/stack/nova/nova/policy.py:199}}
May 24 13:27:08.632113 dv-neutron-840316-8-hyperv devstack@n-api.service[118792]: INFO nova.api.openstack.requestlog [None req-3f0eda60-be27-464c-8a70-71d8e06850f1 tempest-ServersTestJSON-1376476771 tempest-ServersTestJSON-1376476771-project] 10.222.0.47 "GET /compute/v2.1/servers/2d355070-6ef1-4a5e-8151-1a2f01ec0c31" status: 200 len: 1270 microversion: 2.1 time: 1.600184
May 24 13:27:08.636206 dv-neutron-840316-8-hyperv devstack@n-api.service[118792]: [pid: 118792|app: 0|req: 2/4] 10.222.0.47 () {58 vars in 1235 bytes} [Tue May 24 13:27:07 2022] GET /compute/v2.1/servers/2d355070-6ef1-4a5e-8151-1a2f01ec0c31 => generated 1270 bytes in 1607 msecs (HTTP/1.1 200) 9 headers in 358 bytes (1 switches on core 0)
May 24 13:27:09.653660 dv-neutron-840316-8-hyperv devstack@n-api.service[118793]: DEBUG nova.api.openstack.wsgi [None req-4f720cff-24b7-4043-80b4-04ce7c4e27de tempest-ServersTestJSON-1376476771 tempest-ServersTestJSON-1376476771-project] Calling method '>' {{(pid=118793) _process_stack /opt/stack/nova/nova/api/openstack/wsgi.py:513}}
May 24 13:27:09.654351 dv-neutron-840316-8-hyperv devstack@n-api.service[118793]: DEBUG nova.compute.api [None req-4f720cff-24b7-4043-80b4-04ce7c4e27de tempest-ServersTestJSON-1376476771 tempest-ServersTestJSON-1376476771-project] [instance: 2d355070-6ef1-4a5e-8151-1a2f01ec0c31] Fetching instance by UUID {{(pid=118793) get /opt/stack/nova/nova/compute/api.py:2920}}
May 24 13:27:09.670523 dv-neutron-840316-8-hyperv devstack@n-api.service[118793]: DEBUG oslo_concurrency.lockutils [None req-4f720cff-24b7-4043-80b4-04ce7c4e27de tempest-ServersTestJSON-1376476771 tempest-ServersTestJSON-1376476771-project] Lock "9393b9d4-5e35-46ef-ad59-7a22292b0f0b" acquired by "nova.context.set_target_cell..get_or_set_cached_cell_and_set_connections" :: waited 0.000s {{(pid=118793) inner /usr/local/lib/python3.8/dist-packages/oslo_concurrency/lockutils.py:386}}
May 24 13:27:09.671317 dv-neutron-840316-8-hyperv devstack@n-api.service[118793]: DEBUG oslo_concurrency.lockutils [None req-4f720cff-24b7-4043-80b4-04ce7c4e27de tempest-ServersTestJSON-1376476771 tempest-ServersTestJSON-1376476771-project] Lock "9393b9d4-5e35-46ef-ad59-7a22292b0f0b" "released" by "nova.context.set_target_cell..get_or_set_cached_cell_and_set_connections" :: held 0.001s {{(pid=118793) inner /usr/local/lib/python3.8/dist-packages/oslo_concurrency/lockutils.py:400}}
May 24 13:27:09.672332 dv-neutron-840316-8-hyperv devstack@n-api.service[118793]: DEBUG oslo_concurrency.lockutils [None req-4f720cff-24b7-4043-80b4-04ce7c4e27de tempest-ServersTestJSON-1376476771 tempest-ServersTestJSON-1376476771-project] Lock "9393b9d4-5e35-46ef-ad59-7a22292b0f0b" acquired by "nova.context.set_target_cell..get_or_set_cached_cell_and_set_connections" :: waited 0.000s {{(pid=118793) inner /usr/local/lib/python3.8/dist-packages/oslo_concurrency/lockutils.py:386}}
May 24 13:27:09.672869 dv-neutron-840316-8-hyperv devstack@n-api.service[118793]: DEBUG oslo_concurrency.lockutils [None req-4f720cff-24b7-4043-80b4-04ce7c4e27de tempest-ServersTestJSON-1376476771 tempest-ServersTestJSON-1376476771-project] Lock "9393b9d4-5e35-46ef-ad59-7a22292b0f0b" "released" by "nova.context.set_target_cell..get_or_set_cached_cell_and_set_connections" :: held 0.001s {{(pid=118793) inner /usr/local/lib/python3.8/dist-packages/oslo_concurrency/lockutils.py:400}}
May 24 13:27:09.868414 dv-neutron-840316-8-hyperv devstack@n-api.service[118793]: DEBUG nova.policy [None req-4f720cff-24b7-4043-80b4-04ce7c4e27de tempest-ServersTestJSON-1376476771 tempest-ServersTestJSON-1376476771-project] Policy check for os_compute_api:os-extended-server-attributes failed with credentials {'is_admin': False, 'user_id': '67f4a01433fa414dbcd9431c69c34af5', 'user_domain_id': 'default', 'system_scope': None, 'domain_id': None, 'project_id': '93e6e6339fd34ebfa4aa930192a30601', 'project_domain_id': 'default', 'roles': ['reader', 'member'], 'is_admin_project': True, 'service_user_id': None, 'service_user_domain_id': None, 'service_project_id': None, 'service_project_domain_id': None, 'service_roles': []} {{(pid=118793) authorize /opt/stack/nova/nova/policy.py:199}}
May 24 13:27:09.895096 dv-neutron-840316-8-hyperv devstack@n-api.service[118793]: INFO nova.api.openstack.requestlog [None req-4f720cff-24b7-4043-80b4-04ce7c4e27de tempest-ServersTestJSON-1376476771 tempest-ServersTestJSON-1376476771-project] 10.222.0.47 "GET /compute/v2.1/servers/2d355070-6ef1-4a5e-8151-1a2f01ec0c31" status: 200 len: 1322 microversion: 2.1 time: 0.245348
May 24 13:27:09.896545 dv-neutron-840316-8-hyperv devstack@n-api.service[118793]: [pid: 118793|app: 0|req: 3/5] 10.222.0.47 () {58 vars in 1235 bytes} [Tue May 24 13:27:09 2022] GET /compute/v2.1/servers/2d355070-6ef1-4a5e-8151-1a2f01ec0c31 => generated 1322 bytes in 247 msecs (HTTP/1.1 200) 9 headers in 358 bytes (1 switches on core 0)
May 24 13:27:10.186754 dv-neutron-840316-8-hyperv devstack@n-api.service[118792]: DEBUG nova.api.openstack.wsgi [None req-827a3c3f-1c68-4891-9e68-be6abb8fab65 tempest-ServersTestManualDisk-1095738350 tempest-ServersTestManualDisk-1095738350-project] Action: 'create', calling method: .version_select at 0x7f674092a940>, body: {"keypair": {"name": "tempest-keypair-1319557795", "public_key": "ecdsa-sha2-nistp384 AAAAE2VjZHNhLXNoYTItbmlzdHAzODQAAAAIbmlzdHAzODQAAABhBMC1+pg+LPVNmQ8VoT/XNY7WTFRdtf+Fknsdy25gAavhoeqjJeCOuISm3aIPbK7/hTWpQuODU44O6Rzwc9WxTjPLlxiKaS/HxliMQ7xoUIl6m8RDlCna9VkOIZOEWBRHJg=="}} {{(pid=118792) _process_stack /opt/stack/nova/nova/api/openstack/wsgi.py:511}}
May 24 13:27:10.228523 dv-neutron-840316-8-hyperv devstack@n-api.service[118792]: DEBUG nova.quota [None req-827a3c3f-1c68-4891-9e68-be6abb8fab65 tempest-ServersTestManualDisk-1095738350 tempest-ServersTestManualDisk-1095738350-project] Getting quotas for project 61c0d51f960c496a8bb3c6e680aaefee. Resources: {'key_pairs'} {{(pid=118792) _get_quotas /opt/stack/nova/nova/quota.py:393}}
May 24 13:27:10.239819 dv-neutron-840316-8-hyperv devstack@n-api.service[118792]: DEBUG nova.quota [None req-827a3c3f-1c68-4891-9e68-be6abb8fab65 tempest-ServersTestManualDisk-1095738350 tempest-ServersTestManualDisk-1095738350-project] Getting quotas for user c18f3038532e4fe9b6e4dd783e633922 and project 61c0d51f960c496a8bb3c6e680aaefee. Resources: {'key_pairs'} {{(pid=118792) _get_quotas /opt/stack/nova/nova/quota.py:383}}
May 24 13:27:10.292499 dv-neutron-840316-8-hyperv devstack@n-api.service[118792]: INFO nova.api.openstack.requestlog [None req-827a3c3f-1c68-4891-9e68-be6abb8fab65 tempest-ServersTestManualDisk-1095738350 tempest-ServersTestManualDisk-1095738350-project] 10.222.0.47 "POST /compute/v2.1/os-keypairs" status: 200 len: 386 microversion: 2.1 time: 0.297971
May 24 13:27:10.299025 dv-neutron-840316-8-hyperv devstack@n-api.service[118792]: [pid: 118792|app: 0|req: 3/6] 10.222.0.47 () {60 vars in 1158 bytes} [Tue May 24 13:27:09 2022] POST /compute/v2.1/os-keypairs => generated 386 bytes in 305 msecs (HTTP/1.1 200) 9 headers in 357 bytes (1 switches on core 0)
May 24 13:27:10.915610 dv-neutron-840316-8-hyperv devstack@n-api.service[118793]: DEBUG nova.api.openstack.wsgi [None req-47955cd9-8418-4390-9311-0f4b884c85c9 tempest-ServersTestJSON-1376476771 tempest-ServersTestJSON-1376476771-project] Calling method '>' {{(pid=118793) _process_stack /opt/stack/nova/nova/api/openstack/wsgi.py:513}}
