May 02 11:44:11.647849 dv-neutron-840171-1-hyperv neutron-server[111109]: DEBUG neutron.plugins.ml2.drivers.mech_agent [None req-ff0e93a5-81dd-42ad-8877-91d902e86880 tempest-PortsAdminExtendedAttrsIpV6TestJSON-1776859726 tempest-PortsAdminExtendedAttrsIpV6TestJSON-1776859726-project-admin] Port 0d9a8c26-975a-48d1-a09c-109bd766f27b on network 201f9b0e-2860-428b-bc16-dea1ef4ce9fc not bound, no agent of type Open vSwitch agent registered on host hv-neutron-8401 {{(pid=111109) bind_port /opt/stack/neutron/neutron/plugins/ml2/drivers/mech_agent.py:103}}
May 02 11:44:11.648189 dv-neutron-840171-1-hyperv neutron-server[111109]: ERROR neutron.plugins.ml2.managers [None req-ff0e93a5-81dd-42ad-8877-91d902e86880 tempest-PortsAdminExtendedAttrsIpV6TestJSON-1776859726 tempest-PortsAdminExtendedAttrsIpV6TestJSON-1776859726-project-admin] Failed to bind port 0d9a8c26-975a-48d1-a09c-109bd766f27b on host hv-neutron-8401 for vnic_type normal using segments [{'id': '8e1c7a4e-1856-4f5a-8099-dfad95dd5410', 'network_type': 'vlan', 'physical_network': 'physnet1', 'segmentation_id': 295, 'network_id': '201f9b0e-2860-428b-bc16-dea1ef4ce9fc'}]
May 02 11:44:11.662647 dv-neutron-840171-1-hyperv neutron-server[111109]: INFO neutron.plugins.ml2.plugin [None req-ff0e93a5-81dd-42ad-8877-91d902e86880 tempest-PortsAdminExtendedAttrsIpV6TestJSON-1776859726 tempest-PortsAdminExtendedAttrsIpV6TestJSON-1776859726-project-admin] Attempt 5 to bind port 0d9a8c26-975a-48d1-a09c-109bd766f27b
May 02 11:44:11.690920 dv-neutron-840171-1-hyperv neutron-server[111109]: INFO neutron.wsgi [req-f7efaf2c-118c-4193-9092-542e3230e1fc req-8329ae8e-5ad6-48a9-a7bf-24cd17ccb7f9 tempest-ServersTestManualDisk-297419932 tempest-ServersTestManualDisk-297419932-project] 10.222.0.44 "GET /v2.0/ports?tenant_id=6679ba43af8c402ba70387ce3ebdc963&fields=id HTTP/1.1" status: 200 len: 302 time: 0.0938163
May 02 11:44:11.697429 dv-neutron-840171-1-hyperv neutron-server[111109]: DEBUG neutron.plugins.ml2.managers [None req-ff0e93a5-81dd-42ad-8877-91d902e86880 tempest-PortsAdminExtendedAttrsIpV6TestJSON-1776859726 tempest-PortsAdminExtendedAttrsIpV6TestJSON-1776859726-project-admin] Attempting to bind port 0d9a8c26-975a-48d1-a09c-109bd766f27b on host hv-neutron-8401 for vnic_type normal with profile {{(pid=111109) bind_port /opt/stack/neutron/neutron/plugins/ml2/managers.py:795}}
May 02 11:44:11.697429 dv-neutron-840171-1-hyperv neutron-server[111109]: DEBUG neutron.plugins.ml2.managers [None req-ff0e93a5-81dd-42ad-8877-91d902e86880 tempest-PortsAdminExtendedAttrsIpV6TestJSON-1776859726 tempest-PortsAdminExtendedAttrsIpV6TestJSON-1776859726-project-admin] Attempting to bind port 0d9a8c26-975a-48d1-a09c-109bd766f27b by drivers openvswitch,hyperv on host hv-neutron-8401 at level 0 using segments [{'id': '8e1c7a4e-1856-4f5a-8099-dfad95dd5410', 'network_type': 'vlan', 'physical_network': 'physnet1', 'segmentation_id': 295, 'network_id': '201f9b0e-2860-428b-bc16-dea1ef4ce9fc'}] {{(pid=111109) _bind_port_level /opt/stack/neutron/neutron/plugins/ml2/managers.py:820}}
May 02 11:44:11.697664 dv-neutron-840171-1-hyperv neutron-server[111109]: DEBUG neutron.plugins.ml2.drivers.mech_agent [None req-ff0e93a5-81dd-42ad-8877-91d902e86880 tempest-PortsAdminExtendedAttrsIpV6TestJSON-1776859726 tempest-PortsAdminExtendedAttrsIpV6TestJSON-1776859726-project-admin] Attempting to bind port 0d9a8c26-975a-48d1-a09c-109bd766f27b on network 201f9b0e-2860-428b-bc16-dea1ef4ce9fc {{(pid=111109) bind_port /opt/stack/neutron/neutron/plugins/ml2/drivers/mech_agent.py:91}}
May 02 11:44:11.737703 dv-neutron-840171-1-hyperv neutron-server[111109]: DEBUG neutron.plugins.ml2.drivers.mech_agent [None req-ff0e93a5-81dd-42ad-8877-91d902e86880 tempest-PortsAdminExtendedAttrsIpV6TestJSON-1776859726 tempest-PortsAdminExtendedAttrsIpV6TestJSON-1776859726-project-admin] Port 0d9a8c26-975a-48d1-a09c-109bd766f27b on network 201f9b0e-2860-428b-bc16-dea1ef4ce9fc not bound, no agent of type Open vSwitch agent registered on host hv-neutron-8401 {{(pid=111109) bind_port /opt/stack/neutron/neutron/plugins/ml2/drivers/mech_agent.py:103}}
May 02 11:44:11.738059 dv-neutron-840171-1-hyperv neutron-server[111109]: ERROR neutron.plugins.ml2.managers [None req-ff0e93a5-81dd-42ad-8877-91d902e86880 tempest-PortsAdminExtendedAttrsIpV6TestJSON-1776859726 tempest-PortsAdminExtendedAttrsIpV6TestJSON-1776859726-project-admin] Failed to bind port 0d9a8c26-975a-48d1-a09c-109bd766f27b on host hv-neutron-8401 for vnic_type normal using segments [{'id': '8e1c7a4e-1856-4f5a-8099-dfad95dd5410', 'network_type': 'vlan', 'physical_network': 'physnet1', 'segmentation_id': 295, 'network_id': '201f9b0e-2860-428b-bc16-dea1ef4ce9fc'}]
May 02 11:44:11.742558 dv-neutron-840171-1-hyperv neutron-server[111109]: INFO neutron.plugins.ml2.plugin [None req-ff0e93a5-81dd-42ad-8877-91d902e86880 tempest-PortsAdminExtendedAttrsIpV6TestJSON-1776859726 tempest-PortsAdminExtendedAttrsIpV6TestJSON-1776859726-project-admin] Attempt 6 to bind port 0d9a8c26-975a-48d1-a09c-109bd766f27b
May 02 11:44:11.772508 dv-neutron-840171-1-hyperv neutron-server[111110]: DEBUG neutron_lib.callbacks.manager [None req-20754c85-8686-48fb-bc52-d5d1386d5a42 tempest-BulkNetworkOpsTest-1962754314 tempest-BulkNetworkOpsTest-1962754314-project] Publish callbacks ['neutron.plugins.ml2.plugin.Ml2Plugin._network_delete_precommit_handler-267717513', 'neutron.services.segments.db._delete_segments_for_network-8759719447354'] for network (68046b1e-9516-4c67-95f3-9b6715d165ea), precommit_delete {{(pid=111110) _notify_loop /usr/local/lib/python3.8/dist-packages/neutron_lib/callbacks/manager.py:176}}
May 02 11:44:11.782992 dv-neutron-840171-1-hyperv neutron-server[111109]: DEBUG neutron.plugins.ml2.managers [None req-ff0e93a5-81dd-42ad-8877-91d902e86880 tempest-PortsAdminExtendedAttrsIpV6TestJSON-1776859726 tempest-PortsAdminExtendedAttrsIpV6TestJSON-1776859726-project-admin] Attempting to bind port 0d9a8c26-975a-48d1-a09c-109bd766f27b on host hv-neutron-8401 for vnic_type normal with profile {{(pid=111109) bind_port /opt/stack/neutron/neutron/plugins/ml2/managers.py:795}}
May 02 11:44:11.783329 dv-neutron-840171-1-hyperv neutron-server[111109]: DEBUG neutron.plugins.ml2.managers [None req-ff0e93a5-81dd-42ad-8877-91d902e86880 tempest-PortsAdminExtendedAttrsIpV6TestJSON-1776859726 tempest-PortsAdminExtendedAttrsIpV6TestJSON-1776859726-project-admin] Attempting to bind port 0d9a8c26-975a-48d1-a09c-109bd766f27b by drivers openvswitch,hyperv on host hv-neutron-8401 at level 0 using segments [{'id': '8e1c7a4e-1856-4f5a-8099-dfad95dd5410', 'network_type': 'vlan', 'physical_network': 'physnet1', 'segmentation_id': 295, 'network_id': '201f9b0e-2860-428b-bc16-dea1ef4ce9fc'}] {{(pid=111109) _bind_port_level /opt/stack/neutron/neutron/plugins/ml2/managers.py:820}}
May 02 11:44:11.783670 dv-neutron-840171-1-hyperv neutron-server[111109]: DEBUG neutron.plugins.ml2.drivers.mech_agent [None req-ff0e93a5-81dd-42ad-8877-91d902e86880 tempest-PortsAdminExtendedAttrsIpV6TestJSON-1776859726 tempest-PortsAdminExtendedAttrsIpV6TestJSON-1776859726-project-admin] Attempting to bind port 0d9a8c26-975a-48d1-a09c-109bd766f27b on network 201f9b0e-2860-428b-bc16-dea1ef4ce9fc {{(pid=111109) bind_port /opt/stack/neutron/neutron/plugins/ml2/drivers/mech_agent.py:91}}
May 02 11:44:11.823712 dv-neutron-840171-1-hyperv neutron-server[111110]: DEBUG neutron.notifiers.nova [None req-e7219acb-f302-41ea-8488-21945c8d4960 tempest-PortsAdminExtendedAttrsTestJSON-1545615508 tempest-PortsAdminExtendedAttrsTestJSON-1545615508-project-admin] device_id is not set on port 325ad2d5-cd54-47d1-9409-3a69a4d1d400 yet. {{(pid=111110) _can_notify /opt/stack/neutron/neutron/notifiers/nova.py:199}}
May 02 11:44:11.830580 dv-neutron-840171-1-hyperv neutron-server[111109]: DEBUG neutron.plugins.ml2.drivers.mech_agent [None req-ff0e93a5-81dd-42ad-8877-91d902e86880 tempest-PortsAdminExtendedAttrsIpV6TestJSON-1776859726 tempest-PortsAdminExtendedAttrsIpV6TestJSON-1776859726-project-admin] Port 0d9a8c26-975a-48d1-a09c-109bd766f27b on network 201f9b0e-2860-428b-bc16-dea1ef4ce9fc not bound, no agent of type Open vSwitch agent registered on host hv-neutron-8401 {{(pid=111109) bind_port /opt/stack/neutron/neutron/plugins/ml2/drivers/mech_agent.py:103}}
May 02 11:44:11.830922 dv-neutron-840171-1-hyperv neutron-server[111109]: ERROR neutron.plugins.ml2.managers [None req-ff0e93a5-81dd-42ad-8877-91d902e86880 tempest-PortsAdminExtendedAttrsIpV6TestJSON-1776859726 tempest-PortsAdminExtendedAttrsIpV6TestJSON-1776859726-project-admin] Failed to bind port 0d9a8c26-975a-48d1-a09c-109bd766f27b on host hv-neutron-8401 for vnic_type normal using segments [{'id': '8e1c7a4e-1856-4f5a-8099-dfad95dd5410', 'network_type': 'vlan', 'physical_network': 'physnet1', 'segmentation_id': 295, 'network_id': '201f9b0e-2860-428b-bc16-dea1ef4ce9fc'}]
May 02 11:44:11.832814 dv-neutron-840171-1-hyperv neutron-server[111109]: INFO neutron.plugins.ml2.plugin [None req-ff0e93a5-81dd-42ad-8877-91d902e86880 tempest-PortsAdminExtendedAttrsIpV6TestJSON-1776859726 tempest-PortsAdminExtendedAttrsIpV6TestJSON-1776859726-project-admin] Attempt 7 to bind port 0d9a8c26-975a-48d1-a09c-109bd766f27b
May 02 11:44:11.836773 dv-neutron-840171-1-hyperv neutron-server[111109]: INFO neutron.wsgi [req-195a53ed-5a3b-40dc-8d4a-3ae0c706ae08 req-338d767b-176a-4158-b3b6-e1876293b83f service neutron] 10.222.0.44 "GET /v2.0/networks/ec08c408-82e7-4ee2-96e8-8d167f724395?fields=provider%3Aphysical_network&fields=provider%3Anetwork_type HTTP/1.1" status: 200 len: 281 time: 0.2018833
May 02 11:44:11.853529 dv-neutron-840171-1-hyperv neutron-server[111109]: DEBUG neutron.plugins.ml2.managers [None req-ff0e93a5-81dd-42ad-8877-91d902e86880 tempest-PortsAdminExtendedAttrsIpV6TestJSON-1776859726 tempest-PortsAdminExtendedAttrsIpV6TestJSON-1776859726-project-admin] Attempting to bind port 0d9a8c26-975a-48d1-a09c-109bd766f27b on host hv-neutron-8401 for vnic_type normal with profile {{(pid=111109) bind_port /opt/stack/neutron/neutron/plugins/ml2/managers.py:795}}
May 02 11:44:11.853879 dv-neutron-840171-1-hyperv neutron-server[111109]: DEBUG neutron.plugins.ml2.managers [None req-ff0e93a5-81dd-42ad-8877-91d902e86880 tempest-PortsAdminExtendedAttrsIpV6TestJSON-1776859726 tempest-PortsAdminExtendedAttrsIpV6TestJSON-1776859726-project-admin] Attempting to bind port 0d9a8c26-975a-48d1-a09c-109bd766f27b by drivers openvswitch,hyperv on host hv-neutron-8401 at level 0 using segments [{'id': '8e1c7a4e-1856-4f5a-8099-dfad95dd5410', 'network_type': 'vlan', 'physical_network': 'physnet1', 'segmentation_id': 295, 'network_id': '201f9b0e-2860-428b-bc16-dea1ef4ce9fc'}] {{(pid=111109) _bind_port_level /opt/stack/neutron/neutron/plugins/ml2/managers.py:820}}
May 02 11:44:11.854252 dv-neutron-840171-1-hyperv neutron-server[111109]: DEBUG neutron.plugins.ml2.drivers.mech_agent [None req-ff0e93a5-81dd-42ad-8877-91d902e86880 tempest-PortsAdminExtendedAttrsIpV6TestJSON-1776859726 tempest-PortsAdminExtendedAttrsIpV6TestJSON-1776859726-project-admin] Attempting to bind port 0d9a8c26-975a-48d1-a09c-109bd766f27b on network 201f9b0e-2860-428b-bc16-dea1ef4ce9fc {{(pid=111109) bind_port /opt/stack/neutron/neutron/plugins/ml2/drivers/mech_agent.py:91}}
May 02 11:44:11.859163 dv-neutron-840171-1-hyperv neutron-server[111110]: DEBUG neutron_lib.callbacks.manager [None req-5676eb6e-354e-4d64-9066-243691a62dbd tempest-RoutersAdminNegativeTest-663399981 tempest-RoutersAdminNegativeTest-663399981-project-admin] Publish callbacks [] for security_group (82944ea2-b1f5-4741-9bc4-8c56dec57f5f), precommit_create {{(pid=111110) _notify_loop /usr/local/lib/python3.8/dist-packages/neutron_lib/callbacks/manager.py:176}}
May 02 11:44:11.867882 dv-neutron-840171-1-hyperv neutron-server[111109]: DEBUG neutron.plugins.ml2.drivers.mech_agent [None req-ff0e93a5-81dd-42ad-8877-91d902e86880 tempest-PortsAdminExtendedAttrsIpV6TestJSON-1776859726 tempest-PortsAdminExtendedAttrsIpV6TestJSON-1776859726-project-admin] Port 0d9a8c26-975a-48d1-a09c-109bd766f27b on network 201f9b0e-2860-428b-bc16-dea1ef4ce9fc not bound, no agent of type Open vSwitch agent registered on host hv-neutron-8401 {{(pid=111109) bind_port /opt/stack/neutron/neutron/plugins/ml2/drivers/mech_agent.py:103}}
May 02 11:44:11.868744 dv-neutron-840171-1-hyperv neutron-server[111109]: ERROR neutron.plugins.ml2.managers [None req-ff0e93a5-81dd-42ad-8877-91d902e86880 tempest-PortsAdminExtendedAttrsIpV6TestJSON-1776859726 tempest-PortsAdminExtendedAttrsIpV6TestJSON-1776859726-project-admin] Failed to bind port 0d9a8c26-975a-48d1-a09c-109bd766f27b on host hv-neutron-8401 for vnic_type normal using segments [{'id': '8e1c7a4e-1856-4f5a-8099-dfad95dd5410', 'network_type': 'vlan', 'physical_network': 'physnet1', 'segmentation_id': 295, 'network_id': '201f9b0e-2860-428b-bc16-dea1ef4ce9fc'}]
May 02 11:44:11.869401 dv-neutron-840171-1-hyperv neutron-server[111110]: DEBUG neutron_lib.callbacks.manager [None req-e7219acb-f302-41ea-8488-21945c8d4960 tempest-PortsAdminExtendedAttrsTestJSON-1545615508 tempest-PortsAdminExtendedAttrsTestJSON-1545615508-project-admin] Publish callbacks [] for port (325ad2d5-cd54-47d1-9409-3a69a4d1d400), precommit_create {{(pid=111110) _notify_loop /usr/local/lib/python3.8/dist-packages/neutron_lib/callbacks/manager.py:176}}
May 02 11:44:11.870409 dv-neutron-840171-1-hyperv neutron-server[111109]: INFO neutron.plugins.ml2.plugin [None req-ff0e93a5-81dd-42ad-8877-91d902e86880 tempest-PortsAdminExtendedAttrsIpV6TestJSON-1776859726 tempest-PortsAdminExtendedAttrsIpV6TestJSON-1776859726-project-admin] Attempt 8 to bind port 0d9a8c26-975a-48d1-a09c-109bd766f27b
May 02 11:44:11.871796 dv-neutron-840171-1-hyperv neutron-server[111110]: DEBUG neutron.services.segments.db [None req-20754c85-8686-48fb-bc52-d5d1386d5a42 tempest-BulkNetworkOpsTest-1962754314 tempest-BulkNetworkOpsTest-1962754314-project] neutron.services.segments.plugin.Plugin method get_segments called with arguments (,) {'filters': {'network_id': ['68046b1e-9516-4c67-95f3-9b6715d165ea']}} {{(pid=111110) wrapper /usr/local/lib/python3.8/dist-packages/oslo_log/helpers.py:65}}
May 02 11:44:11.875609 dv-neutron-840171-1-hyperv neutron-server[111109]: INFO neutron.wsgi [req-f7efaf2c-118c-4193-9092-542e3230e1fc req-bc0ffc34-0d0b-437a-9d06-7e1f148cf4b6 service neutron] 10.222.0.44 "GET /v2.0/networks/f32818a2-eb41-4c7d-9914-ed4325f22d04?fields=segments HTTP/1.1" status: 200 len: 212 time: 0.1472116
May 02 11:44:11.894344 dv-neutron-840171-1-hyperv neutron-server[111109]: DEBUG neutron.plugins.ml2.managers [None req-ff0e93a5-81dd-42ad-8877-91d902e86880 tempest-PortsAdminExtendedAttrsIpV6TestJSON-1776859726 tempest-PortsAdminExtendedAttrsIpV6TestJSON-1776859726-project-admin] Attempting to bind port 0d9a8c26-975a-48d1-a09c-109bd766f27b on host hv-neutron-8401 for vnic_type normal with profile {{(pid=111109) bind_port /opt/stack/neutron/neutron/plugins/ml2/managers.py:795}}
May 02 11:44:11.894691 dv-neutron-840171-1-hyperv neutron-server[111109]: DEBUG neutron.plugins.ml2.managers [None req-ff0e93a5-81dd-42ad-8877-91d902e86880 tempest-PortsAdminExtendedAttrsIpV6TestJSON-1776859726 tempest-PortsAdminExtendedAttrsIpV6TestJSON-1776859726-project-admin] Attempting to bind port 0d9a8c26-975a-48d1-a09c-109bd766f27b by drivers openvswitch,hyperv on host hv-neutron-8401 at level 0 using segments [{'id': '8e1c7a4e-1856-4f5a-8099-dfad95dd5410', 'network_type': 'vlan', 'physical_network': 'physnet1', 'segmentation_id': 295, 'network_id': '201f9b0e-2860-428b-bc16-dea1ef4ce9fc'}] {{(pid=111109) _bind_port_level /opt/stack/neutron/neutron/plugins/ml2/managers.py:820}}
May 02 11:44:11.895044 dv-neutron-840171-1-hyperv neutron-server[111109]: DEBUG neutron.plugins.ml2.drivers.mech_agent [None req-ff0e93a5-81dd-42ad-8877-91d902e86880 tempest-PortsAdminExtendedAttrsIpV6TestJSON-1776859726 tempest-PortsAdminExtendedAttrsIpV6TestJSON-1776859726-project-admin] Attempting to bind port 0d9a8c26-975a-48d1-a09c-109bd766f27b on network 201f9b0e-2860-428b-bc16-dea1ef4ce9fc {{(pid=111109) bind_port /opt/stack/neutron/neutron/plugins/ml2/drivers/mech_agent.py:91}}
May 02 11:44:11.900691 dv-neutron-840171-1-hyperv neutron-server[111110]: DEBUG neutron.services.segments.db [None req-20754c85-8686-48fb-bc52-d5d1386d5a42 tempest-BulkNetworkOpsTest-1962754314 tempest-BulkNetworkOpsTest-1962754314-project] neutron.services.segments.plugin.Plugin method delete_segment called with arguments (, '915197b4-0905-461d-b39e-94b9bd2ae0d1') {'for_net_delete': True} {{(pid=111110) wrapper /usr/local/lib/python3.8/dist-packages/oslo_log/helpers.py:65}}
May 02 11:44:11.900987 dv-neutron-840171-1-hyperv neutron-server[111110]: DEBUG neutron.services.segments.db [None req-20754c85-8686-48fb-bc52-d5d1386d5a42 tempest-BulkNetworkOpsTest-1962754314 tempest-BulkNetworkOpsTest-1962754314-project] neutron.services.segments.plugin.Plugin method get_segment called with arguments (, '915197b4-0905-461d-b39e-94b9bd2ae0d1') {} {{(pid=111110) wrapper /usr/local/lib/python3.8/dist-packages/oslo_log/helpers.py:65}}
May 02 11:44:11.918021 dv-neutron-840171-1-hyperv neutron-server[111109]: DEBUG neutron.plugins.ml2.drivers.mech_agent [None req-ff0e93a5-81dd-42ad-8877-91d902e86880 tempest-PortsAdminExtendedAttrsIpV6TestJSON-1776859726 tempest-PortsAdminExtendedAttrsIpV6TestJSON-1776859726-project-admin] Port 0d9a8c26-975a-48d1-a09c-109bd766f27b on network 201f9b0e-2860-428b-bc16-dea1ef4ce9fc not bound, no agent of type Open vSwitch agent registered on host hv-neutron-8401 {{(pid=111109) bind_port /opt/stack/neutron/neutron/plugins/ml2/drivers/mech_agent.py:103}}
May 02 11:44:11.918375 dv-neutron-840171-1-hyperv neutron-server[111109]: ERROR neutron.plugins.ml2.managers [None req-ff0e93a5-81dd-42ad-8877-91d902e86880 tempest-PortsAdminExtendedAttrsIpV6TestJSON-1776859726 tempest-PortsAdminExtendedAttrsIpV6TestJSON-1776859726-project-admin] Failed to bind port 0d9a8c26-975a-48d1-a09c-109bd766f27b on host hv-neutron-8401 for vnic_type normal using segments [{'id': '8e1c7a4e-1856-4f5a-8099-dfad95dd5410', 'network_type': 'vlan', 'physical_network': 'physnet1', 'segmentation_id': 295, 'network_id': '201f9b0e-2860-428b-bc16-dea1ef4ce9fc'}]
May 02 11:44:11.920409 dv-neutron-840171-1-hyperv neutron-server[111109]: INFO neutron.plugins.ml2.plugin [None req-ff0e93a5-81dd-42ad-8877-91d902e86880 tempest-PortsAdminExtendedAttrsIpV6TestJSON-1776859726 tempest-PortsAdminExtendedAttrsIpV6TestJSON-1776859726-project-admin] Attempt 9 to bind port 0d9a8c26-975a-48d1-a09c-109bd766f27b
May 02 11:44:11.922887 dv-neutron-840171-1-hyperv neutron-server[111110]: DEBUG neutron_lib.callbacks.manager [None req-20754c85-8686-48fb-bc52-d5d1386d5a42 tempest-BulkNetworkOpsTest-1962754314 tempest-BulkNetworkOpsTest-1962754314-project] Publish callbacks ['neutron.plugins.ml2.db._prevent_segment_delete_with_port_bound-8759719448131', 'neutron.services.segments.plugin.Plugin._prevent_segment_delete_with_subnet_associated-8695707'] for segment (915197b4-0905-461d-b39e-94b9bd2ae0d1), before_delete {{(pid=111110) _notify_loop /usr/local/lib/python3.8/dist-packages/neutron_lib/callbacks/manager.py:176}}
May 02 11:44:11.932593 dv-neutron-840171-1-hyperv neutron-server[111110]: DEBUG neutron_lib.callbacks.manager [None req-5676eb6e-354e-4d64-9066-243691a62dbd tempest-RoutersAdminNegativeTest-663399981 tempest-RoutersAdminNegativeTest-663399981-project-admin] Publish callbacks ['neutron.plugins.ml2.ovo_rpc._ObjectChangeHandler.handle_event-476481'] for security_group (82944ea2-b1f5-4741-9bc4-8c56dec57f5f), after_create {{(pid=111110) _notify_loop /usr/local/lib/python3.8/dist-packages/neutron_lib/callbacks/manager.py:176}}
May 02 11:44:11.940673 dv-neutron-840171-1-hyperv neutron-server[111110]: DEBUG neutron.notifiers.nova [None req-5676eb6e-354e-4d64-9066-243691a62dbd tempest-RoutersAdminNegativeTest-663399981 tempest-RoutersAdminNegativeTest-663399981-project-admin] device_id is not set on port ce3c0b03-beb7-4abe-8e61-918285a69995 yet. {{(pid=111110) _can_notify /opt/stack/neutron/neutron/notifiers/nova.py:199}}
May 02 11:44:11.969670 dv-neutron-840171-1-hyperv neutron-server[111109]: DEBUG neutron.plugins.ml2.managers [None req-ff0e93a5-81dd-42ad-8877-91d902e86880 tempest-PortsAdminExtendedAttrsIpV6TestJSON-1776859726 tempest-PortsAdminExtendedAttrsIpV6TestJSON-1776859726-project-admin] Attempting to bind port 0d9a8c26-975a-48d1-a09c-109bd766f27b on host hv-neutron-8401 for vnic_type normal with profile {{(pid=111109) bind_port /opt/stack/neutron/neutron/plugins/ml2/managers.py:795}}
May 02 11:44:11.970035 dv-neutron-840171-1-hyperv neutron-server[111109]: DEBUG neutron.plugins.ml2.managers [None req-ff0e93a5-81dd-42ad-8877-91d902e86880 tempest-PortsAdminExtendedAttrsIpV6TestJSON-1776859726 tempest-PortsAdminExtendedAttrsIpV6TestJSON-1776859726-project-admin] Attempting to bind port 0d9a8c26-975a-48d1-a09c-109bd766f27b by drivers openvswitch,hyperv on host hv-neutron-8401 at level 0 using segments [{'id': '8e1c7a4e-1856-4f5a-8099-dfad95dd5410', 'network_type': 'vlan', 'physical_network': 'physnet1', 'segmentation_id': 295, 'network_id': '201f9b0e-2860-428b-bc16-dea1ef4ce9fc'}] {{(pid=111109) _bind_port_level /opt/stack/neutron/neutron/plugins/ml2/managers.py:820}}
May 02 11:44:11.970385 dv-neutron-840171-1-hyperv neutron-server[111109]: DEBUG neutron.plugins.ml2.drivers.mech_agent [None req-ff0e93a5-81dd-42ad-8877-91d902e86880 tempest-PortsAdminExtendedAttrsIpV6TestJSON-1776859726 tempest-PortsAdminExtendedAttrsIpV6TestJSON-1776859726-project-admin] Attempting to bind port 0d9a8c26-975a-48d1-a09c-109bd766f27b on network 201f9b0e-2860-428b-bc16-dea1ef4ce9fc {{(pid=111109) bind_port /opt/stack/neutron/neutron/plugins/ml2/drivers/mech_agent.py:91}}
May 02 11:44:11.978844 dv-neutron-840171-1-hyperv neutron-server[111109]: DEBUG neutron.plugins.ml2.drivers.mech_agent [None req-ff0e93a5-81dd-42ad-8877-91d902e86880 tempest-PortsAdminExtendedAttrsIpV6TestJSON-1776859726 tempest-PortsAdminExtendedAttrsIpV6TestJSON-1776859726-project-admin] Port 0d9a8c26-975a-48d1-a09c-109bd766f27b on network 201f9b0e-2860-428b-bc16-dea1ef4ce9fc not bound, no agent of type Open vSwitch agent registered on host hv-neutron-8401 {{(pid=111109) bind_port /opt/stack/neutron/neutron/plugins/ml2/drivers/mech_agent.py:103}}
May 02 11:44:11.979181 dv-neutron-840171-1-hyperv neutron-server[111109]: ERROR neutron.plugins.ml2.managers [None req-ff0e93a5-81dd-42ad-8877-91d902e86880 tempest-PortsAdminExtendedAttrsIpV6TestJSON-1776859726 tempest-PortsAdminExtendedAttrsIpV6TestJSON-1776859726-project-admin] Failed to bind port 0d9a8c26-975a-48d1-a09c-109bd766f27b on host hv-neutron-8401 for vnic_type normal using segments [{'id': '8e1c7a4e-1856-4f5a-8099-dfad95dd5410', 'network_type': 'vlan', 'physical_network': 'physnet1', 'segmentation_id': 295, 'network_id': '201f9b0e-2860-428b-bc16-dea1ef4ce9fc'}]
May 02 11:44:11.981101 dv-neutron-840171-1-hyperv neutron-server[111109]: INFO neutron.plugins.ml2.plugin [None req-ff0e93a5-81dd-42ad-8877-91d902e86880 tempest-PortsAdminExtendedAttrsIpV6TestJSON-1776859726 tempest-PortsAdminExtendedAttrsIpV6TestJSON-1776859726-project-admin] Attempt 10 to bind port 0d9a8c26-975a-48d1-a09c-109bd766f27b
May 02 11:44:11.993026 dv-neutron-840171-1-hyperv neutron-server[111110]: DEBUG neutron_lib.callbacks.manager [None req-20754c85-8686-48fb-bc52-d5d1386d5a42 tempest-BulkNetworkOpsTest-1962754314 tempest-BulkNetworkOpsTest-1962754314-project] Publish callbacks ['neutron.plugins.ml2.plugin.Ml2Plugin._handle_segment_change-267940633'] for segment (915197b4-0905-461d-b39e-94b9bd2ae0d1), precommit_delete {{(pid=111110) _notify_loop /usr/local/lib/python3.8/dist-packages/neutron_lib/callbacks/manager.py:176}}
May 02 11:44:12.004013 dv-neutron-840171-1-hyperv neutron-server[111109]: DEBUG neutron.plugins.ml2.managers [None req-ff0e93a5-81dd-42ad-8877-91d902e86880 tempest-PortsAdminExtendedAttrsIpV6TestJSON-1776859726 tempest-PortsAdminExtendedAttrsIpV6TestJSON-1776859726-project-admin] Attempting to bind port 0d9a8c26-975a-48d1-a09c-109bd766f27b on host hv-neutron-8401 for vnic_type normal with profile {{(pid=111109) bind_port /opt/stack/neutron/neutron/plugins/ml2/managers.py:795}}
May 02 11:44:12.004358 dv-neutron-840171-1-hyperv neutron-server[111109]: DEBUG neutron.plugins.ml2.managers [None req-ff0e93a5-81dd-42ad-8877-91d902e86880 tempest-PortsAdminExtendedAttrsIpV6TestJSON-1776859726 tempest-PortsAdminExtendedAttrsIpV6TestJSON-1776859726-project-admin] Attempting to bind port 0d9a8c26-975a-48d1-a09c-109bd766f27b by drivers openvswitch,hyperv on host hv-neutron-8401 at level 0 using segments [{'id': '8e1c7a4e-1856-4f5a-8099-dfad95dd5410', 'network_type': 'vlan', 'physical_network': 'physnet1', 'segmentation_id': 295, 'network_id': '201f9b0e-2860-428b-bc16-dea1ef4ce9fc'}] {{(pid=111109) _bind_port_level /opt/stack/neutron/neutron/plugins/ml2/managers.py:820}}
May 02 11:44:12.004702 dv-neutron-840171-1-hyperv neutron-server[111109]: DEBUG neutron.plugins.ml2.drivers.mech_agent [None req-ff0e93a5-81dd-42ad-8877-91d902e86880 tempest-PortsAdminExtendedAttrsIpV6TestJSON-1776859726 tempest-PortsAdminExtendedAttrsIpV6TestJSON-1776859726-project-admin] Attempting to bind port 0d9a8c26-975a-48d1-a09c-109bd766f27b on network 201f9b0e-2860-428b-bc16-dea1ef4ce9fc {{(pid=111109) bind_port /opt/stack/neutron/neutron/plugins/ml2/drivers/mech_agent.py:91}}
May 02 11:44:12.009604 dv-neutron-840171-1-hyperv neutron-server[111109]: INFO neutron.wsgi [req-f7efaf2c-118c-4193-9092-542e3230e1fc req-892856ba-2017-4fa2-9e58-8d79e725c1a6 service neutron] 10.222.0.44 "GET /v2.0/networks/f32818a2-eb41-4c7d-9914-ed4325f22d04?fields=provider%3Aphysical_network&fields=provider%3Anetwork_type HTTP/1.1" status: 200 len: 281 time: 0.1260903
May 02 11:44:12.011824 dv-neutron-840171-1-hyperv neutron-server[111109]: DEBUG neutron.plugins.ml2.drivers.mech_agent [None req-ff0e93a5-81dd-42ad-8877-91d902e86880 tempest-PortsAdminExtendedAttrsIpV6TestJSON-1776859726 tempest-PortsAdminExtendedAttrsIpV6TestJSON-1776859726-project-admin] Port 0d9a8c26-975a-48d1-a09c-109bd766f27b on network 201f9b0e-2860-428b-bc16-dea1ef4ce9fc not bound, no agent of type Open vSwitch agent registered on host hv-neutron-8401 {{(pid=111109) bind_port /opt/stack/neutron/neutron/plugins/ml2/drivers/mech_agent.py:103}}
May 02 11:44:12.012158 dv-neutron-840171-1-hyperv neutron-server[111109]: ERROR neutron.plugins.ml2.managers [None req-ff0e93a5-81dd-42ad-8877-91d902e86880 tempest-PortsAdminExtendedAttrsIpV6TestJSON-1776859726 tempest-PortsAdminExtendedAttrsIpV6TestJSON-1776859726-project-admin] Failed to bind port 0d9a8c26-975a-48d1-a09c-109bd766f27b on host hv-neutron-8401 for vnic_type normal using segments [{'id': '8e1c7a4e-1856-4f5a-8099-dfad95dd5410', 'network_type': 'vlan', 'physical_network': 'physnet1', 'segmentation_id': 295, 'network_id': '201f9b0e-2860-428b-bc16-dea1ef4ce9fc'}]
May 02 11:44:12.012532 dv-neutron-840171-1-hyperv neutron-server[111109]: DEBUG neutron_lib.callbacks.manager [None req-ff0e93a5-81dd-42ad-8877-91d902e86880 tempest-PortsAdminExtendedAttrsIpV6TestJSON-1776859726 tempest-PortsAdminExtendedAttrsIpV6TestJSON-1776859726-project-admin] Publish callbacks ['neutron.plugins.ml2.plugin.SecurityGroupDbMixin._ensure_default_security_group_handler-267882964'] for port (0d9a8c26-975a-48d1-a09c-109bd766f27b), before_update {{(pid=111109) _notify_loop /usr/local/lib/python3.8/dist-packages/neutron_lib/callbacks/manager.py:176}}
May 02 11:44:12.026958 dv-neutron-840171-1-hyperv neutron-server[111110]: DEBUG neutron_lib.callbacks.manager [None req-e7219acb-f302-41ea-8488-21945c8d4960 tempest-PortsAdminExtendedAttrsTestJSON-1545615508 tempest-PortsAdminExtendedAttrsTestJSON-1545615508-project-admin] Publish callbacks ['neutron.plugins.ml2.plugin.SecurityGroupServerNotifierRpcMixin._notify_sg_on_port_change-267882824', 'neutron.plugins.ml2.ovo_rpc._ObjectChangeHandler.handle_event-157674', 'neutron.api.rpc.agentnotifiers.dhcp_rpc_agent_api.DhcpAgentNotifyAPI._native_event_send_dhcp_notification-572682', 'neutron.db.l3_dvrscheduler_db._notify_l3_agent_new_port-8759718953831', 'neutron.services.segments.plugin.NovaSegmentNotifier._notify_port_created_or_deleted-8937735'] for port (325ad2d5-cd54-47d1-9409-3a69a4d1d400), after_create {{(pid=111110) _notify_loop /usr/local/lib/python3.8/dist-packages/neutron_lib/callbacks/manager.py:176}}
May 02 11:44:12.064953 dv-neutron-840171-1-hyperv neutron-server[111110]: DEBUG neutron.plugins.ml2.drivers.type_vlan [None req-20754c85-8686-48fb-bc52-d5d1386d5a42 tempest-BulkNetworkOpsTest-1962754314 tempest-BulkNetworkOpsTest-1962754314-project] Releasing vlan 262 on physical network physnet1 to pool {{(pid=111110) release_segment /opt/stack/neutron/neutron/plugins/ml2/drivers/type_vlan.py:304}}
May 02 11:44:12.065368 dv-neutron-840171-1-hyperv neutron-server[111110]: DEBUG neutron_lib.callbacks.manager [None req-20754c85-8686-48fb-bc52-d5d1386d5a42 tempest-BulkNetworkOpsTest-1962754314 tempest-BulkNetworkOpsTest-1962754314-project] Publish callbacks ['neutron.plugins.ml2.plugin.Ml2Plugin._handle_segment_change-267940633', 'neutron.services.segments.plugin.NovaSegmentNotifier._notify_segment_deleted-8937818'] for segment (915197b4-0905-461d-b39e-94b9bd2ae0d1), after_delete {{(pid=111110) _notify_loop /usr/local/lib/python3.8/dist-packages/neutron_lib/callbacks/manager.py:176}}
May 02 11:44:12.071203 dv-neutron-840171-1-hyperv neutron-server[111110]: Traceback (most recent call last):
May 02 11:44:12.071203 dv-neutron-840171-1-hyperv neutron-server[111110]: File "/usr/local/lib/python3.8/dist-packages/eventlet/hubs/hub.py", line 476, in fire_timers
May 02 11:44:12.071203 dv-neutron-840171-1-hyperv neutron-server[111110]: timer()
May 02 11:44:12.071203 dv-neutron-840171-1-hyperv neutron-server[111110]: File "/usr/local/lib/python3.8/dist-packages/eventlet/hubs/timer.py", line 59, in __call__
May 02 11:44:12.071203 dv-neutron-840171-1-hyperv neutron-server[111110]: cb(*args, **kw)
May 02 11:44:12.071203 dv-neutron-840171-1-hyperv neutron-server[111110]: File "/opt/stack/neutron/neutron/common/utils.py", line 921, in wrapper
May 02 11:44:12.071203 dv-neutron-840171-1-hyperv neutron-server[111110]: return func(*args, **kwargs)
May 02 11:44:12.071203 dv-neutron-840171-1-hyperv neutron-server[111110]: File "/opt/stack/neutron/neutron/notifiers/batch_notifier.py", line 58, in synced_send
May 02 11:44:12.071203 dv-neutron-840171-1-hyperv neutron-server[111110]: self._notify()
May 02 11:44:12.071203 dv-neutron-840171-1-hyperv neutron-server[111110]: File "/opt/stack/neutron/neutron/notifiers/batch_notifier.py", line 69, in _notify
May 02 11:44:12.071203 dv-neutron-840171-1-hyperv neutron-server[111110]: self.callback(batched_events)
May 02 11:44:12.071203 dv-neutron-840171-1-hyperv neutron-server[111110]: File "/opt/stack/neutron/neutron/services/segments/plugin.py", line 211, in _send_notifications
May 02 11:44:12.071203 dv-neutron-840171-1-hyperv neutron-server[111110]: event.method(event)
May 02 11:44:12.071203 dv-neutron-840171-1-hyperv neutron-server[111110]: File "/opt/stack/neutron/neutron/services/segments/plugin.py", line 383, in _delete_nova_inventory
May 02 11:44:12.071203 dv-neutron-840171-1-hyperv neutron-server[111110]: aggregate_id = self._get_aggregate_id(event.segment_id)
May 02 11:44:12.071203 dv-neutron-840171-1-hyperv neutron-server[111110]: File "/opt/stack/neutron/neutron/services/segments/plugin.py", line 370, in _get_aggregate_id
May 02 11:44:12.071203 dv-neutron-840171-1-hyperv neutron-server[111110]: aggregate_uuid = self.p_client.list_aggregates(
May 02 11:44:12.071203 dv-neutron-840171-1-hyperv neutron-server[111110]: File "/usr/local/lib/python3.8/dist-packages/neutron_lib/placement/client.py", line 58, in wrapper
May 02 11:44:12.071203 dv-neutron-840171-1-hyperv neutron-server[111110]: return f(self, *a, **k)
May 02 11:44:12.071203 dv-neutron-840171-1-hyperv neutron-server[111110]: File "/usr/local/lib/python3.8/dist-packages/neutron_lib/placement/client.py", line 554, in list_aggregates
May 02 11:44:12.071203 dv-neutron-840171-1-hyperv neutron-server[111110]: return self._get(url).json()
May 02 11:44:12.071203 dv-neutron-840171-1-hyperv neutron-server[111110]: File "/usr/local/lib/python3.8/dist-packages/neutron_lib/placement/client.py", line 190, in _get
May 02 11:44:12.071203 dv-neutron-840171-1-hyperv neutron-server[111110]: return self._client.get(url, endpoint_filter=self._ks_filter,
May 02 11:44:12.071203 dv-neutron-840171-1-hyperv neutron-server[111110]: File "/usr/local/lib/python3.8/dist-packages/keystoneauth1/session.py", line 1141, in get
May 02 11:44:12.071203 dv-neutron-840171-1-hyperv neutron-server[111110]: return self.request(url, 'GET', **kwargs)
May 02 11:44:12.071203 dv-neutron-840171-1-hyperv neutron-server[111110]: File "/usr/local/lib/python3.8/dist-packages/keystoneauth1/session.py", line 811, in request
May 02 11:44:12.071203 dv-neutron-840171-1-hyperv neutron-server[111110]: base_url = self.get_endpoint(auth, allow=allow,
May 02 11:44:12.071203 dv-neutron-840171-1-hyperv neutron-server[111110]: File "/usr/local/lib/python3.8/dist-packages/keystoneauth1/session.py", line 1241, in get_endpoint
May 02 11:44:12.071203 dv-neutron-840171-1-hyperv neutron-server[111110]: auth = self._auth_required(auth, 'determine endpoint URL')
May 02 11:44:12.071203 dv-neutron-840171-1-hyperv neutron-server[111110]: File "/usr/local/lib/python3.8/dist-packages/keystoneauth1/session.py", line 1181, in _auth_required
May 02 11:44:12.071203 dv-neutron-840171-1-hyperv neutron-server[111110]: raise exceptions.MissingAuthPlugin(msg_fmt % msg)
May 02 11:44:12.071203 dv-neutron-840171-1-hyperv neutron-server[111110]: keystoneauth1.exceptions.auth_plugins.MissingAuthPlugin: An auth plugin is required to determine endpoint URL
May 02 11:44:12.095965 dv-neutron-840171-1-hyperv neutron-server[111109]: DEBUG neutron.plugins.ml2.db [None req-ff0e93a5-81dd-42ad-8877-91d902e86880 tempest-PortsAdminExtendedAttrsIpV6TestJSON-1776859726 tempest-PortsAdminExtendedAttrsIpV6TestJSON-1776859726-project-admin] For port 0d9a8c26-975a-48d1-a09c-109bd766f27b, host hv-neutron-8401, cleared binding levels {{(pid=111109) clear_binding_levels /opt/stack/neutron/neutron/plugins/ml2/db.py:87}}
May 02 11:44:12.096371 dv-neutron-840171-1-hyperv neutron-server[111109]: DEBUG neutron.plugins.ml2.db [None req-ff0e93a5-81dd-42ad-8877-91d902e86880 tempest-PortsAdminExtendedAttrsIpV6TestJSON-1776859726 tempest-PortsAdminExtendedAttrsIpV6TestJSON-1776859726-project-admin] Attempted to set empty binding levels {{(pid=111109) set_binding_levels /opt/stack/neutron/neutron/plugins/ml2/db.py:65}}
May 02 11:44:12.103381 dv-neutron-840171-1-hyperv neutron-server[111110]: DEBUG neutron.api.rpc.handlers.resources_rpc [None req-5676eb6e-354e-4d64-9066-243691a62dbd tempest-RoutersAdminNegativeTest-663399981 tempest-RoutersAdminNegativeTest-663399981-project-admin] Pushing event updated for resources: {'SecurityGroup': ['ID=82944ea2-b1f5-4741-9bc4-8c56dec57f5f,revision_number=1']} {{(pid=111110) push /opt/stack/neutron/neutron/api/rpc/handlers/resources_rpc.py:237}}
May 02 11:44:12.144245 dv-neutron-840171-1-hyperv neutron-server[111110]: DEBUG neutron_lib.callbacks.manager [None req-814b45c8-f96e-4f9c-a4f3-82c721c18ffe tempest-AllowedAddressPairIpV6TestJSON-1002191496 tempest-AllowedAddressPairIpV6TestJSON-1002191496-project] Publish callbacks ['neutron.plugins.ml2.ovo_rpc._ObjectChangeHandler.handle_event-181299', 'neutron.api.rpc.agentnotifiers.dhcp_rpc_agent_api.DhcpAgentNotifyAPI._native_event_send_dhcp_notification-572682', 'neutron.services.segments.plugin.NovaSegmentNotifier._notify_subnet_created-8938487', 'neutron.services.segments.plugin.SegmentHostRoutes.host_routes_after_create-3750332'] for subnet (cd1c41ec-fea2-4af2-ae75-a0e620216ed8), after_create {{(pid=111110) _notify_loop /usr/local/lib/python3.8/dist-packages/neutron_lib/callbacks/manager.py:176}}
May 02 11:44:12.248650 dv-neutron-840171-1-hyperv neutron-server[111109]: DEBUG neutron_lib.callbacks.manager [None req-ff0e93a5-81dd-42ad-8877-91d902e86880 tempest-PortsAdminExtendedAttrsIpV6TestJSON-1776859726 tempest-PortsAdminExtendedAttrsIpV6TestJSON-1776859726-project-admin] Publish callbacks ['neutron.plugins.ml2.plugin.SecurityGroupServerNotifierRpcMixin._notify_sg_on_port_change-267882824', 'neutron.plugins.ml2.ovo_rpc._ObjectChangeHandler.handle_event-157674', 'neutron.api.rpc.agentnotifiers.dhcp_rpc_agent_api.DhcpAgentNotifyAPI._native_event_send_dhcp_notification-572682', 'neutron.db.l3_db.L3RpcNotifierMixin._notify_gateway_port_ip_changed-8759719362223', 'neutron.db.l3_dvrscheduler_db._notify_l3_agent_port_update-8759718953849', 'neutron.db.l3_hascheduler_db._notify_l3_agent_ha_port_update-8759718953867'] for port (0d9a8c26-975a-48d1-a09c-109bd766f27b), after_update {{(pid=111109) _notify_loop /usr/local/lib/python3.8/dist-packages/neutron_lib/callbacks/manager.py:176}}
May 02 11:44:12.271361 dv-neutron-840171-1-hyperv neutron-server[111110]: DEBUG neutron.api.rpc.handlers.resources_rpc [None req-e7219acb-f302-41ea-8488-21945c8d4960 tempest-PortsAdminExtendedAttrsTestJSON-1545615508 tempest-PortsAdminExtendedAttrsTestJSON-1545615508-project-admin] Pushing event updated for resources: {'Port': ['ID=325ad2d5-cd54-47d1-9409-3a69a4d1d400,revision_number=1']} {{(pid=111110) push /opt/stack/neutron/neutron/api/rpc/handlers/resources_rpc.py:237}}
May 02 11:44:12.370329 dv-neutron-840171-1-hyperv neutron-server[111109]: DEBUG neutron.plugins.ml2.plugin [None req-ff0e93a5-81dd-42ad-8877-91d902e86880 tempest-PortsAdminExtendedAttrsIpV6TestJSON-1776859726 tempest-PortsAdminExtendedAttrsIpV6TestJSON-1776859726-project-admin] In _notify_port_updated(), no bound segment for port 0d9a8c26-975a-48d1-a09c-109bd766f27b on network 201f9b0e-2860-428b-bc16-dea1ef4ce9fc {{(pid=111109) _notify_port_updated /opt/stack/neutron/neutron/plugins/ml2/plugin.py:936}}
May 02 11:44:12.371296 dv-neutron-840171-1-hyperv neutron-server[111109]: DEBUG neutron.pecan_wsgi.hooks.policy_enforcement [None req-ff0e93a5-81dd-42ad-8877-91d902e86880 tempest-PortsAdminExtendedAttrsIpV6TestJSON-1776859726 tempest-PortsAdminExtendedAttrsIpV6TestJSON-1776859726-project-admin] Attributes excluded by policy engine: ['standard_attr_id'] {{(pid=111109) _exclude_attributes_by_policy /opt/stack/neutron/neutron/pecan_wsgi/hooks/policy_enforcement.py:259}}
May 02 11:44:12.371983 dv-neutron-840171-1-hyperv neutron-server[111109]: DEBUG neutron_lib.callbacks.manager [None req-ff0e93a5-81dd-42ad-8877-91d902e86880 tempest-PortsAdminExtendedAttrsIpV6TestJSON-1776859726 tempest-PortsAdminExtendedAttrsIpV6TestJSON-1776859726-project-admin] Publish callbacks ['neutron.notifiers.nova.Notifier._send_nova_notification-1002935'] for port (None), before_response {{(pid=111109) _notify_loop /usr/local/lib/python3.8/dist-packages/neutron_lib/callbacks/manager.py:176}}
May 02 11:44:12.373310 dv-neutron-840171-1-hyperv neutron-server[111109]: INFO neutron.wsgi [None req-ff0e93a5-81dd-42ad-8877-91d902e86880 tempest-PortsAdminExtendedAttrsIpV6TestJSON-1776859726 tempest-PortsAdminExtendedAttrsIpV6TestJSON-1776859726-project-admin] 10.222.0.44 "PUT /v2.0/ports/0d9a8c26-975a-48d1-a09c-109bd766f27b HTTP/1.1" status: 200 len: 981 time: 1.9982047
May 02 11:44:12.382421 dv-neutron-840171-1-hyperv neutron-server[111110]: DEBUG neutron.plugins.ml2.drivers.mech_agent [None req-e7219acb-f302-41ea-8488-21945c8d4960 tempest-PortsAdminExtendedAttrsTestJSON-1545615508 tempest-PortsAdminExtendedAttrsTestJSON-1545615508-project-admin] Checking segment: {'id': '3ae664a8-c80f-47c1-b0ed-65390b17fa1c', 'network_type': 'vlan', 'physical_network': 'physnet1', 'segmentation_id': 290, 'network_id': 'f3131f04-882a-426a-9df1-bb165276712b'} for mappings: {'physnet1': 'br-data'} with network types: ['local', 'flat', 'vlan'] {{(pid=111110) check_segment_for_agent /opt/stack/neutron/neutron/plugins/ml2/drivers/mech_agent.py:373}}
May 02 11:44:12.382901 dv-neutron-840171-1-hyperv neutron-server[111110]: DEBUG neutron.scheduler.dhcp_agent_scheduler [None req-e7219acb-f302-41ea-8488-21945c8d4960 tempest-PortsAdminExtendedAttrsTestJSON-1545615508 tempest-PortsAdminExtendedAttrsTestJSON-1545615508-project-admin] Network hostable DHCP agents. Network: f3131f04-882a-426a-9df1-bb165276712b, hostable agents: ['27b85d56-71e4-460b-8f61-16ae7ad85911'], hosted agents: [] {{(pid=111110) _get_network_hostable_dhcp_agents /opt/stack/neutron/neutron/scheduler/dhcp_agent_scheduler.py:329}}
May 02 11:44:12.386876 dv-neutron-840171-1-hyperv neutron-server[111110]: DEBUG neutron.wsgi [-] (111110) accepted ('10.222.0.44', 52692) {{(pid=111110) server /usr/local/lib/python3.8/dist-packages/eventlet/wsgi.py:1004}}
May 02 11:44:12.388236 dv-neutron-840171-1-hyperv neutron-server[111110]: DEBUG neutron.db.db_base_plugin_common [None req-5676eb6e-354e-4d64-9066-243691a62dbd tempest-RoutersAdminNegativeTest-663399981 tempest-RoutersAdminNegativeTest-663399981-project-admin] Allocated IP 172.26.8.74 (349304f6-9b90-4ef7-a910-709d2bd0f13c/2733c6d2-0d34-4ac3-ad15-70c430f5e5c8/ce3c0b03-beb7-4abe-8e61-918285a69995) {{(pid=111110) _store_ip_allocation /opt/stack/neutron/neutron/db/db_base_plugin_common.py:131}}
May 02 11:44:12.390389 dv-neutron-840171-1-hyperv neutron-server[111109]: INFO neutron.wsgi [req-8689a695-ddf6-432f-ad52-2eceb06e4012 req-fb561cad-49eb-498c-a91c-9df40bf66425 tempest-ServerActionsTestJSON-1229335380 tempest-ServerActionsTestJSON-1229335380-project] 10.222.0.44 "GET /v2.0/ports?device_id=c4c1da84-04f7-49ce-8e26-5245ae2acac8 HTTP/1.1" status: 200 len: 210 time: 0.1084356
May 02 11:44:12.392905 dv-neutron-840171-1-hyperv neutron-server[111110]: DEBUG neutron.api.rpc.handlers.resources_rpc [None req-814b45c8-f96e-4f9c-a4f3-82c721c18ffe tempest-AllowedAddressPairIpV6TestJSON-1002191496 tempest-AllowedAddressPairIpV6TestJSON-1002191496-project] Pushing event updated for resources: {'Subnet': ['ID=cd1c41ec-fea2-4af2-ae75-a0e620216ed8,revision_number=0']} {{(pid=111110) push /opt/stack/neutron/neutron/api/rpc/handlers/resources_rpc.py:237}}
May 02 11:44:12.417014 dv-neutron-840171-1-hyperv neutron-server[111109]: DEBUG neutron.api.rpc.handlers.resources_rpc [None req-ff0e93a5-81dd-42ad-8877-91d902e86880 tempest-PortsAdminExtendedAttrsIpV6TestJSON-1776859726 tempest-PortsAdminExtendedAttrsIpV6TestJSON-1776859726-project-admin] Pushing event updated for resources: {'Port': ['ID=0d9a8c26-975a-48d1-a09c-109bd766f27b,revision_number=3']} {{(pid=111109) push /opt/stack/neutron/neutron/api/rpc/handlers/resources_rpc.py:237}}
May 02 11:44:12.467251 dv-neutron-840171-1-hyperv neutron-server[111110]: DEBUG neutron_lib.callbacks.manager [None req-20754c85-8686-48fb-bc52-d5d1386d5a42 tempest-BulkNetworkOpsTest-1962754314 tempest-BulkNetworkOpsTest-1962754314-project] Publish callbacks ['neutron.plugins.ml2.plugin.Ml2Plugin._network_delete_after_delete_handler-267717616', 'neutron.plugins.ml2.ovo_rpc._ObjectChangeHandler.handle_event-521135', 'neutron.api.rpc.agentnotifiers.dhcp_rpc_agent_api.DhcpAgentNotifyAPI._native_event_send_dhcp_notification-572682', 'neutron.services.l3_router.l3_router_plugin.DVRResourceOperationHandler.delete_fip_namespaces_for_ext_net-382432'] for network (68046b1e-9516-4c67-95f3-9b6715d165ea), after_delete {{(pid=111110) _notify_loop /usr/local/lib/python3.8/dist-packages/neutron_lib/callbacks/manager.py:176}}
May 02 11:44:12.477095 dv-neutron-840171-1-hyperv neutron-server[111110]: DEBUG neutron_lib.callbacks.manager [None req-20754c85-8686-48fb-bc52-d5d1386d5a42 tempest-BulkNetworkOpsTest-1962754314 tempest-BulkNetworkOpsTest-1962754314-project] Publish callbacks ['neutron.api.rpc.agentnotifiers.dhcp_rpc_agent_api.DhcpAgentNotifyAPI._send_dhcp_notification-572700'] for network (None), before_response {{(pid=111110) _notify_loop /usr/local/lib/python3.8/dist-packages/neutron_lib/callbacks/manager.py:176}}
May 02 11:44:12.494384 dv-neutron-840171-1-hyperv neutron-server[111110]: INFO neutron.wsgi [None req-20754c85-8686-48fb-bc52-d5d1386d5a42 tempest-BulkNetworkOpsTest-1962754314 tempest-BulkNetworkOpsTest-1962754314-project] 10.222.0.44 "DELETE /v2.0/networks/68046b1e-9516-4c67-95f3-9b6715d165ea HTTP/1.1" status: 204 len: 168 time: 1.2573910
May 02 11:44:12.504604 dv-neutron-840171-1-hyperv neutron-server[111109]: DEBUG neutron.wsgi [-] (111109) accepted ('10.222.0.44', 52698) {{(pid=111109) server /usr/local/lib/python3.8/dist-packages/eventlet/wsgi.py:1004}}
May 02 11:44:12.527322 dv-neutron-840171-1-hyperv neutron-server[111110]: DEBUG neutron.plugins.ml2.drivers.mech_agent [None req-814b45c8-f96e-4f9c-a4f3-82c721c18ffe tempest-AllowedAddressPairIpV6TestJSON-1002191496 tempest-AllowedAddressPairIpV6TestJSON-1002191496-project] Checking segment: {'id': 'e042d19b-7ef0-4999-abbb-12b3ca704ebe', 'network_type': 'vlan', 'physical_network': 'physnet1', 'segmentation_id': 294, 'network_id': '410181ea-1404-471e-8567-d428bfee3dbe'} for mappings: {'physnet1': 'br-data'} with network types: ['local', 'flat', 'vlan'] {{(pid=111110) check_segment_for_agent /opt/stack/neutron/neutron/plugins/ml2/drivers/mech_agent.py:373}}
May 02 11:44:12.527688 dv-neutron-840171-1-hyperv neutron-server[111110]: DEBUG neutron.scheduler.dhcp_agent_scheduler [None req-814b45c8-f96e-4f9c-a4f3-82c721c18ffe tempest-AllowedAddressPairIpV6TestJSON-1002191496 tempest-AllowedAddressPairIpV6TestJSON-1002191496-project] Network hostable DHCP agents. Network: 410181ea-1404-471e-8567-d428bfee3dbe, hostable agents: ['27b85d56-71e4-460b-8f61-16ae7ad85911'], hosted agents: [] {{(pid=111110) _get_network_hostable_dhcp_agents /opt/stack/neutron/neutron/scheduler/dhcp_agent_scheduler.py:329}}
May 02 11:44:12.567448 dv-neutron-840171-1-hyperv neutron-server[111109]: INFO neutron.wsgi [req-d6438e52-69be-4ff3-8956-42ee8eb20a15 req-578a2237-dfa0-4ce1-a23f-32e46b5a9c7f tempest-ServersTestJSON-1868306194 tempest-ServersTestJSON-1868306194-project] 10.222.0.44 "GET /v2.0/ports?device_id=5f0079a1-93d1-409d-b857-1822394f9088 HTTP/1.1" status: 200 len: 210 time: 0.1125979
May 02 11:44:12.596804 dv-neutron-840171-1-hyperv neutron-server[111110]: DEBUG neutron.scheduler.dhcp_agent_scheduler [None req-e7219acb-f302-41ea-8488-21945c8d4960 tempest-PortsAdminExtendedAttrsTestJSON-1545615508 tempest-PortsAdminExtendedAttrsTestJSON-1545615508-project-admin] Network f3131f04-882a-426a-9df1-bb165276712b is scheduled to be hosted by DHCP agent 27b85d56-71e4-460b-8f61-16ae7ad85911 with binding_index 1 {{(pid=111110) bind /opt/stack/neutron/neutron/scheduler/dhcp_agent_scheduler.py:227}}
May 02 11:44:12.608634 dv-neutron-840171-1-hyperv neutron-server[111110]: DEBUG neutron.api.rpc.handlers.resources_rpc [None req-20754c85-8686-48fb-bc52-d5d1386d5a42 tempest-BulkNetworkOpsTest-1962754314 tempest-BulkNetworkOpsTest-1962754314-project] Pushing event deleted for resources: {'Network': ['ID=68046b1e-9516-4c67-95f3-9b6715d165ea,revision_number=None']} {{(pid=111110) push /opt/stack/neutron/neutron/api/rpc/handlers/resources_rpc.py:237}}
May 02 11:44:12.662671 dv-neutron-840171-1-hyperv neutron-server[111109]: INFO neutron.wsgi [req-680ad8d6-5953-49e3-8d4b-f311bd5cc62d req-222c567e-7be1-4802-a5cd-75dd3da7be51 tempest-ServersTestManualDisk-297419932 tempest-ServersTestManualDisk-297419932-project] 10.222.0.44 "GET /v2.0/ports?device_id=d8c836e4-4e97-4d74-a3c6-068a46c8e9a0 HTTP/1.1" status: 200 len: 210 time: 0.0458825
May 02 11:44:12.688749 dv-neutron-840171-1-hyperv neutron-server[111110]: DEBUG neutron.plugins.ml2.plugin [None req-f3e064f3-257f-452a-89c9-bb366836fe76 tempest-PortsAdminExtendedAttrsIpV6TestJSON-1776859726 tempest-PortsAdminExtendedAttrsIpV6TestJSON-1776859726-project-admin] Deleting port 0d9a8c26-975a-48d1-a09c-109bd766f27b {{(pid=111110) _pre_delete_port /opt/stack/neutron/neutron/plugins/ml2/plugin.py:2042}}
May 02 11:44:12.689095 dv-neutron-840171-1-hyperv neutron-server[111110]: DEBUG neutron_lib.callbacks.manager [None req-f3e064f3-257f-452a-89c9-bb366836fe76 tempest-PortsAdminExtendedAttrsIpV6TestJSON-1776859726 tempest-PortsAdminExtendedAttrsIpV6TestJSON-1776859726-project-admin] Publish callbacks ['neutron.db.l3_db.L3_NAT_dbonly_mixin._prevent_l3_port_delete_callback-8759719355149'] for port (0d9a8c26-975a-48d1-a09c-109bd766f27b), before_delete {{(pid=111110) _notify_loop /usr/local/lib/python3.8/dist-packages/neutron_lib/callbacks/manager.py:176}}
May 02 11:44:12.709272 dv-neutron-840171-1-hyperv neutron-server[111110]: DEBUG neutron.scheduler.base_scheduler [None req-e7219acb-f302-41ea-8488-21945c8d4960 tempest-PortsAdminExtendedAttrsTestJSON-1545615508 tempest-PortsAdminExtendedAttrsTestJSON-1545615508-project-admin] Resources bound (agent type, host, resource id): (DHCP agent, dv-neutron-840171-1-hyperv, f3131f04-882a-426a-9df1-bb165276712b) {{(pid=111110) schedule /opt/stack/neutron/neutron/scheduler/base_scheduler.py:57}}
May 02 11:44:12.714849 dv-neutron-840171-1-hyperv neutron-server[111110]: DEBUG neutron.db.l3_dvrscheduler_db [None req-e7219acb-f302-41ea-8488-21945c8d4960 tempest-PortsAdminExtendedAttrsTestJSON-1545615508 tempest-PortsAdminExtendedAttrsTestJSON-1545615508-project-admin] Received port after_create {{(pid=111110) _notify_l3_agent_new_port /opt/stack/neutron/neutron/db/l3_dvrscheduler_db.py:536}}
May 02 11:44:12.718478 dv-neutron-840171-1-hyperv neutron-server[111111]: DEBUG neutron.api.rpc.handlers.dhcp_rpc [None req-7d7b90be-4bd3-4bc4-892d-b16700ec344d None None] Network f3131f04-882a-426a-9df1-bb165276712b requested from dv-neutron-840171-1-hyperv {{(pid=111111) get_network_info /opt/stack/neutron/neutron/api/rpc/handlers/dhcp_rpc.py:191}}
