May 24 22:28:38.015474 dv-neutron-840146-7-hyperv devstack@keystone.service[80861]: ERROR keystone.server.flask.application return current_app.ensure_sync(self.dispatch_request)(*args, **kwargs)
May 24 22:28:38.015474 dv-neutron-840146-7-hyperv devstack@keystone.service[80861]: ERROR keystone.server.flask.application
File "/usr/local/lib/python3.8/dist-packages/flask_restful/__init__.py", line 582, in dispatch_request
May 24 22:28:38.015474 dv-neutron-840146-7-hyperv devstack@keystone.service[80861]: ERROR keystone.server.flask.application resp = meth(*args, **kwargs)
May 24 22:28:38.015474 dv-neutron-840146-7-hyperv devstack@keystone.service[80861]: ERROR keystone.server.flask.application
File "/opt/stack/keystone/keystone/api/roles.py", line 50, in get
May 24 22:28:38.015474 dv-neutron-840146-7-hyperv devstack@keystone.service[80861]: ERROR keystone.server.flask.application return self._get_role(role_id)
May 24 22:28:38.015474 dv-neutron-840146-7-hyperv devstack@keystone.service[80861]: ERROR keystone.server.flask.application
File "/opt/stack/keystone/keystone/api/roles.py", line 70, in _get_role
May 24 22:28:38.015474 dv-neutron-840146-7-hyperv devstack@keystone.service[80861]: ERROR keystone.server.flask.application ENFORCER.enforce_call(action='identity:get_role')
May 24 22:28:38.016584 dv-neutron-840146-7-hyperv devstack@keystone.service[80861]: ERROR keystone.server.flask.application
File "/opt/stack/keystone/keystone/common/rbac_enforcer/enforcer.py", line 402, in enforce_call
May 24 22:28:38.016584 dv-neutron-840146-7-hyperv devstack@keystone.service[80861]: ERROR keystone.server.flask.application policy_dict.update(cls._extract_member_target_data(
May 24 22:28:38.016584 dv-neutron-840146-7-hyperv devstack@keystone.service[80861]: ERROR keystone.server.flask.application
File "/opt/stack/keystone/keystone/common/rbac_enforcer/enforcer.py", line 234, in _extract_member_target_data
May 24 22:28:38.016584 dv-neutron-840146-7-hyperv devstack@keystone.service[80861]: ERROR keystone.server.flask.application member_name: func(flask.request.view_args[key])
May 24 22:28:38.016584 dv-neutron-840146-7-hyperv devstack@keystone.service[80861]: ERROR keystone.server.flask.application
File "/opt/stack/keystone/keystone/common/manager.py", line 115, in wrapped
May 24 22:28:38.016584 dv-neutron-840146-7-hyperv devstack@keystone.service[80861]: ERROR keystone.server.flask.application __ret_val = __f(*args, **kwargs)
May 24 22:28:38.016584 dv-neutron-840146-7-hyperv devstack@keystone.service[80861]: ERROR keystone.server.flask.application
File "/usr/local/lib/python3.8/dist-packages/decorator.py", line 232, in fun
May 24 22:28:38.016584 dv-neutron-840146-7-hyperv devstack@keystone.service[80861]: ERROR keystone.server.flask.application return caller(func, *(extras + args), **kw)
May 24 22:28:38.016584 dv-neutron-840146-7-hyperv devstack@keystone.service[80861]: ERROR keystone.server.flask.application
File "/usr/local/lib/python3.8/dist-packages/dogpile/cache/region.py", line 1577, in get_or_create_for_user_func
May 24 22:28:38.016584 dv-neutron-840146-7-hyperv devstack@keystone.service[80861]: ERROR keystone.server.flask.application return self.get_or_create(
May 24 22:28:38.016584 dv-neutron-840146-7-hyperv devstack@keystone.service[80861]: ERROR keystone.server.flask.application
File "/usr/local/lib/python3.8/dist-packages/dogpile/cache/region.py", line 1042, in get_or_create
May 24 22:28:38.016584 dv-neutron-840146-7-hyperv devstack@keystone.service[80861]: ERROR keystone.server.flask.application with Lock(
May 24 22:28:38.016584 dv-neutron-840146-7-hyperv devstack@keystone.service[80861]: ERROR keystone.server.flask.application
File "/usr/local/lib/python3.8/dist-packages/dogpile/lock.py", line 185, in __enter__
May 24 22:28:38.016584 dv-neutron-840146-7-hyperv devstack@keystone.service[80861]: ERROR keystone.server.flask.application return self._enter()
May 24 22:28:38.016584 dv-neutron-840146-7-hyperv devstack@keystone.service[80861]: ERROR keystone.server.flask.application
File "/usr/local/lib/python3.8/dist-packages/dogpile/lock.py", line 94, in _enter
May 24 22:28:38.016584 dv-neutron-840146-7-hyperv devstack@keystone.service[80861]: ERROR keystone.server.flask.application generated = self._enter_create(value, createdtime)
May 24 22:28:38.017708 dv-neutron-840146-7-hyperv devstack@keystone.service[80861]: ERROR keystone.server.flask.application
File "/usr/local/lib/python3.8/dist-packages/dogpile/lock.py", line 178, in _enter_create
May 24 22:28:38.017708 dv-neutron-840146-7-hyperv devstack@keystone.service[80861]: ERROR keystone.server.flask.application return self.creator()
May 24 22:28:38.017708 dv-neutron-840146-7-hyperv devstack@keystone.service[80861]: ERROR keystone.server.flask.application
File "/usr/local/lib/python3.8/dist-packages/dogpile/cache/region.py", line 995, in gen_value
May 24 22:28:38.017708 dv-neutron-840146-7-hyperv devstack@keystone.service[80861]: ERROR keystone.server.flask.application created_value = creator(
May 24 22:28:38.017708 dv-neutron-840146-7-hyperv devstack@keystone.service[80861]: ERROR keystone.server.flask.application
File "/opt/stack/keystone/keystone/assignment/core.py", line 1276, in get_role
May 24 22:28:38.017708 dv-neutron-840146-7-hyperv devstack@keystone.service[80861]: ERROR keystone.server.flask.application return self.driver.get_role(role_id)
May 24 22:28:38.017708 dv-neutron-840146-7-hyperv devstack@keystone.service[80861]: ERROR keystone.server.flask.application
File "/opt/stack/keystone/keystone/assignment/role_backends/sql.py", line 70, in get_role
May 24 22:28:38.017708 dv-neutron-840146-7-hyperv devstack@keystone.service[80861]: ERROR keystone.server.flask.application return self._get_role(session, role_id).to_dict()
May 24 22:28:38.017708 dv-neutron-840146-7-hyperv devstack@keystone.service[80861]: ERROR keystone.server.flask.application
File "/opt/stack/keystone/keystone/assignment/role_backends/sql.py", line 65, in _get_role
May 24 22:28:38.017708 dv-neutron-840146-7-hyperv devstack@keystone.service[80861]: ERROR keystone.server.flask.application raise exception.RoleNotFound(role_id=role_id)
May 24 22:28:38.017708 dv-neutron-840146-7-hyperv devstack@keystone.service[80861]: ERROR keystone.server.flask.application keystone.exception.RoleNotFound: Could not find role: anotherrole.
May 24 22:28:38.017708 dv-neutron-840146-7-hyperv devstack@keystone.service[80861]: ERROR keystone.server.flask.application
May 24 22:28:38.017708 dv-neutron-840146-7-hyperv devstack@keystone.service[80861]: [pid: 80861|app: 0|req: 63/127] 10.222.0.53 () {56 vars in 1114 bytes} [Tue May 24 22:28:37 2022] GET /identity/v3/roles/anotherrole => generated 89 bytes in 164 msecs (HTTP/1.1 404) 5 headers in 183 bytes (1 switches on core 0)
May 24 22:28:38.022112 dv-neutron-840146-7-hyperv devstack@keystone.service[80861]: DEBUG keystone.server.flask.request_processing.middleware.auth_context [None req-5078bd6c-52ab-4357-a089-1e7174186774 None admin] Authenticating user token {{(pid=80861) process_request /usr/local/lib/python3.8/dist-packages/keystonemiddleware/auth_token/__init__.py:407}}
May 24 22:28:38.036474 dv-neutron-840146-7-hyperv devstack@keystone.service[80860]: DEBUG keystone.server.flask.request_processing.middleware.auth_context [None req-68c538d8-662c-4726-8124-d83370bb2119 None admin] Validating token access rules against request {{(pid=80860) validate_allowed_request /usr/local/lib/python3.8/dist-packages/keystonemiddleware/auth_token/__init__.py:545}}
May 24 22:28:38.075946 dv-neutron-840146-7-hyperv devstack@keystone.service[80860]: DEBUG keystone.server.flask.request_processing.middleware.auth_context [None req-8f3df8dc-be42-4f64-a966-a75a17fb6c42 None admin] RBAC: auth_context: {'token': , 'domain_id': None, 'trust_id': None, 'trustor_id': None, 'trustee_id': None, 'domain_name': None, 'group_ids': [], 'user_id': 'de3365e4ab3a49e1bf3f788008bbf37a', 'user_domain_id': 'default', 'system_scope': 'all', 'project_id': None, 'project_domain_id': None, 'roles': ['admin', 'member', 'reader'], 'is_admin_project': True, 'service_user_id': None, 'service_user_domain_id': None, 'service_project_id': None, 'service_project_domain_id': None, 'service_roles': []} {{(pid=80860) fill_context /opt/stack/keystone/keystone/server/flask/request_processing/middleware/auth_context.py:478}}
May 24 22:28:38.077036 dv-neutron-840146-7-hyperv devstack@keystone.service[80860]: DEBUG keystone.server.flask.request_processing.req_logging [None req-8f3df8dc-be42-4f64-a966-a75a17fb6c42 None admin] REQUEST_METHOD: `GET` {{(pid=80860) log_request_info /opt/stack/keystone/keystone/server/flask/request_processing/req_logging.py:27}}
May 24 22:28:38.077485 dv-neutron-840146-7-hyperv devstack@keystone.service[80860]: DEBUG keystone.server.flask.request_processing.req_logging [None req-8f3df8dc-be42-4f64-a966-a75a17fb6c42 None admin] SCRIPT_NAME: `/identity` {{(pid=80860) log_request_info /opt/stack/keystone/keystone/server/flask/request_processing/req_logging.py:28}}
May 24 22:28:38.077933 dv-neutron-840146-7-hyperv devstack@keystone.service[80860]: DEBUG keystone.server.flask.request_processing.req_logging [None req-8f3df8dc-be42-4f64-a966-a75a17fb6c42 None admin] PATH_INFO: `/v3/role_assignments` {{(pid=80860) log_request_info /opt/stack/keystone/keystone/server/flask/request_processing/req_logging.py:29}}
May 24 22:28:38.078949 dv-neutron-840146-7-hyperv devstack@keystone.service[80860]: DEBUG keystone.common.rbac_enforcer.enforcer [None req-8f3df8dc-be42-4f64-a966-a75a17fb6c42 None admin] RBAC: Adding query filter params (role.id=12b38b7402cc45d7becf9e571212790a, scope.project.id=0988c02aa2e34353a03c919b429be791, user.id=e114261afff8491ba349b649415fd912) {{(pid=80860) _extract_filter_values /opt/stack/keystone/keystone/common/rbac_enforcer/enforcer.py:167}}
May 24 22:28:38.079521 dv-neutron-840146-7-hyperv devstack@keystone.service[80860]: DEBUG keystone.common.rbac_enforcer.enforcer [None req-8f3df8dc-be42-4f64-a966-a75a17fb6c42 None admin] RBAC: Authorizing `identity:list_role_assignments()` {{(pid=80860) enforce_call /opt/stack/keystone/keystone/common/rbac_enforcer/enforcer.py:449}}
May 24 22:28:38.081282 dv-neutron-840146-7-hyperv devstack@keystone.service[80860]: DEBUG keystone.common.rbac_enforcer.enforcer [None req-8f3df8dc-be42-4f64-a966-a75a17fb6c42 None admin] RBAC: Authorization granted {{(pid=80860) enforce_call /opt/stack/keystone/keystone/common/rbac_enforcer/enforcer.py:457}}
May 24 22:28:38.088268 dv-neutron-840146-7-hyperv devstack@keystone.service[80860]: [pid: 80860|app: 0|req: 65/128] 10.222.0.53 () {56 vars in 1374 bytes} [Tue May 24 22:28:37 2022] GET /identity/v3/role_assignments?user.id=e114261afff8491ba349b649415fd912&scope.project.id=0988c02aa2e34353a03c919b429be791&role.id=12b38b7402cc45d7becf9e571212790a => generated 259 bytes in 174 msecs (HTTP/1.1 200) 5 headers in 177 bytes (1 switches on core 0)
May 24 22:28:38.089498 dv-neutron-840146-7-hyperv devstack@keystone.service[80860]: DEBUG keystone.server.flask.request_processing.middleware.auth_context [None req-8f3df8dc-be42-4f64-a966-a75a17fb6c42 None admin] Authenticating user token {{(pid=80860) process_request /usr/local/lib/python3.8/dist-packages/keystonemiddleware/auth_token/__init__.py:407}}
May 24 22:28:38.129006 dv-neutron-840146-7-hyperv devstack@keystone.service[80861]: DEBUG keystone.server.flask.request_processing.middleware.auth_context [None req-5078bd6c-52ab-4357-a089-1e7174186774 None admin] Validating token access rules against request {{(pid=80861) validate_allowed_request /usr/local/lib/python3.8/dist-packages/keystonemiddleware/auth_token/__init__.py:545}}
May 24 22:28:38.134173 dv-neutron-840146-7-hyperv devstack@keystone.service[80860]: DEBUG dbcounter [-] [80860] Writing DB stats keystone:SELECT=100 {{(pid=80860) stat_writer /usr/local/lib/python3.8/dist-packages/dbcounter.py:114}}
May 24 22:28:38.167105 dv-neutron-840146-7-hyperv devstack@keystone.service[80861]: DEBUG keystone.server.flask.request_processing.middleware.auth_context [None req-709b1bdd-a2d9-42c8-8bb4-6937b0e7b780 None admin] RBAC: auth_context: {'token': , 'domain_id': None, 'trust_id': None, 'trustor_id': None, 'trustee_id': None, 'domain_name': None, 'group_ids': [], 'user_id': 'de3365e4ab3a49e1bf3f788008bbf37a', 'user_domain_id': 'default', 'system_scope': 'all', 'project_id': None, 'project_domain_id': None, 'roles': ['admin', 'member', 'reader'], 'is_admin_project': True, 'service_user_id': None, 'service_user_domain_id': None, 'service_project_id': None, 'service_project_domain_id': None, 'service_roles': []} {{(pid=80861) fill_context /opt/stack/keystone/keystone/server/flask/request_processing/middleware/auth_context.py:478}}
May 24 22:28:38.168006 dv-neutron-840146-7-hyperv devstack@keystone.service[80861]: DEBUG keystone.server.flask.request_processing.req_logging [None req-709b1bdd-a2d9-42c8-8bb4-6937b0e7b780 None admin] REQUEST_METHOD: `GET` {{(pid=80861) log_request_info /opt/stack/keystone/keystone/server/flask/request_processing/req_logging.py:27}}
May 24 22:28:38.168289 dv-neutron-840146-7-hyperv devstack@keystone.service[80861]: DEBUG keystone.server.flask.request_processing.req_logging [None req-709b1bdd-a2d9-42c8-8bb4-6937b0e7b780 None admin] SCRIPT_NAME: `/identity` {{(pid=80861) log_request_info /opt/stack/keystone/keystone/server/flask/request_processing/req_logging.py:28}}
May 24 22:28:38.168565 dv-neutron-840146-7-hyperv devstack@keystone.service[80861]: DEBUG keystone.server.flask.request_processing.req_logging [None req-709b1bdd-a2d9-42c8-8bb4-6937b0e7b780 None admin] PATH_INFO: `/v3/users/e486e096c08c477b83b6d06a02a5e44e` {{(pid=80861) log_request_info /opt/stack/keystone/keystone/server/flask/request_processing/req_logging.py:29}}
May 24 22:28:38.170550 dv-neutron-840146-7-hyperv devstack@keystone.service[80861]: DEBUG keystone.common.rbac_enforcer.enforcer [None req-709b1bdd-a2d9-42c8-8bb4-6937b0e7b780 None admin] RBAC: Authorizing `identity:get_user(user_id=e486e096c08c477b83b6d06a02a5e44e)` {{(pid=80861) enforce_call /opt/stack/keystone/keystone/common/rbac_enforcer/enforcer.py:449}}
May 24 22:28:38.171976 dv-neutron-840146-7-hyperv devstack@keystone.service[80861]: DEBUG keystone.common.rbac_enforcer.enforcer [None req-709b1bdd-a2d9-42c8-8bb4-6937b0e7b780 None admin] RBAC: Authorization granted {{(pid=80861) enforce_call /opt/stack/keystone/keystone/common/rbac_enforcer/enforcer.py:457}}
May 24 22:28:38.173768 dv-neutron-840146-7-hyperv devstack@keystone.service[80861]: [pid: 80861|app: 0|req: 64/129] 10.222.0.53 () {56 vars in 1177 bytes} [Tue May 24 22:28:38 2022] GET /identity/v3/users/e486e096c08c477b83b6d06a02a5e44e => generated 275 bytes in 156 msecs (HTTP/1.1 200) 5 headers in 177 bytes (1 switches on core 0)
May 24 22:28:38.174444 dv-neutron-840146-7-hyperv devstack@keystone.service[80861]: DEBUG keystone.server.flask.request_processing.middleware.auth_context [None req-709b1bdd-a2d9-42c8-8bb4-6937b0e7b780 None admin] Authenticating user token {{(pid=80861) process_request /usr/local/lib/python3.8/dist-packages/keystonemiddleware/auth_token/__init__.py:407}}
May 24 22:28:38.215141 dv-neutron-840146-7-hyperv devstack@keystone.service[80860]: DEBUG keystone.server.flask.request_processing.middleware.auth_context [None req-8f3df8dc-be42-4f64-a966-a75a17fb6c42 None admin] Validating token access rules against request {{(pid=80860) validate_allowed_request /usr/local/lib/python3.8/dist-packages/keystonemiddleware/auth_token/__init__.py:545}}
May 24 22:28:38.241825 dv-neutron-840146-7-hyperv devstack@keystone.service[80861]: DEBUG dbcounter [-] [80861] Writing DB stats keystone:SELECT=100 {{(pid=80861) stat_writer /usr/local/lib/python3.8/dist-packages/dbcounter.py:114}}
May 24 22:28:38.257102 dv-neutron-840146-7-hyperv devstack@keystone.service[80860]: DEBUG keystone.server.flask.request_processing.middleware.auth_context [None req-18eac8d4-202a-4219-a7c3-97bd545b59d4 None admin] RBAC: auth_context: {'token': , 'domain_id': None, 'trust_id': None, 'trustor_id': None, 'trustee_id': None, 'domain_name': None, 'group_ids': [], 'user_id': 'de3365e4ab3a49e1bf3f788008bbf37a', 'user_domain_id': 'default', 'system_scope': 'all', 'project_id': None, 'project_domain_id': None, 'roles': ['admin', 'member', 'reader'], 'is_admin_project': True, 'service_user_id': None, 'service_user_domain_id': None, 'service_project_id': None, 'service_project_domain_id': None, 'service_roles': []} {{(pid=80860) fill_context /opt/stack/keystone/keystone/server/flask/request_processing/middleware/auth_context.py:478}}
May 24 22:28:38.258233 dv-neutron-840146-7-hyperv devstack@keystone.service[80860]: DEBUG keystone.server.flask.request_processing.req_logging [None req-18eac8d4-202a-4219-a7c3-97bd545b59d4 None admin] REQUEST_METHOD: `GET` {{(pid=80860) log_request_info /opt/stack/keystone/keystone/server/flask/request_processing/req_logging.py:27}}
May 24 22:28:38.261010 dv-neutron-840146-7-hyperv devstack@keystone.service[80860]: DEBUG keystone.server.flask.request_processing.req_logging [None req-18eac8d4-202a-4219-a7c3-97bd545b59d4 None admin] SCRIPT_NAME: `/identity` {{(pid=80860) log_request_info /opt/stack/keystone/keystone/server/flask/request_processing/req_logging.py:28}}
May 24 22:28:38.261010 dv-neutron-840146-7-hyperv devstack@keystone.service[80860]: DEBUG keystone.server.flask.request_processing.req_logging [None req-18eac8d4-202a-4219-a7c3-97bd545b59d4 None admin] PATH_INFO: `/v3/projects/0988c02aa2e34353a03c919b429be791` {{(pid=80860) log_request_info /opt/stack/keystone/keystone/server/flask/request_processing/req_logging.py:29}}
May 24 22:28:38.261010 dv-neutron-840146-7-hyperv devstack@keystone.service[80860]: DEBUG keystone.common.rbac_enforcer.enforcer [None req-18eac8d4-202a-4219-a7c3-97bd545b59d4 None admin] RBAC: Authorizing `identity:get_project(project_id=0988c02aa2e34353a03c919b429be791)` {{(pid=80860) enforce_call /opt/stack/keystone/keystone/common/rbac_enforcer/enforcer.py:449}}
May 24 22:28:38.262269 dv-neutron-840146-7-hyperv devstack@keystone.service[80860]: DEBUG keystone.common.rbac_enforcer.enforcer [None req-18eac8d4-202a-4219-a7c3-97bd545b59d4 None admin] RBAC: Authorization granted {{(pid=80860) enforce_call /opt/stack/keystone/keystone/common/rbac_enforcer/enforcer.py:457}}
May 24 22:28:38.264573 dv-neutron-840146-7-hyperv devstack@keystone.service[80860]: [pid: 80860|app: 0|req: 66/130] 10.222.0.53 () {56 vars in 1186 bytes} [Tue May 24 22:28:38 2022] GET /identity/v3/projects/0988c02aa2e34353a03c919b429be791 => generated 298 bytes in 176 msecs (HTTP/1.1 200) 5 headers in 177 bytes (1 switches on core 0)
May 24 22:28:38.265690 dv-neutron-840146-7-hyperv devstack@keystone.service[80860]: DEBUG keystone.server.flask.request_processing.middleware.auth_context [None req-18eac8d4-202a-4219-a7c3-97bd545b59d4 None admin] Authenticating user token {{(pid=80860) process_request /usr/local/lib/python3.8/dist-packages/keystonemiddleware/auth_token/__init__.py:407}}
May 24 22:28:38.288797 dv-neutron-840146-7-hyperv devstack@keystone.service[80861]: DEBUG keystone.server.flask.request_processing.middleware.auth_context [None req-709b1bdd-a2d9-42c8-8bb4-6937b0e7b780 None admin] Validating token access rules against request {{(pid=80861) validate_allowed_request /usr/local/lib/python3.8/dist-packages/keystonemiddleware/auth_token/__init__.py:545}}
May 24 22:28:38.325311 dv-neutron-840146-7-hyperv devstack@keystone.service[80861]: DEBUG keystone.server.flask.request_processing.middleware.auth_context [None req-df51fd87-3d6a-4285-b1f2-191af1be9ac0 None admin] RBAC: auth_context: {'token': , 'domain_id': None, 'trust_id': None, 'trustor_id': None, 'trustee_id': None, 'domain_name': None, 'group_ids': [], 'user_id': 'de3365e4ab3a49e1bf3f788008bbf37a', 'user_domain_id': 'default', 'system_scope': 'all', 'project_id': None, 'project_domain_id': None, 'roles': ['admin', 'member', 'reader'], 'is_admin_project': True, 'service_user_id': None, 'service_user_domain_id': None, 'service_project_id': None, 'service_project_domain_id': None, 'service_roles': []} {{(pid=80861) fill_context /opt/stack/keystone/keystone/server/flask/request_processing/middleware/auth_context.py:478}}
May 24 22:28:38.326149 dv-neutron-840146-7-hyperv devstack@keystone.service[80861]: DEBUG keystone.server.flask.request_processing.req_logging [None req-df51fd87-3d6a-4285-b1f2-191af1be9ac0 None admin] REQUEST_METHOD: `GET` {{(pid=80861) log_request_info /opt/stack/keystone/keystone/server/flask/request_processing/req_logging.py:27}}
May 24 22:28:38.326293 dv-neutron-840146-7-hyperv devstack@keystone.service[80861]: DEBUG keystone.server.flask.request_processing.req_logging [None req-df51fd87-3d6a-4285-b1f2-191af1be9ac0 None admin] SCRIPT_NAME: `/identity` {{(pid=80861) log_request_info /opt/stack/keystone/keystone/server/flask/request_processing/req_logging.py:28}}
May 24 22:28:38.326571 dv-neutron-840146-7-hyperv devstack@keystone.service[80861]: DEBUG keystone.server.flask.request_processing.req_logging [None req-df51fd87-3d6a-4285-b1f2-191af1be9ac0 None admin] PATH_INFO: `/v3/roles` {{(pid=80861) log_request_info /opt/stack/keystone/keystone/server/flask/request_processing/req_logging.py:29}}
May 24 22:28:38.327335 dv-neutron-840146-7-hyperv devstack@keystone.service[80861]: DEBUG keystone.common.rbac_enforcer.enforcer [None req-df51fd87-3d6a-4285-b1f2-191af1be9ac0 None admin] RBAC: Adding query filter params (name=anotherrole) {{(pid=80861) _extract_filter_values /opt/stack/keystone/keystone/common/rbac_enforcer/enforcer.py:167}}
May 24 22:28:38.327641 dv-neutron-840146-7-hyperv devstack@keystone.service[80861]: DEBUG keystone.common.rbac_enforcer.enforcer [None req-df51fd87-3d6a-4285-b1f2-191af1be9ac0 None admin] RBAC: Authorizing `identity:list_roles()` {{(pid=80861) enforce_call /opt/stack/keystone/keystone/common/rbac_enforcer/enforcer.py:449}}
May 24 22:28:38.329055 dv-neutron-840146-7-hyperv devstack@keystone.service[80861]: DEBUG keystone.common.rbac_enforcer.enforcer [None req-df51fd87-3d6a-4285-b1f2-191af1be9ac0 None admin] RBAC: Authorization granted {{(pid=80861) enforce_call /opt/stack/keystone/keystone/common/rbac_enforcer/enforcer.py:457}}
May 24 22:28:38.337693 dv-neutron-840146-7-hyperv devstack@keystone.service[80861]: [pid: 80861|app: 0|req: 65/131] 10.222.0.53 () {56 vars in 1111 bytes} [Tue May 24 22:28:38 2022] GET /identity/v3/roles?name=anotherrole => generated 334 bytes in 163 msecs (HTTP/1.1 200) 5 headers in 177 bytes (1 switches on core 0)
May 24 22:28:38.338534 dv-neutron-840146-7-hyperv devstack@keystone.service[80861]: DEBUG keystone.server.flask.request_processing.middleware.auth_context [None req-df51fd87-3d6a-4285-b1f2-191af1be9ac0 None admin] Authenticating user token {{(pid=80861) process_request /usr/local/lib/python3.8/dist-packages/keystonemiddleware/auth_token/__init__.py:407}}
May 24 22:28:38.386906 dv-neutron-840146-7-hyperv devstack@keystone.service[80860]: DEBUG keystone.server.flask.request_processing.middleware.auth_context [None req-18eac8d4-202a-4219-a7c3-97bd545b59d4 None admin] Validating token access rules against request {{(pid=80860) validate_allowed_request /usr/local/lib/python3.8/dist-packages/keystonemiddleware/auth_token/__init__.py:545}}
May 24 22:28:38.390610 dv-neutron-840146-7-hyperv devstack@keystone.service[80860]: DEBUG dbcounter [-] [80860] Writing DB stats keystone:SELECT=100 {{(pid=80860) stat_writer /usr/local/lib/python3.8/dist-packages/dbcounter.py:114}}
May 24 22:28:38.429576 dv-neutron-840146-7-hyperv devstack@keystone.service[80860]: DEBUG keystone.server.flask.request_processing.middleware.auth_context [None req-9c492c9f-dada-474d-8f0d-05ec360fb891 None admin] RBAC: auth_context: {'token': , 'domain_id': None, 'trust_id': None, 'trustor_id': None, 'trustee_id': None, 'domain_name': None, 'group_ids': [], 'user_id': 'de3365e4ab3a49e1bf3f788008bbf37a', 'user_domain_id': 'default', 'system_scope': 'all', 'project_id': None, 'project_domain_id': None, 'roles': ['admin', 'member', 'reader'], 'is_admin_project': True, 'service_user_id': None, 'service_user_domain_id': None, 'service_project_id': None, 'service_project_domain_id': None, 'service_roles': []} {{(pid=80860) fill_context /opt/stack/keystone/keystone/server/flask/request_processing/middleware/auth_context.py:478}}
May 24 22:28:38.430797 dv-neutron-840146-7-hyperv devstack@keystone.service[80860]: DEBUG keystone.server.flask.request_processing.req_logging [None req-9c492c9f-dada-474d-8f0d-05ec360fb891 None admin] REQUEST_METHOD: `GET` {{(pid=80860) log_request_info /opt/stack/keystone/keystone/server/flask/request_processing/req_logging.py:27}}
May 24 22:28:38.431319 dv-neutron-840146-7-hyperv devstack@keystone.service[80860]: DEBUG keystone.server.flask.request_processing.req_logging [None req-9c492c9f-dada-474d-8f0d-05ec360fb891 None admin] SCRIPT_NAME: `/identity` {{(pid=80860) log_request_info /opt/stack/keystone/keystone/server/flask/request_processing/req_logging.py:28}}
May 24 22:28:38.431744 dv-neutron-840146-7-hyperv devstack@keystone.service[80860]: DEBUG keystone.server.flask.request_processing.req_logging [None req-9c492c9f-dada-474d-8f0d-05ec360fb891 None admin] PATH_INFO: `/v3/projects/cbf52365d6314035afc82aa599615873` {{(pid=80860) log_request_info /opt/stack/keystone/keystone/server/flask/request_processing/req_logging.py:29}}
May 24 22:28:38.433224 dv-neutron-840146-7-hyperv devstack@keystone.service[80860]: DEBUG keystone.common.rbac_enforcer.enforcer [None req-9c492c9f-dada-474d-8f0d-05ec360fb891 None admin] RBAC: Authorizing `identity:get_project(project_id=cbf52365d6314035afc82aa599615873)` {{(pid=80860) enforce_call /opt/stack/keystone/keystone/common/rbac_enforcer/enforcer.py:449}}
May 24 22:28:38.435839 dv-neutron-840146-7-hyperv devstack@keystone.service[80860]: DEBUG keystone.common.rbac_enforcer.enforcer [None req-9c492c9f-dada-474d-8f0d-05ec360fb891 None admin] RBAC: Authorization granted {{(pid=80860) enforce_call /opt/stack/keystone/keystone/common/rbac_enforcer/enforcer.py:457}}
May 24 22:28:38.438653 dv-neutron-840146-7-hyperv devstack@keystone.service[80860]: [pid: 80860|app: 0|req: 67/132] 10.222.0.53 () {56 vars in 1186 bytes} [Tue May 24 22:28:38 2022] GET /identity/v3/projects/cbf52365d6314035afc82aa599615873 => generated 312 bytes in 173 msecs (HTTP/1.1 200) 5 headers in 177 bytes (1 switches on core 0)
May 24 22:28:38.439730 dv-neutron-840146-7-hyperv devstack@keystone.service[80860]: DEBUG keystone.server.flask.request_processing.middleware.auth_context [None req-9c492c9f-dada-474d-8f0d-05ec360fb891 None admin] Authenticating user token {{(pid=80860) process_request /usr/local/lib/python3.8/dist-packages/keystonemiddleware/auth_token/__init__.py:407}}
May 24 22:28:38.459542 dv-neutron-840146-7-hyperv devstack@keystone.service[80861]: DEBUG keystone.server.flask.request_processing.middleware.auth_context [None req-df51fd87-3d6a-4285-b1f2-191af1be9ac0 None admin] Validating token access rules against request {{(pid=80861) validate_allowed_request /usr/local/lib/python3.8/dist-packages/keystonemiddleware/auth_token/__init__.py:545}}
May 24 22:28:38.485324 dv-neutron-840146-7-hyperv devstack@keystone.service[80861]: DEBUG dbcounter [-] [80861] Writing DB stats keystone:SELECT=100 {{(pid=80861) stat_writer /usr/local/lib/python3.8/dist-packages/dbcounter.py:114}}
May 24 22:28:38.493933 dv-neutron-840146-7-hyperv devstack@keystone.service[80861]: DEBUG keystone.server.flask.request_processing.middleware.auth_context [None req-69b4b189-5024-4d5b-9ef7-8c13fde2bdee None admin] RBAC: auth_context: {'token': , 'domain_id': None, 'trust_id': None, 'trustor_id': None, 'trustee_id': None, 'domain_name': None, 'group_ids': [], 'user_id': 'de3365e4ab3a49e1bf3f788008bbf37a', 'user_domain_id': 'default', 'system_scope': 'all', 'project_id': None, 'project_domain_id': None, 'roles': ['admin', 'member', 'reader'], 'is_admin_project': True, 'service_user_id': None, 'service_user_domain_id': None, 'service_project_id': None, 'service_project_domain_id': None, 'service_roles': []} {{(pid=80861) fill_context /opt/stack/keystone/keystone/server/flask/request_processing/middleware/auth_context.py:478}}
May 24 22:28:38.494837 dv-neutron-840146-7-hyperv devstack@keystone.service[80861]: DEBUG keystone.server.flask.request_processing.req_logging [None req-69b4b189-5024-4d5b-9ef7-8c13fde2bdee None admin] REQUEST_METHOD: `PUT` {{(pid=80861) log_request_info /opt/stack/keystone/keystone/server/flask/request_processing/req_logging.py:27}}
May 24 22:28:38.496176 dv-neutron-840146-7-hyperv devstack@keystone.service[80861]: DEBUG keystone.server.flask.request_processing.req_logging [None req-69b4b189-5024-4d5b-9ef7-8c13fde2bdee None admin] SCRIPT_NAME: `/identity` {{(pid=80861) log_request_info /opt/stack/keystone/keystone/server/flask/request_processing/req_logging.py:28}}
May 24 22:28:38.496176 dv-neutron-840146-7-hyperv devstack@keystone.service[80861]: DEBUG keystone.server.flask.request_processing.req_logging [None req-69b4b189-5024-4d5b-9ef7-8c13fde2bdee None admin] PATH_INFO: `/v3/projects/0988c02aa2e34353a03c919b429be791/users/de3365e4ab3a49e1bf3f788008bbf37a/roles/a0124c8a89c9496db7c18cd2b93d6be7` {{(pid=80861) log_request_info /opt/stack/keystone/keystone/server/flask/request_processing/req_logging.py:29}}
May 24 22:28:38.499123 dv-neutron-840146-7-hyperv devstack@keystone.service[80861]: DEBUG keystone.common.rbac_enforcer.enforcer [None req-69b4b189-5024-4d5b-9ef7-8c13fde2bdee None admin] RBAC: Authorizing `identity:create_grant(project_id=0988c02aa2e34353a03c919b429be791, user_id=de3365e4ab3a49e1bf3f788008bbf37a, role_id=a0124c8a89c9496db7c18cd2b93d6be7)` {{(pid=80861) enforce_call /opt/stack/keystone/keystone/common/rbac_enforcer/enforcer.py:449}}
May 24 22:28:38.500598 dv-neutron-840146-7-hyperv devstack@keystone.service[80861]: DEBUG keystone.common.rbac_enforcer.enforcer [None req-69b4b189-5024-4d5b-9ef7-8c13fde2bdee None admin] RBAC: Authorization granted {{(pid=80861) enforce_call /opt/stack/keystone/keystone/common/rbac_enforcer/enforcer.py:457}}
May 24 22:28:38.562996 dv-neutron-840146-7-hyperv devstack@keystone.service[80860]: DEBUG keystone.server.flask.request_processing.middleware.auth_context [None req-9c492c9f-dada-474d-8f0d-05ec360fb891 None admin] Validating token access rules against request {{(pid=80860) validate_allowed_request /usr/local/lib/python3.8/dist-packages/keystonemiddleware/auth_token/__init__.py:545}}
May 24 22:28:38.602783 dv-neutron-840146-7-hyperv devstack@keystone.service[80860]: DEBUG keystone.server.flask.request_processing.middleware.auth_context [None req-fc6a5cb6-611a-4a75-b774-6c9b45e3b992 None admin] RBAC: auth_context: {'token': , 'domain_id': None, 'trust_id': None, 'trustor_id': None, 'trustee_id': None, 'domain_name': None, 'group_ids': [], 'user_id': 'de3365e4ab3a49e1bf3f788008bbf37a', 'user_domain_id': 'default', 'system_scope': 'all', 'project_id': None, 'project_domain_id': None, 'roles': ['admin', 'member', 'reader'], 'is_admin_project': True, 'service_user_id': None, 'service_user_domain_id': None, 'service_project_id': None, 'service_project_domain_id': None, 'service_roles': []} {{(pid=80860) fill_context /opt/stack/keystone/keystone/server/flask/request_processing/middleware/auth_context.py:478}}
May 24 22:28:38.603940 dv-neutron-840146-7-hyperv devstack@keystone.service[80860]: DEBUG keystone.server.flask.request_processing.req_logging [None req-fc6a5cb6-611a-4a75-b774-6c9b45e3b992 None admin] REQUEST_METHOD: `GET` {{(pid=80860) log_request_info /opt/stack/keystone/keystone/server/flask/request_processing/req_logging.py:27}}
May 24 22:28:38.604405 dv-neutron-840146-7-hyperv devstack@keystone.service[80860]: DEBUG keystone.server.flask.request_processing.req_logging [None req-fc6a5cb6-611a-4a75-b774-6c9b45e3b992 None admin] SCRIPT_NAME: `/identity` {{(pid=80860) log_request_info /opt/stack/keystone/keystone/server/flask/request_processing/req_logging.py:28}}
May 24 22:28:38.604885 dv-neutron-840146-7-hyperv devstack@keystone.service[80860]: DEBUG keystone.server.flask.request_processing.req_logging [None req-fc6a5cb6-611a-4a75-b774-6c9b45e3b992 None admin] PATH_INFO: `/v3/users/e486e096c08c477b83b6d06a02a5e44e` {{(pid=80860) log_request_info /opt/stack/keystone/keystone/server/flask/request_processing/req_logging.py:29}}
May 24 22:28:38.611024 dv-neutron-840146-7-hyperv devstack@keystone.service[80860]: DEBUG keystone.common.rbac_enforcer.enforcer [None req-fc6a5cb6-611a-4a75-b774-6c9b45e3b992 None admin] RBAC: Authorizing `identity:get_user(user_id=e486e096c08c477b83b6d06a02a5e44e)` {{(pid=80860) enforce_call /opt/stack/keystone/keystone/common/rbac_enforcer/enforcer.py:449}}
May 24 22:28:38.613099 dv-neutron-840146-7-hyperv devstack@keystone.service[80861]: [pid: 80861|app: 0|req: 66/133] 10.222.0.53 () {58 vars in 1439 bytes} [Tue May 24 22:28:38 2022] PUT /identity/v3/projects/0988c02aa2e34353a03c919b429be791/users/de3365e4ab3a49e1bf3f788008bbf37a/roles/a0124c8a89c9496db7c18cd2b93d6be7 => generated 0 bytes in 275 msecs (HTTP/1.1 204) 3 headers in 132 bytes (0 switches on core 0)
May 24 22:28:38.615119 dv-neutron-840146-7-hyperv devstack@keystone.service[80860]: DEBUG keystone.common.rbac_enforcer.enforcer [None req-fc6a5cb6-611a-4a75-b774-6c9b45e3b992 None admin] RBAC: Authorization granted {{(pid=80860) enforce_call /opt/stack/keystone/keystone/common/rbac_enforcer/enforcer.py:457}}
May 24 22:28:38.615915 dv-neutron-840146-7-hyperv devstack@keystone.service[80861]: DEBUG keystone.server.flask.request_processing.middleware.auth_context [None req-69b4b189-5024-4d5b-9ef7-8c13fde2bdee None admin] Authenticating user token {{(pid=80861) process_request /usr/local/lib/python3.8/dist-packages/keystonemiddleware/auth_token/__init__.py:407}}
May 24 22:28:38.617954 dv-neutron-840146-7-hyperv devstack@keystone.service[80860]: [pid: 80860|app: 0|req: 68/134] 10.222.0.53 () {56 vars in 1177 bytes} [Tue May 24 22:28:38 2022] GET /identity/v3/users/e486e096c08c477b83b6d06a02a5e44e => generated 275 bytes in 179 msecs (HTTP/1.1 200) 5 headers in 177 bytes (1 switches on core 0)
May 24 22:28:38.627415 dv-neutron-840146-7-hyperv devstack@keystone.service[80860]: DEBUG keystone.server.flask.request_processing.middleware.auth_context [None req-fc6a5cb6-611a-4a75-b774-6c9b45e3b992 None admin] Authenticating user token {{(pid=80860) process_request /usr/local/lib/python3.8/dist-packages/keystonemiddleware/auth_token/__init__.py:407}}
May 24 22:28:38.722651 dv-neutron-840146-7-hyperv devstack@keystone.service[80860]: DEBUG dbcounter [-] [80860] Writing DB stats keystone:SELECT=100 {{(pid=80860) stat_writer /usr/local/lib/python3.8/dist-packages/dbcounter.py:114}}
May 24 22:28:38.845044 dv-neutron-840146-7-hyperv devstack@keystone.service[80861]: DEBUG keystone.server.flask.request_processing.middleware.auth_context [None req-69b4b189-5024-4d5b-9ef7-8c13fde2bdee None admin] Validating token access rules against request {{(pid=80861) validate_allowed_request /usr/local/lib/python3.8/dist-packages/keystonemiddleware/auth_token/__init__.py:545}}
May 24 22:28:38.874128 dv-neutron-840146-7-hyperv devstack@keystone.service[80860]: DEBUG keystone.server.flask.request_processing.middleware.auth_context [None req-fc6a5cb6-611a-4a75-b774-6c9b45e3b992 None admin] Validating token access rules against request {{(pid=80860) validate_allowed_request /usr/local/lib/python3.8/dist-packages/keystonemiddleware/auth_token/__init__.py:545}}
May 24 22:28:38.913188 dv-neutron-840146-7-hyperv devstack@keystone.service[80861]: DEBUG keystone.server.flask.request_processing.middleware.auth_context [None req-3c9b680e-9383-4720-b556-468d74db933f None admin] RBAC: auth_context: {'token': , 'domain_id': None, 'trust_id': None, 'trustor_id': None, 'trustee_id': None, 'domain_name': None, 'group_ids': [], 'user_id': 'de3365e4ab3a49e1bf3f788008bbf37a', 'user_domain_id': 'default', 'system_scope': 'all', 'project_id': None, 'project_domain_id': None, 'roles': ['admin', 'member', 'reader'], 'is_admin_project': True, 'service_user_id': None, 'service_user_domain_id': None, 'service_project_id': None, 'service_project_domain_id': None, 'service_roles': []} {{(pid=80861) fill_context /opt/stack/keystone/keystone/server/flask/request_processing/middleware/auth_context.py:478}}
May 24 22:28:38.914266 dv-neutron-840146-7-hyperv devstack@keystone.service[80861]: DEBUG keystone.server.flask.request_processing.req_logging [None req-3c9b680e-9383-4720-b556-468d74db933f None admin] REQUEST_METHOD: `PUT` {{(pid=80861) log_request_info /opt/stack/keystone/keystone/server/flask/request_processing/req_logging.py:27}}
May 24 22:28:38.914560 dv-neutron-840146-7-hyperv devstack@keystone.service[80861]: DEBUG keystone.server.flask.request_processing.req_logging [None req-3c9b680e-9383-4720-b556-468d74db933f None admin] SCRIPT_NAME: `/identity` {{(pid=80861) log_request_info /opt/stack/keystone/keystone/server/flask/request_processing/req_logging.py:28}}
May 24 22:28:38.914839 dv-neutron-840146-7-hyperv devstack@keystone.service[80861]: DEBUG keystone.server.flask.request_processing.req_logging [None req-3c9b680e-9383-4720-b556-468d74db933f None admin] PATH_INFO: `/v3/projects/cbf52365d6314035afc82aa599615873/users/e486e096c08c477b83b6d06a02a5e44e/roles/efbd9f34ba76450a944637b7357bdeee` {{(pid=80861) log_request_info /opt/stack/keystone/keystone/server/flask/request_processing/req_logging.py:29}}
May 24 22:28:38.916719 dv-neutron-840146-7-hyperv devstack@keystone.service[80860]: DEBUG keystone.server.flask.request_processing.middleware.auth_context [None req-1959ab36-82bd-46d9-b147-d17c69a82969 None admin] RBAC: auth_context: {'token': , 'domain_id': None, 'trust_id': None, 'trustor_id': None, 'trustee_id': None, 'domain_name': None, 'group_ids': [], 'user_id': 'de3365e4ab3a49e1bf3f788008bbf37a', 'user_domain_id': 'default', 'system_scope': 'all', 'project_id': None, 'project_domain_id': None, 'roles': ['admin', 'member', 'reader'], 'is_admin_project': True, 'service_user_id': None, 'service_user_domain_id': None, 'service_project_id': None, 'service_project_domain_id': None, 'service_roles': []} {{(pid=80860) fill_context /opt/stack/keystone/keystone/server/flask/request_processing/middleware/auth_context.py:478}}
May 24 22:28:38.917451 dv-neutron-840146-7-hyperv devstack@keystone.service[80861]: DEBUG keystone.common.rbac_enforcer.enforcer [None req-3c9b680e-9383-4720-b556-468d74db933f None admin] RBAC: Authorizing `identity:create_grant(project_id=cbf52365d6314035afc82aa599615873, user_id=e486e096c08c477b83b6d06a02a5e44e, role_id=efbd9f34ba76450a944637b7357bdeee)` {{(pid=80861) enforce_call /opt/stack/keystone/keystone/common/rbac_enforcer/enforcer.py:449}}
May 24 22:28:38.917617 dv-neutron-840146-7-hyperv devstack@keystone.service[80860]: DEBUG keystone.server.flask.request_processing.req_logging [None req-1959ab36-82bd-46d9-b147-d17c69a82969 None admin] REQUEST_METHOD: `GET` {{(pid=80860) log_request_info /opt/stack/keystone/keystone/server/flask/request_processing/req_logging.py:27}}
May 24 22:28:38.917905 dv-neutron-840146-7-hyperv devstack@keystone.service[80860]: DEBUG keystone.server.flask.request_processing.req_logging [None req-1959ab36-82bd-46d9-b147-d17c69a82969 None admin] SCRIPT_NAME: `/identity` {{(pid=80860) log_request_info /opt/stack/keystone/keystone/server/flask/request_processing/req_logging.py:28}}
May 24 22:28:38.918181 dv-neutron-840146-7-hyperv devstack@keystone.service[80860]: DEBUG keystone.server.flask.request_processing.req_logging [None req-1959ab36-82bd-46d9-b147-d17c69a82969 None admin] PATH_INFO: `/v3/projects/0988c02aa2e34353a03c919b429be791` {{(pid=80860) log_request_info /opt/stack/keystone/keystone/server/flask/request_processing/req_logging.py:29}}
May 24 22:28:38.918925 dv-neutron-840146-7-hyperv devstack@keystone.service[80861]: DEBUG keystone.common.rbac_enforcer.enforcer [None req-3c9b680e-9383-4720-b556-468d74db933f None admin] RBAC: Authorization granted {{(pid=80861) enforce_call /opt/stack/keystone/keystone/common/rbac_enforcer/enforcer.py:457}}
May 24 22:28:38.920438 dv-neutron-840146-7-hyperv devstack@keystone.service[80860]: DEBUG keystone.common.rbac_enforcer.enforcer [None req-1959ab36-82bd-46d9-b147-d17c69a82969 None admin] RBAC: Authorizing `identity:get_project(project_id=0988c02aa2e34353a03c919b429be791)` {{(pid=80860) enforce_call /opt/stack/keystone/keystone/common/rbac_enforcer/enforcer.py:449}}
May 24 22:28:38.922064 dv-neutron-840146-7-hyperv devstack@keystone.service[80860]: DEBUG keystone.common.rbac_enforcer.enforcer [None req-1959ab36-82bd-46d9-b147-d17c69a82969 None admin] RBAC: Authorization granted {{(pid=80860) enforce_call /opt/stack/keystone/keystone/common/rbac_enforcer/enforcer.py:457}}
May 24 22:28:38.923989 dv-neutron-840146-7-hyperv devstack@keystone.service[80860]: [pid: 80860|app: 0|req: 69/135] 10.222.0.53 () {56 vars in 1186 bytes} [Tue May 24 22:28:38 2022] GET /identity/v3/projects/0988c02aa2e34353a03c919b429be791 => generated 298 bytes in 297 msecs (HTTP/1.1 200) 5 headers in 177 bytes (1 switches on core 0)
May 24 22:28:38.925270 dv-neutron-840146-7-hyperv devstack@keystone.service[80860]: DEBUG keystone.server.flask.request_processing.req_logging [None req-80adbb82-f46c-4312-b6c5-898594975a21 None None] REQUEST_METHOD: `GET` {{(pid=80860) log_request_info /opt/stack/keystone/keystone/server/flask/request_processing/req_logging.py:27}}
May 24 22:28:38.925557 dv-neutron-840146-7-hyperv devstack@keystone.service[80860]: DEBUG keystone.server.flask.request_processing.req_logging [None req-80adbb82-f46c-4312-b6c5-898594975a21 None None] SCRIPT_NAME: `/identity` {{(pid=80860) log_request_info /opt/stack/keystone/keystone/server/flask/request_processing/req_logging.py:28}}
May 24 22:28:38.925835 dv-neutron-840146-7-hyperv devstack@keystone.service[80860]: DEBUG keystone.server.flask.request_processing.req_logging [None req-80adbb82-f46c-4312-b6c5-898594975a21 None None] PATH_INFO: `/` {{(pid=80860) log_request_info /opt/stack/keystone/keystone/server/flask/request_processing/req_logging.py:29}}
May 24 22:28:38.927300 dv-neutron-840146-7-hyperv devstack@keystone.service[80860]: [pid: 80860|app: 0|req: 70/136] 10.222.0.53 () {54 vars in 926 bytes} [Tue May 24 22:28:38 2022] GET /identity => generated 270 bytes in 3 msecs (HTTP/1.1 300) 6 headers in 234 bytes (1 switches on core 0)
May 24 22:28:38.931934 dv-neutron-840146-7-hyperv devstack@keystone.service[80860]: DEBUG keystone.server.flask.request_processing.middleware.auth_context [None req-80adbb82-f46c-4312-b6c5-898594975a21 None None] Authenticating user token {{(pid=80860) process_request /usr/local/lib/python3.8/dist-packages/keystonemiddleware/auth_token/__init__.py:407}}
May 24 22:28:38.991822 dv-neutron-840146-7-hyperv devstack@keystone.service[80861]: [pid: 80861|app: 0|req: 67/137] 10.222.0.53 () {58 vars in 1439 bytes} [Tue May 24 22:28:38 2022] PUT /identity/v3/projects/cbf52365d6314035afc82aa599615873/users/e486e096c08c477b83b6d06a02a5e44e/roles/efbd9f34ba76450a944637b7357bdeee => generated 0 bytes in 377 msecs (HTTP/1.1 204) 3 headers in 132 bytes (0 switches on core 0)
May 24 22:28:38.993499 dv-neutron-840146-7-hyperv devstack@keystone.service[80861]: DEBUG keystone.server.flask.request_processing.req_logging [None req-96464832-2b20-439e-bf5a-2fb58759e18c None None] REQUEST_METHOD: `POST` {{(pid=80861) log_request_info /opt/stack/keystone/keystone/server/flask/request_processing/req_logging.py:27}}
May 24 22:28:38.993959 dv-neutron-840146-7-hyperv devstack@keystone.service[80861]: DEBUG keystone.server.flask.request_processing.req_logging [None req-96464832-2b20-439e-bf5a-2fb58759e18c None None] SCRIPT_NAME: `/identity` {{(pid=80861) log_request_info /opt/stack/keystone/keystone/server/flask/request_processing/req_logging.py:28}}
May 24 22:28:38.994428 dv-neutron-840146-7-hyperv devstack@keystone.service[80861]: DEBUG keystone.server.flask.request_processing.req_logging [None req-96464832-2b20-439e-bf5a-2fb58759e18c None None] PATH_INFO: `/v3/auth/tokens` {{(pid=80861) log_request_info /opt/stack/keystone/keystone/server/flask/request_processing/req_logging.py:29}}
May 24 22:28:39.018885 dv-neutron-840146-7-hyperv devstack@keystone.service[80861]: DEBUG keystone.auth.core [None req-96464832-2b20-439e-bf5a-2fb58759e18c None None] MFA Rules not processed for user `de3365e4ab3a49e1bf3f788008bbf37a`. Rule list: `[]` (Enabled: `True`). {{(pid=80861) check_auth_methods_against_rules /opt/stack/keystone/keystone/auth/core.py:438}}
May 24 22:28:39.020369 dv-neutron-840146-7-hyperv devstack@keystone.service[80861]: DEBUG keystone.common.fernet_utils [None req-96464832-2b20-439e-bf5a-2fb58759e18c None None] Loaded 2 Fernet keys from /etc/keystone/fernet-keys/, but `[fernet_tokens] max_active_keys = 3`; perhaps there have not been enough key rotations to reach `max_active_keys` yet? {{(pid=80861) load_keys /opt/stack/keystone/keystone/common/fernet_utils.py:286}}
May 24 22:28:39.067389 dv-neutron-840146-7-hyperv devstack@keystone.service[80860]: DEBUG keystone.server.flask.request_processing.middleware.auth_context [None req-80adbb82-f46c-4312-b6c5-898594975a21 None None] Validating token access rules against request {{(pid=80860) validate_allowed_request /usr/local/lib/python3.8/dist-packages/keystonemiddleware/auth_token/__init__.py:545}}
May 24 22:28:39.079416 dv-neutron-840146-7-hyperv devstack@keystone.service[80860]: DEBUG dbcounter [-] [80860] Writing DB stats keystone:SELECT=100 {{(pid=80860) stat_writer /usr/local/lib/python3.8/dist-packages/dbcounter.py:114}}
May 24 22:28:39.125341 dv-neutron-840146-7-hyperv devstack@keystone.service[80860]: DEBUG keystone.server.flask.request_processing.middleware.auth_context [None req-66855abf-64b7-4b03-8d90-69b2ec3fe2ef None admin] RBAC: auth_context: {'token': , 'domain_id': None, 'trust_id': None, 'trustor_id': None, 'trustee_id': None, 'domain_name': None, 'group_ids': [], 'user_id': 'de3365e4ab3a49e1bf3f788008bbf37a', 'user_domain_id': 'default', 'system_scope': 'all', 'project_id': None, 'project_domain_id': None, 'roles': ['admin', 'member', 'reader'], 'is_admin_project': True, 'service_user_id': None, 'service_user_domain_id': None, 'service_project_id': None, 'service_project_domain_id': None, 'service_roles': []} {{(pid=80860) fill_context /opt/stack/keystone/keystone/server/flask/request_processing/middleware/auth_context.py:478}}
May 24 22:28:39.126787 dv-neutron-840146-7-hyperv devstack@keystone.service[80860]: DEBUG keystone.server.flask.request_processing.req_logging [None req-66855abf-64b7-4b03-8d90-69b2ec3fe2ef None admin] REQUEST_METHOD: `PUT` {{(pid=80860) log_request_info /opt/stack/keystone/keystone/server/flask/request_processing/req_logging.py:27}}
May 24 22:28:39.127083 dv-neutron-840146-7-hyperv devstack@keystone.service[80860]: DEBUG keystone.server.flask.request_processing.req_logging [None req-66855abf-64b7-4b03-8d90-69b2ec3fe2ef None admin] SCRIPT_NAME: `/identity` {{(pid=80860) log_request_info /opt/stack/keystone/keystone/server/flask/request_processing/req_logging.py:28}}
May 24 22:28:39.127368 dv-neutron-840146-7-hyperv devstack@keystone.service[80860]: DEBUG keystone.server.flask.request_processing.req_logging [None req-66855abf-64b7-4b03-8d90-69b2ec3fe2ef None admin] PATH_INFO: `/v3/projects/0988c02aa2e34353a03c919b429be791/users/e486e096c08c477b83b6d06a02a5e44e/roles/55943ad877684e0abd1aa1bff2002db1` {{(pid=80860) log_request_info /opt/stack/keystone/keystone/server/flask/request_processing/req_logging.py:29}}
May 24 22:28:39.129835 dv-neutron-840146-7-hyperv devstack@keystone.service[80860]: DEBUG keystone.common.rbac_enforcer.enforcer [None req-66855abf-64b7-4b03-8d90-69b2ec3fe2ef None admin] RBAC: Authorizing `identity:create_grant(project_id=0988c02aa2e34353a03c919b429be791, user_id=e486e096c08c477b83b6d06a02a5e44e, role_id=55943ad877684e0abd1aa1bff2002db1)` {{(pid=80860) enforce_call /opt/stack/keystone/keystone/common/rbac_enforcer/enforcer.py:449}}
May 24 22:28:39.131313 dv-neutron-840146-7-hyperv devstack@keystone.service[80860]: DEBUG keystone.common.rbac_enforcer.enforcer [None req-66855abf-64b7-4b03-8d90-69b2ec3fe2ef None admin] RBAC: Authorization granted {{(pid=80860) enforce_call /opt/stack/keystone/keystone/common/rbac_enforcer/enforcer.py:457}}
May 24 22:28:39.175873 dv-neutron-840146-7-hyperv devstack@keystone.service[80861]: DEBUG dbcounter [-] [80861] Writing DB stats keystone:SELECT=98,keystone:INSERT=2 {{(pid=80861) stat_writer /usr/local/lib/python3.8/dist-packages/dbcounter.py:114}}
May 24 22:28:39.210588 dv-neutron-840146-7-hyperv devstack@keystone.service[80860]: [pid: 80860|app: 0|req: 71/138] 10.222.0.53 () {58 vars in 1439 bytes} [Tue May 24 22:28:38 2022] PUT /identity/v3/projects/0988c02aa2e34353a03c919b429be791/users/e486e096c08c477b83b6d06a02a5e44e/roles/55943ad877684e0abd1aa1bff2002db1 => generated 0 bytes in 279 msecs (HTTP/1.1 204) 3 headers in 132 bytes (0 switches on core 0)
May 24 22:28:39.227500 dv-neutron-840146-7-hyperv devstack@keystone.service[80861]: [pid: 80861|app: 0|req: 68/139] 10.222.0.53 () {58 vars in 1023 bytes} [Tue May 24 22:28:38 2022] POST /identity/v3/auth/tokens => generated 799 bytes in 235 msecs (HTTP/1.1 201) 6 headers in 363 bytes (1 switches on core 0)
May 24 22:28:39.273093 dv-neutron-840146-7-hyperv devstack@keystone.service[80860]: DEBUG keystone.server.flask.request_processing.middleware.auth_context [None req-66855abf-64b7-4b03-8d90-69b2ec3fe2ef None admin] Authenticating user token {{(pid=80860) process_request /usr/local/lib/python3.8/dist-packages/keystonemiddleware/auth_token/__init__.py:407}}
