May 24 22:29:10.504086 dv-neutron-840146-7-hyperv devstack@keystone.service[80861]: DEBUG keystone.server.flask.request_processing.middleware.auth_context [None req-e646b11c-91db-4fed-9931-308cd883bfe9 None admin] RBAC: auth_context: {'token': , 'domain_id': None, 'trust_id': None, 'trustor_id': None, 'trustee_id': None, 'domain_name': None, 'group_ids': [], 'user_id': 'de3365e4ab3a49e1bf3f788008bbf37a', 'user_domain_id': 'default', 'system_scope': 'all', 'project_id': None, 'project_domain_id': None, 'roles': ['admin', 'member', 'reader'], 'is_admin_project': True, 'service_user_id': None, 'service_user_domain_id': None, 'service_project_id': None, 'service_project_domain_id': None, 'service_roles': []} {{(pid=80861) fill_context /opt/stack/keystone/keystone/server/flask/request_processing/middleware/auth_context.py:478}}
May 24 22:29:10.504780 dv-neutron-840146-7-hyperv devstack@keystone.service[80861]: DEBUG keystone.server.flask.request_processing.req_logging [None req-e646b11c-91db-4fed-9931-308cd883bfe9 None admin] REQUEST_METHOD: `GET` {{(pid=80861) log_request_info /opt/stack/keystone/keystone/server/flask/request_processing/req_logging.py:27}}
May 24 22:29:10.505095 dv-neutron-840146-7-hyperv devstack@keystone.service[80861]: DEBUG keystone.server.flask.request_processing.req_logging [None req-e646b11c-91db-4fed-9931-308cd883bfe9 None admin] SCRIPT_NAME: `/identity` {{(pid=80861) log_request_info /opt/stack/keystone/keystone/server/flask/request_processing/req_logging.py:28}}
May 24 22:29:10.505375 dv-neutron-840146-7-hyperv devstack@keystone.service[80861]: DEBUG keystone.server.flask.request_processing.req_logging [None req-e646b11c-91db-4fed-9931-308cd883bfe9 None admin] PATH_INFO: `/v3/roles` {{(pid=80861) log_request_info /opt/stack/keystone/keystone/server/flask/request_processing/req_logging.py:29}}
May 24 22:29:10.506136 dv-neutron-840146-7-hyperv devstack@keystone.service[80861]: DEBUG keystone.common.rbac_enforcer.enforcer [None req-e646b11c-91db-4fed-9931-308cd883bfe9 None admin] RBAC: Adding query filter params (name=anotherrole) {{(pid=80861) _extract_filter_values /opt/stack/keystone/keystone/common/rbac_enforcer/enforcer.py:167}}
May 24 22:29:10.506442 dv-neutron-840146-7-hyperv devstack@keystone.service[80861]: DEBUG keystone.common.rbac_enforcer.enforcer [None req-e646b11c-91db-4fed-9931-308cd883bfe9 None admin] RBAC: Authorizing `identity:list_roles()` {{(pid=80861) enforce_call /opt/stack/keystone/keystone/common/rbac_enforcer/enforcer.py:449}}
May 24 22:29:10.508183 dv-neutron-840146-7-hyperv devstack@keystone.service[80861]: DEBUG keystone.common.rbac_enforcer.enforcer [None req-e646b11c-91db-4fed-9931-308cd883bfe9 None admin] RBAC: Authorization granted {{(pid=80861) enforce_call /opt/stack/keystone/keystone/common/rbac_enforcer/enforcer.py:457}}
May 24 22:29:10.518557 dv-neutron-840146-7-hyperv devstack@keystone.service[80861]: [pid: 80861|app: 0|req: 177/364] 10.222.0.53 () {56 vars in 1111 bytes} [Tue May 24 22:29:10 2022] GET /identity/v3/roles?name=anotherrole => generated 334 bytes in 181 msecs (HTTP/1.1 200) 5 headers in 177 bytes (1 switches on core 0)
May 24 22:29:10.519411 dv-neutron-840146-7-hyperv devstack@keystone.service[80861]: DEBUG keystone.server.flask.request_processing.middleware.auth_context [None req-e646b11c-91db-4fed-9931-308cd883bfe9 None admin] Authenticating user token {{(pid=80861) process_request /usr/local/lib/python3.8/dist-packages/keystonemiddleware/auth_token/__init__.py:407}}
May 24 22:29:10.554357 dv-neutron-840146-7-hyperv devstack@keystone.service[80860]: DEBUG keystone.server.flask.request_processing.middleware.auth_context [None req-0ac326bd-5112-46f8-acd1-0c9a6f7e6384 None None] Validating token access rules against request {{(pid=80860) validate_allowed_request /usr/local/lib/python3.8/dist-packages/keystonemiddleware/auth_token/__init__.py:545}}
May 24 22:29:10.566660 dv-neutron-840146-7-hyperv devstack@keystone.service[80861]: DEBUG dbcounter [-] [80861] Writing DB stats keystone:SELECT=100 {{(pid=80861) stat_writer /usr/local/lib/python3.8/dist-packages/dbcounter.py:114}}
May 24 22:29:10.598091 dv-neutron-840146-7-hyperv devstack@keystone.service[80860]: DEBUG keystone.server.flask.request_processing.middleware.auth_context [None req-9b9a41bf-2347-4d34-ab25-5d56bbadc09b None admin] RBAC: auth_context: {'token': , 'domain_id': None, 'trust_id': None, 'trustor_id': None, 'trustee_id': None, 'domain_name': None, 'group_ids': [], 'user_id': 'de3365e4ab3a49e1bf3f788008bbf37a', 'user_domain_id': 'default', 'system_scope': 'all', 'project_id': None, 'project_domain_id': None, 'roles': ['admin', 'member', 'reader'], 'is_admin_project': True, 'service_user_id': None, 'service_user_domain_id': None, 'service_project_id': None, 'service_project_domain_id': None, 'service_roles': []} {{(pid=80860) fill_context /opt/stack/keystone/keystone/server/flask/request_processing/middleware/auth_context.py:478}}
May 24 22:29:10.598754 dv-neutron-840146-7-hyperv devstack@keystone.service[80860]: DEBUG keystone.server.flask.request_processing.req_logging [None req-9b9a41bf-2347-4d34-ab25-5d56bbadc09b None admin] REQUEST_METHOD: `GET` {{(pid=80860) log_request_info /opt/stack/keystone/keystone/server/flask/request_processing/req_logging.py:27}}
May 24 22:29:10.599043 dv-neutron-840146-7-hyperv devstack@keystone.service[80860]: DEBUG keystone.server.flask.request_processing.req_logging [None req-9b9a41bf-2347-4d34-ab25-5d56bbadc09b None admin] SCRIPT_NAME: `/identity` {{(pid=80860) log_request_info /opt/stack/keystone/keystone/server/flask/request_processing/req_logging.py:28}}
May 24 22:29:10.599326 dv-neutron-840146-7-hyperv devstack@keystone.service[80860]: DEBUG keystone.server.flask.request_processing.req_logging [None req-9b9a41bf-2347-4d34-ab25-5d56bbadc09b None admin] PATH_INFO: `/v3/auth/tokens` {{(pid=80860) log_request_info /opt/stack/keystone/keystone/server/flask/request_processing/req_logging.py:29}}
May 24 22:29:10.650142 dv-neutron-840146-7-hyperv devstack@keystone.service[80861]: DEBUG keystone.server.flask.request_processing.middleware.auth_context [None req-e646b11c-91db-4fed-9931-308cd883bfe9 None admin] Validating token access rules against request {{(pid=80861) validate_allowed_request /usr/local/lib/python3.8/dist-packages/keystonemiddleware/auth_token/__init__.py:545}}
May 24 22:29:10.681173 dv-neutron-840146-7-hyperv devstack@keystone.service[80860]: DEBUG keystone.common.rbac_enforcer.enforcer [None req-9b9a41bf-2347-4d34-ab25-5d56bbadc09b None admin] RBAC: Authorizing `identity:validate_token()` {{(pid=80860) enforce_call /opt/stack/keystone/keystone/common/rbac_enforcer/enforcer.py:449}}
May 24 22:29:10.682654 dv-neutron-840146-7-hyperv devstack@keystone.service[80860]: DEBUG keystone.common.rbac_enforcer.enforcer [None req-9b9a41bf-2347-4d34-ab25-5d56bbadc09b None admin] RBAC: Authorization granted {{(pid=80860) enforce_call /opt/stack/keystone/keystone/common/rbac_enforcer/enforcer.py:457}}
May 24 22:29:10.702896 dv-neutron-840146-7-hyperv devstack@keystone.service[80861]: DEBUG keystone.server.flask.request_processing.middleware.auth_context [None req-e1f9f16d-5395-47e9-b8ff-d8071802593b None admin] RBAC: auth_context: {'token': , 'domain_id': None, 'trust_id': None, 'trustor_id': None, 'trustee_id': None, 'domain_name': None, 'group_ids': [], 'user_id': 'de3365e4ab3a49e1bf3f788008bbf37a', 'user_domain_id': 'default', 'system_scope': 'all', 'project_id': None, 'project_domain_id': None, 'roles': ['admin', 'member', 'reader'], 'is_admin_project': True, 'service_user_id': None, 'service_user_domain_id': None, 'service_project_id': None, 'service_project_domain_id': None, 'service_roles': []} {{(pid=80861) fill_context /opt/stack/keystone/keystone/server/flask/request_processing/middleware/auth_context.py:478}}
May 24 22:29:10.703947 dv-neutron-840146-7-hyperv devstack@keystone.service[80861]: DEBUG keystone.server.flask.request_processing.req_logging [None req-e1f9f16d-5395-47e9-b8ff-d8071802593b None admin] REQUEST_METHOD: `GET` {{(pid=80861) log_request_info /opt/stack/keystone/keystone/server/flask/request_processing/req_logging.py:27}}
May 24 22:29:10.704449 dv-neutron-840146-7-hyperv devstack@keystone.service[80861]: DEBUG keystone.server.flask.request_processing.req_logging [None req-e1f9f16d-5395-47e9-b8ff-d8071802593b None admin] SCRIPT_NAME: `/identity` {{(pid=80861) log_request_info /opt/stack/keystone/keystone/server/flask/request_processing/req_logging.py:28}}
May 24 22:29:10.704921 dv-neutron-840146-7-hyperv devstack@keystone.service[80861]: DEBUG keystone.server.flask.request_processing.req_logging [None req-e1f9f16d-5395-47e9-b8ff-d8071802593b None admin] PATH_INFO: `/v3/role_assignments` {{(pid=80861) log_request_info /opt/stack/keystone/keystone/server/flask/request_processing/req_logging.py:29}}
May 24 22:29:10.705982 dv-neutron-840146-7-hyperv devstack@keystone.service[80861]: DEBUG keystone.common.rbac_enforcer.enforcer [None req-e1f9f16d-5395-47e9-b8ff-d8071802593b None admin] RBAC: Adding query filter params (role.id=12b38b7402cc45d7becf9e571212790a, user.id=f01df28d49f74decbd0234ab6eba08a5, scope.system=all) {{(pid=80861) _extract_filter_values /opt/stack/keystone/keystone/common/rbac_enforcer/enforcer.py:167}}
May 24 22:29:10.706401 dv-neutron-840146-7-hyperv devstack@keystone.service[80861]: DEBUG keystone.common.rbac_enforcer.enforcer [None req-e1f9f16d-5395-47e9-b8ff-d8071802593b None admin] RBAC: Authorizing `identity:list_role_assignments()` {{(pid=80861) enforce_call /opt/stack/keystone/keystone/common/rbac_enforcer/enforcer.py:449}}
May 24 22:29:10.707964 dv-neutron-840146-7-hyperv devstack@keystone.service[80861]: DEBUG keystone.common.rbac_enforcer.enforcer [None req-e1f9f16d-5395-47e9-b8ff-d8071802593b None admin] RBAC: Authorization granted {{(pid=80861) enforce_call /opt/stack/keystone/keystone/common/rbac_enforcer/enforcer.py:457}}
May 24 22:29:10.725392 dv-neutron-840146-7-hyperv devstack@keystone.service[80861]: [pid: 80861|app: 0|req: 178/365] 10.222.0.53 () {56 vars in 1308 bytes} [Tue May 24 22:29:10 2022] GET /identity/v3/role_assignments?user.id=f01df28d49f74decbd0234ab6eba08a5&scope.system=all&role.id=12b38b7402cc45d7becf9e571212790a => generated 510 bytes in 206 msecs (HTTP/1.1 200) 5 headers in 177 bytes (1 switches on core 0)
May 24 22:29:10.726232 dv-neutron-840146-7-hyperv devstack@keystone.service[80861]: DEBUG keystone.server.flask.request_processing.middleware.auth_context [None req-e1f9f16d-5395-47e9-b8ff-d8071802593b None admin] Authenticating user token {{(pid=80861) process_request /usr/local/lib/python3.8/dist-packages/keystonemiddleware/auth_token/__init__.py:407}}
May 24 22:29:10.739656 dv-neutron-840146-7-hyperv devstack@keystone.service[80860]: DEBUG dbcounter [-] [80860] Writing DB stats keystone:SELECT=100 {{(pid=80860) stat_writer /usr/local/lib/python3.8/dist-packages/dbcounter.py:114}}
May 24 22:29:10.832419 dv-neutron-840146-7-hyperv devstack@keystone.service[80860]: [pid: 80860|app: 0|req: 188/366] 10.222.0.53 () {58 vars in 1282 bytes} [Tue May 24 22:29:10 2022] GET /identity/v3/auth/tokens => generated 799 bytes in 420 msecs (HTTP/1.1 200) 6 headers in 358 bytes (1 switches on core 0)
May 24 22:29:10.832419 dv-neutron-840146-7-hyperv devstack@keystone.service[80860]: DEBUG keystone.server.flask.request_processing.middleware.auth_context [None req-9b9a41bf-2347-4d34-ab25-5d56bbadc09b None admin] Authenticating user token {{(pid=80860) process_request /usr/local/lib/python3.8/dist-packages/keystonemiddleware/auth_token/__init__.py:407}}
May 24 22:29:10.877841 dv-neutron-840146-7-hyperv devstack@keystone.service[80861]: DEBUG dbcounter [-] [80861] Writing DB stats keystone:SELECT=100 {{(pid=80861) stat_writer /usr/local/lib/python3.8/dist-packages/dbcounter.py:114}}
May 24 22:29:10.897787 dv-neutron-840146-7-hyperv devstack@keystone.service[80861]: DEBUG keystone.server.flask.request_processing.middleware.auth_context [None req-e1f9f16d-5395-47e9-b8ff-d8071802593b None admin] Validating token access rules against request {{(pid=80861) validate_allowed_request /usr/local/lib/python3.8/dist-packages/keystonemiddleware/auth_token/__init__.py:545}}
May 24 22:29:10.944148 dv-neutron-840146-7-hyperv devstack@keystone.service[80861]: DEBUG keystone.server.flask.request_processing.middleware.auth_context [None req-63f765a0-c558-4058-8991-5b6715b094e5 None admin] RBAC: auth_context: {'token': , 'domain_id': None, 'trust_id': None, 'trustor_id': None, 'trustee_id': None, 'domain_name': None, 'group_ids': [], 'user_id': 'de3365e4ab3a49e1bf3f788008bbf37a', 'user_domain_id': 'default', 'system_scope': 'all', 'project_id': None, 'project_domain_id': None, 'roles': ['admin', 'member', 'reader'], 'is_admin_project': True, 'service_user_id': None, 'service_user_domain_id': None, 'service_project_id': None, 'service_project_domain_id': None, 'service_roles': []} {{(pid=80861) fill_context /opt/stack/keystone/keystone/server/flask/request_processing/middleware/auth_context.py:478}}
May 24 22:29:10.944728 dv-neutron-840146-7-hyperv devstack@keystone.service[80861]: DEBUG keystone.server.flask.request_processing.req_logging [None req-63f765a0-c558-4058-8991-5b6715b094e5 None admin] REQUEST_METHOD: `GET` {{(pid=80861) log_request_info /opt/stack/keystone/keystone/server/flask/request_processing/req_logging.py:27}}
May 24 22:29:10.945039 dv-neutron-840146-7-hyperv devstack@keystone.service[80861]: DEBUG keystone.server.flask.request_processing.req_logging [None req-63f765a0-c558-4058-8991-5b6715b094e5 None admin] SCRIPT_NAME: `/identity` {{(pid=80861) log_request_info /opt/stack/keystone/keystone/server/flask/request_processing/req_logging.py:28}}
May 24 22:29:10.945332 dv-neutron-840146-7-hyperv devstack@keystone.service[80861]: DEBUG keystone.server.flask.request_processing.req_logging [None req-63f765a0-c558-4058-8991-5b6715b094e5 None admin] PATH_INFO: `/v3/role_assignments` {{(pid=80861) log_request_info /opt/stack/keystone/keystone/server/flask/request_processing/req_logging.py:29}}
May 24 22:29:10.946143 dv-neutron-840146-7-hyperv devstack@keystone.service[80861]: DEBUG keystone.common.rbac_enforcer.enforcer [None req-63f765a0-c558-4058-8991-5b6715b094e5 None admin] RBAC: Adding query filter params (group.id=cd2500514d0b486e9b01d7fd0e138712, role.id=efbd9f34ba76450a944637b7357bdeee, scope.project.id=0988c02aa2e34353a03c919b429be791) {{(pid=80861) _extract_filter_values /opt/stack/keystone/keystone/common/rbac_enforcer/enforcer.py:167}}
May 24 22:29:10.946455 dv-neutron-840146-7-hyperv devstack@keystone.service[80861]: DEBUG keystone.common.rbac_enforcer.enforcer [None req-63f765a0-c558-4058-8991-5b6715b094e5 None admin] RBAC: Authorizing `identity:list_role_assignments()` {{(pid=80861) enforce_call /opt/stack/keystone/keystone/common/rbac_enforcer/enforcer.py:449}}
May 24 22:29:10.947888 dv-neutron-840146-7-hyperv devstack@keystone.service[80861]: DEBUG keystone.common.rbac_enforcer.enforcer [None req-63f765a0-c558-4058-8991-5b6715b094e5 None admin] RBAC: Authorization granted {{(pid=80861) enforce_call /opt/stack/keystone/keystone/common/rbac_enforcer/enforcer.py:457}}
May 24 22:29:10.957630 dv-neutron-840146-7-hyperv devstack@keystone.service[80861]: [pid: 80861|app: 0|req: 179/367] 10.222.0.53 () {56 vars in 1376 bytes} [Tue May 24 22:29:10 2022] GET /identity/v3/role_assignments?group.id=cd2500514d0b486e9b01d7fd0e138712&scope.project.id=0988c02aa2e34353a03c919b429be791&role.id=efbd9f34ba76450a944637b7357bdeee => generated 260 bytes in 230 msecs (HTTP/1.1 200) 5 headers in 177 bytes (1 switches on core 0)
May 24 22:29:10.957630 dv-neutron-840146-7-hyperv devstack@keystone.service[80861]: DEBUG keystone.server.flask.request_processing.middleware.auth_context [None req-63f765a0-c558-4058-8991-5b6715b094e5 None admin] Authenticating user token {{(pid=80861) process_request /usr/local/lib/python3.8/dist-packages/keystonemiddleware/auth_token/__init__.py:407}}
May 24 22:29:10.957893 dv-neutron-840146-7-hyperv devstack@keystone.service[80860]: DEBUG keystone.server.flask.request_processing.middleware.auth_context [None req-9b9a41bf-2347-4d34-ab25-5d56bbadc09b None admin] Validating token access rules against request {{(pid=80860) validate_allowed_request /usr/local/lib/python3.8/dist-packages/keystonemiddleware/auth_token/__init__.py:545}}
May 24 22:29:10.999497 dv-neutron-840146-7-hyperv devstack@keystone.service[80860]: DEBUG keystone.server.flask.request_processing.middleware.auth_context [None req-adc7363f-197d-4922-b394-e789d67efbe2 None admin] RBAC: auth_context: {'token': , 'domain_id': None, 'trust_id': None, 'trustor_id': None, 'trustee_id': None, 'domain_name': None, 'group_ids': [], 'user_id': 'de3365e4ab3a49e1bf3f788008bbf37a', 'user_domain_id': 'default', 'system_scope': 'all', 'project_id': None, 'project_domain_id': None, 'roles': ['admin', 'member', 'reader'], 'is_admin_project': True, 'service_user_id': None, 'service_user_domain_id': None, 'service_project_id': None, 'service_project_domain_id': None, 'service_roles': []} {{(pid=80860) fill_context /opt/stack/keystone/keystone/server/flask/request_processing/middleware/auth_context.py:478}}
May 24 22:29:11.000599 dv-neutron-840146-7-hyperv devstack@keystone.service[80860]: DEBUG keystone.server.flask.request_processing.req_logging [None req-adc7363f-197d-4922-b394-e789d67efbe2 None admin] REQUEST_METHOD: `GET` {{(pid=80860) log_request_info /opt/stack/keystone/keystone/server/flask/request_processing/req_logging.py:27}}
May 24 22:29:11.000885 dv-neutron-840146-7-hyperv devstack@keystone.service[80860]: DEBUG keystone.server.flask.request_processing.req_logging [None req-adc7363f-197d-4922-b394-e789d67efbe2 None admin] SCRIPT_NAME: `/identity` {{(pid=80860) log_request_info /opt/stack/keystone/keystone/server/flask/request_processing/req_logging.py:28}}
May 24 22:29:11.001192 dv-neutron-840146-7-hyperv devstack@keystone.service[80860]: DEBUG keystone.server.flask.request_processing.req_logging [None req-adc7363f-197d-4922-b394-e789d67efbe2 None admin] PATH_INFO: `/v3/roles/admin` {{(pid=80860) log_request_info /opt/stack/keystone/keystone/server/flask/request_processing/req_logging.py:29}}
May 24 22:29:11.012129 dv-neutron-840146-7-hyperv devstack@keystone.service[80860]: DEBUG dbcounter [-] [80860] Writing DB stats keystone:SELECT=100 {{(pid=80860) stat_writer /usr/local/lib/python3.8/dist-packages/dbcounter.py:114}}
May 24 22:29:11.017472 dv-neutron-840146-7-hyperv devstack@keystone.service[80860]: DEBUG keystone.common.rbac_enforcer.enforcer [None req-adc7363f-197d-4922-b394-e789d67efbe2 None admin] Extracting inferred target data resulted in "NOT FOUND (404)". {{(pid=80860) enforce_call /opt/stack/keystone/keystone/common/rbac_enforcer/enforcer.py:409}}
May 24 22:29:11.028115 dv-neutron-840146-7-hyperv devstack@keystone.service[80860]: ERROR keystone.server.flask.application [None req-adc7363f-197d-4922-b394-e789d67efbe2 None admin] Could not find role: admin.: keystone.exception.RoleNotFound: Could not find role: admin.
May 24 22:29:11.028115 dv-neutron-840146-7-hyperv devstack@keystone.service[80860]: ERROR keystone.server.flask.application
Traceback (most recent call last):
May 24 22:29:11.028115 dv-neutron-840146-7-hyperv devstack@keystone.service[80860]: ERROR keystone.server.flask.application
File "/usr/local/lib/python3.8/dist-packages/flask/app.py", line 1523, in full_dispatch_request
May 24 22:29:11.028115 dv-neutron-840146-7-hyperv devstack@keystone.service[80860]: ERROR keystone.server.flask.application rv = self.dispatch_request()
May 24 22:29:11.028115 dv-neutron-840146-7-hyperv devstack@keystone.service[80860]: ERROR keystone.server.flask.application
File "/usr/local/lib/python3.8/dist-packages/flask/app.py", line 1509, in dispatch_request
May 24 22:29:11.028115 dv-neutron-840146-7-hyperv devstack@keystone.service[80860]: ERROR keystone.server.flask.application return self.ensure_sync(self.view_functions[rule.endpoint])(**req.view_args)
May 24 22:29:11.028115 dv-neutron-840146-7-hyperv devstack@keystone.service[80860]: ERROR keystone.server.flask.application
File "/usr/local/lib/python3.8/dist-packages/flask_restful/__init__.py", line 467, in wrapper
May 24 22:29:11.028115 dv-neutron-840146-7-hyperv devstack@keystone.service[80860]: ERROR keystone.server.flask.application resp = resource(*args, **kwargs)
May 24 22:29:11.028115 dv-neutron-840146-7-hyperv devstack@keystone.service[80860]: ERROR keystone.server.flask.application
File "/usr/local/lib/python3.8/dist-packages/flask/views.py", line 84, in view
May 24 22:29:11.028115 dv-neutron-840146-7-hyperv devstack@keystone.service[80860]: ERROR keystone.server.flask.application return current_app.ensure_sync(self.dispatch_request)(*args, **kwargs)
May 24 22:29:11.028115 dv-neutron-840146-7-hyperv devstack@keystone.service[80860]: ERROR keystone.server.flask.application
File "/usr/local/lib/python3.8/dist-packages/flask_restful/__init__.py", line 582, in dispatch_request
May 24 22:29:11.028115 dv-neutron-840146-7-hyperv devstack@keystone.service[80860]: ERROR keystone.server.flask.application resp = meth(*args, **kwargs)
May 24 22:29:11.028115 dv-neutron-840146-7-hyperv devstack@keystone.service[80860]: ERROR keystone.server.flask.application
File "/opt/stack/keystone/keystone/api/roles.py", line 50, in get
May 24 22:29:11.028115 dv-neutron-840146-7-hyperv devstack@keystone.service[80860]: ERROR keystone.server.flask.application return self._get_role(role_id)
May 24 22:29:11.028115 dv-neutron-840146-7-hyperv devstack@keystone.service[80860]: ERROR keystone.server.flask.application
File "/opt/stack/keystone/keystone/api/roles.py", line 70, in _get_role
May 24 22:29:11.028115 dv-neutron-840146-7-hyperv devstack@keystone.service[80860]: ERROR keystone.server.flask.application ENFORCER.enforce_call(action='identity:get_role')
May 24 22:29:11.036410 dv-neutron-840146-7-hyperv devstack@keystone.service[80860]: ERROR keystone.server.flask.application
File "/opt/stack/keystone/keystone/common/rbac_enforcer/enforcer.py", line 402, in enforce_call
May 24 22:29:11.036410 dv-neutron-840146-7-hyperv devstack@keystone.service[80860]: ERROR keystone.server.flask.application policy_dict.update(cls._extract_member_target_data(
May 24 22:29:11.036410 dv-neutron-840146-7-hyperv devstack@keystone.service[80860]: ERROR keystone.server.flask.application
File "/opt/stack/keystone/keystone/common/rbac_enforcer/enforcer.py", line 234, in _extract_member_target_data
May 24 22:29:11.036410 dv-neutron-840146-7-hyperv devstack@keystone.service[80860]: ERROR keystone.server.flask.application member_name: func(flask.request.view_args[key])
May 24 22:29:11.036410 dv-neutron-840146-7-hyperv devstack@keystone.service[80860]: ERROR keystone.server.flask.application
File "/opt/stack/keystone/keystone/common/manager.py", line 115, in wrapped
May 24 22:29:11.036410 dv-neutron-840146-7-hyperv devstack@keystone.service[80860]: ERROR keystone.server.flask.application __ret_val = __f(*args, **kwargs)
May 24 22:29:11.036410 dv-neutron-840146-7-hyperv devstack@keystone.service[80860]: ERROR keystone.server.flask.application
File "/usr/local/lib/python3.8/dist-packages/decorator.py", line 232, in fun
May 24 22:29:11.036410 dv-neutron-840146-7-hyperv devstack@keystone.service[80860]: ERROR keystone.server.flask.application return caller(func, *(extras + args), **kw)
May 24 22:29:11.036410 dv-neutron-840146-7-hyperv devstack@keystone.service[80860]: ERROR keystone.server.flask.application
File "/usr/local/lib/python3.8/dist-packages/dogpile/cache/region.py", line 1577, in get_or_create_for_user_func
May 24 22:29:11.036410 dv-neutron-840146-7-hyperv devstack@keystone.service[80860]: ERROR keystone.server.flask.application return self.get_or_create(
May 24 22:29:11.036410 dv-neutron-840146-7-hyperv devstack@keystone.service[80860]: ERROR keystone.server.flask.application
File "/usr/local/lib/python3.8/dist-packages/dogpile/cache/region.py", line 1042, in get_or_create
May 24 22:29:11.036410 dv-neutron-840146-7-hyperv devstack@keystone.service[80860]: ERROR keystone.server.flask.application with Lock(
May 24 22:29:11.036410 dv-neutron-840146-7-hyperv devstack@keystone.service[80860]: ERROR keystone.server.flask.application
File "/usr/local/lib/python3.8/dist-packages/dogpile/lock.py", line 185, in __enter__
May 24 22:29:11.036410 dv-neutron-840146-7-hyperv devstack@keystone.service[80860]: ERROR keystone.server.flask.application return self._enter()
May 24 22:29:11.036410 dv-neutron-840146-7-hyperv devstack@keystone.service[80860]: ERROR keystone.server.flask.application
File "/usr/local/lib/python3.8/dist-packages/dogpile/lock.py", line 94, in _enter
May 24 22:29:11.036410 dv-neutron-840146-7-hyperv devstack@keystone.service[80860]: ERROR keystone.server.flask.application generated = self._enter_create(value, createdtime)
May 24 22:29:11.037409 dv-neutron-840146-7-hyperv devstack@keystone.service[80860]: ERROR keystone.server.flask.application
File "/usr/local/lib/python3.8/dist-packages/dogpile/lock.py", line 178, in _enter_create
May 24 22:29:11.037409 dv-neutron-840146-7-hyperv devstack@keystone.service[80860]: ERROR keystone.server.flask.application return self.creator()
May 24 22:29:11.037409 dv-neutron-840146-7-hyperv devstack@keystone.service[80860]: ERROR keystone.server.flask.application
File "/usr/local/lib/python3.8/dist-packages/dogpile/cache/region.py", line 995, in gen_value
May 24 22:29:11.037409 dv-neutron-840146-7-hyperv devstack@keystone.service[80860]: ERROR keystone.server.flask.application created_value = creator(
May 24 22:29:11.037409 dv-neutron-840146-7-hyperv devstack@keystone.service[80860]: ERROR keystone.server.flask.application
File "/opt/stack/keystone/keystone/assignment/core.py", line 1276, in get_role
May 24 22:29:11.037409 dv-neutron-840146-7-hyperv devstack@keystone.service[80860]: ERROR keystone.server.flask.application return self.driver.get_role(role_id)
May 24 22:29:11.037409 dv-neutron-840146-7-hyperv devstack@keystone.service[80860]: ERROR keystone.server.flask.application
File "/opt/stack/keystone/keystone/assignment/role_backends/sql.py", line 70, in get_role
May 24 22:29:11.037409 dv-neutron-840146-7-hyperv devstack@keystone.service[80860]: ERROR keystone.server.flask.application return self._get_role(session, role_id).to_dict()
May 24 22:29:11.037409 dv-neutron-840146-7-hyperv devstack@keystone.service[80860]: ERROR keystone.server.flask.application
File "/opt/stack/keystone/keystone/assignment/role_backends/sql.py", line 65, in _get_role
May 24 22:29:11.037409 dv-neutron-840146-7-hyperv devstack@keystone.service[80860]: ERROR keystone.server.flask.application raise exception.RoleNotFound(role_id=role_id)
May 24 22:29:11.037409 dv-neutron-840146-7-hyperv devstack@keystone.service[80860]: ERROR keystone.server.flask.application keystone.exception.RoleNotFound: Could not find role: admin.
May 24 22:29:11.037409 dv-neutron-840146-7-hyperv devstack@keystone.service[80860]: ERROR keystone.server.flask.application
May 24 22:29:11.037409 dv-neutron-840146-7-hyperv devstack@keystone.service[80860]: [pid: 80860|app: 0|req: 189/368] 10.222.0.53 () {56 vars in 1096 bytes} [Tue May 24 22:29:10 2022] GET /identity/v3/roles/admin => generated 83 bytes in 201 msecs (HTTP/1.1 404) 5 headers in 183 bytes (1 switches on core 0)
May 24 22:29:11.037409 dv-neutron-840146-7-hyperv devstack@keystone.service[80860]: DEBUG keystone.server.flask.request_processing.middleware.auth_context [None req-adc7363f-197d-4922-b394-e789d67efbe2 None admin] Authenticating user token {{(pid=80860) process_request /usr/local/lib/python3.8/dist-packages/keystonemiddleware/auth_token/__init__.py:407}}
May 24 22:29:11.101150 dv-neutron-840146-7-hyperv devstack@keystone.service[80861]: DEBUG keystone.server.flask.request_processing.middleware.auth_context [None req-63f765a0-c558-4058-8991-5b6715b094e5 None admin] Validating token access rules against request {{(pid=80861) validate_allowed_request /usr/local/lib/python3.8/dist-packages/keystonemiddleware/auth_token/__init__.py:545}}
May 24 22:29:11.145533 dv-neutron-840146-7-hyperv devstack@keystone.service[80861]: DEBUG keystone.server.flask.request_processing.middleware.auth_context [None req-9f4ba12f-5b82-486f-9dc8-8decf8ab4688 None admin] RBAC: auth_context: {'token': , 'domain_id': None, 'trust_id': None, 'trustor_id': None, 'trustee_id': None, 'domain_name': None, 'group_ids': [], 'user_id': 'de3365e4ab3a49e1bf3f788008bbf37a', 'user_domain_id': 'default', 'system_scope': 'all', 'project_id': None, 'project_domain_id': None, 'roles': ['admin', 'member', 'reader'], 'is_admin_project': True, 'service_user_id': None, 'service_user_domain_id': None, 'service_project_id': None, 'service_project_domain_id': None, 'service_roles': []} {{(pid=80861) fill_context /opt/stack/keystone/keystone/server/flask/request_processing/middleware/auth_context.py:478}}
May 24 22:29:11.146444 dv-neutron-840146-7-hyperv devstack@keystone.service[80861]: DEBUG keystone.server.flask.request_processing.req_logging [None req-9f4ba12f-5b82-486f-9dc8-8decf8ab4688 None admin] REQUEST_METHOD: `GET` {{(pid=80861) log_request_info /opt/stack/keystone/keystone/server/flask/request_processing/req_logging.py:27}}
May 24 22:29:11.146829 dv-neutron-840146-7-hyperv devstack@keystone.service[80861]: DEBUG keystone.server.flask.request_processing.req_logging [None req-9f4ba12f-5b82-486f-9dc8-8decf8ab4688 None admin] SCRIPT_NAME: `/identity` {{(pid=80861) log_request_info /opt/stack/keystone/keystone/server/flask/request_processing/req_logging.py:28}}
May 24 22:29:11.147208 dv-neutron-840146-7-hyperv devstack@keystone.service[80861]: DEBUG keystone.server.flask.request_processing.req_logging [None req-9f4ba12f-5b82-486f-9dc8-8decf8ab4688 None admin] PATH_INFO: `/v3/auth/tokens` {{(pid=80861) log_request_info /opt/stack/keystone/keystone/server/flask/request_processing/req_logging.py:29}}
May 24 22:29:11.158973 dv-neutron-840146-7-hyperv devstack@keystone.service[80860]: DEBUG keystone.server.flask.request_processing.middleware.auth_context [None req-adc7363f-197d-4922-b394-e789d67efbe2 None admin] Validating token access rules against request {{(pid=80860) validate_allowed_request /usr/local/lib/python3.8/dist-packages/keystonemiddleware/auth_token/__init__.py:545}}
May 24 22:29:11.172875 dv-neutron-840146-7-hyperv devstack@keystone.service[80861]: DEBUG dbcounter [-] [80861] Writing DB stats keystone:SELECT=100 {{(pid=80861) stat_writer /usr/local/lib/python3.8/dist-packages/dbcounter.py:114}}
May 24 22:29:11.198954 dv-neutron-840146-7-hyperv devstack@keystone.service[80860]: DEBUG keystone.server.flask.request_processing.middleware.auth_context [None req-0dcf665f-eef2-45b2-a918-ecf767ae0fe0 None admin] RBAC: auth_context: {'token': , 'domain_id': None, 'trust_id': None, 'trustor_id': None, 'trustee_id': None, 'domain_name': None, 'group_ids': [], 'user_id': 'de3365e4ab3a49e1bf3f788008bbf37a', 'user_domain_id': 'default', 'system_scope': 'all', 'project_id': None, 'project_domain_id': None, 'roles': ['admin', 'member', 'reader'], 'is_admin_project': True, 'service_user_id': None, 'service_user_domain_id': None, 'service_project_id': None, 'service_project_domain_id': None, 'service_roles': []} {{(pid=80860) fill_context /opt/stack/keystone/keystone/server/flask/request_processing/middleware/auth_context.py:478}}
May 24 22:29:11.200005 dv-neutron-840146-7-hyperv devstack@keystone.service[80860]: DEBUG keystone.server.flask.request_processing.req_logging [None req-0dcf665f-eef2-45b2-a918-ecf767ae0fe0 None admin] REQUEST_METHOD: `GET` {{(pid=80860) log_request_info /opt/stack/keystone/keystone/server/flask/request_processing/req_logging.py:27}}
May 24 22:29:11.200466 dv-neutron-840146-7-hyperv devstack@keystone.service[80860]: DEBUG keystone.server.flask.request_processing.req_logging [None req-0dcf665f-eef2-45b2-a918-ecf767ae0fe0 None admin] SCRIPT_NAME: `/identity` {{(pid=80860) log_request_info /opt/stack/keystone/keystone/server/flask/request_processing/req_logging.py:28}}
May 24 22:29:11.200838 dv-neutron-840146-7-hyperv devstack@keystone.service[80860]: DEBUG keystone.server.flask.request_processing.req_logging [None req-0dcf665f-eef2-45b2-a918-ecf767ae0fe0 None admin] PATH_INFO: `/v3/projects/85827af25fb04c06be1ba07fc589235c` {{(pid=80860) log_request_info /opt/stack/keystone/keystone/server/flask/request_processing/req_logging.py:29}}
May 24 22:29:11.202729 dv-neutron-840146-7-hyperv devstack@keystone.service[80860]: DEBUG keystone.common.rbac_enforcer.enforcer [None req-0dcf665f-eef2-45b2-a918-ecf767ae0fe0 None admin] RBAC: Authorizing `identity:get_project(project_id=85827af25fb04c06be1ba07fc589235c)` {{(pid=80860) enforce_call /opt/stack/keystone/keystone/common/rbac_enforcer/enforcer.py:449}}
May 24 22:29:11.203738 dv-neutron-840146-7-hyperv devstack@keystone.service[80860]: DEBUG keystone.common.rbac_enforcer.enforcer [None req-0dcf665f-eef2-45b2-a918-ecf767ae0fe0 None admin] RBAC: Authorization granted {{(pid=80860) enforce_call /opt/stack/keystone/keystone/common/rbac_enforcer/enforcer.py:457}}
May 24 22:29:11.205773 dv-neutron-840146-7-hyperv devstack@keystone.service[80860]: [pid: 80860|app: 0|req: 190/369] 10.222.0.53 () {56 vars in 1186 bytes} [Tue May 24 22:29:11 2022] GET /identity/v3/projects/85827af25fb04c06be1ba07fc589235c => generated 302 bytes in 175 msecs (HTTP/1.1 200) 5 headers in 177 bytes (1 switches on core 0)
May 24 22:29:11.209840 dv-neutron-840146-7-hyperv devstack@keystone.service[80860]: DEBUG keystone.server.flask.request_processing.middleware.auth_context [None req-0dcf665f-eef2-45b2-a918-ecf767ae0fe0 None admin] Authenticating user token {{(pid=80860) process_request /usr/local/lib/python3.8/dist-packages/keystonemiddleware/auth_token/__init__.py:407}}
May 24 22:29:11.240073 dv-neutron-840146-7-hyperv devstack@keystone.service[80861]: DEBUG keystone.common.rbac_enforcer.enforcer [None req-9f4ba12f-5b82-486f-9dc8-8decf8ab4688 None admin] RBAC: Authorizing `identity:validate_token()` {{(pid=80861) enforce_call /opt/stack/keystone/keystone/common/rbac_enforcer/enforcer.py:449}}
May 24 22:29:11.242715 dv-neutron-840146-7-hyperv devstack@keystone.service[80861]: DEBUG keystone.common.rbac_enforcer.enforcer [None req-9f4ba12f-5b82-486f-9dc8-8decf8ab4688 None admin] RBAC: Authorization granted {{(pid=80861) enforce_call /opt/stack/keystone/keystone/common/rbac_enforcer/enforcer.py:457}}
May 24 22:29:11.289323 dv-neutron-840146-7-hyperv devstack@keystone.service[80860]: DEBUG dbcounter [-] [80860] Writing DB stats keystone:SELECT=100 {{(pid=80860) stat_writer /usr/local/lib/python3.8/dist-packages/dbcounter.py:114}}
May 24 22:29:11.336587 dv-neutron-840146-7-hyperv devstack@keystone.service[80860]: DEBUG keystone.server.flask.request_processing.middleware.auth_context [None req-0dcf665f-eef2-45b2-a918-ecf767ae0fe0 None admin] Validating token access rules against request {{(pid=80860) validate_allowed_request /usr/local/lib/python3.8/dist-packages/keystonemiddleware/auth_token/__init__.py:545}}
May 24 22:29:11.374581 dv-neutron-840146-7-hyperv devstack@keystone.service[80861]: [pid: 80861|app: 0|req: 180/370] 10.222.0.53 () {58 vars in 1282 bytes} [Tue May 24 22:29:10 2022] GET /identity/v3/auth/tokens => generated 799 bytes in 418 msecs (HTTP/1.1 200) 6 headers in 358 bytes (1 switches on core 0)
May 24 22:29:11.376232 dv-neutron-840146-7-hyperv devstack@keystone.service[80861]: DEBUG keystone.server.flask.request_processing.middleware.auth_context [None req-9f4ba12f-5b82-486f-9dc8-8decf8ab4688 None admin] Authenticating user token {{(pid=80861) process_request /usr/local/lib/python3.8/dist-packages/keystonemiddleware/auth_token/__init__.py:407}}
May 24 22:29:11.386529 dv-neutron-840146-7-hyperv devstack@keystone.service[80860]: DEBUG keystone.server.flask.request_processing.middleware.auth_context [None req-811d3dbe-4983-4605-8085-859201e312e4 None admin] RBAC: auth_context: {'token': , 'domain_id': None, 'trust_id': None, 'trustor_id': None, 'trustee_id': None, 'domain_name': None, 'group_ids': [], 'user_id': 'de3365e4ab3a49e1bf3f788008bbf37a', 'user_domain_id': 'default', 'system_scope': 'all', 'project_id': None, 'project_domain_id': None, 'roles': ['admin', 'member', 'reader'], 'is_admin_project': True, 'service_user_id': None, 'service_user_domain_id': None, 'service_project_id': None, 'service_project_domain_id': None, 'service_roles': []} {{(pid=80860) fill_context /opt/stack/keystone/keystone/server/flask/request_processing/middleware/auth_context.py:478}}
May 24 22:29:11.387994 dv-neutron-840146-7-hyperv devstack@keystone.service[80860]: DEBUG keystone.server.flask.request_processing.req_logging [None req-811d3dbe-4983-4605-8085-859201e312e4 None admin] REQUEST_METHOD: `GET` {{(pid=80860) log_request_info /opt/stack/keystone/keystone/server/flask/request_processing/req_logging.py:27}}
May 24 22:29:11.388369 dv-neutron-840146-7-hyperv devstack@keystone.service[80860]: DEBUG keystone.server.flask.request_processing.req_logging [None req-811d3dbe-4983-4605-8085-859201e312e4 None admin] SCRIPT_NAME: `/identity` {{(pid=80860) log_request_info /opt/stack/keystone/keystone/server/flask/request_processing/req_logging.py:28}}
May 24 22:29:11.388794 dv-neutron-840146-7-hyperv devstack@keystone.service[80860]: DEBUG keystone.server.flask.request_processing.req_logging [None req-811d3dbe-4983-4605-8085-859201e312e4 None admin] PATH_INFO: `/v3/roles` {{(pid=80860) log_request_info /opt/stack/keystone/keystone/server/flask/request_processing/req_logging.py:29}}
May 24 22:29:11.392370 dv-neutron-840146-7-hyperv devstack@keystone.service[80860]: DEBUG keystone.common.rbac_enforcer.enforcer [None req-811d3dbe-4983-4605-8085-859201e312e4 None admin] RBAC: Adding query filter params (name=admin) {{(pid=80860) _extract_filter_values /opt/stack/keystone/keystone/common/rbac_enforcer/enforcer.py:167}}
May 24 22:29:11.392370 dv-neutron-840146-7-hyperv devstack@keystone.service[80860]: DEBUG keystone.common.rbac_enforcer.enforcer [None req-811d3dbe-4983-4605-8085-859201e312e4 None admin] RBAC: Authorizing `identity:list_roles()` {{(pid=80860) enforce_call /opt/stack/keystone/keystone/common/rbac_enforcer/enforcer.py:449}}
May 24 22:29:11.392370 dv-neutron-840146-7-hyperv devstack@keystone.service[80860]: DEBUG keystone.common.rbac_enforcer.enforcer [None req-811d3dbe-4983-4605-8085-859201e312e4 None admin] RBAC: Authorization granted {{(pid=80860) enforce_call /opt/stack/keystone/keystone/common/rbac_enforcer/enforcer.py:457}}
May 24 22:29:11.404353 dv-neutron-840146-7-hyperv devstack@keystone.service[80860]: [pid: 80860|app: 0|req: 191/371] 10.222.0.53 () {56 vars in 1099 bytes} [Tue May 24 22:29:11 2022] GET /identity/v3/roles?name=admin => generated 339 bytes in 198 msecs (HTTP/1.1 200) 5 headers in 177 bytes (1 switches on core 0)
May 24 22:29:11.409029 dv-neutron-840146-7-hyperv devstack@keystone.service[80860]: DEBUG keystone.server.flask.request_processing.middleware.auth_context [None req-811d3dbe-4983-4605-8085-859201e312e4 None admin] Authenticating user token {{(pid=80860) process_request /usr/local/lib/python3.8/dist-packages/keystonemiddleware/auth_token/__init__.py:407}}
May 24 22:29:11.454417 dv-neutron-840146-7-hyperv devstack@keystone.service[80861]: DEBUG dbcounter [-] [80861] Writing DB stats keystone:SELECT=100 {{(pid=80861) stat_writer /usr/local/lib/python3.8/dist-packages/dbcounter.py:114}}
May 24 22:29:11.508655 dv-neutron-840146-7-hyperv devstack@keystone.service[80861]: DEBUG keystone.server.flask.request_processing.middleware.auth_context [None req-9f4ba12f-5b82-486f-9dc8-8decf8ab4688 None admin] Validating token access rules against request {{(pid=80861) validate_allowed_request /usr/local/lib/python3.8/dist-packages/keystonemiddleware/auth_token/__init__.py:545}}
May 24 22:29:11.528931 dv-neutron-840146-7-hyperv devstack@keystone.service[80860]: DEBUG keystone.server.flask.request_processing.middleware.auth_context [None req-811d3dbe-4983-4605-8085-859201e312e4 None admin] Validating token access rules against request {{(pid=80860) validate_allowed_request /usr/local/lib/python3.8/dist-packages/keystonemiddleware/auth_token/__init__.py:545}}
May 24 22:29:11.544727 dv-neutron-840146-7-hyperv devstack@keystone.service[80861]: DEBUG keystone.server.flask.request_processing.middleware.auth_context [None req-5c442e31-a1f1-4167-8f21-248b770404d9 None admin] RBAC: auth_context: {'token': , 'domain_id': None, 'trust_id': None, 'trustor_id': None, 'trustee_id': None, 'domain_name': None, 'group_ids': [], 'user_id': 'de3365e4ab3a49e1bf3f788008bbf37a', 'user_domain_id': 'default', 'system_scope': 'all', 'project_id': None, 'project_domain_id': None, 'roles': ['admin', 'member', 'reader'], 'is_admin_project': True, 'service_user_id': None, 'service_user_domain_id': None, 'service_project_id': None, 'service_project_domain_id': None, 'service_roles': []} {{(pid=80861) fill_context /opt/stack/keystone/keystone/server/flask/request_processing/middleware/auth_context.py:478}}
May 24 22:29:11.545839 dv-neutron-840146-7-hyperv devstack@keystone.service[80861]: DEBUG keystone.server.flask.request_processing.req_logging [None req-5c442e31-a1f1-4167-8f21-248b770404d9 None admin] REQUEST_METHOD: `GET` {{(pid=80861) log_request_info /opt/stack/keystone/keystone/server/flask/request_processing/req_logging.py:27}}
May 24 22:29:11.545996 dv-neutron-840146-7-hyperv devstack@keystone.service[80861]: DEBUG keystone.server.flask.request_processing.req_logging [None req-5c442e31-a1f1-4167-8f21-248b770404d9 None admin] SCRIPT_NAME: `/identity` {{(pid=80861) log_request_info /opt/stack/keystone/keystone/server/flask/request_processing/req_logging.py:28}}
May 24 22:29:11.546182 dv-neutron-840146-7-hyperv devstack@keystone.service[80861]: DEBUG keystone.server.flask.request_processing.req_logging [None req-5c442e31-a1f1-4167-8f21-248b770404d9 None admin] PATH_INFO: `/v3/groups/cd2500514d0b486e9b01d7fd0e138712` {{(pid=80861) log_request_info /opt/stack/keystone/keystone/server/flask/request_processing/req_logging.py:29}}
May 24 22:29:11.547367 dv-neutron-840146-7-hyperv devstack@keystone.service[80861]: DEBUG keystone.common.rbac_enforcer.enforcer [None req-5c442e31-a1f1-4167-8f21-248b770404d9 None admin] RBAC: Authorizing `identity:get_group(group_id=cd2500514d0b486e9b01d7fd0e138712)` {{(pid=80861) enforce_call /opt/stack/keystone/keystone/common/rbac_enforcer/enforcer.py:449}}
May 24 22:29:11.548810 dv-neutron-840146-7-hyperv devstack@keystone.service[80861]: DEBUG keystone.common.rbac_enforcer.enforcer [None req-5c442e31-a1f1-4167-8f21-248b770404d9 None admin] RBAC: Authorization granted {{(pid=80861) enforce_call /opt/stack/keystone/keystone/common/rbac_enforcer/enforcer.py:457}}
May 24 22:29:11.550955 dv-neutron-840146-7-hyperv devstack@keystone.service[80861]: [pid: 80861|app: 0|req: 181/372] 10.222.0.53 () {56 vars in 1180 bytes} [Tue May 24 22:29:11 2022] GET /identity/v3/groups/cd2500514d0b486e9b01d7fd0e138712 => generated 226 bytes in 175 msecs (HTTP/1.1 200) 5 headers in 177 bytes (1 switches on core 0)
May 24 22:29:11.551807 dv-neutron-840146-7-hyperv devstack@keystone.service[80861]: DEBUG keystone.server.flask.request_processing.middleware.auth_context [None req-5c442e31-a1f1-4167-8f21-248b770404d9 None admin] Authenticating user token {{(pid=80861) process_request /usr/local/lib/python3.8/dist-packages/keystonemiddleware/auth_token/__init__.py:407}}
May 24 22:29:11.564142 dv-neutron-840146-7-hyperv devstack@keystone.service[80860]: DEBUG dbcounter [-] [80860] Writing DB stats keystone:SELECT=100 {{(pid=80860) stat_writer /usr/local/lib/python3.8/dist-packages/dbcounter.py:114}}
May 24 22:29:11.575746 dv-neutron-840146-7-hyperv devstack@keystone.service[80860]: DEBUG keystone.server.flask.request_processing.middleware.auth_context [None req-1f8fae4a-0457-4cf9-b97e-52eb911243ab None admin] RBAC: auth_context: {'token': , 'domain_id': None, 'trust_id': None, 'trustor_id': None, 'trustee_id': None, 'domain_name': None, 'group_ids': [], 'user_id': 'de3365e4ab3a49e1bf3f788008bbf37a', 'user_domain_id': 'default', 'system_scope': 'all', 'project_id': None, 'project_domain_id': None, 'roles': ['admin', 'member', 'reader'], 'is_admin_project': True, 'service_user_id': None, 'service_user_domain_id': None, 'service_project_id': None, 'service_project_domain_id': None, 'service_roles': []} {{(pid=80860) fill_context /opt/stack/keystone/keystone/server/flask/request_processing/middleware/auth_context.py:478}}
May 24 22:29:11.576628 dv-neutron-840146-7-hyperv devstack@keystone.service[80860]: DEBUG keystone.server.flask.request_processing.req_logging [None req-1f8fae4a-0457-4cf9-b97e-52eb911243ab None admin] REQUEST_METHOD: `GET` {{(pid=80860) log_request_info /opt/stack/keystone/keystone/server/flask/request_processing/req_logging.py:27}}
May 24 22:29:11.576908 dv-neutron-840146-7-hyperv devstack@keystone.service[80860]: DEBUG keystone.server.flask.request_processing.req_logging [None req-1f8fae4a-0457-4cf9-b97e-52eb911243ab None admin] SCRIPT_NAME: `/identity` {{(pid=80860) log_request_info /opt/stack/keystone/keystone/server/flask/request_processing/req_logging.py:28}}
May 24 22:29:11.577226 dv-neutron-840146-7-hyperv devstack@keystone.service[80860]: DEBUG keystone.server.flask.request_processing.req_logging [None req-1f8fae4a-0457-4cf9-b97e-52eb911243ab None admin] PATH_INFO: `/v3/projects/85827af25fb04c06be1ba07fc589235c` {{(pid=80860) log_request_info /opt/stack/keystone/keystone/server/flask/request_processing/req_logging.py:29}}
May 24 22:29:11.578462 dv-neutron-840146-7-hyperv devstack@keystone.service[80860]: DEBUG keystone.common.rbac_enforcer.enforcer [None req-1f8fae4a-0457-4cf9-b97e-52eb911243ab None admin] RBAC: Authorizing `identity:get_project(project_id=85827af25fb04c06be1ba07fc589235c)` {{(pid=80860) enforce_call /opt/stack/keystone/keystone/common/rbac_enforcer/enforcer.py:449}}
May 24 22:29:11.579916 dv-neutron-840146-7-hyperv devstack@keystone.service[80860]: DEBUG keystone.common.rbac_enforcer.enforcer [None req-1f8fae4a-0457-4cf9-b97e-52eb911243ab None admin] RBAC: Authorization granted {{(pid=80860) enforce_call /opt/stack/keystone/keystone/common/rbac_enforcer/enforcer.py:457}}
May 24 22:29:11.583760 dv-neutron-840146-7-hyperv devstack@keystone.service[80860]: [pid: 80860|app: 0|req: 192/373] 10.222.0.53 () {56 vars in 1186 bytes} [Tue May 24 22:29:11 2022] GET /identity/v3/projects/85827af25fb04c06be1ba07fc589235c => generated 302 bytes in 177 msecs (HTTP/1.1 200) 5 headers in 177 bytes (1 switches on core 0)
May 24 22:29:11.583760 dv-neutron-840146-7-hyperv devstack@keystone.service[80860]: DEBUG keystone.server.flask.request_processing.middleware.auth_context [None req-1f8fae4a-0457-4cf9-b97e-52eb911243ab None admin] Authenticating user token {{(pid=80860) process_request /usr/local/lib/python3.8/dist-packages/keystonemiddleware/auth_token/__init__.py:407}}
May 24 22:29:11.703709 dv-neutron-840146-7-hyperv devstack@keystone.service[80861]: DEBUG keystone.server.flask.request_processing.middleware.auth_context [None req-5c442e31-a1f1-4167-8f21-248b770404d9 None admin] Validating token access rules against request {{(pid=80861) validate_allowed_request /usr/local/lib/python3.8/dist-packages/keystonemiddleware/auth_token/__init__.py:545}}
May 24 22:29:11.711652 dv-neutron-840146-7-hyperv devstack@keystone.service[80860]: DEBUG keystone.server.flask.request_processing.middleware.auth_context [None req-1f8fae4a-0457-4cf9-b97e-52eb911243ab None admin] Validating token access rules against request {{(pid=80860) validate_allowed_request /usr/local/lib/python3.8/dist-packages/keystonemiddleware/auth_token/__init__.py:545}}
May 24 22:29:11.727740 dv-neutron-840146-7-hyperv devstack@keystone.service[80861]: DEBUG dbcounter [-] [80861] Writing DB stats keystone:SELECT=100 {{(pid=80861) stat_writer /usr/local/lib/python3.8/dist-packages/dbcounter.py:114}}
May 24 22:29:11.745974 dv-neutron-840146-7-hyperv devstack@keystone.service[80861]: DEBUG keystone.server.flask.request_processing.middleware.auth_context [None req-39c3ac18-bf07-4d4f-9681-5b18a4f00f3e None admin] RBAC: auth_context: {'token': , 'domain_id': None, 'trust_id': None, 'trustor_id': None, 'trustee_id': None, 'domain_name': None, 'group_ids': [], 'user_id': 'de3365e4ab3a49e1bf3f788008bbf37a', 'user_domain_id': 'default', 'system_scope': 'all', 'project_id': None, 'project_domain_id': None, 'roles': ['admin', 'member', 'reader'], 'is_admin_project': True, 'service_user_id': None, 'service_user_domain_id': None, 'service_project_id': None, 'service_project_domain_id': None, 'service_roles': []} {{(pid=80861) fill_context /opt/stack/keystone/keystone/server/flask/request_processing/middleware/auth_context.py:478}}
May 24 22:29:11.747192 dv-neutron-840146-7-hyperv devstack@keystone.service[80861]: DEBUG keystone.server.flask.request_processing.req_logging [None req-39c3ac18-bf07-4d4f-9681-5b18a4f00f3e None admin] REQUEST_METHOD: `GET` {{(pid=80861) log_request_info /opt/stack/keystone/keystone/server/flask/request_processing/req_logging.py:27}}
May 24 22:29:11.747584 dv-neutron-840146-7-hyperv devstack@keystone.service[80861]: DEBUG keystone.server.flask.request_processing.req_logging [None req-39c3ac18-bf07-4d4f-9681-5b18a4f00f3e None admin] SCRIPT_NAME: `/identity` {{(pid=80861) log_request_info /opt/stack/keystone/keystone/server/flask/request_processing/req_logging.py:28}}
May 24 22:29:11.748085 dv-neutron-840146-7-hyperv devstack@keystone.service[80861]: DEBUG keystone.server.flask.request_processing.req_logging [None req-39c3ac18-bf07-4d4f-9681-5b18a4f00f3e None admin] PATH_INFO: `/v3/auth/tokens` {{(pid=80861) log_request_info /opt/stack/keystone/keystone/server/flask/request_processing/req_logging.py:29}}
