May 02 03:33:30.622753 dv-neutron-840146-1-hyperv neutron-server[104617]: base_url = self.get_endpoint(auth, allow=allow,
May 02 03:33:30.622753 dv-neutron-840146-1-hyperv neutron-server[104617]: File "/usr/local/lib/python3.8/dist-packages/keystoneauth1/session.py", line 1241, in get_endpoint
May 02 03:33:30.622753 dv-neutron-840146-1-hyperv neutron-server[104617]: auth = self._auth_required(auth, 'determine endpoint URL')
May 02 03:33:30.622753 dv-neutron-840146-1-hyperv neutron-server[104617]: File "/usr/local/lib/python3.8/dist-packages/keystoneauth1/session.py", line 1181, in _auth_required
May 02 03:33:30.622753 dv-neutron-840146-1-hyperv neutron-server[104617]: raise exceptions.MissingAuthPlugin(msg_fmt % msg)
May 02 03:33:30.622753 dv-neutron-840146-1-hyperv neutron-server[104617]: keystoneauth1.exceptions.auth_plugins.MissingAuthPlugin: An auth plugin is required to determine endpoint URL
May 02 03:33:30.653850 dv-neutron-840146-1-hyperv neutron-server[104618]: DEBUG neutron_lib.callbacks.manager [None req-2d5dd40f-5eac-4da0-bf24-62d0e5b21e56 tempest-RoutersAdminNegativeIpV6Test-901858433 tempest-RoutersAdminNegativeIpV6Test-901858433-project-admin] Publish callbacks ['neutron.plugins.ml2.plugin.SecurityGroupServerNotifierRpcMixin._notify_sg_on_port_change-4048944', 'neutron.plugins.ml2.ovo_rpc._ObjectChangeHandler.handle_event-152291', 'neutron.api.rpc.agentnotifiers.dhcp_rpc_agent_api.DhcpAgentNotifyAPI._native_event_send_dhcp_notification-550441', 'neutron.db.l3_dvrscheduler_db._notify_l3_agent_new_port-8734714860957', 'neutron.services.segments.plugin.NovaSegmentNotifier._notify_port_created_or_deleted-12244844'] for port (2db81d16-4a49-48fd-9606-98ec12813137), after_create {{(pid=104618) _notify_loop /usr/local/lib/python3.8/dist-packages/neutron_lib/callbacks/manager.py:176}}
May 02 03:33:30.677614 dv-neutron-840146-1-hyperv neutron-server[104617]: DEBUG neutron_lib.callbacks.manager [None req-943b5642-c470-4d58-92e8-c24a5b6b87cf tempest-RoutersIpV6AdminTest-556444956 tempest-RoutersIpV6AdminTest-556444956-project-admin] Publish callbacks ['neutron.services.l3_router.l3_router_plugin.L3_HA_NAT_db_mixin._release_router_vr_id-1014894', 'neutron.services.l3_router.service_providers.driver_controller.DriverController._clear_router_provider-368'] for router (dd7c55af-e876-42ae-81bb-e64b98c1dfda), precommit_delete {{(pid=104617) _notify_loop /usr/local/lib/python3.8/dist-packages/neutron_lib/callbacks/manager.py:176}}
May 02 03:33:30.688639 dv-neutron-840146-1-hyperv neutron-server[104617]: DEBUG neutron_lib.callbacks.manager [None req-943b5642-c470-4d58-92e8-c24a5b6b87cf tempest-RoutersIpV6AdminTest-556444956 tempest-RoutersIpV6AdminTest-556444956-project-admin] Publish callbacks [] for router_controller (dd7c55af-e876-42ae-81bb-e64b98c1dfda), precommit_delete_associations {{(pid=104617) _notify_loop /usr/local/lib/python3.8/dist-packages/neutron_lib/callbacks/manager.py:176}}
May 02 03:33:30.732904 dv-neutron-840146-1-hyperv neutron-server[104617]: DEBUG neutron.api.rpc.handlers.resources_rpc [None req-5f981708-7eea-4191-8e4a-b394a8bca871 tempest-ServerActionsTestJSON-1558922522 tempest-ServerActionsTestJSON-1558922522-project] Pushing event updated for resources: {'SecurityGroupRule': ['ID=317a401e-34fc-4105-852d-2abf55059371,revision_number=0']} {{(pid=104617) push /opt/stack/neutron/neutron/api/rpc/handlers/resources_rpc.py:237}}
May 02 03:33:30.754601 dv-neutron-840146-1-hyperv neutron-server[104618]: DEBUG neutron.scheduler.dhcp_agent_scheduler [None req-2d5dd40f-5eac-4da0-bf24-62d0e5b21e56 tempest-RoutersAdminNegativeIpV6Test-901858433 tempest-RoutersAdminNegativeIpV6Test-901858433-project-admin] Network 6145678a-fe94-489a-a981-e1c2c6d2ace0 is already hosted by enough agents. {{(pid=104618) _get_dhcp_agents_hosting_network /opt/stack/neutron/neutron/scheduler/dhcp_agent_scheduler.py:275}}
May 02 03:33:30.762804 dv-neutron-840146-1-hyperv neutron-server[104618]: DEBUG neutron.scheduler.base_scheduler [None req-2d5dd40f-5eac-4da0-bf24-62d0e5b21e56 tempest-RoutersAdminNegativeIpV6Test-901858433 tempest-RoutersAdminNegativeIpV6Test-901858433-project-admin] Resources bound (agent type, host, resource id): {{(pid=104618) schedule /opt/stack/neutron/neutron/scheduler/base_scheduler.py:57}}
May 02 03:33:30.765298 dv-neutron-840146-1-hyperv neutron-server[104618]: DEBUG neutron.db.l3_dvrscheduler_db [None req-2d5dd40f-5eac-4da0-bf24-62d0e5b21e56 tempest-RoutersAdminNegativeIpV6Test-901858433 tempest-RoutersAdminNegativeIpV6Test-901858433-project-admin] Received port after_create {{(pid=104618) _notify_l3_agent_new_port /opt/stack/neutron/neutron/db/l3_dvrscheduler_db.py:536}}
May 02 03:33:30.797625 dv-neutron-840146-1-hyperv neutron-server[104618]: INFO neutron.wsgi [req-bf619a12-fc1e-4c58-ba71-9bd04d894245 req-c0142252-56e6-4625-bd44-503efced6a3b tempest-ServersTestManualDisk-492225606 tempest-ServersTestManualDisk-492225606-project] 10.222.0.20 "GET /v2.0/ports?device_id=ef5a61d9-cb69-45fd-8073-395ebcecebb2 HTTP/1.1" status: 200 len: 210 time: 0.1488662
May 02 03:33:30.797831 dv-neutron-840146-1-hyperv neutron-server[104619]: DEBUG neutron.api.rpc.handlers.l3_rpc [None req-5eb8dac4-3e07-4736-90c3-9b265ff0c11d None None] Port 73ffbc66-c054-456b-966f-898d254545e1 not found while updating agent binding for router dd7c55af-e876-42ae-81bb-e64b98c1dfda. {{(pid=104619) _ensure_host_set_on_port /opt/stack/neutron/neutron/api/rpc/handlers/l3_rpc.py:216}}
May 02 03:33:30.824614 dv-neutron-840146-1-hyperv neutron-server[104618]: DEBUG neutron.api.rpc.handlers.resources_rpc [None req-f816f0d5-a965-411f-889b-792f05c0fa49 tempest-ServersTestJSON-1077717514 tempest-ServersTestJSON-1077717514-project] Pushing event updated for resources: {'Port': ['ID=e75864db-ef42-495f-903b-fa00d37d44cd,revision_number=2']} {{(pid=104618) push /opt/stack/neutron/neutron/api/rpc/handlers/resources_rpc.py:237}}
May 02 03:33:30.827673 dv-neutron-840146-1-hyperv neutron-server[104619]: DEBUG neutron.db.l3_dvrscheduler_db [None req-5eb8dac4-3e07-4736-90c3-9b265ff0c11d None None] Routers {'dd7c55af-e876-42ae-81bb-e64b98c1dfda'} bound to L3 agent in host dv-neutron-840146-1-hyperv {{(pid=104619) _get_router_ids_for_agent /opt/stack/neutron/neutron/db/l3_dvrscheduler_db.py:421}}
May 02 03:33:30.828429 dv-neutron-840146-1-hyperv neutron-server[104619]: DEBUG neutron.db.l3_hamode_db [None req-5eb8dac4-3e07-4736-90c3-9b265ff0c11d None None] neutron.services.l3_router.l3_router_plugin.L3RouterPlugin method get_ha_sync_data_for_host called with arguments (, 'dv-neutron-840146-1-hyperv', Agent(admin_state_up=True,agent_type='L3 agent',availability_zone='nova',binary='neutron-l3-agent',configurations={"agent_mode": "legacy", "ex_gw_ports": 4, "extensions": [], "floating_ips": 0, "handle_internal_only_routers": true, "interface_driver": "openvswitch", "interfaces": 3, "log_agent_heartbeats": false, "routers": 4},created_at=2022-05-02T03:24:59Z,description=,heartbeat_timestamp=2022-05-02T03:33:29Z,host='dv-neutron-840146-1-hyperv',id=54dd212a-0ec8-44ee-9123-c42f9b099d59,load=0,resource_versions=,resources_synced=,started_at=2022-05-02T03:24:59Z,topic='l3_agent')) {'router_ids': ['dd7c55af-e876-42ae-81bb-e64b98c1dfda'], 'active': True} {{(pid=104619) wrapper /usr/local/lib/python3.8/dist-packages/oslo_log/helpers.py:65}}
May 02 03:33:30.851419 dv-neutron-840146-1-hyperv neutron-server[104617]: DEBUG neutron_lib.callbacks.manager [None req-5f981708-7eea-4191-8e4a-b394a8bca871 tempest-ServerActionsTestJSON-1558922522 tempest-ServerActionsTestJSON-1558922522-project] Publish callbacks [] for security_group_rule (None), before_response {{(pid=104617) _notify_loop /usr/local/lib/python3.8/dist-packages/neutron_lib/callbacks/manager.py:176}}
May 02 03:33:30.852655 dv-neutron-840146-1-hyperv neutron-server[104617]: INFO neutron.wsgi [None req-5f981708-7eea-4191-8e4a-b394a8bca871 tempest-ServerActionsTestJSON-1558922522 tempest-ServerActionsTestJSON-1558922522-project] 10.222.0.20 "POST /v2.0/security-group-rules HTTP/1.1" status: 201 len: 764 time: 1.1644459
May 02 03:33:30.855847 dv-neutron-840146-1-hyperv neutron-server[104617]: DEBUG neutron.wsgi [-] (104617) accepted ('10.222.0.20', 48804) {{(pid=104617) server /usr/local/lib/python3.8/dist-packages/eventlet/wsgi.py:1004}}
May 02 03:33:30.865446 dv-neutron-840146-1-hyperv neutron-server[104618]: DEBUG neutron_lib.callbacks.manager [None req-f816f0d5-a965-411f-889b-792f05c0fa49 tempest-ServersTestJSON-1077717514 tempest-ServersTestJSON-1077717514-project] Publish callbacks ['neutron.services.l3_router.l3_router_plugin.DVRResourceOperationHandler._create_dvr_floating_gw_port-1011354'] for floatingip (a338c854-c869-411b-8f59-1e5a20f4760f), after_create {{(pid=104618) _notify_loop /usr/local/lib/python3.8/dist-packages/neutron_lib/callbacks/manager.py:176}}
May 02 03:33:30.884298 dv-neutron-840146-1-hyperv neutron-server[104619]: DEBUG neutron_lib.callbacks.manager [None req-71d538fb-7025-482e-a2fb-f1d3a8230979 None None] Publish callbacks [] for port (23b0ebb6-8100-4c65-895d-eefeb7f7a999), precommit_update {{(pid=104619) _notify_loop /usr/local/lib/python3.8/dist-packages/neutron_lib/callbacks/manager.py:176}}
May 02 03:33:30.884803 dv-neutron-840146-1-hyperv neutron-server[104617]: DEBUG neutron.api.v2.base [None req-339650b4-93fd-48e3-85f6-3c480e4a2728 tempest-ServerActionsTestJSON-1558922522 tempest-ServerActionsTestJSON-1558922522-project] Request body: {'security_group_rule': {'security_group_id': '81a8f694-eb11-4cae-b89f-9e773abcd808', 'protocol': 'icmp', 'ethertype': 'IPv4', 'direction': 'ingress'}} {{(pid=104617) prepare_request_body /opt/stack/neutron/neutron/api/v2/base.py:730}}
May 02 03:33:30.914554 dv-neutron-840146-1-hyperv neutron-server[104618]: DEBUG neutron.pecan_wsgi.hooks.policy_enforcement [None req-2d5dd40f-5eac-4da0-bf24-62d0e5b21e56 tempest-RoutersAdminNegativeIpV6Test-901858433 tempest-RoutersAdminNegativeIpV6Test-901858433-project-admin] Attributes excluded by policy engine: ['standard_attr_id', 'network'] {{(pid=104618) _exclude_attributes_by_policy /opt/stack/neutron/neutron/pecan_wsgi/hooks/policy_enforcement.py:259}}
May 02 03:33:30.915214 dv-neutron-840146-1-hyperv neutron-server[104618]: DEBUG neutron_lib.callbacks.manager [None req-2d5dd40f-5eac-4da0-bf24-62d0e5b21e56 tempest-RoutersAdminNegativeIpV6Test-901858433 tempest-RoutersAdminNegativeIpV6Test-901858433-project-admin] Publish callbacks ['neutron.notifiers.nova.Notifier._send_nova_notification-214608'] for port (None), before_response {{(pid=104618) _notify_loop /usr/local/lib/python3.8/dist-packages/neutron_lib/callbacks/manager.py:176}}
May 02 03:33:30.918305 dv-neutron-840146-1-hyperv neutron-server[104617]: DEBUG neutron_lib.callbacks.manager [None req-c12ec2bd-8bd1-4c62-bd7e-192b2b325f21 tempest-DHCPAgentSchedulersTestJSON-621325247 tempest-DHCPAgentSchedulersTestJSON-621325247-project] Publish callbacks ['neutron.plugins.ml2.plugin.Ml2Plugin._network_delete_after_delete_handler-4004164', 'neutron.plugins.ml2.ovo_rpc._ObjectChangeHandler.handle_event-1019940', 'neutron.api.rpc.agentnotifiers.dhcp_rpc_agent_api.DhcpAgentNotifyAPI._native_event_send_dhcp_notification-550441', 'neutron.services.l3_router.l3_router_plugin.DVRResourceOperationHandler.delete_fip_namespaces_for_ext_net-1011340'] for network (fd7806f0-1be3-4b4d-8d42-218c6bac4460), after_delete {{(pid=104617) _notify_loop /usr/local/lib/python3.8/dist-packages/neutron_lib/callbacks/manager.py:176}}
May 02 03:33:30.920505 dv-neutron-840146-1-hyperv neutron-server[104619]: DEBUG neutron.db.l3_dvr_db [None req-5eb8dac4-3e07-4736-90c3-9b265ff0c11d None None] Set router dd7c55af-e876-42ae-81bb-e64b98c1dfda gateway port host: None {{(pid=104619) _build_routers_list /opt/stack/neutron/neutron/db/l3_dvr_db.py:906}}
May 02 03:33:30.941617 dv-neutron-840146-1-hyperv neutron-server[104617]: DEBUG neutron_lib.callbacks.manager [None req-c12ec2bd-8bd1-4c62-bd7e-192b2b325f21 tempest-DHCPAgentSchedulersTestJSON-621325247 tempest-DHCPAgentSchedulersTestJSON-621325247-project] Publish callbacks ['neutron.api.rpc.agentnotifiers.dhcp_rpc_agent_api.DhcpAgentNotifyAPI._send_dhcp_notification-550463'] for network (None), before_response {{(pid=104617) _notify_loop /usr/local/lib/python3.8/dist-packages/neutron_lib/callbacks/manager.py:176}}
May 02 03:33:30.944823 dv-neutron-840146-1-hyperv neutron-server[104617]: INFO neutron.wsgi [None req-c12ec2bd-8bd1-4c62-bd7e-192b2b325f21 tempest-DHCPAgentSchedulersTestJSON-621325247 tempest-DHCPAgentSchedulersTestJSON-621325247-project] 10.222.0.20 "DELETE /v2.0/networks/fd7806f0-1be3-4b4d-8d42-218c6bac4460 HTTP/1.1" status: 204 len: 168 time: 2.4404836
May 02 03:33:30.951724 dv-neutron-840146-1-hyperv neutron-server[104618]: DEBUG neutron_lib.callbacks.manager [None req-f816f0d5-a965-411f-889b-792f05c0fa49 tempest-ServersTestJSON-1077717514 tempest-ServersTestJSON-1077717514-project] Publish callbacks ['neutron.notifiers.nova.Notifier._send_nova_notification-214608'] for floatingip (None), before_response {{(pid=104618) _notify_loop /usr/local/lib/python3.8/dist-packages/neutron_lib/callbacks/manager.py:176}}
May 02 03:33:30.954300 dv-neutron-840146-1-hyperv neutron-server[104618]: INFO neutron.wsgi [None req-f816f0d5-a965-411f-889b-792f05c0fa49 tempest-ServersTestJSON-1077717514 tempest-ServersTestJSON-1077717514-project] 10.222.0.20 "POST /v2.0/floatingips HTTP/1.1" status: 201 len: 693 time: 4.2444279
May 02 03:33:30.957796 dv-neutron-840146-1-hyperv neutron-server[104618]: DEBUG neutron.api.rpc.handlers.resources_rpc [None req-2d5dd40f-5eac-4da0-bf24-62d0e5b21e56 tempest-RoutersAdminNegativeIpV6Test-901858433 tempest-RoutersAdminNegativeIpV6Test-901858433-project-admin] Pushing event updated for resources: {'Port': ['ID=2db81d16-4a49-48fd-9606-98ec12813137,revision_number=1']} {{(pid=104618) push /opt/stack/neutron/neutron/api/rpc/handlers/resources_rpc.py:237}}
May 02 03:33:30.967334 dv-neutron-840146-1-hyperv neutron-server[104617]: DEBUG neutron.api.rpc.handlers.resources_rpc [None req-c12ec2bd-8bd1-4c62-bd7e-192b2b325f21 tempest-DHCPAgentSchedulersTestJSON-621325247 tempest-DHCPAgentSchedulersTestJSON-621325247-project] Pushing event deleted for resources: {'Network': ['ID=fd7806f0-1be3-4b4d-8d42-218c6bac4460,revision_number=None']} {{(pid=104617) push /opt/stack/neutron/neutron/api/rpc/handlers/resources_rpc.py:237}}
May 02 03:33:30.973510 dv-neutron-840146-1-hyperv neutron-server[104617]: DEBUG neutron_lib.callbacks.manager [None req-0ba8ecba-6ef5-44cb-a2ba-ef36c2e82106 tempest-PortsAdminExtendedAttrsTestJSON-1391159209 tempest-PortsAdminExtendedAttrsTestJSON-1391159209-project-admin] Publish callbacks [] for port (485921aa-3080-419d-91a1-8b2445beadcb), precommit_create {{(pid=104617) _notify_loop /usr/local/lib/python3.8/dist-packages/neutron_lib/callbacks/manager.py:176}}
May 02 03:33:30.975062 dv-neutron-840146-1-hyperv neutron-server[104617]: DEBUG neutron_lib.callbacks.manager [None req-943b5642-c470-4d58-92e8-c24a5b6b87cf tempest-RoutersIpV6AdminTest-556444956 tempest-RoutersIpV6AdminTest-556444956-project-admin] Publish callbacks ['neutron.services.l3_router.l3_router_plugin.L3_HA_NAT_db_mixin._cleanup_ha_network_handler-1014903'] for router (dd7c55af-e876-42ae-81bb-e64b98c1dfda), after_delete {{(pid=104617) _notify_loop /usr/local/lib/python3.8/dist-packages/neutron_lib/callbacks/manager.py:176}}
May 02 03:33:30.975576 dv-neutron-840146-1-hyperv neutron-server[104617]: DEBUG neutron.api.rpc.agentnotifiers.l3_rpc_agent_api [None req-943b5642-c470-4d58-92e8-c24a5b6b87cf tempest-RoutersIpV6AdminTest-556444956 tempest-RoutersIpV6AdminTest-556444956-project-admin] Fanout notify agent at l3_agent the message router_deleted on router dd7c55af-e876-42ae-81bb-e64b98c1dfda {{(pid=104617) _notification_fanout /opt/stack/neutron/neutron/api/rpc/agentnotifiers/l3_rpc_agent_api.py:114}}
May 02 03:33:30.982245 dv-neutron-840146-1-hyperv neutron-server[104619]: DEBUG neutron.db.l3_hamode_db [None req-5eb8dac4-3e07-4736-90c3-9b265ff0c11d None None] neutron.services.l3_router.l3_router_plugin.L3RouterPlugin method _process_sync_ha_data called with arguments (, [{'id': 'dd7c55af-e876-42ae-81bb-e64b98c1dfda', 'name': '', 'tenant_id': '21a89cbc4aa048aaa40f75e883bb58c7', 'admin_state_up': True, 'status': 'ACTIVE', 'external_gateway_info': None, 'gw_port_id': None, 'description': '', 'availability_zones': ['nova'], 'distributed': False, 'ha': False, 'ha_vr_id': 0, 'availability_zone_hints': [], 'routes': [], 'flavor_id': None, 'tags': [], 'created_at': '2022-05-02T03:33:20Z', 'updated_at': '2022-05-02T03:33:29Z', 'revision_number': 5, 'project_id': '21a89cbc4aa048aaa40f75e883bb58c7', 'gw_port_host': None}], 'dv-neutron-840146-1-hyperv', False) {} {{(pid=104619) wrapper /usr/local/lib/python3.8/dist-packages/oslo_log/helpers.py:65}}
May 02 03:33:30.988374 dv-neutron-840146-1-hyperv neutron-server[104617]: DEBUG neutron_lib.callbacks.manager [None req-943b5642-c470-4d58-92e8-c24a5b6b87cf tempest-RoutersIpV6AdminTest-556444956 tempest-RoutersIpV6AdminTest-556444956-project-admin] Publish callbacks [] for router (None), before_response {{(pid=104617) _notify_loop /usr/local/lib/python3.8/dist-packages/neutron_lib/callbacks/manager.py:176}}
May 02 03:33:30.991744 dv-neutron-840146-1-hyperv neutron-server[104617]: INFO neutron.wsgi [None req-943b5642-c470-4d58-92e8-c24a5b6b87cf tempest-RoutersIpV6AdminTest-556444956 tempest-RoutersIpV6AdminTest-556444956-project-admin] 10.222.0.20 "DELETE /v2.0/routers/dd7c55af-e876-42ae-81bb-e64b98c1dfda HTTP/1.1" status: 204 len: 168 time: 2.9403613
May 02 03:33:30.997875 dv-neutron-840146-1-hyperv neutron-server[104617]: DEBUG neutron.wsgi [-] (104617) accepted ('10.222.0.20', 48810) {{(pid=104617) server /usr/local/lib/python3.8/dist-packages/eventlet/wsgi.py:1004}}
May 02 03:33:31.017028 dv-neutron-840146-1-hyperv neutron-server[104619]: DEBUG neutron_lib.callbacks.manager [None req-71d538fb-7025-482e-a2fb-f1d3a8230979 None None] Publish callbacks ['neutron.plugins.ml2.plugin.SecurityGroupServerNotifierRpcMixin._notify_sg_on_port_change-4048944', 'neutron.plugins.ml2.ovo_rpc._ObjectChangeHandler.handle_event-152291', 'neutron.api.rpc.agentnotifiers.dhcp_rpc_agent_api.DhcpAgentNotifyAPI._native_event_send_dhcp_notification-550441', 'neutron.db.l3_db.L3RpcNotifierMixin._notify_gateway_port_ip_changed-8734715366539', 'neutron.db.l3_dvrscheduler_db._notify_l3_agent_port_update-8734714860975', 'neutron.db.l3_hascheduler_db._notify_l3_agent_ha_port_update-8734714860993'] for port (23b0ebb6-8100-4c65-895d-eefeb7f7a999), after_update {{(pid=104619) _notify_loop /usr/local/lib/python3.8/dist-packages/neutron_lib/callbacks/manager.py:176}}
May 02 03:33:31.028838 dv-neutron-840146-1-hyperv neutron-server[104619]: DEBUG neutron.api.rpc.handlers.l3_rpc [None req-5eb8dac4-3e07-4736-90c3-9b265ff0c11d None None] The sync data for ids ['dd7c55af-e876-42ae-81bb-e64b98c1dfda'] in dv-neutron-840146-1-hyperv is: [{'id': 'dd7c55af-e876-42ae-81bb-e64b98c1dfda', 'name': '', 'tenant_id': '21a89cbc4aa048aaa40f75e883bb58c7', 'admin_state_up': True, 'status': 'ACTIVE', 'external_gateway_info': None, 'gw_port_id': None, 'description': '', 'availability_zones': ['nova'], 'distributed': False, 'ha': False, 'ha_vr_id': 0, 'availability_zone_hints': [], 'routes': [], 'flavor_id': None, 'tags': [], 'created_at': '2022-05-02T03:33:20Z', 'updated_at': '2022-05-02T03:33:29Z', 'revision_number': 5, 'project_id': '21a89cbc4aa048aaa40f75e883bb58c7', 'gw_port_host': None}] {{(pid=104619) sync_routers /opt/stack/neutron/neutron/api/rpc/handlers/l3_rpc.py:137}}
May 02 03:33:31.098094 dv-neutron-840146-1-hyperv neutron-server[104617]: DEBUG neutron_lib.callbacks.manager [None req-339650b4-93fd-48e3-85f6-3c480e4a2728 tempest-ServerActionsTestJSON-1558922522 tempest-ServerActionsTestJSON-1558922522-project] Publish callbacks [] for security_group_rule (633a5b9b-e025-460d-b681-c106244f6c54), before_create {{(pid=104617) _notify_loop /usr/local/lib/python3.8/dist-packages/neutron_lib/callbacks/manager.py:176}}
May 02 03:33:31.110497 dv-neutron-840146-1-hyperv neutron-server[104617]: DEBUG neutron.db.db_base_plugin_v2 [None req-a4f97953-5e4e-46fd-9da2-2711d87d6049 tempest-RoutersIpV6AdminTest-556444956 tempest-RoutersIpV6AdminTest-556444956-project-admin] Deleting subnet 67229c0d-5f10-4738-b0f4-ac333584efd1 {{(pid=104617) delete_subnet /opt/stack/neutron/neutron/db/db_base_plugin_v2.py:1067}}
May 02 03:33:31.112120 dv-neutron-840146-1-hyperv neutron-server[104618]: INFO neutron.wsgi [None req-2d5dd40f-5eac-4da0-bf24-62d0e5b21e56 tempest-RoutersAdminNegativeIpV6Test-901858433 tempest-RoutersAdminNegativeIpV6Test-901858433-project-admin] 10.222.0.20 "POST /v2.0/ports HTTP/1.1" status: 201 len: 1037 time: 3.7121508
May 02 03:33:31.130216 dv-neutron-840146-1-hyperv neutron-server[104618]: DEBUG neutron.wsgi [-] (104618) accepted ('10.222.0.20', 48812) {{(pid=104618) server /usr/local/lib/python3.8/dist-packages/eventlet/wsgi.py:1004}}
May 02 03:33:31.134946 dv-neutron-840146-1-hyperv neutron-server[104618]: DEBUG neutron.api.v2.base [None req-355eb694-14ef-4291-86e8-9d46b8032284 tempest-RoutersAdminNegativeIpV6Test-901858433 tempest-RoutersAdminNegativeIpV6Test-901858433-project-admin] Request body: {'router': {'external_gateway_info': {'network_id': '6145678a-fe94-489a-a981-e1c2c6d2ace0', 'external_fixed_ips': [{'subnet_id': 'dcc79bea-5e2f-4141-accd-4d0219b66893', 'ip_address': '172.26.3.206'}]}}} {{(pid=104618) prepare_request_body /opt/stack/neutron/neutron/api/v2/base.py:730}}
May 02 03:33:31.139121 dv-neutron-840146-1-hyperv neutron-server[104617]: DEBUG neutron_lib.callbacks.manager [None req-a4f97953-5e4e-46fd-9da2-2711d87d6049 tempest-RoutersIpV6AdminTest-556444956 tempest-RoutersIpV6AdminTest-556444956-project-admin] Publish callbacks [] for subnet (67229c0d-5f10-4738-b0f4-ac333584efd1), before_delete {{(pid=104617) _notify_loop /usr/local/lib/python3.8/dist-packages/neutron_lib/callbacks/manager.py:176}}
May 02 03:33:31.141811 dv-neutron-840146-1-hyperv neutron-server[104619]: DEBUG neutron.api.rpc.handlers.resources_rpc [None req-8cb0bf9d-7d43-4552-93c9-ece3760bd3c8 None None] Pushing event updated for resources: {'Port': ['ID=23b0ebb6-8100-4c65-895d-eefeb7f7a999,revision_number=3']} {{(pid=104619) push /opt/stack/neutron/neutron/api/rpc/handlers/resources_rpc.py:237}}
May 02 03:33:31.219193 dv-neutron-840146-1-hyperv neutron-server[104619]: DEBUG neutron.plugins.ml2.managers [None req-71d538fb-7025-482e-a2fb-f1d3a8230979 None None] Attempting to bind port 23b0ebb6-8100-4c65-895d-eefeb7f7a999 on host dv-neutron-840146-1-hyperv for vnic_type normal with profile {{(pid=104619) bind_port /opt/stack/neutron/neutron/plugins/ml2/managers.py:846}}
May 02 03:33:31.219554 dv-neutron-840146-1-hyperv neutron-server[104619]: DEBUG neutron.plugins.ml2.managers [None req-71d538fb-7025-482e-a2fb-f1d3a8230979 None None] Attempting to bind port 23b0ebb6-8100-4c65-895d-eefeb7f7a999 by drivers openvswitch,hyperv on host dv-neutron-840146-1-hyperv at level 0 using segments [{'id': '45ae90b0-aeab-41bc-9431-8083ea68fa91', 'network_type': 'vlan', 'physical_network': 'physnet1', 'segmentation_id': 91, 'network_id': 'dd2b56c0-c8a7-4f73-a329-a046504405c9'}] {{(pid=104619) _bind_port_level /opt/stack/neutron/neutron/plugins/ml2/managers.py:871}}
May 02 03:33:31.219921 dv-neutron-840146-1-hyperv neutron-server[104619]: DEBUG neutron.plugins.ml2.drivers.mech_agent [None req-71d538fb-7025-482e-a2fb-f1d3a8230979 None None] Attempting to bind port 23b0ebb6-8100-4c65-895d-eefeb7f7a999 on network dd2b56c0-c8a7-4f73-a329-a046504405c9 {{(pid=104619) bind_port /opt/stack/neutron/neutron/plugins/ml2/drivers/mech_agent.py:91}}
May 02 03:33:31.227324 dv-neutron-840146-1-hyperv neutron-server[104619]: DEBUG neutron.plugins.ml2.drivers.mech_agent [None req-71d538fb-7025-482e-a2fb-f1d3a8230979 None None] Checking agent: {'id': '5adf390f-bea2-4315-ba35-3c2e432fb7db', 'agent_type': 'Open vSwitch agent', 'binary': 'neutron-openvswitch-agent', 'topic': 'N/A', 'host': 'dv-neutron-840146-1-hyperv', 'admin_state_up': True, 'created_at': datetime.datetime(2022, 5, 2, 3, 25, 3), 'started_at': datetime.datetime(2022, 5, 2, 3, 25, 33), 'heartbeat_timestamp': datetime.datetime(2022, 5, 2, 3, 33, 3), 'description': None, 'resources_synced': None, 'availability_zone': None, 'alive': True, 'configurations': {'arp_responder_enabled': False, 'baremetal_smartnic': False, 'bridge_mappings': {'physnet1': 'br-data'}, 'datapath_type': 'system', 'devices': 0, 'enable_distributed_routing': False, 'extensions': [], 'in_distributed_mode': False, 'integration_bridge': 'br-int', 'l2_population': False, 'log_agent_heartbeats': False, 'ovs_capabilities': {'datapath_types': ['netdev', 'system'], 'iface_types': ['erspan', 'geneve', 'gre', 'internal', 'ip6erspan', 'ip6gre', 'lisp', 'patch', 'stt', 'system', 'tap', 'vxlan']}, 'ovs_hybrid_plug': False, 'resource_provider_bandwidths': {}, 'resource_provider_hypervisors': {'br-data': 'dv-neutron-840146-1-hyperv'}, 'resource_provider_inventory_defaults': {'allocation_ratio': 1.0, 'min_unit': 1, 'step_size': 1, 'reserved': 0}, 'resource_provider_packet_processing_inventory_defaults': {'allocation_ratio': 1.0, 'min_unit': 1, 'step_size': 1, 'reserved': 0}, 'resource_provider_packet_processing_with_direction': {}, 'resource_provider_packet_processing_without_direction': {}, 'tunnel_types': [], 'tunneling_ip': None, 'vhostuser_socket_dir': '/var/run/openvswitch'}, 'resource_versions': {'AddressGroup': '1.2', 'Agent': '1.1', 'ConntrackHelper': '1.0', 'LocalIPAssociation': '1.0', 'Log': '1.0', 'NDPProxy': '1.0', 'Network': '1.1', 'Port': '1.7', 'PortForwarding': '1.3', 'QosPolicy': '1.10', 'SecurityGroup': '1.5', 'SecurityGroupRule': '1.2', 'SubPort': '1.0', 'Subnet': '1.1', 'Trunk': '1.1'}} {{(pid=104619) bind_port /opt/stack/neutron/neutron/plugins/ml2/drivers/mech_agent.py:110}}
May 02 03:33:31.227704 dv-neutron-840146-1-hyperv neutron-server[104619]: DEBUG neutron.plugins.ml2.drivers.mech_agent [None req-71d538fb-7025-482e-a2fb-f1d3a8230979 None None] Checking segment: {'id': '45ae90b0-aeab-41bc-9431-8083ea68fa91', 'network_type': 'vlan', 'physical_network': 'physnet1', 'segmentation_id': 91, 'network_id': 'dd2b56c0-c8a7-4f73-a329-a046504405c9'} for mappings: {'physnet1': 'br-data'} with network types: ['local', 'flat', 'vlan'] {{(pid=104619) check_segment_for_agent /opt/stack/neutron/neutron/plugins/ml2/drivers/mech_agent.py:373}}
May 02 03:33:31.232259 dv-neutron-840146-1-hyperv neutron-server[104619]: DEBUG neutron_lib.callbacks.manager [None req-71d538fb-7025-482e-a2fb-f1d3a8230979 None None] Publish callbacks [] for ovs_bridge_name (None), before_read {{(pid=104619) _notify_loop /usr/local/lib/python3.8/dist-packages/neutron_lib/callbacks/manager.py:176}}
May 02 03:33:31.232712 dv-neutron-840146-1-hyperv neutron-server[104619]: DEBUG neutron.plugins.ml2.drivers.mech_agent [None req-71d538fb-7025-482e-a2fb-f1d3a8230979 None None] Bound using segment: {'id': '45ae90b0-aeab-41bc-9431-8083ea68fa91', 'network_type': 'vlan', 'physical_network': 'physnet1', 'segmentation_id': 91, 'network_id': 'dd2b56c0-c8a7-4f73-a329-a046504405c9'} {{(pid=104619) bind_port /opt/stack/neutron/neutron/plugins/ml2/drivers/mech_agent.py:120}}
May 02 03:33:31.233219 dv-neutron-840146-1-hyperv neutron-server[104619]: DEBUG neutron.plugins.ml2.managers [None req-71d538fb-7025-482e-a2fb-f1d3a8230979 None None] Bound port: 23b0ebb6-8100-4c65-895d-eefeb7f7a999, host: dv-neutron-840146-1-hyperv, vif_type: ovs, vif_details: {"connectivity": "l2", "port_filter": true, "ovs_hybrid_plug": false, "datapath_type": "system", "bridge_name": "br-int"}, binding_levels: [{'bound_driver': 'openvswitch', 'bound_segment': {'id': '45ae90b0-aeab-41bc-9431-8083ea68fa91', 'network_type': 'vlan', 'physical_network': 'physnet1', 'segmentation_id': 91, 'network_id': 'dd2b56c0-c8a7-4f73-a329-a046504405c9'}}] {{(pid=104619) _bind_port_level /opt/stack/neutron/neutron/plugins/ml2/managers.py:983}}
May 02 03:33:31.233613 dv-neutron-840146-1-hyperv neutron-server[104619]: DEBUG neutron_lib.callbacks.manager [None req-71d538fb-7025-482e-a2fb-f1d3a8230979 None None] Publish callbacks ['neutron.plugins.ml2.plugin.SecurityGroupDbMixin._ensure_default_security_group_handler-4049068'] for port (23b0ebb6-8100-4c65-895d-eefeb7f7a999), before_update {{(pid=104619) _notify_loop /usr/local/lib/python3.8/dist-packages/neutron_lib/callbacks/manager.py:176}}
May 02 03:33:31.242989 dv-neutron-840146-1-hyperv neutron-server[104617]: DEBUG neutron_lib.callbacks.manager [None req-a4f97953-5e4e-46fd-9da2-2711d87d6049 tempest-RoutersIpV6AdminTest-556444956 tempest-RoutersIpV6AdminTest-556444956-project-admin] Publish callbacks ['neutron.services.segments.plugin.Plugin._validate_auto_address_subnet_delete-11633041'] for subnet (67229c0d-5f10-4738-b0f4-ac333584efd1), precommit_delete_associations {{(pid=104617) _notify_loop /usr/local/lib/python3.8/dist-packages/neutron_lib/callbacks/manager.py:176}}
May 02 03:33:31.282420 dv-neutron-840146-1-hyperv neutron-server[104617]: DEBUG neutron_lib.callbacks.manager [None req-0ba8ecba-6ef5-44cb-a2ba-ef36c2e82106 tempest-PortsAdminExtendedAttrsTestJSON-1391159209 tempest-PortsAdminExtendedAttrsTestJSON-1391159209-project-admin] Publish callbacks ['neutron.plugins.ml2.plugin.SecurityGroupServerNotifierRpcMixin._notify_sg_on_port_change-4048944', 'neutron.plugins.ml2.ovo_rpc._ObjectChangeHandler.handle_event-152291', 'neutron.api.rpc.agentnotifiers.dhcp_rpc_agent_api.DhcpAgentNotifyAPI._native_event_send_dhcp_notification-550441', 'neutron.db.l3_dvrscheduler_db._notify_l3_agent_new_port-8734714860957', 'neutron.services.segments.plugin.NovaSegmentNotifier._notify_port_created_or_deleted-12181564'] for port (485921aa-3080-419d-91a1-8b2445beadcb), after_create {{(pid=104617) _notify_loop /usr/local/lib/python3.8/dist-packages/neutron_lib/callbacks/manager.py:176}}
May 02 03:33:31.350623 dv-neutron-840146-1-hyperv neutron-server[104617]: DEBUG neutron.scheduler.dhcp_agent_scheduler [None req-0ba8ecba-6ef5-44cb-a2ba-ef36c2e82106 tempest-PortsAdminExtendedAttrsTestJSON-1391159209 tempest-PortsAdminExtendedAttrsTestJSON-1391159209-project-admin] Network e2da4e23-9ffd-4432-a4c5-8eec78a17347 is already hosted by enough agents. {{(pid=104617) _get_dhcp_agents_hosting_network /opt/stack/neutron/neutron/scheduler/dhcp_agent_scheduler.py:275}}
May 02 03:33:31.374578 dv-neutron-840146-1-hyperv neutron-server[104617]: DEBUG neutron_lib.callbacks.manager [None req-339650b4-93fd-48e3-85f6-3c480e4a2728 tempest-ServerActionsTestJSON-1558922522 tempest-ServerActionsTestJSON-1558922522-project] Publish callbacks [] for security_group_rule (633a5b9b-e025-460d-b681-c106244f6c54), precommit_create {{(pid=104617) _notify_loop /usr/local/lib/python3.8/dist-packages/neutron_lib/callbacks/manager.py:176}}
May 02 03:33:31.380954 dv-neutron-840146-1-hyperv neutron-server[104617]: DEBUG neutron.scheduler.base_scheduler [None req-0ba8ecba-6ef5-44cb-a2ba-ef36c2e82106 tempest-PortsAdminExtendedAttrsTestJSON-1391159209 tempest-PortsAdminExtendedAttrsTestJSON-1391159209-project-admin] Resources bound (agent type, host, resource id): {{(pid=104617) schedule /opt/stack/neutron/neutron/scheduler/base_scheduler.py:57}}
May 02 03:33:31.383525 dv-neutron-840146-1-hyperv neutron-server[104617]: DEBUG neutron.db.l3_dvrscheduler_db [None req-0ba8ecba-6ef5-44cb-a2ba-ef36c2e82106 tempest-PortsAdminExtendedAttrsTestJSON-1391159209 tempest-PortsAdminExtendedAttrsTestJSON-1391159209-project-admin] Received port after_create {{(pid=104617) _notify_l3_agent_new_port /opt/stack/neutron/neutron/db/l3_dvrscheduler_db.py:536}}
May 02 03:33:31.384779 dv-neutron-840146-1-hyperv neutron-server[104617]: DEBUG neutron.pecan_wsgi.hooks.policy_enforcement [None req-0ba8ecba-6ef5-44cb-a2ba-ef36c2e82106 tempest-PortsAdminExtendedAttrsTestJSON-1391159209 tempest-PortsAdminExtendedAttrsTestJSON-1391159209-project-admin] Attributes excluded by policy engine: ['standard_attr_id', 'network'] {{(pid=104617) _exclude_attributes_by_policy /opt/stack/neutron/neutron/pecan_wsgi/hooks/policy_enforcement.py:259}}
May 02 03:33:31.385637 dv-neutron-840146-1-hyperv neutron-server[104617]: DEBUG neutron_lib.callbacks.manager [None req-0ba8ecba-6ef5-44cb-a2ba-ef36c2e82106 tempest-PortsAdminExtendedAttrsTestJSON-1391159209 tempest-PortsAdminExtendedAttrsTestJSON-1391159209-project-admin] Publish callbacks ['neutron.notifiers.nova.Notifier._send_nova_notification-214608'] for port (None), before_response {{(pid=104617) _notify_loop /usr/local/lib/python3.8/dist-packages/neutron_lib/callbacks/manager.py:176}}
May 02 03:33:31.441758 dv-neutron-840146-1-hyperv neutron-server[104619]: DEBUG neutron.plugins.ml2.db [None req-71d538fb-7025-482e-a2fb-f1d3a8230979 None None] For port 23b0ebb6-8100-4c65-895d-eefeb7f7a999, host dv-neutron-840146-1-hyperv, cleared binding levels {{(pid=104619) clear_binding_levels /opt/stack/neutron/neutron/plugins/ml2/db.py:87}}
May 02 03:33:31.451159 dv-neutron-840146-1-hyperv neutron-server[104619]: DEBUG neutron.plugins.ml2.db [None req-71d538fb-7025-482e-a2fb-f1d3a8230979 None None] For port 23b0ebb6-8100-4c65-895d-eefeb7f7a999, host dv-neutron-840146-1-hyperv, set binding levels [PortBindingLevel(driver='openvswitch',host='dv-neutron-840146-1-hyperv',level=0,port_id=23b0ebb6-8100-4c65-895d-eefeb7f7a999,segment=NetworkSegment(45ae90b0-aeab-41bc-9431-8083ea68fa91),segment_id=45ae90b0-aeab-41bc-9431-8083ea68fa91)] {{(pid=104619) set_binding_levels /opt/stack/neutron/neutron/plugins/ml2/db.py:59}}
May 02 03:33:31.458150 dv-neutron-840146-1-hyperv neutron-server[104617]: DEBUG neutron.api.rpc.handlers.resources_rpc [None req-0ba8ecba-6ef5-44cb-a2ba-ef36c2e82106 tempest-PortsAdminExtendedAttrsTestJSON-1391159209 tempest-PortsAdminExtendedAttrsTestJSON-1391159209-project-admin] Pushing event updated for resources: {'Port': ['ID=485921aa-3080-419d-91a1-8b2445beadcb,revision_number=1']} {{(pid=104617) push /opt/stack/neutron/neutron/api/rpc/handlers/resources_rpc.py:237}}
May 02 03:33:31.475580 dv-neutron-840146-1-hyperv neutron-server[104618]: DEBUG neutron_lib.callbacks.manager [None req-355eb694-14ef-4291-86e8-9d46b8032284 tempest-RoutersAdminNegativeIpV6Test-901858433 tempest-RoutersAdminNegativeIpV6Test-901858433-project-admin] Publish callbacks ['neutron.services.l3_router.l3_router_plugin.L3_HA_NAT_db_mixin._before_router_create_handler-1013956', 'neutron.services.l3_router.service_providers.driver_controller.DriverController._check_router_request-354'] for router (8594f263-9490-4874-91d1-298087ff9413), before_create {{(pid=104618) _notify_loop /usr/local/lib/python3.8/dist-packages/neutron_lib/callbacks/manager.py:176}}
May 02 03:33:31.476910 dv-neutron-840146-1-hyperv neutron-server[104618]: DEBUG neutron_lib.callbacks.manager [None req-355eb694-14ef-4291-86e8-9d46b8032284 tempest-RoutersAdminNegativeIpV6Test-901858433 tempest-RoutersAdminNegativeIpV6Test-901858433-project-admin] Publish callbacks ['neutron.services.l3_router.l3_router_plugin.L3_HA_NAT_db_mixin._precommit_router_create-1013928', 'neutron.services.l3_router.l3_router_plugin.DVRResourceOperationHandler._set_distributed_flag-1011219', 'neutron.services.l3_router.l3_router_plugin.RouterAvailabilityZoneMixin._process_az_request-858308', 'neutron.services.l3_router.service_providers.driver_controller.DriverController._set_router_provider-361'] for router (8594f263-9490-4874-91d1-298087ff9413), precommit_create {{(pid=104618) _notify_loop /usr/local/lib/python3.8/dist-packages/neutron_lib/callbacks/manager.py:176}}
May 02 03:33:31.477614 dv-neutron-840146-1-hyperv neutron-server[104617]: DEBUG neutron_lib.callbacks.manager [None req-a4f97953-5e4e-46fd-9da2-2711d87d6049 tempest-RoutersIpV6AdminTest-556444956 tempest-RoutersIpV6AdminTest-556444956-project-admin] Publish callbacks ['neutron.plugins.ml2.plugin.Ml2Plugin._subnet_delete_precommit_handler-4004101'] for subnet (67229c0d-5f10-4738-b0f4-ac333584efd1), precommit_delete {{(pid=104617) _notify_loop /usr/local/lib/python3.8/dist-packages/neutron_lib/callbacks/manager.py:176}}
May 02 03:33:31.482735 dv-neutron-840146-1-hyperv neutron-server[104617]: DEBUG neutron_lib.callbacks.manager [None req-339650b4-93fd-48e3-85f6-3c480e4a2728 tempest-ServerActionsTestJSON-1558922522 tempest-ServerActionsTestJSON-1558922522-project] Publish callbacks ['neutron.plugins.ml2.ovo_rpc._ObjectChangeHandler.handle_event-1047841'] for security_group_rule (633a5b9b-e025-460d-b681-c106244f6c54), after_create {{(pid=104617) _notify_loop /usr/local/lib/python3.8/dist-packages/neutron_lib/callbacks/manager.py:176}}
May 02 03:33:31.511621 dv-neutron-840146-1-hyperv neutron-server[104619]: DEBUG neutron_lib.callbacks.manager [None req-a631a018-6d91-4b7c-93f8-f1440a761440 None None] Publish callbacks ['neutron.services.segments.db._update_segment_host_mapping_for_agent-8734715322152', 'neutron.plugins.ml2.plugin.Ml2Plugin._retry_binding_revived_agents-4002696'] for agent (e4872f11-8c3b-4c4f-8c06-7b8f4b1c3e75), after_update {{(pid=104619) _notify_loop /usr/local/lib/python3.8/dist-packages/neutron_lib/callbacks/manager.py:176}}
May 02 03:33:31.544234 dv-neutron-840146-1-hyperv neutron-server[104619]: DEBUG neutron.db.provisioning_blocks [None req-e98ea8ce-00d1-45af-9e46-a43fb2367226 None None] Provisioning complete for port 23b0ebb6-8100-4c65-895d-eefeb7f7a999 triggered by entity DHCP. {{(pid=104619) provisioning_complete /opt/stack/neutron/neutron/db/provisioning_blocks.py:145}}
May 02 03:33:31.545886 dv-neutron-840146-1-hyperv neutron-server[104619]: DEBUG neutron_lib.callbacks.manager [None req-e98ea8ce-00d1-45af-9e46-a43fb2367226 None None] Publish callbacks ['neutron.plugins.ml2.plugin.Ml2Plugin._port_provisioned-4002606'] for port (23b0ebb6-8100-4c65-895d-eefeb7f7a999), provisioning_complete {{(pid=104619) _notify_loop /usr/local/lib/python3.8/dist-packages/neutron_lib/callbacks/manager.py:176}}
May 02 03:33:31.549877 dv-neutron-840146-1-hyperv neutron-server[104617]: DEBUG neutron.api.rpc.handlers.resources_rpc [None req-339650b4-93fd-48e3-85f6-3c480e4a2728 tempest-ServerActionsTestJSON-1558922522 tempest-ServerActionsTestJSON-1558922522-project] Pushing event updated for resources: {'SecurityGroupRule': ['ID=633a5b9b-e025-460d-b681-c106244f6c54,revision_number=0']} {{(pid=104617) push /opt/stack/neutron/neutron/api/rpc/handlers/resources_rpc.py:237}}
May 02 03:33:31.589597 dv-neutron-840146-1-hyperv neutron-server[104617]: INFO neutron.wsgi [req-106cc4d5-9ede-4583-b998-8f2101ea7581 req-7dbdb968-783c-4bc9-bfd7-e3b486f6676a tempest-ServersTestJSON-1077717514 tempest-ServersTestJSON-1077717514-project] 10.222.0.20 "GET /v2.0/security-groups?name=tempest-securitygroup--1909114509&fields=id&tenant_id=5eceeeda29f444c79fbe0f7435a3bb28 HTTP/1.1" status: 200 len: 267 time: 0.1834538
May 02 03:33:31.605967 dv-neutron-840146-1-hyperv neutron-server[104617]: INFO neutron.wsgi [None req-0ba8ecba-6ef5-44cb-a2ba-ef36c2e82106 tempest-PortsAdminExtendedAttrsTestJSON-1391159209 tempest-PortsAdminExtendedAttrsTestJSON-1391159209-project-admin] 10.222.0.20 "POST /v2.0/ports HTTP/1.1" status: 201 len: 960 time: 1.5964148
May 02 03:33:31.613162 dv-neutron-840146-1-hyperv neutron-server[104617]: DEBUG neutron.wsgi [-] (104617) accepted ('10.222.0.20', 48830) {{(pid=104617) server /usr/local/lib/python3.8/dist-packages/eventlet/wsgi.py:1004}}
May 02 03:33:31.645321 dv-neutron-840146-1-hyperv neutron-server[104619]: DEBUG neutron_lib.callbacks.manager [None req-71d538fb-7025-482e-a2fb-f1d3a8230979 None None] Publish callbacks ['neutron.plugins.ml2.plugin.SecurityGroupServerNotifierRpcMixin._notify_sg_on_port_change-4048944', 'neutron.plugins.ml2.ovo_rpc._ObjectChangeHandler.handle_event-152291', 'neutron.api.rpc.agentnotifiers.dhcp_rpc_agent_api.DhcpAgentNotifyAPI._native_event_send_dhcp_notification-550441', 'neutron.db.l3_db.L3RpcNotifierMixin._notify_gateway_port_ip_changed-8734715366539', 'neutron.db.l3_dvrscheduler_db._notify_l3_agent_port_update-8734714860975', 'neutron.db.l3_hascheduler_db._notify_l3_agent_ha_port_update-8734714860993'] for port (23b0ebb6-8100-4c65-895d-eefeb7f7a999), after_update {{(pid=104619) _notify_loop /usr/local/lib/python3.8/dist-packages/neutron_lib/callbacks/manager.py:176}}
May 02 03:33:31.693508 dv-neutron-840146-1-hyperv neutron-server[104617]: DEBUG neutron_lib.callbacks.manager [None req-339650b4-93fd-48e3-85f6-3c480e4a2728 tempest-ServerActionsTestJSON-1558922522 tempest-ServerActionsTestJSON-1558922522-project] Publish callbacks [] for security_group_rule (None), before_response {{(pid=104617) _notify_loop /usr/local/lib/python3.8/dist-packages/neutron_lib/callbacks/manager.py:176}}
May 02 03:33:31.694910 dv-neutron-840146-1-hyperv neutron-server[104617]: INFO neutron.wsgi [None req-339650b4-93fd-48e3-85f6-3c480e4a2728 tempest-ServerActionsTestJSON-1558922522 tempest-ServerActionsTestJSON-1558922522-project] 10.222.0.20 "POST /v2.0/security-group-rules HTTP/1.1" status: 201 len: 769 time: 0.8379383
May 02 03:33:31.735135 dv-neutron-840146-1-hyperv neutron-server[104619]: DEBUG neutron.plugins.ml2.plugin [None req-e98ea8ce-00d1-45af-9e46-a43fb2367226 None None] Port 23b0ebb6-8100-4c65-895d-eefeb7f7a999 cannot update to ACTIVE because it is not bound. {{(pid=104619) _port_provisioned /opt/stack/neutron/neutron/plugins/ml2/plugin.py:352}}
May 02 03:33:31.740254 dv-neutron-840146-1-hyperv neutron-server[104619]: DEBUG neutron.api.rpc.handlers.resources_rpc [None req-8cb0bf9d-7d43-4552-93c9-ece3760bd3c8 None None] Pushing event updated for resources: {'Port': ['ID=23b0ebb6-8100-4c65-895d-eefeb7f7a999,revision_number=4']} {{(pid=104619) push /opt/stack/neutron/neutron/api/rpc/handlers/resources_rpc.py:237}}
May 02 03:33:31.741825 dv-neutron-840146-1-hyperv neutron-server[104617]: DEBUG neutron.wsgi [-] (104617) accepted ('10.222.0.20', 48834) {{(pid=104617) server /usr/local/lib/python3.8/dist-packages/eventlet/wsgi.py:1004}}
May 02 03:33:31.761148 dv-neutron-840146-1-hyperv neutron-server[104619]: DEBUG neutron.db.l3_dvrscheduler_db [None req-71d538fb-7025-482e-a2fb-f1d3a8230979 None None] Routers {'a782a90a-5c37-43db-b8f8-7d6fb4fa6333'} bound to L3 agent in host dv-neutron-840146-1-hyperv {{(pid=104619) _get_router_ids_for_agent /opt/stack/neutron/neutron/db/l3_dvrscheduler_db.py:421}}
May 02 03:33:31.761845 dv-neutron-840146-1-hyperv neutron-server[104619]: DEBUG neutron.db.l3_hamode_db [None req-71d538fb-7025-482e-a2fb-f1d3a8230979 None None] neutron.services.l3_router.l3_router_plugin.L3RouterPlugin method get_ha_sync_data_for_host called with arguments (, 'dv-neutron-840146-1-hyperv', Agent(admin_state_up=True,agent_type='L3 agent',availability_zone='nova',binary='neutron-l3-agent',configurations={"agent_mode": "legacy", "ex_gw_ports": 4, "extensions": [], "floating_ips": 0, "handle_internal_only_routers": true, "interface_driver": "openvswitch", "interfaces": 3, "log_agent_heartbeats": false, "routers": 4},created_at=2022-05-02T03:24:59Z,description=,heartbeat_timestamp=2022-05-02T03:33:29Z,host='dv-neutron-840146-1-hyperv',id=54dd212a-0ec8-44ee-9123-c42f9b099d59,load=0,resource_versions=,resources_synced=,started_at=2022-05-02T03:24:59Z,topic='l3_agent')) {'router_ids': ['a782a90a-5c37-43db-b8f8-7d6fb4fa6333'], 'active': True} {{(pid=104619) wrapper /usr/local/lib/python3.8/dist-packages/oslo_log/helpers.py:65}}
May 02 03:33:31.888962 dv-neutron-840146-1-hyperv neutron-server[104618]: DEBUG neutron_lib.callbacks.manager [None req-355eb694-14ef-4291-86e8-9d46b8032284 tempest-RoutersAdminNegativeIpV6Test-901858433 tempest-RoutersAdminNegativeIpV6Test-901858433-project-admin] Publish callbacks [] for router_controller (8594f263-9490-4874-91d1-298087ff9413), precommit_add_association {{(pid=104618) _notify_loop /usr/local/lib/python3.8/dist-packages/neutron_lib/callbacks/manager.py:176}}
May 02 03:33:31.893725 dv-neutron-840146-1-hyperv neutron-server[104618]: DEBUG neutron.wsgi [-] (104618) accepted ('10.222.0.20', 48836) {{(pid=104618) server /usr/local/lib/python3.8/dist-packages/eventlet/wsgi.py:1004}}
May 02 03:33:31.937274 dv-neutron-840146-1-hyperv neutron-server[104618]: DEBUG neutron.db.db_base_plugin_common [None req-c0e97405-bc9f-43df-b113-6fa1d173c2ac tempest-FloatingIPAdminTestJSON-227196845 tempest-FloatingIPAdminTestJSON-227196845-project] Allocated IP 172.20.0.1 (6ecd8ce6-1436-44fb-afb2-71a4f92cbf99/2f9145f5-7e56-4ead-8ba1-a6d889865cd8/66f07dfe-0d2b-46fd-b141-f194165cbe88) {{(pid=104618) _store_ip_allocation /opt/stack/neutron/neutron/db/db_base_plugin_common.py:131}}
May 02 03:33:31.937493 dv-neutron-840146-1-hyperv neutron-server[104619]: DEBUG neutron.db.l3_dvr_db [None req-71d538fb-7025-482e-a2fb-f1d3a8230979 None None] Set router a782a90a-5c37-43db-b8f8-7d6fb4fa6333 gateway port host: dv-neutron-840146-1-hyperv {{(pid=104619) _build_routers_list /opt/stack/neutron/neutron/db/l3_dvr_db.py:906}}
May 02 03:33:31.991941 dv-neutron-840146-1-hyperv neutron-server[104619]: DEBUG neutron.plugins.ml2.rpc [None req-6991978b-7afc-4657-b79e-13f28de14ee8 None None] Device bb15aaac-cbb2-4e2d-aeca-b955bd378a30 up at agent ovs-agent-dv-neutron-840146-1-hyperv {{(pid=104619) update_device_up /opt/stack/neutron/neutron/plugins/ml2/rpc.py:296}}
May 02 03:33:32.170982 dv-neutron-840146-1-hyperv neutron-server[104617]: DEBUG neutron.api.v2.base [None req-c1ff198c-c577-445d-938f-a9590809d248 tempest-ServerActionsTestJSON-1558922522 tempest-ServerActionsTestJSON-1558922522-project] Request body: {'floatingip': {'floating_network_id': '6145678a-fe94-489a-a981-e1c2c6d2ace0'}} {{(pid=104617) prepare_request_body /opt/stack/neutron/neutron/api/v2/base.py:730}}
May 02 03:33:32.193080 dv-neutron-840146-1-hyperv neutron-server[104619]: DEBUG neutron.db.provisioning_blocks [None req-4fb23b54-c495-43b4-9010-0eeb18839bf6 None None] Provisioning complete for port 23b0ebb6-8100-4c65-895d-eefeb7f7a999 triggered by entity DHCP. {{(pid=104619) provisioning_complete /opt/stack/neutron/neutron/db/provisioning_blocks.py:145}}
May 02 03:33:32.193728 dv-neutron-840146-1-hyperv neutron-server[104619]: DEBUG neutron_lib.callbacks.manager [None req-4fb23b54-c495-43b4-9010-0eeb18839bf6 None None] Publish callbacks ['neutron.plugins.ml2.plugin.Ml2Plugin._port_provisioned-4002606'] for port (23b0ebb6-8100-4c65-895d-eefeb7f7a999), provisioning_complete {{(pid=104619) _notify_loop /usr/local/lib/python3.8/dist-packages/neutron_lib/callbacks/manager.py:176}}
May 02 03:33:32.200103 dv-neutron-840146-1-hyperv neutron-server[104617]: DEBUG neutron_lib.callbacks.manager [None req-a4f97953-5e4e-46fd-9da2-2711d87d6049 tempest-RoutersIpV6AdminTest-556444956 tempest-RoutersIpV6AdminTest-556444956-project-admin] Publish callbacks ['neutron.plugins.ml2.plugin.Ml2Plugin._subnet_delete_after_delete_handler-4004106', 'neutron.plugins.ml2.ovo_rpc._ObjectChangeHandler.handle_event-1025251', 'neutron.api.rpc.agentnotifiers.dhcp_rpc_agent_api.DhcpAgentNotifyAPI._native_event_send_dhcp_notification-550441', 'neutron.services.segments.plugin.NovaSegmentNotifier._notify_subnet_deleted-12181739', 'neutron.services.segments.plugin.SegmentHostRoutes.host_routes_after_delete-8789609'] for subnet (67229c0d-5f10-4738-b0f4-ac333584efd1), after_delete {{(pid=104617) _notify_loop /usr/local/lib/python3.8/dist-packages/neutron_lib/callbacks/manager.py:176}}
May 02 03:33:32.266121 dv-neutron-840146-1-hyperv neutron-server[104618]: INFO neutron.wsgi [req-7b00a1c4-ebbe-48e3-9ba5-e4780b1d557b req-d012fbc2-9fe7-47cc-8314-5301b7f13f94 tempest-ServersTestManualDisk-492225606 tempest-ServersTestManualDisk-492225606-project] 10.222.0.20 "GET /v2.0/ports?device_id=ef5a61d9-cb69-45fd-8073-395ebcecebb2 HTTP/1.1" status: 200 len: 210 time: 0.1127825
May 02 03:33:32.271998 dv-neutron-840146-1-hyperv neutron-server[104619]: DEBUG neutron.db.provisioning_blocks [None req-6991978b-7afc-4657-b79e-13f28de14ee8 None None] Provisioning complete for port bb15aaac-cbb2-4e2d-aeca-b955bd378a30 triggered by entity L2. {{(pid=104619) provisioning_complete /opt/stack/neutron/neutron/db/provisioning_blocks.py:145}}
May 02 03:33:32.272461 dv-neutron-840146-1-hyperv neutron-server[104619]: DEBUG neutron_lib.callbacks.manager [None req-6991978b-7afc-4657-b79e-13f28de14ee8 None None] Publish callbacks ['neutron.plugins.ml2.plugin.Ml2Plugin._port_provisioned-4002606'] for port (bb15aaac-cbb2-4e2d-aeca-b955bd378a30), provisioning_complete {{(pid=104619) _notify_loop /usr/local/lib/python3.8/dist-packages/neutron_lib/callbacks/manager.py:176}}
May 02 03:33:32.283234 dv-neutron-840146-1-hyperv neutron-server[104617]: DEBUG neutron.pecan_wsgi.hooks.policy_enforcement [None req-d6f33019-0398-4441-ad76-60030341df94 tempest-PortsAdminExtendedAttrsTestJSON-1391159209 tempest-PortsAdminExtendedAttrsTestJSON-1391159209-project-admin] Attributes excluded by policy engine: ['standard_attr_id'] {{(pid=104617) _exclude_attributes_by_policy /opt/stack/neutron/neutron/pecan_wsgi/hooks/policy_enforcement.py:259}}
May 02 03:33:32.285516 dv-neutron-840146-1-hyperv neutron-server[104617]: INFO neutron.wsgi [None req-d6f33019-0398-4441-ad76-60030341df94 tempest-PortsAdminExtendedAttrsTestJSON-1391159209 tempest-PortsAdminExtendedAttrsTestJSON-1391159209-project-admin] 10.222.0.20 "GET /v2.0/ports/485921aa-3080-419d-91a1-8b2445beadcb HTTP/1.1" status: 200 len: 955 time: 0.6592634
May 02 03:33:32.287027 dv-neutron-840146-1-hyperv neutron-server[104617]: DEBUG neutron.api.rpc.handlers.resources_rpc [None req-a4f97953-5e4e-46fd-9da2-2711d87d6049 tempest-RoutersIpV6AdminTest-556444956 tempest-RoutersIpV6AdminTest-556444956-project-admin] Pushing event deleted for resources: {'Subnet': ['ID=67229c0d-5f10-4738-b0f4-ac333584efd1,revision_number=None']} {{(pid=104617) push /opt/stack/neutron/neutron/api/rpc/handlers/resources_rpc.py:237}}
