Apr 29 15:37:22.015352 dv-neutron-839913-1-hyperv neutron-server[84771]: DEBUG neutron_lib.callbacks.manager [None req-d1e580b6-5318-47fd-be89-5a607ddc0812 tempest-ExternalNetworksTestJSON-575473444 tempest-ExternalNetworksTestJSON-575473444-project-admin] Notify callbacks ['neutron.notifiers.nova.Notifier._send_nova_notification-127181'] for floatingip, before_response {{(pid=84771) _notify_loop /usr/local/lib/python3.8/dist-packages/neutron_lib/callbacks/manager.py:192}}
Apr 29 15:37:22.017812 dv-neutron-839913-1-hyperv neutron-server[84771]: INFO neutron.wsgi [None req-d1e580b6-5318-47fd-be89-5a607ddc0812 tempest-ExternalNetworksTestJSON-575473444 tempest-ExternalNetworksTestJSON-575473444-project-admin] 10.222.0.21 "POST /v2.0/floatingips HTTP/1.1" status: 201 len: 691 time: 4.3115032
Apr 29 15:37:22.021479 dv-neutron-839913-1-hyperv neutron-server[84770]: DEBUG neutron_lib.callbacks.manager [None req-caa4a6b5-21d0-4f09-885d-8160dc868e43 tempest-DHCPAgentSchedulersTestJSON-72986933 tempest-DHCPAgentSchedulersTestJSON-72986933-project] Notify callbacks ['neutron.plugins.ml2.plugin.External_net_db_mixin._before_network_delete_handler-1078504'] for network, before_delete {{(pid=84770) _notify_loop /usr/local/lib/python3.8/dist-packages/neutron_lib/callbacks/manager.py:192}}
Apr 29 15:37:22.028001 dv-neutron-839913-1-hyperv neutron-server[84770]: DEBUG neutron.wsgi [-] (84770) accepted ('10.222.0.21', 48658) {{(pid=84770) server /usr/local/lib/python3.8/dist-packages/eventlet/wsgi.py:992}}
Apr 29 15:37:22.060466 dv-neutron-839913-1-hyperv neutron-server[84771]: DEBUG neutron_lib.callbacks.manager [None req-d0c19511-49fb-4b4f-aa23-9c8437175465 tempest-ServerActionsTestJSON-2052060399 tempest-ServerActionsTestJSON-2052060399-project] Notify callbacks [] for security_group, before_response {{(pid=84771) _notify_loop /usr/local/lib/python3.8/dist-packages/neutron_lib/callbacks/manager.py:192}}
Apr 29 15:37:22.064299 dv-neutron-839913-1-hyperv neutron-server[84771]: INFO neutron.wsgi [None req-d0c19511-49fb-4b4f-aa23-9c8437175465 tempest-ServerActionsTestJSON-2052060399 tempest-ServerActionsTestJSON-2052060399-project] 10.222.0.21 "POST /v2.0/security-groups HTTP/1.1" status: 201 len: 1614 time: 1.9875143
Apr 29 15:37:22.073754 dv-neutron-839913-1-hyperv neutron-server[84771]: DEBUG neutron.wsgi [-] (84771) accepted ('10.222.0.21', 48664) {{(pid=84771) server /usr/local/lib/python3.8/dist-packages/eventlet/wsgi.py:992}}
Apr 29 15:37:22.077064 dv-neutron-839913-1-hyperv neutron-server[84771]: DEBUG neutron.api.rpc.handlers.resources_rpc [None req-96de95ed-23f4-4592-bd27-3a48583e93f3 tempest-PortsAdminExtendedAttrsIpV6TestJSON-481140274 tempest-PortsAdminExtendedAttrsIpV6TestJSON-481140274-project-admin] Pushing event deleted for resources: {'Port': ['ID=f0032c22-4d99-451d-bcf1-1c15f1064ed3,revision_number=None']} {{(pid=84771) push /opt/stack/neutron/neutron/api/rpc/handlers/resources_rpc.py:237}}
Apr 29 15:37:22.116626 dv-neutron-839913-1-hyperv neutron-server[84771]: DEBUG neutron.db.quota.driver [None req-57480505-86f6-488a-a725-5493087c35d2 tempest-ServersTestManualDisk-1855876975 tempest-ServersTestManualDisk-1855876975-project] Resources subnetpool have unlimited quota limit. It is not required to calculate headroom {{(pid=84771) make_reservation /opt/stack/neutron/neutron/db/quota/driver.py:219}}
Apr 29 15:37:22.120639 dv-neutron-839913-1-hyperv neutron-server[84771]: DEBUG neutron.quota.resource [None req-57480505-86f6-488a-a725-5493087c35d2 tempest-ServersTestManualDisk-1855876975 tempest-ServersTestManualDisk-1855876975-project] Usage tracker for resource:security_group_rule and tenant:bafb4596b2ae4298bc6d4156fe1d5fb3 is out of sync, need to count used quota {{(pid=84771) count_used /opt/stack/neutron/neutron/quota/resource.py:270}}
Apr 29 15:37:22.123901 dv-neutron-839913-1-hyperv neutron-server[84771]: DEBUG neutron.quota.resource [None req-57480505-86f6-488a-a725-5493087c35d2 tempest-ServersTestManualDisk-1855876975 tempest-ServersTestManualDisk-1855876975-project] Quota usage for security_group_rule was recalculated. Used quota:4. {{(pid=84771) count_used /opt/stack/neutron/neutron/quota/resource.py:290}}
Apr 29 15:37:22.135013 dv-neutron-839913-1-hyperv neutron-server[84771]: DEBUG neutron.api.v2.base [None req-73717217-f70e-493a-b44b-25ef284e3d84 tempest-ServerActionsTestJSON-2052060399 tempest-ServerActionsTestJSON-2052060399-project] Request body: {'security_group_rule': {'security_group_id': '9b7caf8d-8d49-43b9-8071-e9b59f4da256', 'protocol': 'tcp', 'ethertype': 'IPv4', 'port_range_min': 22, 'port_range_max': 22, 'direction': 'ingress'}} {{(pid=84771) prepare_request_body /opt/stack/neutron/neutron/api/v2/base.py:719}}
Apr 29 15:37:22.135763 dv-neutron-839913-1-hyperv neutron-server[84770]: INFO neutron.wsgi [None req-54bb8fc3-e076-42f8-8f10-c3b4cf2ae965 tempest-ExternalNetworksTestJSON-575473444 tempest-ExternalNetworksTestJSON-575473444-project-admin] 10.222.0.21 "GET /v2.0/floatingips?floating_network_id=c9e668d7-1ec4-4e54-a7d0-bc2be7c58812 HTTP/1.1" status: 200 len: 689 time: 0.1062133
Apr 29 15:37:22.138149 dv-neutron-839913-1-hyperv neutron-server[84770]: DEBUG neutron.wsgi [-] (84770) accepted ('10.222.0.21', 48670) {{(pid=84770) server /usr/local/lib/python3.8/dist-packages/eventlet/wsgi.py:992}}
Apr 29 15:37:22.139942 dv-neutron-839913-1-hyperv neutron-server[84771]: DEBUG neutron_lib.callbacks.manager [None req-97684821-8dad-469b-99a1-cc6b10d5de52 tempest-ServersTestJSON-890842058 tempest-ServersTestJSON-890842058-project] Notify callbacks [] for security_group_rule, before_create {{(pid=84771) _notify_loop /usr/local/lib/python3.8/dist-packages/neutron_lib/callbacks/manager.py:192}}
Apr 29 15:37:22.142385 dv-neutron-839913-1-hyperv neutron-server[84770]: DEBUG neutron.plugins.ml2.plugin [None req-caa4a6b5-21d0-4f09-885d-8160dc868e43 tempest-DHCPAgentSchedulersTestJSON-72986933 tempest-DHCPAgentSchedulersTestJSON-72986933-project] Deleting port 2518f8c7-c324-486e-a150-193b1080112e {{(pid=84770) _pre_delete_port /opt/stack/neutron/neutron/plugins/ml2/plugin.py:1886}}
Apr 29 15:37:22.142797 dv-neutron-839913-1-hyperv neutron-server[84770]: DEBUG neutron_lib.callbacks.manager [None req-caa4a6b5-21d0-4f09-885d-8160dc868e43 tempest-DHCPAgentSchedulersTestJSON-72986933 tempest-DHCPAgentSchedulersTestJSON-72986933-project] Notify callbacks ['neutron.db.l3_db.L3_NAT_dbonly_mixin._prevent_l3_port_delete_callback-8738482594003'] for port, before_delete {{(pid=84770) _notify_loop /usr/local/lib/python3.8/dist-packages/neutron_lib/callbacks/manager.py:192}}
Apr 29 15:37:22.150434 dv-neutron-839913-1-hyperv neutron-server[84771]: DEBUG neutron.db.quota.driver [None req-57480505-86f6-488a-a725-5493087c35d2 tempest-ServersTestManualDisk-1855876975 tempest-ServersTestManualDisk-1855876975-project] Attempting to reserve 2 items for resource security_group_rule. Total usage: 4; quota limit: 100; headroom:96 {{(pid=84771) make_reservation /opt/stack/neutron/neutron/db/quota/driver.py:246}}
Apr 29 15:37:22.156054 dv-neutron-839913-1-hyperv neutron-server[84771]: DEBUG neutron.db.quota.driver [None req-73717217-f70e-493a-b44b-25ef284e3d84 tempest-ServerActionsTestJSON-2052060399 tempest-ServerActionsTestJSON-2052060399-project] Resources subnetpool have unlimited quota limit. It is not required to calculate headroom {{(pid=84771) make_reservation /opt/stack/neutron/neutron/db/quota/driver.py:219}}
Apr 29 15:37:22.168691 dv-neutron-839913-1-hyperv neutron-server[84771]: DEBUG neutron.quota.resource [None req-73717217-f70e-493a-b44b-25ef284e3d84 tempest-ServerActionsTestJSON-2052060399 tempest-ServerActionsTestJSON-2052060399-project] Usage tracker for resource:security_group_rule and tenant:0d55e79ec04d4b58a1f4cdc4e929c13f is out of sync, need to count used quota {{(pid=84771) count_used /opt/stack/neutron/neutron/quota/resource.py:270}}
Apr 29 15:37:22.178038 dv-neutron-839913-1-hyperv neutron-server[84771]: DEBUG neutron.quota.resource [None req-73717217-f70e-493a-b44b-25ef284e3d84 tempest-ServerActionsTestJSON-2052060399 tempest-ServerActionsTestJSON-2052060399-project] Quota usage for security_group_rule was recalculated. Used quota:6. {{(pid=84771) count_used /opt/stack/neutron/neutron/quota/resource.py:290}}
Apr 29 15:37:22.196254 dv-neutron-839913-1-hyperv neutron-server[84771]: DEBUG neutron.db.quota.driver [None req-73717217-f70e-493a-b44b-25ef284e3d84 tempest-ServerActionsTestJSON-2052060399 tempest-ServerActionsTestJSON-2052060399-project] Attempting to reserve 1 items for resource security_group_rule. Total usage: 6; quota limit: 100; headroom:94 {{(pid=84771) make_reservation /opt/stack/neutron/neutron/db/quota/driver.py:246}}
Apr 29 15:37:22.198732 dv-neutron-839913-1-hyperv neutron-server[84771]: DEBUG neutron_lib.callbacks.manager [None req-96de95ed-23f4-4592-bd27-3a48583e93f3 tempest-PortsAdminExtendedAttrsIpV6TestJSON-481140274 tempest-PortsAdminExtendedAttrsIpV6TestJSON-481140274-project-admin] Notify callbacks ['neutron.notifiers.nova.Notifier._send_nova_notification-127181'] for port, before_response {{(pid=84771) _notify_loop /usr/local/lib/python3.8/dist-packages/neutron_lib/callbacks/manager.py:192}}
Apr 29 15:37:22.237467 dv-neutron-839913-1-hyperv neutron-server[84771]: INFO neutron.wsgi [None req-96de95ed-23f4-4592-bd27-3a48583e93f3 tempest-PortsAdminExtendedAttrsIpV6TestJSON-481140274 tempest-PortsAdminExtendedAttrsIpV6TestJSON-481140274-project-admin] 10.222.0.21 "DELETE /v2.0/ports/f0032c22-4d99-451d-bcf1-1c15f1064ed3 HTTP/1.1" status: 204 len: 168 time: 2.0553730
Apr 29 15:37:22.250790 dv-neutron-839913-1-hyperv neutron-server[84771]: DEBUG neutron.wsgi [-] (84771) accepted ('10.222.0.21', 48678) {{(pid=84771) server /usr/local/lib/python3.8/dist-packages/eventlet/wsgi.py:992}}
Apr 29 15:37:22.296838 dv-neutron-839913-1-hyperv neutron-server[84771]: INFO neutron.pecan_wsgi.hooks.translation [None req-6fa3e9d2-7969-4f8b-9459-e9f1ea167aec tempest-PortsAdminExtendedAttrsIpV6TestJSON-481140274 tempest-PortsAdminExtendedAttrsIpV6TestJSON-481140274-project-admin] GET failed (client error): The resource could not be found.
Apr 29 15:37:22.297344 dv-neutron-839913-1-hyperv neutron-server[84771]: DEBUG neutron.quota.resource [None req-6fa3e9d2-7969-4f8b-9459-e9f1ea167aec tempest-PortsAdminExtendedAttrsIpV6TestJSON-481140274 tempest-PortsAdminExtendedAttrsIpV6TestJSON-481140274-project-admin] Synchronizing usage tracker for tenant:d5ffb98a442b4cdcbc7b96e4e6a87a66 on resource:port {{(pid=84771) resync /opt/stack/neutron/neutron/quota/resource.py:241}}
Apr 29 15:37:22.344345 dv-neutron-839913-1-hyperv neutron-server[84771]: DEBUG neutron_lib.callbacks.manager [None req-73717217-f70e-493a-b44b-25ef284e3d84 tempest-ServerActionsTestJSON-2052060399 tempest-ServerActionsTestJSON-2052060399-project] Notify callbacks [] for security_group_rule, before_create {{(pid=84771) _notify_loop /usr/local/lib/python3.8/dist-packages/neutron_lib/callbacks/manager.py:192}}
Apr 29 15:37:22.388228 dv-neutron-839913-1-hyperv neutron-server[84771]: DEBUG neutron_lib.callbacks.manager [None req-57480505-86f6-488a-a725-5493087c35d2 tempest-ServersTestManualDisk-1855876975 tempest-ServersTestManualDisk-1855876975-project] Notify callbacks [] for security_group, precommit_create {{(pid=84771) _notify_loop /usr/local/lib/python3.8/dist-packages/neutron_lib/callbacks/manager.py:192}}
Apr 29 15:37:22.395747 dv-neutron-839913-1-hyperv neutron-server[84771]: DEBUG neutron.quota.resource [None req-6fa3e9d2-7969-4f8b-9459-e9f1ea167aec tempest-PortsAdminExtendedAttrsIpV6TestJSON-481140274 tempest-PortsAdminExtendedAttrsIpV6TestJSON-481140274-project-admin] Unset dirty status for tenant:d5ffb98a442b4cdcbc7b96e4e6a87a66 on resource:port {{(pid=84771) _resync /opt/stack/neutron/neutron/quota/resource.py:233}}
Apr 29 15:37:22.408207 dv-neutron-839913-1-hyperv neutron-server[84771]: INFO neutron.wsgi [None req-6fa3e9d2-7969-4f8b-9459-e9f1ea167aec tempest-PortsAdminExtendedAttrsIpV6TestJSON-481140274 tempest-PortsAdminExtendedAttrsIpV6TestJSON-481140274-project-admin] 10.222.0.21 "GET /v2.0/ports/f0032c22-4d99-451d-bcf1-1c15f1064ed3 HTTP/1.1" status: 404 len: 333 time: 0.1554837
Apr 29 15:37:22.412112 dv-neutron-839913-1-hyperv neutron-server[84770]: DEBUG neutron.wsgi [-] (84770) accepted ('10.222.0.21', 48682) {{(pid=84770) server /usr/local/lib/python3.8/dist-packages/eventlet/wsgi.py:992}}
Apr 29 15:37:22.425775 dv-neutron-839913-1-hyperv neutron-server[84770]: DEBUG neutron.api.v2.base [None req-d582356d-c457-4c95-99a6-af8af8876827 tempest-PortsAdminExtendedAttrsIpV6TestJSON-481140274 tempest-PortsAdminExtendedAttrsIpV6TestJSON-481140274-project-admin] Request body: {'port': {'name': 'tempest-PortsAdminExtendedAttrsIpV6TestJSON-1851016887', 'network_id': '9022ba49-acc4-4f56-957c-98f64a793ab8'}} {{(pid=84770) prepare_request_body /opt/stack/neutron/neutron/api/v2/base.py:719}}
Apr 29 15:37:22.439740 dv-neutron-839913-1-hyperv neutron-server[84770]: DEBUG neutron.db.quota.driver [None req-d582356d-c457-4c95-99a6-af8af8876827 tempest-PortsAdminExtendedAttrsIpV6TestJSON-481140274 tempest-PortsAdminExtendedAttrsIpV6TestJSON-481140274-project-admin] Resources subnetpool have unlimited quota limit. It is not required to calculate headroom {{(pid=84770) make_reservation /opt/stack/neutron/neutron/db/quota/driver.py:219}}
Apr 29 15:37:22.483881 dv-neutron-839913-1-hyperv neutron-server[84771]: DEBUG neutron_lib.callbacks.manager [None req-57480505-86f6-488a-a725-5493087c35d2 tempest-ServersTestManualDisk-1855876975 tempest-ServersTestManualDisk-1855876975-project] Notify callbacks ['neutron.plugins.ml2.ovo_rpc._ObjectChangeHandler.handle_event-622271'] for security_group, after_create {{(pid=84771) _notify_loop /usr/local/lib/python3.8/dist-packages/neutron_lib/callbacks/manager.py:192}}
Apr 29 15:37:22.517376 dv-neutron-839913-1-hyperv neutron-server[84771]: DEBUG neutron_lib.callbacks.manager [None req-97684821-8dad-469b-99a1-cc6b10d5de52 tempest-ServersTestJSON-890842058 tempest-ServersTestJSON-890842058-project] Notify callbacks [] for security_group_rule, precommit_create {{(pid=84771) _notify_loop /usr/local/lib/python3.8/dist-packages/neutron_lib/callbacks/manager.py:192}}
Apr 29 15:37:22.532087 dv-neutron-839913-1-hyperv neutron-server[84772]: DEBUG neutron.api.rpc.handlers.dhcp_rpc [None req-986091af-dab0-42b5-98ce-96bca320fe77 None None] DHCP port deletion for f9b3679f-663c-4232-8f41-7d86a5fe57d4 request from dv-neutron-839913-1-hyperv {{(pid=84772) release_dhcp_port /opt/stack/neutron/neutron/api/rpc/handlers/dhcp_rpc.py:245}}
Apr 29 15:37:22.540646 dv-neutron-839913-1-hyperv neutron-server[84772]: DEBUG neutron.plugins.ml2.plugin [None req-986091af-dab0-42b5-98ce-96bca320fe77 None None] Deleting port 2518f8c7-c324-486e-a150-193b1080112e {{(pid=84772) _pre_delete_port /opt/stack/neutron/neutron/plugins/ml2/plugin.py:1886}}
Apr 29 15:37:22.541273 dv-neutron-839913-1-hyperv neutron-server[84772]: DEBUG neutron_lib.callbacks.manager [None req-986091af-dab0-42b5-98ce-96bca320fe77 None None] Notify callbacks ['neutron.db.l3_db.L3_NAT_dbonly_mixin._prevent_l3_port_delete_callback-8738482594003'] for port, before_delete {{(pid=84772) _notify_loop /usr/local/lib/python3.8/dist-packages/neutron_lib/callbacks/manager.py:192}}
Apr 29 15:37:22.543499 dv-neutron-839913-1-hyperv neutron-server[84770]: DEBUG neutron.db.quota.driver [None req-d582356d-c457-4c95-99a6-af8af8876827 tempest-PortsAdminExtendedAttrsIpV6TestJSON-481140274 tempest-PortsAdminExtendedAttrsIpV6TestJSON-481140274-project-admin] Attempting to reserve 1 items for resource port. Total usage: 0; quota limit: 500; headroom:500 {{(pid=84770) make_reservation /opt/stack/neutron/neutron/db/quota/driver.py:246}}
Apr 29 15:37:22.595730 dv-neutron-839913-1-hyperv neutron-server[84770]: DEBUG neutron_lib.callbacks.manager [None req-a50d0eb7-cc4c-471a-847c-edcc5516c559 tempest-ExternalNetworksTestJSON-575473444 tempest-ExternalNetworksTestJSON-575473444-project-admin] Notify callbacks ['neutron.plugins.ml2.plugin.External_net_db_mixin._before_network_delete_handler-1078504'] for network, before_delete {{(pid=84770) _notify_loop /usr/local/lib/python3.8/dist-packages/neutron_lib/callbacks/manager.py:192}}
Apr 29 15:37:22.608620 dv-neutron-839913-1-hyperv neutron-server[84771]: DEBUG neutron.api.rpc.handlers.resources_rpc [None req-57480505-86f6-488a-a725-5493087c35d2 tempest-ServersTestManualDisk-1855876975 tempest-ServersTestManualDisk-1855876975-project] Pushing event updated for resources: {'SecurityGroup': ['ID=58266d71-b64f-43f5-8255-965b2490a53d,revision_number=1']} {{(pid=84771) push /opt/stack/neutron/neutron/api/rpc/handlers/resources_rpc.py:237}}
Apr 29 15:37:22.615712 dv-neutron-839913-1-hyperv neutron-server[84771]: DEBUG neutron_lib.callbacks.manager [None req-57480505-86f6-488a-a725-5493087c35d2 tempest-ServersTestManualDisk-1855876975 tempest-ServersTestManualDisk-1855876975-project] Notify callbacks [] for security_group, before_response {{(pid=84771) _notify_loop /usr/local/lib/python3.8/dist-packages/neutron_lib/callbacks/manager.py:192}}
Apr 29 15:37:22.620787 dv-neutron-839913-1-hyperv neutron-server[84771]: INFO neutron.wsgi [None req-57480505-86f6-488a-a725-5493087c35d2 tempest-ServersTestManualDisk-1855876975 tempest-ServersTestManualDisk-1855876975-project] 10.222.0.21 "POST /v2.0/security-groups HTTP/1.1" status: 201 len: 1613 time: 1.4947569
Apr 29 15:37:22.627691 dv-neutron-839913-1-hyperv neutron-server[84771]: DEBUG neutron.wsgi [-] (84771) accepted ('10.222.0.21', 48692) {{(pid=84771) server /usr/local/lib/python3.8/dist-packages/eventlet/wsgi.py:992}}
Apr 29 15:37:22.635817 dv-neutron-839913-1-hyperv neutron-server[84771]: DEBUG neutron.api.v2.base [None req-59352043-c4ce-4e9e-8041-4cd6b513c1b4 tempest-ServersTestManualDisk-1855876975 tempest-ServersTestManualDisk-1855876975-project] Request body: {'security_group_rule': {'security_group_id': '58266d71-b64f-43f5-8255-965b2490a53d', 'protocol': 'tcp', 'ethertype': 'IPv4', 'port_range_min': 22, 'port_range_max': 22, 'direction': 'ingress'}} {{(pid=84771) prepare_request_body /opt/stack/neutron/neutron/api/v2/base.py:719}}
Apr 29 15:37:22.646066 dv-neutron-839913-1-hyperv neutron-server[84772]: DEBUG neutron.db.l3_hamode_db [None req-f3051a0a-b120-468f-81d0-6291378c7584 None None] neutron.services.l3_router.l3_router_plugin.L3RouterPlugin method _process_sync_ha_data called with arguments (, [{'id': '017a57c6-628c-42d2-8829-cd7b223faa97', 'name': 'tempest-ServersTestJSON-882899689-router', 'tenant_id': 'c9e2f4e89626458695f617011f42e6cc', 'admin_state_up': True, 'status': 'ACTIVE', 'external_gateway_info': {'network_id': 'f991b9a3-9206-4c97-97f2-8545e1219151', 'external_fixed_ips': [{'subnet_id': '0412750f-9178-40a2-94c2-967d64b38afa', 'ip_address': '172.26.1.83'}], 'enable_snat': True}, 'gw_port_id': 'e6e5e594-b0eb-4262-a5f9-8155f6793f5a', 'description': '', 'availability_zones': ['nova'], 'distributed': False, 'ha': False, 'ha_vr_id': 0, 'availability_zone_hints': [], 'routes': [], 'flavor_id': None, 'tags': [], 'created_at': '2022-04-29T15:37:01Z', 'updated_at': '2022-04-29T15:37:11Z', 'revision_number': 4, 'project_id': 'c9e2f4e89626458695f617011f42e6cc', 'gw_port': {'id': 'e6e5e594-b0eb-4262-a5f9-8155f6793f5a', 'name': '', 'network_id': 'f991b9a3-9206-4c97-97f2-8545e1219151', 'tenant_id': '', 'mac_address': 'fa:16:3e:0c:00:fd', 'admin_state_up': True, 'status': 'ACTIVE', 'device_id': '017a57c6-628c-42d2-8829-cd7b223faa97', 'device_owner': 'network:router_gateway', 'fixed_ips': [{'subnet_id': '0412750f-9178-40a2-94c2-967d64b38afa', 'ip_address': '172.26.1.83', 'prefixlen': 24}], 'allowed_address_pairs': [], 'extra_dhcp_opts': [], 'security_groups': [], 'description': '', 'binding:vnic_type': 'normal', 'binding:profile': {}, 'binding:host_id': 'dv-neutron-839913-1-hyperv', 'binding:vif_type': 'ovs', 'binding:vif_details': {'connectivity': 'l2', 'port_filter': True, 'ovs_hybrid_plug': False, 'datapath_type': 'system', 'bridge_name': 'br-int'}, 'port_security_enabled': False, 'tags': [], 'created_at': '2022-04-29T15:37:02Z', 'updated_at': '2022-04-29T15:37:13Z', 'revision_number': 4, 'project_id': '', 'subnets': [{'id': '0412750f-9178-40a2-94c2-967d64b38afa', 'cidr': '172.26.1.0/24', 'gateway_ip': '172.26.1.1', 'dns_nameservers': [], 'ipv6_ra_mode': None, 'subnetpool_id': None}], 'extra_subnets': [], 'address_scopes': {4: None, 6: None}, 'mtu': 1500}, 'enable_snat': True, 'gw_port_host': 'dv-neutron-839913-1-hyperv', '_interfaces': [{'id': '06d5f898-21bf-4f2a-8334-f2b0a15c0097', 'name': '', 'network_id': '0f64455b-29c7-4ef3-82bd-3805f7cde51f', 'tenant_id': 'c9e2f4e89626458695f617011f42e6cc', 'mac_address': 'fa:16:3e:f7:84:34', 'admin_state_up': True, 'status': 'DOWN', 'device_id': '017a57c6-628c-42d2-8829-cd7b223faa97', 'device_owner': 'network:router_interface', 'fixed_ips': [{'subnet_id': 'e83914fb-022a-4002-8e6f-85f3456e202d', 'ip_address': '172.20.0.1', 'prefixlen': 28}], 'allowed_address_pairs': [], 'extra_dhcp_opts': [], 'security_groups': [], 'description': '', 'binding:vnic_type': 'normal', 'binding:profile': {}, 'binding:host_id': 'dv-neutron-839913-1-hyperv', 'binding:vif_type': 'ovs', 'binding:vif_details': {'connectivity': 'l2', 'port_filter': True, 'ovs_hybrid_plug': False, 'datapath_type': 'system', 'bridge_name': 'br-int'}, 'port_security_enabled': False, 'tags': [], 'created_at': '2022-04-29T15:37:08Z', 'updated_at': '2022-04-29T15:37:21Z', 'revision_number': 4, 'project_id': 'c9e2f4e89626458695f617011f42e6cc', 'subnets': [{'id': 'e83914fb-022a-4002-8e6f-85f3456e202d', 'cidr': '172.20.0.0/28', 'gateway_ip': '172.20.0.1', 'dns_nameservers': [], 'ipv6_ra_mode': None, 'subnetpool_id': None}], 'extra_subnets': [], 'address_scopes': {4: None, 6: None}, 'mtu': 1500}]}], 'dv-neutron-839913-1-hyperv', False) {} {{(pid=84772) wrapper /usr/local/lib/python3.8/dist-packages/oslo_log/helpers.py:65}}
Apr 29 15:37:22.649411 dv-neutron-839913-1-hyperv neutron-server[84771]: DEBUG neutron.db.quota.driver [None req-59352043-c4ce-4e9e-8041-4cd6b513c1b4 tempest-ServersTestManualDisk-1855876975 tempest-ServersTestManualDisk-1855876975-project] Resources subnetpool have unlimited quota limit. It is not required to calculate headroom {{(pid=84771) make_reservation /opt/stack/neutron/neutron/db/quota/driver.py:219}}
Apr 29 15:37:22.656104 dv-neutron-839913-1-hyperv neutron-server[84772]: DEBUG neutron.api.rpc.handlers.l3_rpc [None req-f3051a0a-b120-468f-81d0-6291378c7584 None None] The sync data for ids ['017a57c6-628c-42d2-8829-cd7b223faa97'] in dv-neutron-839913-1-hyperv is: [{'id': '017a57c6-628c-42d2-8829-cd7b223faa97', 'name': 'tempest-ServersTestJSON-882899689-router', 'tenant_id': 'c9e2f4e89626458695f617011f42e6cc', 'admin_state_up': True, 'status': 'ACTIVE', 'external_gateway_info': {'network_id': 'f991b9a3-9206-4c97-97f2-8545e1219151', 'external_fixed_ips': [{'subnet_id': '0412750f-9178-40a2-94c2-967d64b38afa', 'ip_address': '172.26.1.83'}], 'enable_snat': True}, 'gw_port_id': 'e6e5e594-b0eb-4262-a5f9-8155f6793f5a', 'description': '', 'availability_zones': ['nova'], 'distributed': False, 'ha': False, 'ha_vr_id': 0, 'availability_zone_hints': [], 'routes': [], 'flavor_id': None, 'tags': [], 'created_at': '2022-04-29T15:37:01Z', 'updated_at': '2022-04-29T15:37:11Z', 'revision_number': 4, 'project_id': 'c9e2f4e89626458695f617011f42e6cc', 'gw_port': {'id': 'e6e5e594-b0eb-4262-a5f9-8155f6793f5a', 'name': '', 'network_id': 'f991b9a3-9206-4c97-97f2-8545e1219151', 'tenant_id': '', 'mac_address': 'fa:16:3e:0c:00:fd', 'admin_state_up': True, 'status': 'ACTIVE', 'device_id': '017a57c6-628c-42d2-8829-cd7b223faa97', 'device_owner': 'network:router_gateway', 'fixed_ips': [{'subnet_id': '0412750f-9178-40a2-94c2-967d64b38afa', 'ip_address': '172.26.1.83', 'prefixlen': 24}], 'allowed_address_pairs': [], 'extra_dhcp_opts': [], 'security_groups': [], 'description': '', 'binding:vnic_type': 'normal', 'binding:profile': {}, 'binding:host_id': 'dv-neutron-839913-1-hyperv', 'binding:vif_type': 'ovs', 'binding:vif_details': {'connectivity': 'l2', 'port_filter': True, 'ovs_hybrid_plug': False, 'datapath_type': 'system', 'bridge_name': 'br-int'}, 'port_security_enabled': False, 'tags': [], 'created_at': '2022-04-29T15:37:02Z', 'updated_at': '2022-04-29T15:37:13Z', 'revision_number': 4, 'project_id': '', 'subnets': [{'id': '0412750f-9178-40a2-94c2-967d64b38afa', 'cidr': '172.26.1.0/24', 'gateway_ip': '172.26.1.1', 'dns_nameservers': [], 'ipv6_ra_mode': None, 'subnetpool_id': None}], 'extra_subnets': [], 'address_scopes': {4: None, 6: None}, 'mtu': 1500}, 'enable_snat': True, 'gw_port_host': 'dv-neutron-839913-1-hyperv', '_interfaces': [{'id': '06d5f898-21bf-4f2a-8334-f2b0a15c0097', 'name': '', 'network_id': '0f64455b-29c7-4ef3-82bd-3805f7cde51f', 'tenant_id': 'c9e2f4e89626458695f617011f42e6cc', 'mac_address': 'fa:16:3e:f7:84:34', 'admin_state_up': True, 'status': 'DOWN', 'device_id': '017a57c6-628c-42d2-8829-cd7b223faa97', 'device_owner': 'network:router_interface', 'fixed_ips': [{'subnet_id': 'e83914fb-022a-4002-8e6f-85f3456e202d', 'ip_address': '172.20.0.1', 'prefixlen': 28}], 'allowed_address_pairs': [], 'extra_dhcp_opts': [], 'security_groups': [], 'description': '', 'binding:vnic_type': 'normal', 'binding:profile': {}, 'binding:host_id': 'dv-neutron-839913-1-hyperv', 'binding:vif_type': 'ovs', 'binding:vif_details': {'connectivity': 'l2', 'port_filter': True, 'ovs_hybrid_plug': False, 'datapath_type': 'system', 'bridge_name': 'br-int'}, 'port_security_enabled': False, 'tags': [], 'created_at': '2022-04-29T15:37:08Z', 'updated_at': '2022-04-29T15:37:21Z', 'revision_number': 4, 'project_id': 'c9e2f4e89626458695f617011f42e6cc', 'subnets': [{'id': 'e83914fb-022a-4002-8e6f-85f3456e202d', 'cidr': '172.20.0.0/28', 'gateway_ip': '172.20.0.1', 'dns_nameservers': [], 'ipv6_ra_mode': None, 'subnetpool_id': None}], 'extra_subnets': [], 'address_scopes': {4: None, 6: None}, 'mtu': 1500}]}] {{(pid=84772) sync_routers /opt/stack/neutron/neutron/api/rpc/handlers/l3_rpc.py:131}}
Apr 29 15:37:22.656325 dv-neutron-839913-1-hyperv neutron-server[84771]: DEBUG neutron.quota.resource [None req-59352043-c4ce-4e9e-8041-4cd6b513c1b4 tempest-ServersTestManualDisk-1855876975 tempest-ServersTestManualDisk-1855876975-project] Usage tracker for resource:security_group_rule and tenant:bafb4596b2ae4298bc6d4156fe1d5fb3 is out of sync, need to count used quota {{(pid=84771) count_used /opt/stack/neutron/neutron/quota/resource.py:270}}
Apr 29 15:37:22.665906 dv-neutron-839913-1-hyperv neutron-server[84771]: DEBUG neutron_lib.callbacks.manager [None req-97684821-8dad-469b-99a1-cc6b10d5de52 tempest-ServersTestJSON-890842058 tempest-ServersTestJSON-890842058-project] Notify callbacks ['neutron.plugins.ml2.ovo_rpc._ObjectChangeHandler.handle_event-622094'] for security_group_rule, after_create {{(pid=84771) _notify_loop /usr/local/lib/python3.8/dist-packages/neutron_lib/callbacks/manager.py:192}}
Apr 29 15:37:22.671352 dv-neutron-839913-1-hyperv neutron-server[84771]: DEBUG neutron.quota.resource [None req-59352043-c4ce-4e9e-8041-4cd6b513c1b4 tempest-ServersTestManualDisk-1855876975 tempest-ServersTestManualDisk-1855876975-project] Quota usage for security_group_rule was recalculated. Used quota:6. {{(pid=84771) count_used /opt/stack/neutron/neutron/quota/resource.py:290}}
Apr 29 15:37:22.754859 dv-neutron-839913-1-hyperv neutron-server[84770]: DEBUG neutron.plugins.ml2.db [None req-caa4a6b5-21d0-4f09-885d-8160dc868e43 tempest-DHCPAgentSchedulersTestJSON-72986933 tempest-DHCPAgentSchedulersTestJSON-72986933-project] For port 2518f8c7-c324-486e-a150-193b1080112e, host dv-neutron-839913-1-hyperv, got binding levels [PortBindingLevel(driver='openvswitch',host='dv-neutron-839913-1-hyperv',level=0,port_id=2518f8c7-c324-486e-a150-193b1080112e,segment=NetworkSegment(5a4789a8-5fbb-477e-b36c-50486a429af1),segment_id=5a4789a8-5fbb-477e-b36c-50486a429af1)] {{(pid=84770) get_binding_level_objs /opt/stack/neutron/neutron/plugins/ml2/db.py:74}}
Apr 29 15:37:22.755231 dv-neutron-839913-1-hyperv neutron-server[84770]: DEBUG neutron_lib.callbacks.manager [None req-caa4a6b5-21d0-4f09-885d-8160dc868e43 tempest-DHCPAgentSchedulersTestJSON-72986933 tempest-DHCPAgentSchedulersTestJSON-72986933-project] Notify callbacks ['neutron.services.l3_router.l3_router_plugin.L3_NAT_dbonly_mixin._precommit_delete_port_callback-471274'] for port, precommit_delete {{(pid=84770) _notify_loop /usr/local/lib/python3.8/dist-packages/neutron_lib/callbacks/manager.py:192}}
Apr 29 15:37:22.821861 dv-neutron-839913-1-hyperv neutron-server[84771]: DEBUG neutron.db.quota.driver [None req-59352043-c4ce-4e9e-8041-4cd6b513c1b4 tempest-ServersTestManualDisk-1855876975 tempest-ServersTestManualDisk-1855876975-project] Attempting to reserve 1 items for resource security_group_rule. Total usage: 6; quota limit: 100; headroom:94 {{(pid=84771) make_reservation /opt/stack/neutron/neutron/db/quota/driver.py:246}}
Apr 29 15:37:22.829848 dv-neutron-839913-1-hyperv neutron-server[84771]: DEBUG neutron_lib.callbacks.manager [None req-73717217-f70e-493a-b44b-25ef284e3d84 tempest-ServerActionsTestJSON-2052060399 tempest-ServerActionsTestJSON-2052060399-project] Notify callbacks [] for security_group_rule, precommit_create {{(pid=84771) _notify_loop /usr/local/lib/python3.8/dist-packages/neutron_lib/callbacks/manager.py:192}}
Apr 29 15:37:22.833517 dv-neutron-839913-1-hyperv neutron-server[84771]: DEBUG neutron.api.rpc.handlers.resources_rpc [None req-97684821-8dad-469b-99a1-cc6b10d5de52 tempest-ServersTestJSON-890842058 tempest-ServersTestJSON-890842058-project] Pushing event updated for resources: {'SecurityGroupRule': ['ID=870e812e-61b4-4f71-a2e2-b59a6c79d019,revision_number=0']} {{(pid=84771) push /opt/stack/neutron/neutron/api/rpc/handlers/resources_rpc.py:237}}
Apr 29 15:37:22.871137 dv-neutron-839913-1-hyperv neutron-server[84771]: DEBUG neutron_lib.callbacks.manager [None req-97684821-8dad-469b-99a1-cc6b10d5de52 tempest-ServersTestJSON-890842058 tempest-ServersTestJSON-890842058-project] Notify callbacks [] for security_group_rule, before_response {{(pid=84771) _notify_loop /usr/local/lib/python3.8/dist-packages/neutron_lib/callbacks/manager.py:192}}
Apr 29 15:37:22.872479 dv-neutron-839913-1-hyperv neutron-server[84771]: INFO neutron.wsgi [None req-97684821-8dad-469b-99a1-cc6b10d5de52 tempest-ServersTestJSON-890842058 tempest-ServersTestJSON-890842058-project] 10.222.0.21 "POST /v2.0/security-group-rules HTTP/1.1" status: 201 len: 706 time: 0.9180269
Apr 29 15:37:22.875592 dv-neutron-839913-1-hyperv neutron-server[84771]: DEBUG neutron.wsgi [-] (84771) accepted ('10.222.0.21', 48698) {{(pid=84771) server /usr/local/lib/python3.8/dist-packages/eventlet/wsgi.py:992}}
Apr 29 15:37:22.881961 dv-neutron-839913-1-hyperv neutron-server[84771]: DEBUG neutron.api.v2.base [None req-cca105f9-6c30-4d2d-a5f0-68feef7caf1d tempest-ServersTestJSON-890842058 tempest-ServersTestJSON-890842058-project] Request body: {'security_group_rule': {'security_group_id': '77732694-f1f0-4552-88b3-a77f8ec2116a', 'protocol': 'icmp', 'ethertype': 'IPv4', 'direction': 'ingress'}} {{(pid=84771) prepare_request_body /opt/stack/neutron/neutron/api/v2/base.py:719}}
Apr 29 15:37:22.895381 dv-neutron-839913-1-hyperv neutron-server[84771]: DEBUG neutron.db.quota.driver [None req-cca105f9-6c30-4d2d-a5f0-68feef7caf1d tempest-ServersTestJSON-890842058 tempest-ServersTestJSON-890842058-project] Resources subnetpool have unlimited quota limit. It is not required to calculate headroom {{(pid=84771) make_reservation /opt/stack/neutron/neutron/db/quota/driver.py:219}}
Apr 29 15:37:22.899829 dv-neutron-839913-1-hyperv neutron-server[84771]: DEBUG neutron.quota.resource [None req-cca105f9-6c30-4d2d-a5f0-68feef7caf1d tempest-ServersTestJSON-890842058 tempest-ServersTestJSON-890842058-project] Usage tracker for resource:security_group_rule and tenant:c9e2f4e89626458695f617011f42e6cc is out of sync, need to count used quota {{(pid=84771) count_used /opt/stack/neutron/neutron/quota/resource.py:270}}
Apr 29 15:37:22.903121 dv-neutron-839913-1-hyperv neutron-server[84771]: DEBUG neutron.quota.resource [None req-cca105f9-6c30-4d2d-a5f0-68feef7caf1d tempest-ServersTestJSON-890842058 tempest-ServersTestJSON-890842058-project] Quota usage for security_group_rule was recalculated. Used quota:7. {{(pid=84771) count_used /opt/stack/neutron/neutron/quota/resource.py:290}}
Apr 29 15:37:22.911603 dv-neutron-839913-1-hyperv neutron-server[84771]: DEBUG neutron.db.quota.driver [None req-cca105f9-6c30-4d2d-a5f0-68feef7caf1d tempest-ServersTestJSON-890842058 tempest-ServersTestJSON-890842058-project] Attempting to reserve 1 items for resource security_group_rule. Total usage: 7; quota limit: 100; headroom:93 {{(pid=84771) make_reservation /opt/stack/neutron/neutron/db/quota/driver.py:246}}
Apr 29 15:37:22.927174 dv-neutron-839913-1-hyperv neutron-server[84771]: DEBUG neutron_lib.callbacks.manager [None req-73717217-f70e-493a-b44b-25ef284e3d84 tempest-ServerActionsTestJSON-2052060399 tempest-ServerActionsTestJSON-2052060399-project] Notify callbacks ['neutron.plugins.ml2.ovo_rpc._ObjectChangeHandler.handle_event-622094'] for security_group_rule, after_create {{(pid=84771) _notify_loop /usr/local/lib/python3.8/dist-packages/neutron_lib/callbacks/manager.py:192}}
Apr 29 15:37:22.946130 dv-neutron-839913-1-hyperv neutron-server[84772]: DEBUG neutron.plugins.ml2.rpc [None req-a1003fa5-495d-4a7c-abdf-0e028234e81b None None] Device 06d5f898-21bf-4f2a-8334-f2b0a15c0097 up at agent ovs-agent-dv-neutron-839913-1-hyperv {{(pid=84772) update_device_up /opt/stack/neutron/neutron/plugins/ml2/rpc.py:278}}
Apr 29 15:37:22.975010 dv-neutron-839913-1-hyperv neutron-server[84771]: DEBUG neutron_lib.callbacks.manager [None req-59352043-c4ce-4e9e-8041-4cd6b513c1b4 tempest-ServersTestManualDisk-1855876975 tempest-ServersTestManualDisk-1855876975-project] Notify callbacks [] for security_group_rule, before_create {{(pid=84771) _notify_loop /usr/local/lib/python3.8/dist-packages/neutron_lib/callbacks/manager.py:192}}
Apr 29 15:37:23.034804 dv-neutron-839913-1-hyperv neutron-server[84770]: DEBUG neutron.pecan_wsgi.hooks.quota_enforcement [None req-d582356d-c457-4c95-99a6-af8af8876827 tempest-PortsAdminExtendedAttrsIpV6TestJSON-481140274 tempest-PortsAdminExtendedAttrsIpV6TestJSON-481140274-project-admin] Made reservation on behalf of d5ffb98a442b4cdcbc7b96e4e6a87a66 for: {'port': 1} {{(pid=84770) before /opt/stack/neutron/neutron/pecan_wsgi/hooks/quota_enforcement.py:53}}
Apr 29 15:37:23.036435 dv-neutron-839913-1-hyperv neutron-server[84771]: DEBUG neutron.api.rpc.handlers.resources_rpc [None req-73717217-f70e-493a-b44b-25ef284e3d84 tempest-ServerActionsTestJSON-2052060399 tempest-ServerActionsTestJSON-2052060399-project] Pushing event updated for resources: {'SecurityGroupRule': ['ID=a75e2c87-29ff-4654-9542-07970549ac60,revision_number=0']} {{(pid=84771) push /opt/stack/neutron/neutron/api/rpc/handlers/resources_rpc.py:237}}
Apr 29 15:37:23.041453 dv-neutron-839913-1-hyperv neutron-server[84770]: DEBUG neutron_lib.callbacks.manager [None req-d582356d-c457-4c95-99a6-af8af8876827 tempest-PortsAdminExtendedAttrsIpV6TestJSON-481140274 tempest-PortsAdminExtendedAttrsIpV6TestJSON-481140274-project-admin] Notify callbacks ['neutron.plugins.ml2.plugin.SecurityGroupDbMixin._ensure_default_security_group_handler-1111251'] for port, before_create {{(pid=84770) _notify_loop /usr/local/lib/python3.8/dist-packages/neutron_lib/callbacks/manager.py:192}}
Apr 29 15:37:23.059963 dv-neutron-839913-1-hyperv neutron-server[84771]: DEBUG neutron_lib.callbacks.manager [None req-cca105f9-6c30-4d2d-a5f0-68feef7caf1d tempest-ServersTestJSON-890842058 tempest-ServersTestJSON-890842058-project] Notify callbacks [] for security_group_rule, before_create {{(pid=84771) _notify_loop /usr/local/lib/python3.8/dist-packages/neutron_lib/callbacks/manager.py:192}}
Apr 29 15:37:23.071116 dv-neutron-839913-1-hyperv neutron-server[84772]: DEBUG neutron.plugins.ml2.db [None req-986091af-dab0-42b5-98ce-96bca320fe77 None None] For port 2518f8c7-c324-486e-a150-193b1080112e, host dv-neutron-839913-1-hyperv, got binding levels [PortBindingLevel(driver='openvswitch',host='dv-neutron-839913-1-hyperv',level=0,port_id=2518f8c7-c324-486e-a150-193b1080112e,segment=NetworkSegment(5a4789a8-5fbb-477e-b36c-50486a429af1),segment_id=5a4789a8-5fbb-477e-b36c-50486a429af1)] {{(pid=84772) get_binding_level_objs /opt/stack/neutron/neutron/plugins/ml2/db.py:74}}
Apr 29 15:37:23.071642 dv-neutron-839913-1-hyperv neutron-server[84772]: DEBUG neutron_lib.callbacks.manager [None req-986091af-dab0-42b5-98ce-96bca320fe77 None None] Notify callbacks ['neutron.services.l3_router.l3_router_plugin.L3_NAT_dbonly_mixin._precommit_delete_port_callback-471274'] for port, precommit_delete {{(pid=84772) _notify_loop /usr/local/lib/python3.8/dist-packages/neutron_lib/callbacks/manager.py:192}}
Apr 29 15:37:23.108700 dv-neutron-839913-1-hyperv neutron-server[84770]: DEBUG neutron.plugins.ml2.plugin [None req-caa4a6b5-21d0-4f09-885d-8160dc868e43 tempest-DHCPAgentSchedulersTestJSON-72986933 tempest-DHCPAgentSchedulersTestJSON-72986933-project] Calling delete_port for 2518f8c7-c324-486e-a150-193b1080112e owned by network:dhcp {{(pid=84770) delete_port /opt/stack/neutron/neutron/plugins/ml2/plugin.py:1958}}
Apr 29 15:37:23.118585 dv-neutron-839913-1-hyperv neutron-server[84771]: DEBUG neutron_lib.callbacks.manager [None req-59352043-c4ce-4e9e-8041-4cd6b513c1b4 tempest-ServersTestManualDisk-1855876975 tempest-ServersTestManualDisk-1855876975-project] Notify callbacks [] for security_group_rule, precommit_create {{(pid=84771) _notify_loop /usr/local/lib/python3.8/dist-packages/neutron_lib/callbacks/manager.py:192}}
Apr 29 15:37:23.168539 dv-neutron-839913-1-hyperv neutron-server[84771]: DEBUG neutron.wsgi [-] (84771) accepted ('10.222.0.21', 48706) {{(pid=84771) server /usr/local/lib/python3.8/dist-packages/eventlet/wsgi.py:992}}
Apr 29 15:37:23.182663 dv-neutron-839913-1-hyperv neutron-server[84771]: DEBUG neutron_lib.callbacks.manager [None req-73717217-f70e-493a-b44b-25ef284e3d84 tempest-ServerActionsTestJSON-2052060399 tempest-ServerActionsTestJSON-2052060399-project] Notify callbacks [] for security_group_rule, before_response {{(pid=84771) _notify_loop /usr/local/lib/python3.8/dist-packages/neutron_lib/callbacks/manager.py:192}}
Apr 29 15:37:23.184882 dv-neutron-839913-1-hyperv neutron-server[84771]: INFO neutron.wsgi [None req-73717217-f70e-493a-b44b-25ef284e3d84 tempest-ServerActionsTestJSON-2052060399 tempest-ServerActionsTestJSON-2052060399-project] 10.222.0.21 "POST /v2.0/security-group-rules HTTP/1.1" status: 201 len: 706 time: 1.1099658
Apr 29 15:37:23.188256 dv-neutron-839913-1-hyperv neutron-server[84770]: DEBUG neutron.notifiers.nova [None req-d582356d-c457-4c95-99a6-af8af8876827 tempest-PortsAdminExtendedAttrsIpV6TestJSON-481140274 tempest-PortsAdminExtendedAttrsIpV6TestJSON-481140274-project-admin] device_id is not set on port 2bdd81bb-7077-4417-9400-ce070061dfce yet. {{(pid=84770) _can_notify /opt/stack/neutron/neutron/notifiers/nova.py:190}}
Apr 29 15:37:23.197523 dv-neutron-839913-1-hyperv neutron-server[84771]: DEBUG neutron.wsgi [-] (84771) accepted ('10.222.0.21', 48710) {{(pid=84771) server /usr/local/lib/python3.8/dist-packages/eventlet/wsgi.py:992}}
Apr 29 15:37:23.208570 dv-neutron-839913-1-hyperv neutron-server[84771]: DEBUG neutron.api.v2.base [None req-35f9ce23-a6b6-4ba0-9b8e-0f78b373c536 tempest-ServerActionsTestJSON-2052060399 tempest-ServerActionsTestJSON-2052060399-project] Request body: {'security_group_rule': {'security_group_id': '9b7caf8d-8d49-43b9-8071-e9b59f4da256', 'protocol': 'icmp', 'ethertype': 'IPv4', 'direction': 'ingress'}} {{(pid=84771) prepare_request_body /opt/stack/neutron/neutron/api/v2/base.py:719}}
Apr 29 15:37:23.220477 dv-neutron-839913-1-hyperv neutron-server[84771]: DEBUG neutron.db.quota.driver [None req-35f9ce23-a6b6-4ba0-9b8e-0f78b373c536 tempest-ServerActionsTestJSON-2052060399 tempest-ServerActionsTestJSON-2052060399-project] Resources subnetpool have unlimited quota limit. It is not required to calculate headroom {{(pid=84771) make_reservation /opt/stack/neutron/neutron/db/quota/driver.py:219}}
Apr 29 15:37:23.226404 dv-neutron-839913-1-hyperv neutron-server[84771]: DEBUG neutron.quota.resource [None req-35f9ce23-a6b6-4ba0-9b8e-0f78b373c536 tempest-ServerActionsTestJSON-2052060399 tempest-ServerActionsTestJSON-2052060399-project] Usage tracker for resource:security_group_rule and tenant:0d55e79ec04d4b58a1f4cdc4e929c13f is out of sync, need to count used quota {{(pid=84771) count_used /opt/stack/neutron/neutron/quota/resource.py:270}}
Apr 29 15:37:23.236283 dv-neutron-839913-1-hyperv neutron-server[84771]: DEBUG neutron.quota.resource [None req-35f9ce23-a6b6-4ba0-9b8e-0f78b373c536 tempest-ServerActionsTestJSON-2052060399 tempest-ServerActionsTestJSON-2052060399-project] Quota usage for security_group_rule was recalculated. Used quota:7. {{(pid=84771) count_used /opt/stack/neutron/neutron/quota/resource.py:290}}
Apr 29 15:37:23.247087 dv-neutron-839913-1-hyperv neutron-server[84772]: DEBUG neutron.plugins.ml2.plugin [None req-986091af-dab0-42b5-98ce-96bca320fe77 None None] Calling delete_port for 2518f8c7-c324-486e-a150-193b1080112e owned by network:dhcp {{(pid=84772) delete_port /opt/stack/neutron/neutron/plugins/ml2/plugin.py:1958}}
Apr 29 15:37:23.260185 dv-neutron-839913-1-hyperv neutron-server[84771]: DEBUG neutron_lib.callbacks.manager [None req-59352043-c4ce-4e9e-8041-4cd6b513c1b4 tempest-ServersTestManualDisk-1855876975 tempest-ServersTestManualDisk-1855876975-project] Notify callbacks ['neutron.plugins.ml2.ovo_rpc._ObjectChangeHandler.handle_event-622094'] for security_group_rule, after_create {{(pid=84771) _notify_loop /usr/local/lib/python3.8/dist-packages/neutron_lib/callbacks/manager.py:192}}
Apr 29 15:37:23.282113 dv-neutron-839913-1-hyperv neutron-server[84771]: DEBUG neutron.db.quota.driver [None req-35f9ce23-a6b6-4ba0-9b8e-0f78b373c536 tempest-ServerActionsTestJSON-2052060399 tempest-ServerActionsTestJSON-2052060399-project] Attempting to reserve 1 items for resource security_group_rule. Total usage: 7; quota limit: 100; headroom:93 {{(pid=84771) make_reservation /opt/stack/neutron/neutron/db/quota/driver.py:246}}
Apr 29 15:37:23.352331 dv-neutron-839913-1-hyperv neutron-server[84771]: DEBUG neutron.api.rpc.handlers.resources_rpc [None req-59352043-c4ce-4e9e-8041-4cd6b513c1b4 tempest-ServersTestManualDisk-1855876975 tempest-ServersTestManualDisk-1855876975-project] Pushing event updated for resources: {'SecurityGroupRule': ['ID=1e187656-bf6a-47d8-85c3-547861df3a54,revision_number=0']} {{(pid=84771) push /opt/stack/neutron/neutron/api/rpc/handlers/resources_rpc.py:237}}
Apr 29 15:37:23.362373 dv-neutron-839913-1-hyperv neutron-server[84771]: DEBUG neutron_lib.callbacks.manager [None req-cca105f9-6c30-4d2d-a5f0-68feef7caf1d tempest-ServersTestJSON-890842058 tempest-ServersTestJSON-890842058-project] Notify callbacks [] for security_group_rule, precommit_create {{(pid=84771) _notify_loop /usr/local/lib/python3.8/dist-packages/neutron_lib/callbacks/manager.py:192}}
Apr 29 15:37:23.379262 dv-neutron-839913-1-hyperv neutron-server[84770]: DEBUG neutron.plugins.ml2.plugin [None req-a50d0eb7-cc4c-471a-847c-edcc5516c559 tempest-ExternalNetworksTestJSON-575473444 tempest-ExternalNetworksTestJSON-575473444-project-admin] Deleting port d03d6b22-6abb-43c8-bd5a-2a0a420f7cba {{(pid=84770) _pre_delete_port /opt/stack/neutron/neutron/plugins/ml2/plugin.py:1886}}
Apr 29 15:37:23.379623 dv-neutron-839913-1-hyperv neutron-server[84770]: DEBUG neutron_lib.callbacks.manager [None req-a50d0eb7-cc4c-471a-847c-edcc5516c559 tempest-ExternalNetworksTestJSON-575473444 tempest-ExternalNetworksTestJSON-575473444-project-admin] Notify callbacks ['neutron.db.l3_db.L3_NAT_dbonly_mixin._prevent_l3_port_delete_callback-8738482594003'] for port, before_delete {{(pid=84770) _notify_loop /usr/local/lib/python3.8/dist-packages/neutron_lib/callbacks/manager.py:192}}
Apr 29 15:37:23.408727 dv-neutron-839913-1-hyperv neutron-server[84771]: DEBUG neutron.api.v2.base [None req-b5c3ab19-4e9c-4a26-8c0a-be131cc11662 tempest-RoutersAdminTest-671399962 tempest-RoutersAdminTest-671399962-project-admin] Request body: {'network': {'name': 'tempest-RoutersAdminTest-531161779', 'router:external': True}} {{(pid=84771) prepare_request_body /opt/stack/neutron/neutron/api/v2/base.py:719}}
Apr 29 15:37:23.413771 dv-neutron-839913-1-hyperv neutron-server[84771]: DEBUG neutron.db.quota.driver [None req-b5c3ab19-4e9c-4a26-8c0a-be131cc11662 tempest-RoutersAdminTest-671399962 tempest-RoutersAdminTest-671399962-project-admin] Resources subnetpool have unlimited quota limit. It is not required to calculate headroom {{(pid=84771) make_reservation /opt/stack/neutron/neutron/db/quota/driver.py:219}}
Apr 29 15:37:23.418201 dv-neutron-839913-1-hyperv neutron-server[84771]: DEBUG neutron.quota.resource [None req-b5c3ab19-4e9c-4a26-8c0a-be131cc11662 tempest-RoutersAdminTest-671399962 tempest-RoutersAdminTest-671399962-project-admin] Usage tracker for resource:network and tenant:07bb161daa604b449e1004209d497fd3 is out of sync, need to count used quota {{(pid=84771) count_used /opt/stack/neutron/neutron/quota/resource.py:270}}
Apr 29 15:37:23.422602 dv-neutron-839913-1-hyperv neutron-server[84771]: DEBUG neutron.quota.resource [None req-b5c3ab19-4e9c-4a26-8c0a-be131cc11662 tempest-RoutersAdminTest-671399962 tempest-RoutersAdminTest-671399962-project-admin] Quota usage for network was recalculated. Used quota:0. {{(pid=84771) count_used /opt/stack/neutron/neutron/quota/resource.py:290}}
Apr 29 15:37:23.423986 dv-neutron-839913-1-hyperv neutron-server[84772]: DEBUG neutron.db.provisioning_blocks [None req-a1003fa5-495d-4a7c-abdf-0e028234e81b None None] Provisioning for port 06d5f898-21bf-4f2a-8334-f2b0a15c0097 completed by entity L2. {{(pid=84772) provisioning_complete /opt/stack/neutron/neutron/db/provisioning_blocks.py:133}}
Apr 29 15:37:23.429963 dv-neutron-839913-1-hyperv neutron-server[84771]: DEBUG neutron.db.quota.driver [None req-b5c3ab19-4e9c-4a26-8c0a-be131cc11662 tempest-RoutersAdminTest-671399962 tempest-RoutersAdminTest-671399962-project-admin] Attempting to reserve 1 items for resource network. Total usage: 0; quota limit: 100; headroom:100 {{(pid=84771) make_reservation /opt/stack/neutron/neutron/db/quota/driver.py:246}}
Apr 29 15:37:23.430116 dv-neutron-839913-1-hyperv neutron-server[84772]: DEBUG neutron.db.provisioning_blocks [None req-a1003fa5-495d-4a7c-abdf-0e028234e81b None None] Provisioning complete for port 06d5f898-21bf-4f2a-8334-f2b0a15c0097 triggered by entity L2. {{(pid=84772) provisioning_complete /opt/stack/neutron/neutron/db/provisioning_blocks.py:139}}
Apr 29 15:37:23.430836 dv-neutron-839913-1-hyperv neutron-server[84772]: DEBUG neutron_lib.callbacks.manager [None req-a1003fa5-495d-4a7c-abdf-0e028234e81b None None] Notify callbacks ['neutron.plugins.ml2.plugin.Ml2Plugin._port_provisioned-1171688'] for port, provisioning_complete {{(pid=84772) _notify_loop /usr/local/lib/python3.8/dist-packages/neutron_lib/callbacks/manager.py:192}}
Apr 29 15:37:23.457338 dv-neutron-839913-1-hyperv neutron-server[84771]: DEBUG neutron_lib.callbacks.manager [None req-cca105f9-6c30-4d2d-a5f0-68feef7caf1d tempest-ServersTestJSON-890842058 tempest-ServersTestJSON-890842058-project] Notify callbacks ['neutron.plugins.ml2.ovo_rpc._ObjectChangeHandler.handle_event-622094'] for security_group_rule, after_create {{(pid=84771) _notify_loop /usr/local/lib/python3.8/dist-packages/neutron_lib/callbacks/manager.py:192}}
Apr 29 15:37:23.482168 dv-neutron-839913-1-hyperv neutron-server[84771]: DEBUG neutron_lib.callbacks.manager [None req-59352043-c4ce-4e9e-8041-4cd6b513c1b4 tempest-ServersTestManualDisk-1855876975 tempest-ServersTestManualDisk-1855876975-project] Notify callbacks [] for security_group_rule, before_response {{(pid=84771) _notify_loop /usr/local/lib/python3.8/dist-packages/neutron_lib/callbacks/manager.py:192}}
Apr 29 15:37:23.487088 dv-neutron-839913-1-hyperv neutron-server[84771]: INFO neutron.wsgi [None req-59352043-c4ce-4e9e-8041-4cd6b513c1b4 tempest-ServersTestManualDisk-1855876975 tempest-ServersTestManualDisk-1855876975-project] 10.222.0.21 "POST /v2.0/security-group-rules HTTP/1.1" status: 201 len: 706 time: 0.8555145
Apr 29 15:37:23.490555 dv-neutron-839913-1-hyperv neutron-server[84770]: DEBUG neutron.wsgi [-] (84770) accepted ('10.222.0.21', 48720) {{(pid=84770) server /usr/local/lib/python3.8/dist-packages/eventlet/wsgi.py:992}}
Apr 29 15:37:23.514186 dv-neutron-839913-1-hyperv neutron-server[84771]: DEBUG neutron_lib.callbacks.manager [None req-35f9ce23-a6b6-4ba0-9b8e-0f78b373c536 tempest-ServerActionsTestJSON-2052060399 tempest-ServerActionsTestJSON-2052060399-project] Notify callbacks [] for security_group_rule, before_create {{(pid=84771) _notify_loop /usr/local/lib/python3.8/dist-packages/neutron_lib/callbacks/manager.py:192}}
Apr 29 15:37:23.533476 dv-neutron-839913-1-hyperv neutron-server[84770]: DEBUG neutron.api.v2.base [None req-c33b7b9f-366a-4bd9-80d3-e698a4a7afd8 tempest-ServersTestManualDisk-1855876975 tempest-ServersTestManualDisk-1855876975-project] Request body: {'security_group_rule': {'security_group_id': '58266d71-b64f-43f5-8255-965b2490a53d', 'protocol': 'icmp', 'ethertype': 'IPv4', 'direction': 'ingress'}} {{(pid=84770) prepare_request_body /opt/stack/neutron/neutron/api/v2/base.py:719}}
Apr 29 15:37:23.557094 dv-neutron-839913-1-hyperv neutron-server[84771]: DEBUG neutron.pecan_wsgi.hooks.quota_enforcement [None req-b5c3ab19-4e9c-4a26-8c0a-be131cc11662 tempest-RoutersAdminTest-671399962 tempest-RoutersAdminTest-671399962-project-admin] Made reservation on behalf of 07bb161daa604b449e1004209d497fd3 for: {'network': 1} {{(pid=84771) before /opt/stack/neutron/neutron/pecan_wsgi/hooks/quota_enforcement.py:53}}
