Apr 29 14:12:52.809726 dv-neutron-839783-7-hyperv neutron-server[104224]: DEBUG neutron.api.rpc.callbacks.version_manager [None req-3baae08c-f3ea-4a3c-b124-8ccbcf5c0dca None None] Version for resource type Log changed None to 1.0 on consumer Open vSwitch agent@dv-neutron-839783-7-hyperv {{(pid=104224) _set_version /opt/stack/neutron/neutron/api/rpc/callbacks/version_manager.py:113}}
Apr 29 14:12:52.810214 dv-neutron-839783-7-hyperv neutron-server[104224]: DEBUG neutron.api.rpc.callbacks.version_manager [None req-3baae08c-f3ea-4a3c-b124-8ccbcf5c0dca None None] Version for resource type NDPProxy changed None to 1.0 on consumer Open vSwitch agent@dv-neutron-839783-7-hyperv {{(pid=104224) _set_version /opt/stack/neutron/neutron/api/rpc/callbacks/version_manager.py:113}}
Apr 29 14:12:52.810807 dv-neutron-839783-7-hyperv neutron-server[104224]: DEBUG neutron.api.rpc.callbacks.version_manager [None req-3baae08c-f3ea-4a3c-b124-8ccbcf5c0dca None None] Version for resource type Network changed None to 1.1 on consumer Open vSwitch agent@dv-neutron-839783-7-hyperv {{(pid=104224) _set_version /opt/stack/neutron/neutron/api/rpc/callbacks/version_manager.py:113}}
Apr 29 14:12:52.811301 dv-neutron-839783-7-hyperv neutron-server[104224]: DEBUG neutron.api.rpc.callbacks.version_manager [None req-3baae08c-f3ea-4a3c-b124-8ccbcf5c0dca None None] Version for resource type Port changed None to 1.7 on consumer Open vSwitch agent@dv-neutron-839783-7-hyperv {{(pid=104224) _set_version /opt/stack/neutron/neutron/api/rpc/callbacks/version_manager.py:113}}
Apr 29 14:12:52.811906 dv-neutron-839783-7-hyperv neutron-server[104224]: DEBUG neutron.api.rpc.callbacks.version_manager [None req-3baae08c-f3ea-4a3c-b124-8ccbcf5c0dca None None] Version for resource type PortForwarding changed None to 1.3 on consumer Open vSwitch agent@dv-neutron-839783-7-hyperv {{(pid=104224) _set_version /opt/stack/neutron/neutron/api/rpc/callbacks/version_manager.py:113}}
Apr 29 14:12:52.812707 dv-neutron-839783-7-hyperv neutron-server[104224]: DEBUG neutron.api.rpc.callbacks.version_manager [None req-3baae08c-f3ea-4a3c-b124-8ccbcf5c0dca None None] Version for resource type QosPolicy changed None to 1.10 on consumer Open vSwitch agent@dv-neutron-839783-7-hyperv {{(pid=104224) _set_version /opt/stack/neutron/neutron/api/rpc/callbacks/version_manager.py:113}}
Apr 29 14:12:52.813217 dv-neutron-839783-7-hyperv neutron-server[104224]: DEBUG neutron.api.rpc.callbacks.version_manager [None req-3baae08c-f3ea-4a3c-b124-8ccbcf5c0dca None None] Version for resource type SecurityGroup changed None to 1.5 on consumer Open vSwitch agent@dv-neutron-839783-7-hyperv {{(pid=104224) _set_version /opt/stack/neutron/neutron/api/rpc/callbacks/version_manager.py:113}}
Apr 29 14:12:52.813857 dv-neutron-839783-7-hyperv neutron-server[104224]: DEBUG neutron.api.rpc.callbacks.version_manager [None req-3baae08c-f3ea-4a3c-b124-8ccbcf5c0dca None None] Version for resource type SecurityGroupRule changed None to 1.2 on consumer Open vSwitch agent@dv-neutron-839783-7-hyperv {{(pid=104224) _set_version /opt/stack/neutron/neutron/api/rpc/callbacks/version_manager.py:113}}
Apr 29 14:12:52.814352 dv-neutron-839783-7-hyperv neutron-server[104224]: DEBUG neutron.api.rpc.callbacks.version_manager [None req-3baae08c-f3ea-4a3c-b124-8ccbcf5c0dca None None] Version for resource type SubPort changed None to 1.0 on consumer Open vSwitch agent@dv-neutron-839783-7-hyperv {{(pid=104224) _set_version /opt/stack/neutron/neutron/api/rpc/callbacks/version_manager.py:113}}
Apr 29 14:12:52.814890 dv-neutron-839783-7-hyperv neutron-server[104224]: DEBUG neutron.api.rpc.callbacks.version_manager [None req-3baae08c-f3ea-4a3c-b124-8ccbcf5c0dca None None] Version for resource type Subnet changed None to 1.1 on consumer Open vSwitch agent@dv-neutron-839783-7-hyperv {{(pid=104224) _set_version /opt/stack/neutron/neutron/api/rpc/callbacks/version_manager.py:113}}
Apr 29 14:12:52.815379 dv-neutron-839783-7-hyperv neutron-server[104224]: DEBUG neutron.api.rpc.callbacks.version_manager [None req-3baae08c-f3ea-4a3c-b124-8ccbcf5c0dca None None] Version for resource type Trunk changed None to 1.1 on consumer Open vSwitch agent@dv-neutron-839783-7-hyperv {{(pid=104224) _set_version /opt/stack/neutron/neutron/api/rpc/callbacks/version_manager.py:113}}
Apr 29 14:12:52.816822 dv-neutron-839783-7-hyperv neutron-server[104224]: DEBUG neutron.api.rpc.callbacks.version_manager [None req-3baae08c-f3ea-4a3c-b124-8ccbcf5c0dca None None] Tracked resource versions report:
Apr 29 14:12:52.816822 dv-neutron-839783-7-hyperv neutron-server[104224]: pushed versions:
Apr 29 14:12:52.816822 dv-neutron-839783-7-hyperv neutron-server[104224]: { 'AddressGroup': {'1.2'},
Apr 29 14:12:52.816822 dv-neutron-839783-7-hyperv neutron-server[104224]: 'Agent': {'1.1'},
Apr 29 14:12:52.816822 dv-neutron-839783-7-hyperv neutron-server[104224]: 'ConntrackHelper': {'1.0'},
Apr 29 14:12:52.816822 dv-neutron-839783-7-hyperv neutron-server[104224]: 'LocalIPAssociation': {'1.0'},
Apr 29 14:12:52.816822 dv-neutron-839783-7-hyperv neutron-server[104224]: 'Log': {'1.0'},
Apr 29 14:12:52.816822 dv-neutron-839783-7-hyperv neutron-server[104224]: 'NDPProxy': {'1.0'},
Apr 29 14:12:52.816822 dv-neutron-839783-7-hyperv neutron-server[104224]: 'Network': {'1.1'},
Apr 29 14:12:52.816822 dv-neutron-839783-7-hyperv neutron-server[104224]: 'Port': {'1.7'},
Apr 29 14:12:52.816822 dv-neutron-839783-7-hyperv neutron-server[104224]: 'PortForwarding': {'1.3'},
Apr 29 14:12:52.816822 dv-neutron-839783-7-hyperv neutron-server[104224]: 'QosPolicy': {'1.10'},
Apr 29 14:12:52.816822 dv-neutron-839783-7-hyperv neutron-server[104224]: 'SecurityGroup': {'1.5'},
Apr 29 14:12:52.816822 dv-neutron-839783-7-hyperv neutron-server[104224]: 'SecurityGroupRule': {'1.2'},
Apr 29 14:12:52.816822 dv-neutron-839783-7-hyperv neutron-server[104224]: 'SubPort': {'1.0'},
Apr 29 14:12:52.816822 dv-neutron-839783-7-hyperv neutron-server[104224]: 'Subnet': {'1.1'},
Apr 29 14:12:52.816822 dv-neutron-839783-7-hyperv neutron-server[104224]: 'Trunk': {'1.1'}}
Apr 29 14:12:52.816822 dv-neutron-839783-7-hyperv neutron-server[104224]: consumer versions:
Apr 29 14:12:52.816822 dv-neutron-839783-7-hyperv neutron-server[104224]: { DHCP agent@dv-neutron-839783-7-hyperv: {},
Apr 29 14:12:52.816822 dv-neutron-839783-7-hyperv neutron-server[104224]: HyperV agent@hv-neutron-8397: {},
Apr 29 14:12:52.816822 dv-neutron-839783-7-hyperv neutron-server[104224]: L3 agent@dv-neutron-839783-7-hyperv: {},
Apr 29 14:12:52.816822 dv-neutron-839783-7-hyperv neutron-server[104224]: Metadata agent@dv-neutron-839783-7-hyperv: {},
Apr 29 14:12:52.816822 dv-neutron-839783-7-hyperv neutron-server[104224]: Metering agent@dv-neutron-839783-7-hyperv: {},
Apr 29 14:12:52.816822 dv-neutron-839783-7-hyperv neutron-server[104224]: Open vSwitch agent@dv-neutron-839783-7-hyperv: { 'AddressGroup': '1.2',
Apr 29 14:12:52.816822 dv-neutron-839783-7-hyperv neutron-server[104224]: 'Agent': '1.1',
Apr 29 14:12:52.816822 dv-neutron-839783-7-hyperv neutron-server[104224]: 'ConntrackHelper': '1.0',
Apr 29 14:12:52.816822 dv-neutron-839783-7-hyperv neutron-server[104224]: 'LocalIPAssociation': '1.0',
Apr 29 14:12:52.816822 dv-neutron-839783-7-hyperv neutron-server[104224]: 'Log': '1.0',
Apr 29 14:12:52.816822 dv-neutron-839783-7-hyperv neutron-server[104224]: 'NDPProxy': '1.0',
Apr 29 14:12:52.816822 dv-neutron-839783-7-hyperv neutron-server[104224]: 'Network': '1.1',
Apr 29 14:12:52.816822 dv-neutron-839783-7-hyperv neutron-server[104224]: 'Port': '1.7',
Apr 29 14:12:52.816822 dv-neutron-839783-7-hyperv neutron-server[104224]: 'PortForwarding': '1.3',
Apr 29 14:12:52.816822 dv-neutron-839783-7-hyperv neutron-server[104224]: 'QosPolicy': '1.10',
Apr 29 14:12:52.816822 dv-neutron-839783-7-hyperv neutron-server[104224]: 'SecurityGroup': '1.5',
Apr 29 14:12:52.816822 dv-neutron-839783-7-hyperv neutron-server[104224]: 'SecurityGroupRule': '1.2',
Apr 29 14:12:52.816822 dv-neutron-839783-7-hyperv neutron-server[104224]: 'SubPort': '1.0',
Apr 29 14:12:52.816822 dv-neutron-839783-7-hyperv neutron-server[104224]: 'Subnet': '1.1',
Apr 29 14:12:52.816822 dv-neutron-839783-7-hyperv neutron-server[104224]: 'Trunk': '1.1'}}
Apr 29 14:12:52.816822 dv-neutron-839783-7-hyperv neutron-server[104224]: {{(pid=104224) report /opt/stack/neutron/neutron/api/rpc/callbacks/version_manager.py:175}}
Apr 29 14:12:52.829204 dv-neutron-839783-7-hyperv neutron-server[104222]: DEBUG neutron.api.rpc.handlers.resources_rpc [None req-933b03af-080b-4e2e-951e-2aeb16c548e5 tempest-RoutersAdminNegativeIpV6Test-634187499 tempest-RoutersAdminNegativeIpV6Test-634187499-project-admin] Pushing event updated for resources: {'Port': ['ID=55d7e2fd-6393-445e-b03b-b59f0cc80033,revision_number=1']} {{(pid=104222) push /opt/stack/neutron/neutron/api/rpc/handlers/resources_rpc.py:237}}
Apr 29 14:12:52.854612 dv-neutron-839783-7-hyperv neutron-server[104222]: DEBUG neutron.scheduler.base_scheduler [None req-933b03af-080b-4e2e-951e-2aeb16c548e5 tempest-RoutersAdminNegativeIpV6Test-634187499 tempest-RoutersAdminNegativeIpV6Test-634187499-project-admin] Resources bound (agent type, host, resource id): {{(pid=104222) schedule /opt/stack/neutron/neutron/scheduler/base_scheduler.py:57}}
Apr 29 14:12:52.903102 dv-neutron-839783-7-hyperv neutron-server[104223]: DEBUG neutron_lib.callbacks.manager [None req-6128f7ff-0ed8-40bd-b4f1-bfe9c133d925 tempest-ExternalNetworksAdminNegativeTestJSON-957599105 tempest-ExternalNetworksAdminNegativeTestJSON-957599105-project-admin] Publish callbacks [] for floatingip (None), before_create {{(pid=104223) _notify_loop /usr/local/lib/python3.8/dist-packages/neutron_lib/callbacks/manager.py:176}}
Apr 29 14:12:52.917137 dv-neutron-839783-7-hyperv neutron-server[104223]: DEBUG neutron_lib.callbacks.manager [None req-cd025ee3-a760-4905-9cf7-dece9f29ea4f tempest-MeteringIpV6TestJSON-548876981 tempest-MeteringIpV6TestJSON-548876981-project-admin] Publish callbacks [] for metering_label (None), before_response {{(pid=104223) _notify_loop /usr/local/lib/python3.8/dist-packages/neutron_lib/callbacks/manager.py:176}}
Apr 29 14:12:52.921501 dv-neutron-839783-7-hyperv neutron-server[104223]: INFO neutron.wsgi [None req-cd025ee3-a760-4905-9cf7-dece9f29ea4f tempest-MeteringIpV6TestJSON-548876981 tempest-MeteringIpV6TestJSON-548876981-project-admin] 10.222.0.42 "POST /v2.0/metering/metering-labels HTTP/1.1" status: 201 len: 478 time: 1.0531163
Apr 29 14:12:52.938484 dv-neutron-839783-7-hyperv neutron-server[104223]: DEBUG neutron.wsgi [-] (104223) accepted ('10.222.0.42', 50330) {{(pid=104223) server /usr/local/lib/python3.8/dist-packages/eventlet/wsgi.py:1004}}
Apr 29 14:12:52.941957 dv-neutron-839783-7-hyperv neutron-server[104224]: DEBUG neutron.plugins.ml2.managers [None req-3baae08c-f3ea-4a3c-b124-8ccbcf5c0dca None None] Attempting to bind port 9b3c326f-4cd9-4fef-b867-2a713572d458 on host dv-neutron-839783-7-hyperv for vnic_type normal with profile {{(pid=104224) bind_port /opt/stack/neutron/neutron/plugins/ml2/managers.py:795}}
Apr 29 14:12:52.942578 dv-neutron-839783-7-hyperv neutron-server[104224]: DEBUG neutron.plugins.ml2.managers [None req-3baae08c-f3ea-4a3c-b124-8ccbcf5c0dca None None] Attempting to bind port 9b3c326f-4cd9-4fef-b867-2a713572d458 by drivers openvswitch,hyperv on host dv-neutron-839783-7-hyperv at level 0 using segments [{'id': '32b12bcf-adf9-4471-beb1-e9dba3928349', 'network_type': 'vlan', 'physical_network': 'physnet1', 'segmentation_id': 404, 'network_id': '2864e6bd-131d-4dce-b623-75bef8d1e21c'}] {{(pid=104224) _bind_port_level /opt/stack/neutron/neutron/plugins/ml2/managers.py:820}}
Apr 29 14:12:52.943114 dv-neutron-839783-7-hyperv neutron-server[104224]: DEBUG neutron.plugins.ml2.drivers.mech_agent [None req-3baae08c-f3ea-4a3c-b124-8ccbcf5c0dca None None] Attempting to bind port 9b3c326f-4cd9-4fef-b867-2a713572d458 on network 2864e6bd-131d-4dce-b623-75bef8d1e21c {{(pid=104224) bind_port /opt/stack/neutron/neutron/plugins/ml2/drivers/mech_agent.py:91}}
Apr 29 14:12:52.946485 dv-neutron-839783-7-hyperv neutron-server[104223]: DEBUG neutron.api.v2.base [None req-55a8b9a3-29f9-493b-afc5-0a60e0c38845 tempest-MeteringIpV6TestJSON-548876981 tempest-MeteringIpV6TestJSON-548876981-project-admin] Request body: {'metering_label_rule': {'remote_ip_prefix': 'fd02::/64', 'direction': 'ingress', 'metering_label_id': 'b91cacbb-e068-423e-80d8-0d0dfb8ef6f5'}} {{(pid=104223) prepare_request_body /opt/stack/neutron/neutron/api/v2/base.py:730}}
Apr 29 14:12:52.946994 dv-neutron-839783-7-hyperv neutron-server[104223]: DEBUG neutron.api.v2.base [None req-55a8b9a3-29f9-493b-afc5-0a60e0c38845 tempest-MeteringIpV6TestJSON-548876981 tempest-MeteringIpV6TestJSON-548876981-project-admin] Unknown quota resources ['metering_label_rule']. {{(pid=104223) _create /opt/stack/neutron/neutron/api/v2/base.py:497}}
Apr 29 14:12:52.953556 dv-neutron-839783-7-hyperv neutron-server[104224]: DEBUG neutron.plugins.ml2.drivers.mech_agent [None req-3baae08c-f3ea-4a3c-b124-8ccbcf5c0dca None None] Checking agent: {'id': 'a2f2f088-1fe5-40de-811d-6f3c8f6ebfb9', 'agent_type': 'Open vSwitch agent', 'binary': 'neutron-openvswitch-agent', 'topic': 'N/A', 'host': 'dv-neutron-839783-7-hyperv', 'admin_state_up': True, 'created_at': datetime.datetime(2022, 4, 29, 14, 4, 57), 'started_at': datetime.datetime(2022, 4, 29, 14, 5, 27), 'heartbeat_timestamp': datetime.datetime(2022, 4, 29, 14, 12, 27), 'description': None, 'resources_synced': None, 'availability_zone': None, 'alive': True, 'configurations': {'arp_responder_enabled': False, 'baremetal_smartnic': False, 'bridge_mappings': {'physnet1': 'br-data'}, 'datapath_type': 'system', 'devices': 0, 'enable_distributed_routing': False, 'extensions': [], 'in_distributed_mode': False, 'integration_bridge': 'br-int', 'l2_population': False, 'log_agent_heartbeats': False, 'ovs_capabilities': {'datapath_types': ['netdev', 'system'], 'iface_types': ['erspan', 'geneve', 'gre', 'internal', 'ip6erspan', 'ip6gre', 'lisp', 'patch', 'stt', 'system', 'tap', 'vxlan']}, 'ovs_hybrid_plug': False, 'resource_provider_bandwidths': {}, 'resource_provider_hypervisors': {'br-data': 'dv-neutron-839783-7-hyperv'}, 'resource_provider_inventory_defaults': {'allocation_ratio': 1.0, 'min_unit': 1, 'step_size': 1, 'reserved': 0}, 'resource_provider_packet_processing_inventory_defaults': {'allocation_ratio': 1.0, 'min_unit': 1, 'step_size': 1, 'reserved': 0}, 'resource_provider_packet_processing_with_direction': {}, 'resource_provider_packet_processing_without_direction': {}, 'tunnel_types': [], 'tunneling_ip': None, 'vhostuser_socket_dir': '/var/run/openvswitch'}, 'resource_versions': {'AddressGroup': '1.2', 'Agent': '1.1', 'ConntrackHelper': '1.0', 'LocalIPAssociation': '1.0', 'Log': '1.0', 'NDPProxy': '1.0', 'Network': '1.1', 'Port': '1.7', 'PortForwarding': '1.3', 'QosPolicy': '1.10', 'SecurityGroup': '1.5', 'SecurityGroupRule': '1.2', 'SubPort': '1.0', 'Subnet': '1.1', 'Trunk': '1.1'}} {{(pid=104224) bind_port /opt/stack/neutron/neutron/plugins/ml2/drivers/mech_agent.py:110}}
Apr 29 14:12:52.954211 dv-neutron-839783-7-hyperv neutron-server[104224]: DEBUG neutron.plugins.ml2.drivers.mech_agent [None req-3baae08c-f3ea-4a3c-b124-8ccbcf5c0dca None None] Checking segment: {'id': '32b12bcf-adf9-4471-beb1-e9dba3928349', 'network_type': 'vlan', 'physical_network': 'physnet1', 'segmentation_id': 404, 'network_id': '2864e6bd-131d-4dce-b623-75bef8d1e21c'} for mappings: {'physnet1': 'br-data'} with network types: ['local', 'flat', 'vlan'] {{(pid=104224) check_segment_for_agent /opt/stack/neutron/neutron/plugins/ml2/drivers/mech_agent.py:373}}
Apr 29 14:12:52.954777 dv-neutron-839783-7-hyperv neutron-server[104224]: DEBUG neutron_lib.callbacks.manager [None req-3baae08c-f3ea-4a3c-b124-8ccbcf5c0dca None None] Publish callbacks [] for ovs_bridge_name (None), before_read {{(pid=104224) _notify_loop /usr/local/lib/python3.8/dist-packages/neutron_lib/callbacks/manager.py:176}}
Apr 29 14:12:52.955356 dv-neutron-839783-7-hyperv neutron-server[104224]: DEBUG neutron.plugins.ml2.drivers.mech_agent [None req-3baae08c-f3ea-4a3c-b124-8ccbcf5c0dca None None] Bound using segment: {'id': '32b12bcf-adf9-4471-beb1-e9dba3928349', 'network_type': 'vlan', 'physical_network': 'physnet1', 'segmentation_id': 404, 'network_id': '2864e6bd-131d-4dce-b623-75bef8d1e21c'} {{(pid=104224) bind_port /opt/stack/neutron/neutron/plugins/ml2/drivers/mech_agent.py:120}}
Apr 29 14:12:52.955992 dv-neutron-839783-7-hyperv neutron-server[104224]: DEBUG neutron.plugins.ml2.managers [None req-3baae08c-f3ea-4a3c-b124-8ccbcf5c0dca None None] Bound port: 9b3c326f-4cd9-4fef-b867-2a713572d458, host: dv-neutron-839783-7-hyperv, vif_type: ovs, vif_details: {"connectivity": "l2", "port_filter": true, "ovs_hybrid_plug": false, "datapath_type": "system", "bridge_name": "br-int"}, binding_levels: [{'bound_driver': 'openvswitch', 'bound_segment': {'id': '32b12bcf-adf9-4471-beb1-e9dba3928349', 'network_type': 'vlan', 'physical_network': 'physnet1', 'segmentation_id': 404, 'network_id': '2864e6bd-131d-4dce-b623-75bef8d1e21c'}}] {{(pid=104224) _bind_port_level /opt/stack/neutron/neutron/plugins/ml2/managers.py:932}}
Apr 29 14:12:52.956562 dv-neutron-839783-7-hyperv neutron-server[104224]: DEBUG neutron_lib.callbacks.manager [None req-3baae08c-f3ea-4a3c-b124-8ccbcf5c0dca None None] Publish callbacks ['neutron.plugins.ml2.plugin.SecurityGroupDbMixin._ensure_default_security_group_handler-1564377'] for port (9b3c326f-4cd9-4fef-b867-2a713572d458), before_update {{(pid=104224) _notify_loop /usr/local/lib/python3.8/dist-packages/neutron_lib/callbacks/manager.py:176}}
Apr 29 14:12:52.981525 dv-neutron-839783-7-hyperv neutron-server[104223]: DEBUG neutron_lib.callbacks.manager [None req-67886cbd-af7d-4ee6-a6e0-3cfe515521d0 tempest-DHCPAgentSchedulersTestJSON-443217501 tempest-DHCPAgentSchedulersTestJSON-443217501-project] Publish callbacks [] for security_group (6dcd60ba-abb5-4727-920d-41e9e86d4d69), precommit_create {{(pid=104223) _notify_loop /usr/local/lib/python3.8/dist-packages/neutron_lib/callbacks/manager.py:176}}
Apr 29 14:12:52.998355 dv-neutron-839783-7-hyperv neutron-server[104222]: DEBUG neutron.db.l3_dvrscheduler_db [None req-933b03af-080b-4e2e-951e-2aeb16c548e5 tempest-RoutersAdminNegativeIpV6Test-634187499 tempest-RoutersAdminNegativeIpV6Test-634187499-project-admin] Received port after_create {{(pid=104222) _notify_l3_agent_new_port /opt/stack/neutron/neutron/db/l3_dvrscheduler_db.py:536}}
Apr 29 14:12:52.999528 dv-neutron-839783-7-hyperv neutron-server[104222]: DEBUG neutron.pecan_wsgi.hooks.policy_enforcement [None req-933b03af-080b-4e2e-951e-2aeb16c548e5 tempest-RoutersAdminNegativeIpV6Test-634187499 tempest-RoutersAdminNegativeIpV6Test-634187499-project-admin] Attributes excluded by policy engine: ['standard_attr_id', 'network'] {{(pid=104222) _exclude_attributes_by_policy /opt/stack/neutron/neutron/pecan_wsgi/hooks/policy_enforcement.py:259}}
Apr 29 14:12:53.000376 dv-neutron-839783-7-hyperv neutron-server[104222]: DEBUG neutron_lib.callbacks.manager [None req-933b03af-080b-4e2e-951e-2aeb16c548e5 tempest-RoutersAdminNegativeIpV6Test-634187499 tempest-RoutersAdminNegativeIpV6Test-634187499-project-admin] Publish callbacks ['neutron.notifiers.nova.Notifier._send_nova_notification-147593', 'neutron.api.rpc.agentnotifiers.dhcp_rpc_agent_api.DhcpAgentNotifyAPI._send_dhcp_notification-552908'] for port (None), before_response {{(pid=104222) _notify_loop /usr/local/lib/python3.8/dist-packages/neutron_lib/callbacks/manager.py:176}}
Apr 29 14:12:53.068025 dv-neutron-839783-7-hyperv neutron-server[104224]: DEBUG neutron.db.db_base_plugin_common [None req-64f52642-5956-498e-9b8c-c433e1f9a3cd None None] Allocated IP 172.20.0.2 (6413e53c-7e21-431e-888d-74ae2d99cf6f/051530cb-32c5-4eb1-9c70-b5f77d713703/69e4b2c7-691e-49aa-b54c-b6cfbef41dd4) {{(pid=104224) _store_ip_allocation /opt/stack/neutron/neutron/db/db_base_plugin_common.py:131}}
Apr 29 14:12:53.082421 dv-neutron-839783-7-hyperv neutron-server[104222]: DEBUG neutron_lib.callbacks.manager [None req-0cb4aef3-305a-4034-ba98-a2194fba6c2d admin admin] Publish callbacks [] for router_controller (b840cd3f-782a-4736-9370-cbe0747f3c74), precommit_add_association {{(pid=104222) _notify_loop /usr/local/lib/python3.8/dist-packages/neutron_lib/callbacks/manager.py:176}}
Apr 29 14:12:53.090783 dv-neutron-839783-7-hyperv neutron-server[104222]: INFO neutron.wsgi [None req-516bcd42-593f-4a86-8180-34d6de731f0a tempest-QuotasNegativeTest-679094509 tempest-QuotasNegativeTest-679094509-project-admin] 10.222.0.42 "PUT /v2.0/quotas/d8dc7eb3ecfd4e14aac8fc0992ee09d3 HTTP/1.1" status: 200 len: 368 time: 0.6292100
Apr 29 14:12:53.091862 dv-neutron-839783-7-hyperv neutron-server[104222]: DEBUG neutron.wsgi [-] (104222) accepted ('10.222.0.42', 50332) {{(pid=104222) server /usr/local/lib/python3.8/dist-packages/eventlet/wsgi.py:1004}}
Apr 29 14:12:53.094223 dv-neutron-839783-7-hyperv neutron-server[104224]: DEBUG neutron.plugins.ml2.db [None req-3baae08c-f3ea-4a3c-b124-8ccbcf5c0dca None None] For port 9b3c326f-4cd9-4fef-b867-2a713572d458, host dv-neutron-839783-7-hyperv, cleared binding levels {{(pid=104224) clear_binding_levels /opt/stack/neutron/neutron/plugins/ml2/db.py:87}}
Apr 29 14:12:53.099240 dv-neutron-839783-7-hyperv neutron-server[104222]: DEBUG neutron.api.v2.base [None req-5a279828-6e6a-48ee-b08d-191440fbab0e tempest-QuotasNegativeTest-679094509 tempest-QuotasNegativeTest-679094509-project-admin] Request body: {'network': {'project_id': 'd8dc7eb3ecfd4e14aac8fc0992ee09d3'}} {{(pid=104222) prepare_request_body /opt/stack/neutron/neutron/api/v2/base.py:730}}
Apr 29 14:12:53.113478 dv-neutron-839783-7-hyperv neutron-server[104224]: DEBUG neutron.plugins.ml2.db [None req-3baae08c-f3ea-4a3c-b124-8ccbcf5c0dca None None] For port 9b3c326f-4cd9-4fef-b867-2a713572d458, host dv-neutron-839783-7-hyperv, set binding levels [PortBindingLevel(driver='openvswitch',host='dv-neutron-839783-7-hyperv',level=0,port_id=9b3c326f-4cd9-4fef-b867-2a713572d458,segment=NetworkSegment(32b12bcf-adf9-4471-beb1-e9dba3928349),segment_id=32b12bcf-adf9-4471-beb1-e9dba3928349)] {{(pid=104224) set_binding_levels /opt/stack/neutron/neutron/plugins/ml2/db.py:59}}
Apr 29 14:12:53.118601 dv-neutron-839783-7-hyperv neutron-server[104223]: DEBUG neutron_lib.callbacks.manager [None req-67886cbd-af7d-4ee6-a6e0-3cfe515521d0 tempest-DHCPAgentSchedulersTestJSON-443217501 tempest-DHCPAgentSchedulersTestJSON-443217501-project] Publish callbacks ['neutron.plugins.ml2.ovo_rpc._ObjectChangeHandler.handle_event-493130'] for security_group (6dcd60ba-abb5-4727-920d-41e9e86d4d69), after_create {{(pid=104223) _notify_loop /usr/local/lib/python3.8/dist-packages/neutron_lib/callbacks/manager.py:176}}
Apr 29 14:12:53.135660 dv-neutron-839783-7-hyperv neutron-server[104223]: WARNING neutron.services.metering.metering_plugin [None req-55a8b9a3-29f9-493b-afc5-0a60e0c38845 tempest-MeteringIpV6TestJSON-548876981 tempest-MeteringIpV6TestJSON-548876981-project-admin] The use of 'remote_ip_prefix' in metering label rules is deprecated and will be removed in future releases. One should use instead the 'source_ip_prefix' and/or 'destination_ip_prefix' parameters. For more details, you can check the spec: https://review.opendev.org/#/c/744702/.
Apr 29 14:12:53.136251 dv-neutron-839783-7-hyperv neutron-server[104224]: DEBUG neutron_lib.callbacks.manager [None req-3baae08c-f3ea-4a3c-b124-8ccbcf5c0dca None None] Publish callbacks ['neutron.plugins.ml2.plugin.SecurityGroupServerNotifierRpcMixin._notify_sg_on_port_change-1564422', 'neutron.plugins.ml2.ovo_rpc._ObjectChangeHandler.handle_event-218227', 'neutron.api.rpc.agentnotifiers.dhcp_rpc_agent_api.DhcpAgentNotifyAPI._native_event_send_dhcp_notification-552930', 'neutron.db.l3_db.L3RpcNotifierMixin._notify_gateway_port_ip_changed-8766534094812', 'neutron.db.l3_dvrscheduler_db._notify_l3_agent_port_update-8766533653360', 'neutron.db.l3_hascheduler_db._notify_l3_agent_ha_port_update-8766533653378'] for port (9b3c326f-4cd9-4fef-b867-2a713572d458), after_update {{(pid=104224) _notify_loop /usr/local/lib/python3.8/dist-packages/neutron_lib/callbacks/manager.py:176}}
Apr 29 14:12:53.147295 dv-neutron-839783-7-hyperv neutron-server[104222]: INFO neutron.wsgi [None req-933b03af-080b-4e2e-951e-2aeb16c548e5 tempest-RoutersAdminNegativeIpV6Test-634187499 tempest-RoutersAdminNegativeIpV6Test-634187499-project-admin] 10.222.0.42 "POST /v2.0/ports HTTP/1.1" status: 201 len: 1037 time: 2.4920802
Apr 29 14:12:53.149152 dv-neutron-839783-7-hyperv neutron-server[104222]: DEBUG neutron_lib.callbacks.manager [None req-649d512a-5bdd-48cb-8831-7cef31898cd8 admin admin] Publish callbacks ['neutron.plugins.ml2.ovo_rpc._ObjectChangeHandler.handle_event-500513', 'neutron.api.rpc.agentnotifiers.dhcp_rpc_agent_api.DhcpAgentNotifyAPI._native_event_send_dhcp_notification-552930'] for subnet (dc84b490-0604-4925-94de-69b1953a03d9), after_create {{(pid=104222) _notify_loop /usr/local/lib/python3.8/dist-packages/neutron_lib/callbacks/manager.py:176}}
Apr 29 14:12:53.178187 dv-neutron-839783-7-hyperv neutron-server[104223]: DEBUG neutron.wsgi [-] (104223) accepted ('10.222.0.42', 50334) {{(pid=104223) server /usr/local/lib/python3.8/dist-packages/eventlet/wsgi.py:1004}}
Apr 29 14:12:53.299813 dv-neutron-839783-7-hyperv neutron-server[104223]: DEBUG neutron.api.v2.base [None req-b48df14c-e641-486f-a02a-70a1afb04c67 tempest-RoutersAdminNegativeIpV6Test-634187499 tempest-RoutersAdminNegativeIpV6Test-634187499-project-admin] Request body: {'router': {'external_gateway_info': {'network_id': 'c8bd1a1e-29a8-4805-9302-333e322b20ce', 'external_fixed_ips': [{'subnet_id': 'a48fa163-e5f6-44a4-9687-9ea872dce569', 'ip_address': '172.26.0.223'}]}}} {{(pid=104223) prepare_request_body /opt/stack/neutron/neutron/api/v2/base.py:730}}
Apr 29 14:12:53.311539 dv-neutron-839783-7-hyperv neutron-server[104223]: DEBUG neutron.plugins.ml2.drivers.helpers [None req-67886cbd-af7d-4ee6-a6e0-3cfe515521d0 tempest-DHCPAgentSchedulersTestJSON-443217501 tempest-DHCPAgentSchedulersTestJSON-443217501-project] vlan segment allocate from pool success with {'vlan_id': 420, 'physical_network': 'physnet1'} {{(pid=104223) allocate_partially_specified_segment /opt/stack/neutron/neutron/plugins/ml2/drivers/helpers.py:153}}
Apr 29 14:12:53.340308 dv-neutron-839783-7-hyperv neutron-server[104224]: DEBUG neutron.api.rpc.handlers.resources_rpc [None req-3baae08c-f3ea-4a3c-b124-8ccbcf5c0dca None None] Pushing event updated for resources: {'Port': ['ID=9b3c326f-4cd9-4fef-b867-2a713572d458,revision_number=2']} {{(pid=104224) push /opt/stack/neutron/neutron/api/rpc/handlers/resources_rpc.py:237}}
Apr 29 14:12:53.358364 dv-neutron-839783-7-hyperv neutron-server[104222]: DEBUG neutron.pecan_wsgi.hooks.quota_enforcement [None req-5a279828-6e6a-48ee-b08d-191440fbab0e tempest-QuotasNegativeTest-679094509 tempest-QuotasNegativeTest-679094509-project-admin] Made reservation on behalf of d8dc7eb3ecfd4e14aac8fc0992ee09d3 for: {'network': 1} {{(pid=104222) before /opt/stack/neutron/neutron/pecan_wsgi/hooks/quota_enforcement.py:53}}
Apr 29 14:12:53.360950 dv-neutron-839783-7-hyperv neutron-server[104222]: DEBUG neutron_lib.callbacks.manager [None req-5a279828-6e6a-48ee-b08d-191440fbab0e tempest-QuotasNegativeTest-679094509 tempest-QuotasNegativeTest-679094509-project-admin] Publish callbacks ['neutron.plugins.ml2.plugin.SecurityGroupDbMixin._ensure_default_security_group_handler-1564377'] for network (None), before_create {{(pid=104222) _notify_loop /usr/local/lib/python3.8/dist-packages/neutron_lib/callbacks/manager.py:176}}
Apr 29 14:12:53.375694 dv-neutron-839783-7-hyperv neutron-server[104222]: DEBUG neutron_lib.callbacks.manager [None req-5a279828-6e6a-48ee-b08d-191440fbab0e tempest-QuotasNegativeTest-679094509 tempest-QuotasNegativeTest-679094509-project-admin] Publish callbacks [] for security_group (None), before_create {{(pid=104222) _notify_loop /usr/local/lib/python3.8/dist-packages/neutron_lib/callbacks/manager.py:176}}
Apr 29 14:12:53.379241 dv-neutron-839783-7-hyperv neutron-server[104224]: DEBUG neutron_lib.callbacks.manager [None req-64f52642-5956-498e-9b8c-c433e1f9a3cd None None] Publish callbacks [] for port (69e4b2c7-691e-49aa-b54c-b6cfbef41dd4), precommit_create {{(pid=104224) _notify_loop /usr/local/lib/python3.8/dist-packages/neutron_lib/callbacks/manager.py:176}}
Apr 29 14:12:53.380965 dv-neutron-839783-7-hyperv neutron-server[104223]: DEBUG neutron_lib.callbacks.manager [None req-6128f7ff-0ed8-40bd-b4f1-bfe9c133d925 tempest-ExternalNetworksAdminNegativeTestJSON-957599105 tempest-ExternalNetworksAdminNegativeTestJSON-957599105-project-admin] Publish callbacks ['neutron.plugins.ml2.plugin.SecurityGroupDbMixin._ensure_default_security_group_handler-1564377'] for port (None), before_create {{(pid=104223) _notify_loop /usr/local/lib/python3.8/dist-packages/neutron_lib/callbacks/manager.py:176}}
Apr 29 14:12:53.388327 dv-neutron-839783-7-hyperv neutron-server[104224]: DEBUG neutron_lib.callbacks.manager [None req-64f52642-5956-498e-9b8c-c433e1f9a3cd None None] Publish callbacks ['neutron.plugins.ml2.plugin.SecurityGroupServerNotifierRpcMixin._notify_sg_on_port_change-1564422', 'neutron.plugins.ml2.ovo_rpc._ObjectChangeHandler.handle_event-218227', 'neutron.api.rpc.agentnotifiers.dhcp_rpc_agent_api.DhcpAgentNotifyAPI._native_event_send_dhcp_notification-552930', 'neutron.db.l3_dvrscheduler_db._notify_l3_agent_new_port-8766533653342'] for port (69e4b2c7-691e-49aa-b54c-b6cfbef41dd4), after_create {{(pid=104224) _notify_loop /usr/local/lib/python3.8/dist-packages/neutron_lib/callbacks/manager.py:176}}
Apr 29 14:12:53.418229 dv-neutron-839783-7-hyperv neutron-server[104223]: DEBUG neutron.api.rpc.handlers.resources_rpc [None req-67886cbd-af7d-4ee6-a6e0-3cfe515521d0 tempest-DHCPAgentSchedulersTestJSON-443217501 tempest-DHCPAgentSchedulersTestJSON-443217501-project] Pushing event updated for resources: {'SecurityGroup': ['ID=6dcd60ba-abb5-4727-920d-41e9e86d4d69,revision_number=1']} {{(pid=104223) push /opt/stack/neutron/neutron/api/rpc/handlers/resources_rpc.py:237}}
Apr 29 14:12:53.431585 dv-neutron-839783-7-hyperv neutron-server[104224]: DEBUG neutron.scheduler.dhcp_agent_scheduler [None req-64f52642-5956-498e-9b8c-c433e1f9a3cd None None] Network 6413e53c-7e21-431e-888d-74ae2d99cf6f is already hosted by enough agents. {{(pid=104224) _get_dhcp_agents_hosting_network /opt/stack/neutron/neutron/scheduler/dhcp_agent_scheduler.py:275}}
Apr 29 14:12:53.434936 dv-neutron-839783-7-hyperv neutron-server[104223]: DEBUG neutron_lib.callbacks.manager [None req-55a8b9a3-29f9-493b-afc5-0a60e0c38845 tempest-MeteringIpV6TestJSON-548876981 tempest-MeteringIpV6TestJSON-548876981-project-admin] Publish callbacks [] for metering_label_rule (None), before_response {{(pid=104223) _notify_loop /usr/local/lib/python3.8/dist-packages/neutron_lib/callbacks/manager.py:176}}
Apr 29 14:12:53.435315 dv-neutron-839783-7-hyperv neutron-server[104224]: DEBUG neutron.scheduler.base_scheduler [None req-64f52642-5956-498e-9b8c-c433e1f9a3cd None None] Resources bound (agent type, host, resource id): {{(pid=104224) schedule /opt/stack/neutron/neutron/scheduler/base_scheduler.py:57}}
Apr 29 14:12:53.435922 dv-neutron-839783-7-hyperv neutron-server[104223]: INFO neutron.wsgi [None req-55a8b9a3-29f9-493b-afc5-0a60e0c38845 tempest-MeteringIpV6TestJSON-548876981 tempest-MeteringIpV6TestJSON-548876981-project-admin] 10.222.0.42 "POST /v2.0/metering/metering-label-rules HTTP/1.1" status: 201 len: 464 time: 0.4965155
Apr 29 14:12:53.437313 dv-neutron-839783-7-hyperv neutron-server[104223]: DEBUG neutron_lib.callbacks.manager [None req-67886cbd-af7d-4ee6-a6e0-3cfe515521d0 tempest-DHCPAgentSchedulersTestJSON-443217501 tempest-DHCPAgentSchedulersTestJSON-443217501-project] Publish callbacks ['neutron.plugins.ml2.plugin.Ml2Plugin._handle_segment_change-1401788'] for segment (2a69687c-b9a1-4d51-895b-2bc0c1a339b6), precommit_create {{(pid=104223) _notify_loop /usr/local/lib/python3.8/dist-packages/neutron_lib/callbacks/manager.py:176}}
Apr 29 14:12:53.438351 dv-neutron-839783-7-hyperv neutron-server[104223]: INFO neutron.db.segments_db [None req-67886cbd-af7d-4ee6-a6e0-3cfe515521d0 tempest-DHCPAgentSchedulersTestJSON-443217501 tempest-DHCPAgentSchedulersTestJSON-443217501-project] Added segment 2a69687c-b9a1-4d51-895b-2bc0c1a339b6 of type vlan for network a0d7c9a2-a789-4da1-8154-9a4b28c36471
Apr 29 14:12:53.442278 dv-neutron-839783-7-hyperv neutron-server[104224]: DEBUG neutron.db.l3_dvrscheduler_db [None req-64f52642-5956-498e-9b8c-c433e1f9a3cd None None] Received port after_create {{(pid=104224) _notify_l3_agent_new_port /opt/stack/neutron/neutron/db/l3_dvrscheduler_db.py:536}}
Apr 29 14:12:53.479029 dv-neutron-839783-7-hyperv neutron-server[104222]: DEBUG neutron.wsgi [-] (104222) accepted ('10.222.0.42', 50338) {{(pid=104222) server /usr/local/lib/python3.8/dist-packages/eventlet/wsgi.py:1004}}
Apr 29 14:12:53.479029 dv-neutron-839783-7-hyperv neutron-server[104222]: DEBUG neutron.api.v2.base [None req-9c7a9c97-27a8-4f9b-8876-deb4222fc414 tempest-MeteringIpV6TestJSON-548876981 tempest-MeteringIpV6TestJSON-548876981-project-admin] Request body: {'metering_label_rule': {'remote_ip_prefix': 'fd03::/64', 'direction': 'ingress', 'metering_label_id': 'b91cacbb-e068-423e-80d8-0d0dfb8ef6f5'}} {{(pid=104222) prepare_request_body /opt/stack/neutron/neutron/api/v2/base.py:730}}
Apr 29 14:12:53.479460 dv-neutron-839783-7-hyperv neutron-server[104224]: DEBUG neutron.api.rpc.handlers.resources_rpc [None req-64f52642-5956-498e-9b8c-c433e1f9a3cd None None] Pushing event updated for resources: {'Port': ['ID=69e4b2c7-691e-49aa-b54c-b6cfbef41dd4,revision_number=1']} {{(pid=104224) push /opt/stack/neutron/neutron/api/rpc/handlers/resources_rpc.py:237}}
Apr 29 14:12:53.480750 dv-neutron-839783-7-hyperv neutron-server[104222]: DEBUG neutron.api.v2.base [None req-9c7a9c97-27a8-4f9b-8876-deb4222fc414 tempest-MeteringIpV6TestJSON-548876981 tempest-MeteringIpV6TestJSON-548876981-project-admin] Unknown quota resources ['metering_label_rule']. {{(pid=104222) _create /opt/stack/neutron/neutron/api/v2/base.py:497}}
Apr 29 14:12:53.590251 dv-neutron-839783-7-hyperv neutron-server[104223]: DEBUG neutron_lib.callbacks.manager [None req-b48df14c-e641-486f-a02a-70a1afb04c67 tempest-RoutersAdminNegativeIpV6Test-634187499 tempest-RoutersAdminNegativeIpV6Test-634187499-project-admin] Publish callbacks ['neutron.services.l3_router.l3_router_plugin.L3_HA_NAT_db_mixin._before_router_create_handler-382635', 'neutron.services.l3_router.service_providers.driver_controller.DriverController._check_router_request-11554'] for router (ae5c3bb2-eb9b-4abf-b20b-fb1ba33d5bd0), before_create {{(pid=104223) _notify_loop /usr/local/lib/python3.8/dist-packages/neutron_lib/callbacks/manager.py:176}}
Apr 29 14:12:53.591311 dv-neutron-839783-7-hyperv neutron-server[104223]: DEBUG neutron_lib.callbacks.manager [None req-b48df14c-e641-486f-a02a-70a1afb04c67 tempest-RoutersAdminNegativeIpV6Test-634187499 tempest-RoutersAdminNegativeIpV6Test-634187499-project-admin] Publish callbacks ['neutron.services.l3_router.l3_router_plugin.L3_HA_NAT_db_mixin._precommit_router_create-381979', 'neutron.services.l3_router.l3_router_plugin.DVRResourceOperationHandler._set_distributed_flag-450475', 'neutron.services.l3_router.l3_router_plugin.RouterAvailabilityZoneMixin._process_az_request-387234', 'neutron.services.l3_router.service_providers.driver_controller.DriverController._set_router_provider-11563'] for router (ae5c3bb2-eb9b-4abf-b20b-fb1ba33d5bd0), precommit_create {{(pid=104223) _notify_loop /usr/local/lib/python3.8/dist-packages/neutron_lib/callbacks/manager.py:176}}
Apr 29 14:12:53.595764 dv-neutron-839783-7-hyperv neutron-server[104223]: DEBUG neutron_lib.callbacks.manager [None req-05a3d524-e860-442f-aad5-b95cfc8dc783 admin admin] Publish callbacks [] for router_gateway (b9f9ec05-a87e-477b-96c6-9b66f8acae57), before_create {{(pid=104223) _notify_loop /usr/local/lib/python3.8/dist-packages/neutron_lib/callbacks/manager.py:176}}
Apr 29 14:12:53.608786 dv-neutron-839783-7-hyperv neutron-server[104222]: DEBUG neutron_lib.callbacks.manager [None req-5a279828-6e6a-48ee-b08d-191440fbab0e tempest-QuotasNegativeTest-679094509 tempest-QuotasNegativeTest-679094509-project-admin] Publish callbacks [] for security_group (ccbcd5e5-c996-428a-84cf-6923ae047fe2), precommit_create {{(pid=104222) _notify_loop /usr/local/lib/python3.8/dist-packages/neutron_lib/callbacks/manager.py:176}}
Apr 29 14:12:53.619771 dv-neutron-839783-7-hyperv neutron-server[104224]: DEBUG neutron.plugins.ml2.managers [None req-64f52642-5956-498e-9b8c-c433e1f9a3cd None None] Attempting to bind port 69e4b2c7-691e-49aa-b54c-b6cfbef41dd4 on host dv-neutron-839783-7-hyperv for vnic_type normal with profile {{(pid=104224) bind_port /opt/stack/neutron/neutron/plugins/ml2/managers.py:795}}
Apr 29 14:12:53.620342 dv-neutron-839783-7-hyperv neutron-server[104224]: DEBUG neutron.plugins.ml2.managers [None req-64f52642-5956-498e-9b8c-c433e1f9a3cd None None] Attempting to bind port 69e4b2c7-691e-49aa-b54c-b6cfbef41dd4 by drivers openvswitch,hyperv on host dv-neutron-839783-7-hyperv at level 0 using segments [{'id': '080b3c1e-eb0c-42de-98e8-959f6a7ff62b', 'network_type': 'vlan', 'physical_network': 'physnet1', 'segmentation_id': 441, 'network_id': '6413e53c-7e21-431e-888d-74ae2d99cf6f'}] {{(pid=104224) _bind_port_level /opt/stack/neutron/neutron/plugins/ml2/managers.py:820}}
Apr 29 14:12:53.620883 dv-neutron-839783-7-hyperv neutron-server[104224]: DEBUG neutron.plugins.ml2.drivers.mech_agent [None req-64f52642-5956-498e-9b8c-c433e1f9a3cd None None] Attempting to bind port 69e4b2c7-691e-49aa-b54c-b6cfbef41dd4 on network 6413e53c-7e21-431e-888d-74ae2d99cf6f {{(pid=104224) bind_port /opt/stack/neutron/neutron/plugins/ml2/drivers/mech_agent.py:91}}
Apr 29 14:12:53.626819 dv-neutron-839783-7-hyperv neutron-server[104224]: DEBUG neutron.plugins.ml2.drivers.mech_agent [None req-64f52642-5956-498e-9b8c-c433e1f9a3cd None None] Checking agent: {'id': 'a2f2f088-1fe5-40de-811d-6f3c8f6ebfb9', 'agent_type': 'Open vSwitch agent', 'binary': 'neutron-openvswitch-agent', 'topic': 'N/A', 'host': 'dv-neutron-839783-7-hyperv', 'admin_state_up': True, 'created_at': datetime.datetime(2022, 4, 29, 14, 4, 57), 'started_at': datetime.datetime(2022, 4, 29, 14, 5, 27), 'heartbeat_timestamp': datetime.datetime(2022, 4, 29, 14, 12, 27), 'description': None, 'resources_synced': None, 'availability_zone': None, 'alive': True, 'configurations': {'arp_responder_enabled': False, 'baremetal_smartnic': False, 'bridge_mappings': {'physnet1': 'br-data'}, 'datapath_type': 'system', 'devices': 0, 'enable_distributed_routing': False, 'extensions': [], 'in_distributed_mode': False, 'integration_bridge': 'br-int', 'l2_population': False, 'log_agent_heartbeats': False, 'ovs_capabilities': {'datapath_types': ['netdev', 'system'], 'iface_types': ['erspan', 'geneve', 'gre', 'internal', 'ip6erspan', 'ip6gre', 'lisp', 'patch', 'stt', 'system', 'tap', 'vxlan']}, 'ovs_hybrid_plug': False, 'resource_provider_bandwidths': {}, 'resource_provider_hypervisors': {'br-data': 'dv-neutron-839783-7-hyperv'}, 'resource_provider_inventory_defaults': {'allocation_ratio': 1.0, 'min_unit': 1, 'step_size': 1, 'reserved': 0}, 'resource_provider_packet_processing_inventory_defaults': {'allocation_ratio': 1.0, 'min_unit': 1, 'step_size': 1, 'reserved': 0}, 'resource_provider_packet_processing_with_direction': {}, 'resource_provider_packet_processing_without_direction': {}, 'tunnel_types': [], 'tunneling_ip': None, 'vhostuser_socket_dir': '/var/run/openvswitch'}, 'resource_versions': {'AddressGroup': '1.2', 'Agent': '1.1', 'ConntrackHelper': '1.0', 'LocalIPAssociation': '1.0', 'Log': '1.0', 'NDPProxy': '1.0', 'Network': '1.1', 'Port': '1.7', 'PortForwarding': '1.3', 'QosPolicy': '1.10', 'SecurityGroup': '1.5', 'SecurityGroupRule': '1.2', 'SubPort': '1.0', 'Subnet': '1.1', 'Trunk': '1.1'}} {{(pid=104224) bind_port /opt/stack/neutron/neutron/plugins/ml2/drivers/mech_agent.py:110}}
Apr 29 14:12:53.627528 dv-neutron-839783-7-hyperv neutron-server[104224]: DEBUG neutron.plugins.ml2.drivers.mech_agent [None req-64f52642-5956-498e-9b8c-c433e1f9a3cd None None] Checking segment: {'id': '080b3c1e-eb0c-42de-98e8-959f6a7ff62b', 'network_type': 'vlan', 'physical_network': 'physnet1', 'segmentation_id': 441, 'network_id': '6413e53c-7e21-431e-888d-74ae2d99cf6f'} for mappings: {'physnet1': 'br-data'} with network types: ['local', 'flat', 'vlan'] {{(pid=104224) check_segment_for_agent /opt/stack/neutron/neutron/plugins/ml2/drivers/mech_agent.py:373}}
Apr 29 14:12:53.628006 dv-neutron-839783-7-hyperv neutron-server[104224]: DEBUG neutron_lib.callbacks.manager [None req-64f52642-5956-498e-9b8c-c433e1f9a3cd None None] Publish callbacks [] for ovs_bridge_name (None), before_read {{(pid=104224) _notify_loop /usr/local/lib/python3.8/dist-packages/neutron_lib/callbacks/manager.py:176}}
Apr 29 14:12:53.634873 dv-neutron-839783-7-hyperv neutron-server[104224]: DEBUG neutron.plugins.ml2.drivers.mech_agent [None req-64f52642-5956-498e-9b8c-c433e1f9a3cd None None] Bound using segment: {'id': '080b3c1e-eb0c-42de-98e8-959f6a7ff62b', 'network_type': 'vlan', 'physical_network': 'physnet1', 'segmentation_id': 441, 'network_id': '6413e53c-7e21-431e-888d-74ae2d99cf6f'} {{(pid=104224) bind_port /opt/stack/neutron/neutron/plugins/ml2/drivers/mech_agent.py:120}}
Apr 29 14:12:53.635555 dv-neutron-839783-7-hyperv neutron-server[104224]: DEBUG neutron.plugins.ml2.managers [None req-64f52642-5956-498e-9b8c-c433e1f9a3cd None None] Bound port: 69e4b2c7-691e-49aa-b54c-b6cfbef41dd4, host: dv-neutron-839783-7-hyperv, vif_type: ovs, vif_details: {"connectivity": "l2", "port_filter": true, "ovs_hybrid_plug": false, "datapath_type": "system", "bridge_name": "br-int"}, binding_levels: [{'bound_driver': 'openvswitch', 'bound_segment': {'id': '080b3c1e-eb0c-42de-98e8-959f6a7ff62b', 'network_type': 'vlan', 'physical_network': 'physnet1', 'segmentation_id': 441, 'network_id': '6413e53c-7e21-431e-888d-74ae2d99cf6f'}}] {{(pid=104224) _bind_port_level /opt/stack/neutron/neutron/plugins/ml2/managers.py:932}}
Apr 29 14:12:53.636105 dv-neutron-839783-7-hyperv neutron-server[104224]: DEBUG neutron_lib.callbacks.manager [None req-64f52642-5956-498e-9b8c-c433e1f9a3cd None None] Publish callbacks ['neutron.plugins.ml2.plugin.SecurityGroupDbMixin._ensure_default_security_group_handler-1564377'] for port (69e4b2c7-691e-49aa-b54c-b6cfbef41dd4), before_update {{(pid=104224) _notify_loop /usr/local/lib/python3.8/dist-packages/neutron_lib/callbacks/manager.py:176}}
Apr 29 14:12:53.651508 dv-neutron-839783-7-hyperv neutron-server[104222]: DEBUG neutron_lib.callbacks.manager [None req-5a279828-6e6a-48ee-b08d-191440fbab0e tempest-QuotasNegativeTest-679094509 tempest-QuotasNegativeTest-679094509-project-admin] Publish callbacks ['neutron.plugins.ml2.ovo_rpc._ObjectChangeHandler.handle_event-493130'] for security_group (ccbcd5e5-c996-428a-84cf-6923ae047fe2), after_create {{(pid=104222) _notify_loop /usr/local/lib/python3.8/dist-packages/neutron_lib/callbacks/manager.py:176}}
Apr 29 14:12:53.651740 dv-neutron-839783-7-hyperv neutron-server[104223]: DEBUG neutron_lib.callbacks.manager [None req-05a3d524-e860-442f-aad5-b95cfc8dc783 admin admin] Publish callbacks ['neutron.plugins.ml2.plugin.SecurityGroupDbMixin._ensure_default_security_group_handler-1564377'] for port (None), before_create {{(pid=104223) _notify_loop /usr/local/lib/python3.8/dist-packages/neutron_lib/callbacks/manager.py:176}}
Apr 29 14:12:53.660582 dv-neutron-839783-7-hyperv neutron-server[104223]: DEBUG neutron_lib.callbacks.manager [None req-67886cbd-af7d-4ee6-a6e0-3cfe515521d0 tempest-DHCPAgentSchedulersTestJSON-443217501 tempest-DHCPAgentSchedulersTestJSON-443217501-project] Publish callbacks ['neutron.services.auto_allocate.db._ensure_external_network_default_value_callback-8766533622420'] for network (a0d7c9a2-a789-4da1-8154-9a4b28c36471), precommit_create {{(pid=104223) _notify_loop /usr/local/lib/python3.8/dist-packages/neutron_lib/callbacks/manager.py:176}}
Apr 29 14:12:53.678102 dv-neutron-839783-7-hyperv neutron-server[104222]: DEBUG neutron.plugins.ml2.drivers.helpers [None req-5a279828-6e6a-48ee-b08d-191440fbab0e tempest-QuotasNegativeTest-679094509 tempest-QuotasNegativeTest-679094509-project-admin] vlan segment allocate from pool success with {'vlan_id': 428, 'physical_network': 'physnet1'} {{(pid=104222) allocate_partially_specified_segment /opt/stack/neutron/neutron/plugins/ml2/drivers/helpers.py:153}}
Apr 29 14:12:53.701883 dv-neutron-839783-7-hyperv neutron-server[104222]: DEBUG neutron_lib.callbacks.manager [None req-5a279828-6e6a-48ee-b08d-191440fbab0e tempest-QuotasNegativeTest-679094509 tempest-QuotasNegativeTest-679094509-project-admin] Publish callbacks ['neutron.plugins.ml2.plugin.Ml2Plugin._handle_segment_change-1401788'] for segment (3d378c49-764b-4a4a-8a32-0b30cdc97799), precommit_create {{(pid=104222) _notify_loop /usr/local/lib/python3.8/dist-packages/neutron_lib/callbacks/manager.py:176}}
Apr 29 14:12:53.702774 dv-neutron-839783-7-hyperv neutron-server[104222]: INFO neutron.db.segments_db [None req-5a279828-6e6a-48ee-b08d-191440fbab0e tempest-QuotasNegativeTest-679094509 tempest-QuotasNegativeTest-679094509-project-admin] Added segment 3d378c49-764b-4a4a-8a32-0b30cdc97799 of type vlan for network 8f60f448-06f6-4fea-bd79-45148915cbbb
Apr 29 14:12:53.732691 dv-neutron-839783-7-hyperv neutron-server[104224]: DEBUG neutron_lib.callbacks.manager [None req-bef223fe-7256-4d18-895b-3eec27836a1c None None] Publish callbacks ['neutron.services.segments.db._update_segment_host_mapping_for_agent-8766534165863', 'neutron.plugins.ml2.plugin.Ml2Plugin._retry_binding_revived_agents-1395579'] for agent (603f72ac-ccf9-4572-9f5c-f7cfebd1e896), after_update {{(pid=104224) _notify_loop /usr/local/lib/python3.8/dist-packages/neutron_lib/callbacks/manager.py:176}}
Apr 29 14:12:53.754677 dv-neutron-839783-7-hyperv neutron-server[104222]: DEBUG neutron_lib.callbacks.manager [None req-5a279828-6e6a-48ee-b08d-191440fbab0e tempest-QuotasNegativeTest-679094509 tempest-QuotasNegativeTest-679094509-project-admin] Publish callbacks ['neutron.services.auto_allocate.db._ensure_external_network_default_value_callback-8766533622420'] for network (8f60f448-06f6-4fea-bd79-45148915cbbb), precommit_create {{(pid=104222) _notify_loop /usr/local/lib/python3.8/dist-packages/neutron_lib/callbacks/manager.py:176}}
Apr 29 14:12:53.766432 dv-neutron-839783-7-hyperv neutron-server[104223]: DEBUG neutron_lib.callbacks.manager [None req-67886cbd-af7d-4ee6-a6e0-3cfe515521d0 tempest-DHCPAgentSchedulersTestJSON-443217501 tempest-DHCPAgentSchedulersTestJSON-443217501-project] Publish callbacks ['neutron.plugins.ml2.ovo_rpc._ObjectChangeHandler.handle_event-493115', 'neutron.api.rpc.agentnotifiers.dhcp_rpc_agent_api.DhcpAgentNotifyAPI._native_event_send_dhcp_notification-552930'] for network (a0d7c9a2-a789-4da1-8154-9a4b28c36471), after_create {{(pid=104223) _notify_loop /usr/local/lib/python3.8/dist-packages/neutron_lib/callbacks/manager.py:176}}
Apr 29 14:12:53.768072 dv-neutron-839783-7-hyperv neutron-server[104224]: DEBUG neutron.plugins.ml2.db [None req-64f52642-5956-498e-9b8c-c433e1f9a3cd None None] For port 69e4b2c7-691e-49aa-b54c-b6cfbef41dd4, host dv-neutron-839783-7-hyperv, cleared binding levels {{(pid=104224) clear_binding_levels /opt/stack/neutron/neutron/plugins/ml2/db.py:87}}
Apr 29 14:12:53.771925 dv-neutron-839783-7-hyperv neutron-server[104223]: DEBUG neutron.pecan_wsgi.hooks.policy_enforcement [None req-67886cbd-af7d-4ee6-a6e0-3cfe515521d0 tempest-DHCPAgentSchedulersTestJSON-443217501 tempest-DHCPAgentSchedulersTestJSON-443217501-project] Attributes excluded by policy engine: ['standard_attr_id', 'provider:network_type', 'provider:physical_network', 'provider:segmentation_id', 'vlan_transparent'] {{(pid=104223) _exclude_attributes_by_policy /opt/stack/neutron/neutron/pecan_wsgi/hooks/policy_enforcement.py:259}}
Apr 29 14:12:53.772061 dv-neutron-839783-7-hyperv neutron-server[104224]: DEBUG neutron.plugins.ml2.db [None req-64f52642-5956-498e-9b8c-c433e1f9a3cd None None] For port 69e4b2c7-691e-49aa-b54c-b6cfbef41dd4, host dv-neutron-839783-7-hyperv, set binding levels [PortBindingLevel(driver='openvswitch',host='dv-neutron-839783-7-hyperv',level=0,port_id=69e4b2c7-691e-49aa-b54c-b6cfbef41dd4,segment=NetworkSegment(080b3c1e-eb0c-42de-98e8-959f6a7ff62b),segment_id=080b3c1e-eb0c-42de-98e8-959f6a7ff62b)] {{(pid=104224) set_binding_levels /opt/stack/neutron/neutron/plugins/ml2/db.py:59}}
Apr 29 14:12:53.773487 dv-neutron-839783-7-hyperv neutron-server[104223]: DEBUG neutron_lib.callbacks.manager [None req-67886cbd-af7d-4ee6-a6e0-3cfe515521d0 tempest-DHCPAgentSchedulersTestJSON-443217501 tempest-DHCPAgentSchedulersTestJSON-443217501-project] Publish callbacks ['neutron.api.rpc.agentnotifiers.dhcp_rpc_agent_api.DhcpAgentNotifyAPI._send_dhcp_notification-552908'] for network (None), before_response {{(pid=104223) _notify_loop /usr/local/lib/python3.8/dist-packages/neutron_lib/callbacks/manager.py:176}}
