Apr 29 04:01:49.355922 dv-neutron-839777-1-hyperv neutron-server[116106]: DEBUG neutron_lib.callbacks.manager [None req-94f2d154-2d8f-4307-9dd3-3b7bacb12676 None None] Publish callbacks ['neutron.plugins.ml2.plugin.Ml2Plugin._port_provisioned-267706329'] for port (9d65ce2a-5c60-4e33-9cc9-07cd48200733), provisioning_complete {{(pid=116106) _notify_loop /usr/local/lib/python3.8/dist-packages/neutron_lib/callbacks/manager.py:176}}
Apr 29 04:01:49.408265 dv-neutron-839777-1-hyperv neutron-server[116105]: DEBUG neutron_lib.callbacks.manager [None req-70652750-8b37-4db7-8f50-b5845e589929 tempest-ServersTestManualDisk-1407577456 tempest-ServersTestManualDisk-1407577456-project] Publish callbacks [] for security_group_rule (a79cbefc-f557-453d-9949-ebe28812923e), before_create {{(pid=116105) _notify_loop /usr/local/lib/python3.8/dist-packages/neutron_lib/callbacks/manager.py:176}}
Apr 29 04:01:49.408896 dv-neutron-839777-1-hyperv neutron-server[116107]: DEBUG neutron.db.l3_dvr_db [None req-ca0e71b3-93ae-44dd-b373-a0ab9c168eca None None] Set router 95b86b2c-3056-49c2-9d73-448b5b411a75 gateway port host: dv-neutron-839777-1-hyperv {{(pid=116107) _build_routers_list /opt/stack/neutron/neutron/db/l3_dvr_db.py:906}}
Apr 29 04:01:49.425590 dv-neutron-839777-1-hyperv neutron-server[116104]: DEBUG neutron.notifiers.nova [None req-362307cd-d3b8-4d41-968d-7e5553245dd1 tempest-PortsAdminExtendedAttrsTestJSON-549069722 tempest-PortsAdminExtendedAttrsTestJSON-549069722-project-admin] device_id is not set on port 562646e5-7629-4b2d-8559-05adc6b0c213 yet. {{(pid=116104) _can_notify /opt/stack/neutron/neutron/notifiers/nova.py:199}}
Apr 29 04:01:49.432617 dv-neutron-839777-1-hyperv neutron-server[116106]: DEBUG neutron.db.l3_dvr_db [None req-fe49a0f3-83be-4fdd-a35b-7fe4ead46b22 None None] Set router 06944c71-c35a-4583-ba39-18a6633c3d67 gateway port host: dv-neutron-839777-1-hyperv {{(pid=116106) _build_routers_list /opt/stack/neutron/neutron/db/l3_dvr_db.py:906}}
Apr 29 04:01:49.446320 dv-neutron-839777-1-hyperv neutron-server[116104]: DEBUG neutron_lib.callbacks.manager [None req-362307cd-d3b8-4d41-968d-7e5553245dd1 tempest-PortsAdminExtendedAttrsTestJSON-549069722 tempest-PortsAdminExtendedAttrsTestJSON-549069722-project-admin] Publish callbacks [] for port (562646e5-7629-4b2d-8559-05adc6b0c213), precommit_update {{(pid=116104) _notify_loop /usr/local/lib/python3.8/dist-packages/neutron_lib/callbacks/manager.py:176}}
Apr 29 04:01:49.483882 dv-neutron-839777-1-hyperv neutron-server[116106]: DEBUG neutron.plugins.ml2.plugin [None req-d3a54afc-1300-447b-9e77-298afc357f03 None None] Current status of the port d6c85e6b-7e53-4522-915e-8d583b52c1c3 is: ACTIVE; New status is: ACTIVE {{(pid=116106) _update_individual_port_db_status /opt/stack/neutron/neutron/plugins/ml2/plugin.py:2297}}
Apr 29 04:01:49.485247 dv-neutron-839777-1-hyperv neutron-server[116106]: DEBUG neutron.plugins.ml2.rpc [None req-d3a54afc-1300-447b-9e77-298afc357f03 None None] Device e323c0d9-422f-40e8-b771-a6a3aefafea6 up at agent ovs-agent-dv-neutron-839777-1-hyperv {{(pid=116106) update_device_up /opt/stack/neutron/neutron/plugins/ml2/rpc.py:296}}
Apr 29 04:01:49.502724 dv-neutron-839777-1-hyperv neutron-server[116105]: DEBUG neutron.wsgi [-] (116105) accepted ('10.222.0.37', 56258) {{(pid=116105) server /usr/local/lib/python3.8/dist-packages/eventlet/wsgi.py:1004}}
Apr 29 04:01:49.526510 dv-neutron-839777-1-hyperv neutron-server[116104]: DEBUG neutron_lib.callbacks.manager [None req-b0728af2-6180-4f69-b5e2-ba5ac80e3d41 tempest-DHCPAgentSchedulersTestJSON-720152179 tempest-DHCPAgentSchedulersTestJSON-720152179-project] Publish callbacks ['neutron.plugins.ml2.plugin.Ml2Plugin._network_delete_precommit_handler-267702716', 'neutron.services.segments.db._delete_segments_for_network-8776362456953'] for network (3448b261-cd61-4f14-afce-97d6b7f40a11), precommit_delete {{(pid=116104) _notify_loop /usr/local/lib/python3.8/dist-packages/neutron_lib/callbacks/manager.py:176}}
Apr 29 04:01:49.550468 dv-neutron-839777-1-hyperv neutron-server[116104]: DEBUG neutron_lib.callbacks.manager [None req-b0728af2-6180-4f69-b5e2-ba5ac80e3d41 tempest-DHCPAgentSchedulersTestJSON-720152179 tempest-DHCPAgentSchedulersTestJSON-720152179-project] Subscribe: > segment before_delete 55550000 {{(pid=116104) subscribe /usr/local/lib/python3.8/dist-packages/neutron_lib/callbacks/manager.py:45}}
Apr 29 04:01:49.550815 dv-neutron-839777-1-hyperv neutron-server[116104]: DEBUG neutron_lib.callbacks.manager [None req-b0728af2-6180-4f69-b5e2-ba5ac80e3d41 tempest-DHCPAgentSchedulersTestJSON-720152179 tempest-DHCPAgentSchedulersTestJSON-720152179-project] Subscribe: > subnet precommit_delete_associations 55550000 {{(pid=116104) subscribe /usr/local/lib/python3.8/dist-packages/neutron_lib/callbacks/manager.py:45}}
Apr 29 04:01:49.551808 dv-neutron-839777-1-hyperv neutron-server[116104]: DEBUG neutron_lib.callbacks.manager [None req-b0728af2-6180-4f69-b5e2-ba5ac80e3d41 tempest-DHCPAgentSchedulersTestJSON-720152179 tempest-DHCPAgentSchedulersTestJSON-720152179-project] Subscribe: > segment_host_mapping after_create 55550000 {{(pid=116104) subscribe /usr/local/lib/python3.8/dist-packages/neutron_lib/callbacks/manager.py:45}}
Apr 29 04:01:49.552677 dv-neutron-839777-1-hyperv neutron-server[116104]: DEBUG neutron_lib.callbacks.manager [None req-b0728af2-6180-4f69-b5e2-ba5ac80e3d41 tempest-DHCPAgentSchedulersTestJSON-720152179 tempest-DHCPAgentSchedulersTestJSON-720152179-project] Subscribe: > port after_create 55550000 {{(pid=116104) subscribe /usr/local/lib/python3.8/dist-packages/neutron_lib/callbacks/manager.py:45}}
Apr 29 04:01:49.553027 dv-neutron-839777-1-hyperv neutron-server[116104]: DEBUG neutron_lib.callbacks.manager [None req-b0728af2-6180-4f69-b5e2-ba5ac80e3d41 tempest-DHCPAgentSchedulersTestJSON-720152179 tempest-DHCPAgentSchedulersTestJSON-720152179-project] Subscribe: > port after_delete 55550000 {{(pid=116104) subscribe /usr/local/lib/python3.8/dist-packages/neutron_lib/callbacks/manager.py:45}}
Apr 29 04:01:49.553759 dv-neutron-839777-1-hyperv neutron-server[116104]: DEBUG neutron_lib.callbacks.manager [None req-b0728af2-6180-4f69-b5e2-ba5ac80e3d41 tempest-DHCPAgentSchedulersTestJSON-720152179 tempest-DHCPAgentSchedulersTestJSON-720152179-project] Subscribe: > port after_update 55550000 {{(pid=116104) subscribe /usr/local/lib/python3.8/dist-packages/neutron_lib/callbacks/manager.py:45}}
Apr 29 04:01:49.553983 dv-neutron-839777-1-hyperv neutron-server[116104]: DEBUG neutron_lib.callbacks.manager [None req-b0728af2-6180-4f69-b5e2-ba5ac80e3d41 tempest-DHCPAgentSchedulersTestJSON-720152179 tempest-DHCPAgentSchedulersTestJSON-720152179-project] Subscribe: > segment after_delete 55550000 {{(pid=116104) subscribe /usr/local/lib/python3.8/dist-packages/neutron_lib/callbacks/manager.py:45}}
Apr 29 04:01:49.554308 dv-neutron-839777-1-hyperv neutron-server[116104]: DEBUG neutron_lib.callbacks.manager [None req-b0728af2-6180-4f69-b5e2-ba5ac80e3d41 tempest-DHCPAgentSchedulersTestJSON-720152179 tempest-DHCPAgentSchedulersTestJSON-720152179-project] Subscribe: > subnet after_create 55550000 {{(pid=116104) subscribe /usr/local/lib/python3.8/dist-packages/neutron_lib/callbacks/manager.py:45}}
Apr 29 04:01:49.554625 dv-neutron-839777-1-hyperv neutron-server[116104]: DEBUG neutron_lib.callbacks.manager [None req-b0728af2-6180-4f69-b5e2-ba5ac80e3d41 tempest-DHCPAgentSchedulersTestJSON-720152179 tempest-DHCPAgentSchedulersTestJSON-720152179-project] Subscribe: > subnet after_delete 55550000 {{(pid=116104) subscribe /usr/local/lib/python3.8/dist-packages/neutron_lib/callbacks/manager.py:45}}
Apr 29 04:01:49.555032 dv-neutron-839777-1-hyperv neutron-server[116104]: DEBUG neutron_lib.callbacks.manager [None req-b0728af2-6180-4f69-b5e2-ba5ac80e3d41 tempest-DHCPAgentSchedulersTestJSON-720152179 tempest-DHCPAgentSchedulersTestJSON-720152179-project] Subscribe: > subnet after_update 55550000 {{(pid=116104) subscribe /usr/local/lib/python3.8/dist-packages/neutron_lib/callbacks/manager.py:45}}
Apr 29 04:01:49.576609 dv-neutron-839777-1-hyperv neutron-server[116106]: DEBUG neutron_lib.callbacks.manager [None req-9a124e61-3d15-42b4-9717-37621506860e None None] Publish callbacks [] for port (3fefe08c-3bad-435d-be8f-5aa71ed7ee34), precommit_update {{(pid=116106) _notify_loop /usr/local/lib/python3.8/dist-packages/neutron_lib/callbacks/manager.py:176}}
Apr 29 04:01:49.587513 dv-neutron-839777-1-hyperv neutron-server[116105]: DEBUG neutron_lib.callbacks.manager [None req-70652750-8b37-4db7-8f50-b5845e589929 tempest-ServersTestManualDisk-1407577456 tempest-ServersTestManualDisk-1407577456-project] Publish callbacks [] for security_group_rule (a79cbefc-f557-453d-9949-ebe28812923e), precommit_create {{(pid=116105) _notify_loop /usr/local/lib/python3.8/dist-packages/neutron_lib/callbacks/manager.py:176}}
Apr 29 04:01:49.649538 dv-neutron-839777-1-hyperv neutron-server[116105]: DEBUG neutron_lib.callbacks.manager [None req-70652750-8b37-4db7-8f50-b5845e589929 tempest-ServersTestManualDisk-1407577456 tempest-ServersTestManualDisk-1407577456-project] Publish callbacks ['neutron.plugins.ml2.ovo_rpc._ObjectChangeHandler.handle_event-506008'] for security_group_rule (a79cbefc-f557-453d-9949-ebe28812923e), after_create {{(pid=116105) _notify_loop /usr/local/lib/python3.8/dist-packages/neutron_lib/callbacks/manager.py:176}}
Apr 29 04:01:49.661903 dv-neutron-839777-1-hyperv neutron-server[116107]: DEBUG neutron.db.l3_hamode_db [None req-ca0e71b3-93ae-44dd-b373-a0ab9c168eca None None] neutron.services.l3_router.l3_router_plugin.L3RouterPlugin method _process_sync_ha_data called with arguments (, [{'id': '95b86b2c-3056-49c2-9d73-448b5b411a75', 'name': 'tempest-ServersTestManualDisk-1578399647-router', 'tenant_id': 'd5534ece9a1040a4b3e57c08a451b2d8', 'admin_state_up': True, 'status': 'ACTIVE', 'external_gateway_info': {'network_id': 'f64fe33c-cfaa-4df8-81f3-a06754dae581', 'external_fixed_ips': [{'subnet_id': 'cb7d2bb4-126d-4f15-bfa1-2318fa84b5c9', 'ip_address': '172.26.4.164'}], 'enable_snat': True}, 'gw_port_id': 'e323c0d9-422f-40e8-b771-a6a3aefafea6', 'description': '', 'availability_zones': ['nova'], 'distributed': False, 'ha': False, 'ha_vr_id': 0, 'availability_zone_hints': [], 'routes': [], 'flavor_id': None, 'tags': [], 'created_at': '2022-04-29T04:01:32Z', 'updated_at': '2022-04-29T04:01:44Z', 'revision_number': 4, 'project_id': 'd5534ece9a1040a4b3e57c08a451b2d8', 'gw_port': {'id': 'e323c0d9-422f-40e8-b771-a6a3aefafea6', 'name': '', 'network_id': 'f64fe33c-cfaa-4df8-81f3-a06754dae581', 'tenant_id': '', 'mac_address': 'fa:16:3e:10:ae:5d', 'admin_state_up': True, 'status': 'ACTIVE', 'device_id': '95b86b2c-3056-49c2-9d73-448b5b411a75', 'device_owner': 'network:router_gateway', 'standard_attr_id': 70, 'fixed_ips': [{'subnet_id': 'cb7d2bb4-126d-4f15-bfa1-2318fa84b5c9', 'ip_address': '172.26.4.164', 'prefixlen': 24}], 'allowed_address_pairs': [], 'extra_dhcp_opts': [], 'security_groups': [], 'description': '', 'binding:vnic_type': 'normal', 'binding:profile': {}, 'binding:host_id': 'dv-neutron-839777-1-hyperv', 'binding:vif_type': 'ovs', 'binding:vif_details': {'connectivity': 'l2', 'port_filter': True, 'ovs_hybrid_plug': False, 'datapath_type': 'system', 'bridge_name': 'br-int', 'bound_drivers': {'0': 'openvswitch'}}, 'port_security_enabled': False, 'tags': [], 'created_at': '2022-04-29T04:01:33Z', 'updated_at': '2022-04-29T04:01:45Z', 'revision_number': 4, 'project_id': '', 'subnets': [{'id': 'cb7d2bb4-126d-4f15-bfa1-2318fa84b5c9', 'cidr': '172.26.4.0/24', 'gateway_ip': '172.26.4.1', 'dns_nameservers': [], 'ipv6_ra_mode': None, 'subnetpool_id': None}], 'extra_subnets': [], 'address_scopes': {4: None, 6: None}, 'mtu': 1500}, 'enable_snat': True, 'gw_port_host': 'dv-neutron-839777-1-hyperv', '_interfaces': [{'id': '9d65ce2a-5c60-4e33-9cc9-07cd48200733', 'name': '', 'network_id': 'dffbe481-d27f-4f84-95fe-7fb506e626d0', 'tenant_id': 'd5534ece9a1040a4b3e57c08a451b2d8', 'mac_address': 'fa:16:3e:30:70:a3', 'admin_state_up': True, 'status': 'DOWN', 'device_id': '95b86b2c-3056-49c2-9d73-448b5b411a75', 'device_owner': 'network:router_interface', 'standard_attr_id': 119, 'fixed_ips': [{'subnet_id': '7a49e2df-4761-4ac4-ba10-97616206dca3', 'ip_address': '172.20.0.1', 'prefixlen': 28}], 'allowed_address_pairs': [], 'extra_dhcp_opts': [], 'security_groups': [], 'description': '', 'binding:vnic_type': 'normal', 'binding:profile': {}, 'binding:host_id': 'dv-neutron-839777-1-hyperv', 'binding:vif_type': 'ovs', 'binding:vif_details': {'connectivity': 'l2', 'port_filter': True, 'ovs_hybrid_plug': False, 'datapath_type': 'system', 'bridge_name': 'br-int', 'bound_drivers': {'0': 'openvswitch'}}, 'port_security_enabled': False, 'tags': [], 'created_at': '2022-04-29T04:01:42Z', 'updated_at': '2022-04-29T04:01:48Z', 'revision_number': 4, 'project_id': 'd5534ece9a1040a4b3e57c08a451b2d8', 'subnets': [{'id': '7a49e2df-4761-4ac4-ba10-97616206dca3', 'cidr': '172.20.0.0/28', 'gateway_ip': '172.20.0.1', 'dns_nameservers': [], 'ipv6_ra_mode': None, 'subnetpool_id': None}], 'extra_subnets': [], 'address_scopes': {4: None, 6: None}, 'mtu': 1500}]}], 'dv-neutron-839777-1-hyperv', False) {} {{(pid=116107) wrapper /usr/local/lib/python3.8/dist-packages/oslo_log/helpers.py:65}}
Apr 29 04:01:49.683750 dv-neutron-839777-1-hyperv neutron-server[116105]: DEBUG neutron.api.rpc.handlers.resources_rpc [None req-70652750-8b37-4db7-8f50-b5845e589929 tempest-ServersTestManualDisk-1407577456 tempest-ServersTestManualDisk-1407577456-project] Pushing event updated for resources: {'SecurityGroupRule': ['ID=a79cbefc-f557-453d-9949-ebe28812923e,revision_number=0']} {{(pid=116105) push /opt/stack/neutron/neutron/api/rpc/handlers/resources_rpc.py:237}}
Apr 29 04:01:49.710161 dv-neutron-839777-1-hyperv neutron-server[116106]: DEBUG neutron_lib.callbacks.manager [None req-9a124e61-3d15-42b4-9717-37621506860e None None] Publish callbacks ['neutron.plugins.ml2.plugin.SecurityGroupServerNotifierRpcMixin._notify_sg_on_port_change-267874822', 'neutron.plugins.ml2.ovo_rpc._ObjectChangeHandler.handle_event-221969', 'neutron.api.rpc.agentnotifiers.dhcp_rpc_agent_api.DhcpAgentNotifyAPI._native_event_send_dhcp_notification-517349', 'neutron.db.l3_db.L3RpcNotifierMixin._notify_gateway_port_ip_changed-8776362386908', 'neutron.db.l3_dvrscheduler_db._notify_l3_agent_port_update-8776361945941', 'neutron.db.l3_hascheduler_db._notify_l3_agent_ha_port_update-8776361945959'] for port (3fefe08c-3bad-435d-be8f-5aa71ed7ee34), after_update {{(pid=116106) _notify_loop /usr/local/lib/python3.8/dist-packages/neutron_lib/callbacks/manager.py:176}}
Apr 29 04:01:49.713497 dv-neutron-839777-1-hyperv neutron-server[116105]: DEBUG neutron.api.v2.base [None req-414f5c62-0367-4ae3-9ea6-f188314583c2 tempest-RoutersAdminTest-299158606 tempest-RoutersAdminTest-299158606-project-admin] Request body: {'network': {'name': 'tempest-RoutersAdminTest-839925248', 'router:external': True}} {{(pid=116105) prepare_request_body /opt/stack/neutron/neutron/api/v2/base.py:730}}
Apr 29 04:01:49.720063 dv-neutron-839777-1-hyperv neutron-server[116107]: DEBUG neutron.api.rpc.handlers.l3_rpc [None req-ca0e71b3-93ae-44dd-b373-a0ab9c168eca None None] The sync data for ids ['95b86b2c-3056-49c2-9d73-448b5b411a75'] in dv-neutron-839777-1-hyperv is: [{'id': '95b86b2c-3056-49c2-9d73-448b5b411a75', 'name': 'tempest-ServersTestManualDisk-1578399647-router', 'tenant_id': 'd5534ece9a1040a4b3e57c08a451b2d8', 'admin_state_up': True, 'status': 'ACTIVE', 'external_gateway_info': {'network_id': 'f64fe33c-cfaa-4df8-81f3-a06754dae581', 'external_fixed_ips': [{'subnet_id': 'cb7d2bb4-126d-4f15-bfa1-2318fa84b5c9', 'ip_address': '172.26.4.164'}], 'enable_snat': True}, 'gw_port_id': 'e323c0d9-422f-40e8-b771-a6a3aefafea6', 'description': '', 'availability_zones': ['nova'], 'distributed': False, 'ha': False, 'ha_vr_id': 0, 'availability_zone_hints': [], 'routes': [], 'flavor_id': None, 'tags': [], 'created_at': '2022-04-29T04:01:32Z', 'updated_at': '2022-04-29T04:01:44Z', 'revision_number': 4, 'project_id': 'd5534ece9a1040a4b3e57c08a451b2d8', 'gw_port': {'id': 'e323c0d9-422f-40e8-b771-a6a3aefafea6', 'name': '', 'network_id': 'f64fe33c-cfaa-4df8-81f3-a06754dae581', 'tenant_id': '', 'mac_address': 'fa:16:3e:10:ae:5d', 'admin_state_up': True, 'status': 'ACTIVE', 'device_id': '95b86b2c-3056-49c2-9d73-448b5b411a75', 'device_owner': 'network:router_gateway', 'standard_attr_id': 70, 'fixed_ips': [{'subnet_id': 'cb7d2bb4-126d-4f15-bfa1-2318fa84b5c9', 'ip_address': '172.26.4.164', 'prefixlen': 24}], 'allowed_address_pairs': [], 'extra_dhcp_opts': [], 'security_groups': [], 'description': '', 'binding:vnic_type': 'normal', 'binding:profile': {}, 'binding:host_id': 'dv-neutron-839777-1-hyperv', 'binding:vif_type': 'ovs', 'binding:vif_details': {'connectivity': 'l2', 'port_filter': True, 'ovs_hybrid_plug': False, 'datapath_type': 'system', 'bridge_name': 'br-int', 'bound_drivers': {'0': 'openvswitch'}}, 'port_security_enabled': False, 'tags': [], 'created_at': '2022-04-29T04:01:33Z', 'updated_at': '2022-04-29T04:01:45Z', 'revision_number': 4, 'project_id': '', 'subnets': [{'id': 'cb7d2bb4-126d-4f15-bfa1-2318fa84b5c9', 'cidr': '172.26.4.0/24', 'gateway_ip': '172.26.4.1', 'dns_nameservers': [], 'ipv6_ra_mode': None, 'subnetpool_id': None}], 'extra_subnets': [], 'address_scopes': {4: None, 6: None}, 'mtu': 1500}, 'enable_snat': True, 'gw_port_host': 'dv-neutron-839777-1-hyperv', '_interfaces': [{'id': '9d65ce2a-5c60-4e33-9cc9-07cd48200733', 'name': '', 'network_id': 'dffbe481-d27f-4f84-95fe-7fb506e626d0', 'tenant_id': 'd5534ece9a1040a4b3e57c08a451b2d8', 'mac_address': 'fa:16:3e:30:70:a3', 'admin_state_up': True, 'status': 'DOWN', 'device_id': '95b86b2c-3056-49c2-9d73-448b5b411a75', 'device_owner': 'network:router_interface', 'standard_attr_id': 119, 'fixed_ips': [{'subnet_id': '7a49e2df-4761-4ac4-ba10-97616206dca3', 'ip_address': '172.20.0.1', 'prefixlen': 28}], 'allowed_address_pairs': [], 'extra_dhcp_opts': [], 'security_groups': [], 'description': '', 'binding:vnic_type': 'normal', 'binding:profile': {}, 'binding:host_id': 'dv-neutron-839777-1-hyperv', 'binding:vif_type': 'ovs', 'binding:vif_details': {'connectivity': 'l2', 'port_filter': True, 'ovs_hybrid_plug': False, 'datapath_type': 'system', 'bridge_name': 'br-int', 'bound_drivers': {'0': 'openvswitch'}}, 'port_security_enabled': False, 'tags': [], 'created_at': '2022-04-29T04:01:42Z', 'updated_at': '2022-04-29T04:01:48Z', 'revision_number': 4, 'project_id': 'd5534ece9a1040a4b3e57c08a451b2d8', 'subnets': [{'id': '7a49e2df-4761-4ac4-ba10-97616206dca3', 'cidr': '172.20.0.0/28', 'gateway_ip': '172.20.0.1', 'dns_nameservers': [], 'ipv6_ra_mode': None, 'subnetpool_id': None}], 'extra_subnets': [], 'address_scopes': {4: None, 6: None}, 'mtu': 1500}]}] {{(pid=116107) sync_routers /opt/stack/neutron/neutron/api/rpc/handlers/l3_rpc.py:137}}
Apr 29 04:01:49.744948 dv-neutron-839777-1-hyperv neutron-server[116105]: DEBUG neutron_lib.callbacks.manager [None req-70652750-8b37-4db7-8f50-b5845e589929 tempest-ServersTestManualDisk-1407577456 tempest-ServersTestManualDisk-1407577456-project] Publish callbacks [] for security_group_rule (None), before_response {{(pid=116105) _notify_loop /usr/local/lib/python3.8/dist-packages/neutron_lib/callbacks/manager.py:176}}
Apr 29 04:01:49.748754 dv-neutron-839777-1-hyperv neutron-server[116105]: INFO neutron.wsgi [None req-70652750-8b37-4db7-8f50-b5845e589929 tempest-ServersTestManualDisk-1407577456 tempest-ServersTestManualDisk-1407577456-project] 10.222.0.37 "POST /v2.0/security-group-rules HTTP/1.1" status: 201 len: 764 time: 0.4786611
Apr 29 04:01:49.751807 dv-neutron-839777-1-hyperv neutron-server[116105]: DEBUG neutron.wsgi [-] (116105) accepted ('10.222.0.37', 56264) {{(pid=116105) server /usr/local/lib/python3.8/dist-packages/eventlet/wsgi.py:1004}}
Apr 29 04:01:49.763707 dv-neutron-839777-1-hyperv neutron-server[116105]: DEBUG neutron.api.v2.base [None req-12209b98-d802-4710-bb75-163448c9ce27 tempest-ServersTestManualDisk-1407577456 tempest-ServersTestManualDisk-1407577456-project] Request body: {'security_group_rule': {'security_group_id': '1677df32-0917-43d7-973c-14bd2510fcdf', 'protocol': 'icmp', 'ethertype': 'IPv4', 'direction': 'ingress'}} {{(pid=116105) prepare_request_body /opt/stack/neutron/neutron/api/v2/base.py:730}}
Apr 29 04:01:49.824186 dv-neutron-839777-1-hyperv neutron-server[116106]: DEBUG neutron.db.provisioning_blocks [None req-d3a54afc-1300-447b-9e77-298afc357f03 None None] Provisioning complete for port e323c0d9-422f-40e8-b771-a6a3aefafea6 triggered by entity L2. {{(pid=116106) provisioning_complete /opt/stack/neutron/neutron/db/provisioning_blocks.py:145}}
Apr 29 04:01:49.824639 dv-neutron-839777-1-hyperv neutron-server[116106]: DEBUG neutron_lib.callbacks.manager [None req-d3a54afc-1300-447b-9e77-298afc357f03 None None] Publish callbacks ['neutron.plugins.ml2.plugin.Ml2Plugin._port_provisioned-267706329'] for port (e323c0d9-422f-40e8-b771-a6a3aefafea6), provisioning_complete {{(pid=116106) _notify_loop /usr/local/lib/python3.8/dist-packages/neutron_lib/callbacks/manager.py:176}}
Apr 29 04:01:49.824748 dv-neutron-839777-1-hyperv neutron-server[116104]: DEBUG neutron_lib.callbacks.manager [None req-b0728af2-6180-4f69-b5e2-ba5ac80e3d41 tempest-DHCPAgentSchedulersTestJSON-720152179 tempest-DHCPAgentSchedulersTestJSON-720152179-project] Subscribe: > subnet after_create 55550000 {{(pid=116104) subscribe /usr/local/lib/python3.8/dist-packages/neutron_lib/callbacks/manager.py:45}}
Apr 29 04:01:49.825079 dv-neutron-839777-1-hyperv neutron-server[116104]: DEBUG neutron_lib.callbacks.manager [None req-b0728af2-6180-4f69-b5e2-ba5ac80e3d41 tempest-DHCPAgentSchedulersTestJSON-720152179 tempest-DHCPAgentSchedulersTestJSON-720152179-project] Subscribe: > subnet after_delete 55550000 {{(pid=116104) subscribe /usr/local/lib/python3.8/dist-packages/neutron_lib/callbacks/manager.py:45}}
Apr 29 04:01:49.825422 dv-neutron-839777-1-hyperv neutron-server[116104]: DEBUG neutron_lib.callbacks.manager [None req-b0728af2-6180-4f69-b5e2-ba5ac80e3d41 tempest-DHCPAgentSchedulersTestJSON-720152179 tempest-DHCPAgentSchedulersTestJSON-720152179-project] Subscribe: > subnet before_create 55550000 {{(pid=116104) subscribe /usr/local/lib/python3.8/dist-packages/neutron_lib/callbacks/manager.py:45}}
Apr 29 04:01:49.825774 dv-neutron-839777-1-hyperv neutron-server[116104]: DEBUG neutron_lib.callbacks.manager [None req-b0728af2-6180-4f69-b5e2-ba5ac80e3d41 tempest-DHCPAgentSchedulersTestJSON-720152179 tempest-DHCPAgentSchedulersTestJSON-720152179-project] Subscribe: > subnet before_update 55550000 {{(pid=116104) subscribe /usr/local/lib/python3.8/dist-packages/neutron_lib/callbacks/manager.py:45}}
Apr 29 04:01:49.826091 dv-neutron-839777-1-hyperv neutron-server[116104]: DEBUG neutron.services.segments.db [None req-b0728af2-6180-4f69-b5e2-ba5ac80e3d41 tempest-DHCPAgentSchedulersTestJSON-720152179 tempest-DHCPAgentSchedulersTestJSON-720152179-project] neutron.services.segments.plugin.Plugin method get_segments called with arguments (,) {'filters': {'network_id': ['3448b261-cd61-4f14-afce-97d6b7f40a11']}} {{(pid=116104) wrapper /usr/local/lib/python3.8/dist-packages/oslo_log/helpers.py:65}}
Apr 29 04:01:49.844231 dv-neutron-839777-1-hyperv neutron-server[116104]: DEBUG neutron_lib.callbacks.manager [None req-362307cd-d3b8-4d41-968d-7e5553245dd1 tempest-PortsAdminExtendedAttrsTestJSON-549069722 tempest-PortsAdminExtendedAttrsTestJSON-549069722-project-admin] Publish callbacks ['neutron.plugins.ml2.plugin.SecurityGroupServerNotifierRpcMixin._notify_sg_on_port_change-267874822', 'neutron.plugins.ml2.ovo_rpc._ObjectChangeHandler.handle_event-221969', 'neutron.api.rpc.agentnotifiers.dhcp_rpc_agent_api.DhcpAgentNotifyAPI._native_event_send_dhcp_notification-517349', 'neutron.db.l3_db.L3RpcNotifierMixin._notify_gateway_port_ip_changed-8776362386908', 'neutron.db.l3_dvrscheduler_db._notify_l3_agent_port_update-8776361945941', 'neutron.db.l3_hascheduler_db._notify_l3_agent_ha_port_update-8776361945959', 'neutron.services.segments.plugin.NovaSegmentNotifier._notify_port_updated-3514957'] for port (562646e5-7629-4b2d-8559-05adc6b0c213), after_update {{(pid=116104) _notify_loop /usr/local/lib/python3.8/dist-packages/neutron_lib/callbacks/manager.py:176}}
Apr 29 04:01:49.859611 dv-neutron-839777-1-hyperv neutron-server[116105]: DEBUG neutron.pecan_wsgi.hooks.quota_enforcement [None req-414f5c62-0367-4ae3-9ea6-f188314583c2 tempest-RoutersAdminTest-299158606 tempest-RoutersAdminTest-299158606-project-admin] Made reservation on behalf of 71efa03350a74f7aa35237fdf46bdc24 for: {'network': 1} {{(pid=116105) before /opt/stack/neutron/neutron/pecan_wsgi/hooks/quota_enforcement.py:53}}
Apr 29 04:01:49.862207 dv-neutron-839777-1-hyperv neutron-server[116105]: DEBUG neutron_lib.callbacks.manager [None req-414f5c62-0367-4ae3-9ea6-f188314583c2 tempest-RoutersAdminTest-299158606 tempest-RoutersAdminTest-299158606-project-admin] Publish callbacks ['neutron.plugins.ml2.plugin.SecurityGroupDbMixin._ensure_default_security_group_handler-267865305'] for network (None), before_create {{(pid=116105) _notify_loop /usr/local/lib/python3.8/dist-packages/neutron_lib/callbacks/manager.py:176}}
Apr 29 04:01:49.862337 dv-neutron-839777-1-hyperv neutron-server[116104]: DEBUG neutron.services.segments.db [None req-b0728af2-6180-4f69-b5e2-ba5ac80e3d41 tempest-DHCPAgentSchedulersTestJSON-720152179 tempest-DHCPAgentSchedulersTestJSON-720152179-project] neutron.services.segments.plugin.Plugin method delete_segment called with arguments (, '5c19427f-29e8-466e-ac01-cfd4081d3c96') {'for_net_delete': True} {{(pid=116104) wrapper /usr/local/lib/python3.8/dist-packages/oslo_log/helpers.py:65}}
Apr 29 04:01:49.862814 dv-neutron-839777-1-hyperv neutron-server[116104]: DEBUG neutron.services.segments.db [None req-b0728af2-6180-4f69-b5e2-ba5ac80e3d41 tempest-DHCPAgentSchedulersTestJSON-720152179 tempest-DHCPAgentSchedulersTestJSON-720152179-project] neutron.services.segments.plugin.Plugin method get_segment called with arguments (, '5c19427f-29e8-466e-ac01-cfd4081d3c96') {} {{(pid=116104) wrapper /usr/local/lib/python3.8/dist-packages/oslo_log/helpers.py:65}}
Apr 29 04:01:49.879508 dv-neutron-839777-1-hyperv neutron-server[116105]: DEBUG neutron_lib.callbacks.manager [None req-414f5c62-0367-4ae3-9ea6-f188314583c2 tempest-RoutersAdminTest-299158606 tempest-RoutersAdminTest-299158606-project-admin] Publish callbacks [] for security_group (None), before_create {{(pid=116105) _notify_loop /usr/local/lib/python3.8/dist-packages/neutron_lib/callbacks/manager.py:176}}
Apr 29 04:01:49.880166 dv-neutron-839777-1-hyperv neutron-server[116106]: DEBUG neutron_lib.callbacks.manager [None req-f92cbc1b-b493-4968-b163-770b089068a0 None None] Publish callbacks ['neutron.services.segments.db._update_segment_host_mapping_for_agent-8776362456935', 'neutron.plugins.ml2.plugin.Ml2Plugin._retry_binding_revived_agents-267705979'] for agent (55a1d44a-29c5-471d-b962-cc088b2adebc), after_update {{(pid=116106) _notify_loop /usr/local/lib/python3.8/dist-packages/neutron_lib/callbacks/manager.py:176}}
Apr 29 04:01:49.940056 dv-neutron-839777-1-hyperv neutron-server[116104]: DEBUG neutron_lib.callbacks.manager [None req-b0728af2-6180-4f69-b5e2-ba5ac80e3d41 tempest-DHCPAgentSchedulersTestJSON-720152179 tempest-DHCPAgentSchedulersTestJSON-720152179-project] Publish callbacks ['neutron.plugins.ml2.db._prevent_segment_delete_with_port_bound-8776362459522', 'neutron.services.segments.plugin.Plugin._prevent_segment_delete_with_subnet_associated-3858822'] for segment (5c19427f-29e8-466e-ac01-cfd4081d3c96), before_delete {{(pid=116104) _notify_loop /usr/local/lib/python3.8/dist-packages/neutron_lib/callbacks/manager.py:176}}
Apr 29 04:01:49.948287 dv-neutron-839777-1-hyperv neutron-server[116106]: DEBUG neutron.plugins.ml2.plugin [None req-94f2d154-2d8f-4307-9dd3-3b7bacb12676 None None] Current status of the port 9d65ce2a-5c60-4e33-9cc9-07cd48200733 is: DOWN; New status is: ACTIVE {{(pid=116106) _update_individual_port_db_status /opt/stack/neutron/neutron/plugins/ml2/plugin.py:2297}}
Apr 29 04:01:49.948549 dv-neutron-839777-1-hyperv neutron-server[116106]: DEBUG neutron_lib.callbacks.manager [None req-94f2d154-2d8f-4307-9dd3-3b7bacb12676 None None] Publish callbacks ['neutron.plugins.ml2.plugin.SecurityGroupDbMixin._ensure_default_security_group_handler-267865305'] for port (9d65ce2a-5c60-4e33-9cc9-07cd48200733), before_update {{(pid=116106) _notify_loop /usr/local/lib/python3.8/dist-packages/neutron_lib/callbacks/manager.py:176}}
Apr 29 04:01:49.965140 dv-neutron-839777-1-hyperv neutron-server[116106]: DEBUG neutron.api.rpc.handlers.resources_rpc [None req-814464cd-1127-4fa2-91a8-710603357656 None None] Pushing event updated for resources: {'Port': ['ID=3fefe08c-3bad-435d-be8f-5aa71ed7ee34,revision_number=3']} {{(pid=116106) push /opt/stack/neutron/neutron/api/rpc/handlers/resources_rpc.py:237}}
Apr 29 04:01:49.972132 dv-neutron-839777-1-hyperv neutron-server[116104]: DEBUG neutron_lib.callbacks.manager [None req-b0728af2-6180-4f69-b5e2-ba5ac80e3d41 tempest-DHCPAgentSchedulersTestJSON-720152179 tempest-DHCPAgentSchedulersTestJSON-720152179-project] Publish callbacks ['neutron.plugins.ml2.plugin.Ml2Plugin._handle_segment_change-267724476'] for segment (5c19427f-29e8-466e-ac01-cfd4081d3c96), precommit_delete {{(pid=116104) _notify_loop /usr/local/lib/python3.8/dist-packages/neutron_lib/callbacks/manager.py:176}}
Apr 29 04:01:49.981809 dv-neutron-839777-1-hyperv neutron-server[116105]: DEBUG neutron_lib.callbacks.manager [None req-414f5c62-0367-4ae3-9ea6-f188314583c2 tempest-RoutersAdminTest-299158606 tempest-RoutersAdminTest-299158606-project-admin] Publish callbacks [] for security_group (c2bda69c-997f-4a1d-a4b2-858f4b6c5cf7), precommit_create {{(pid=116105) _notify_loop /usr/local/lib/python3.8/dist-packages/neutron_lib/callbacks/manager.py:176}}
Apr 29 04:01:49.982150 dv-neutron-839777-1-hyperv neutron-server[116104]: DEBUG neutron.plugins.ml2.drivers.type_vlan [None req-b0728af2-6180-4f69-b5e2-ba5ac80e3d41 tempest-DHCPAgentSchedulersTestJSON-720152179 tempest-DHCPAgentSchedulersTestJSON-720152179-project] Releasing vlan 123 on physical network physnet1 to pool {{(pid=116104) release_segment /opt/stack/neutron/neutron/plugins/ml2/drivers/type_vlan.py:304}}
Apr 29 04:01:49.982540 dv-neutron-839777-1-hyperv neutron-server[116104]: DEBUG neutron_lib.callbacks.manager [None req-b0728af2-6180-4f69-b5e2-ba5ac80e3d41 tempest-DHCPAgentSchedulersTestJSON-720152179 tempest-DHCPAgentSchedulersTestJSON-720152179-project] Publish callbacks ['neutron.plugins.ml2.plugin.Ml2Plugin._handle_segment_change-267724476', 'neutron.services.segments.plugin.NovaSegmentNotifier._notify_segment_deleted-3514977'] for segment (5c19427f-29e8-466e-ac01-cfd4081d3c96), after_delete {{(pid=116104) _notify_loop /usr/local/lib/python3.8/dist-packages/neutron_lib/callbacks/manager.py:176}}
Apr 29 04:01:49.983264 dv-neutron-839777-1-hyperv neutron-server[116105]: DEBUG neutron.wsgi [-] (116105) accepted ('10.222.0.37', 56266) {{(pid=116105) server /usr/local/lib/python3.8/dist-packages/eventlet/wsgi.py:1004}}
Apr 29 04:01:49.988425 dv-neutron-839777-1-hyperv neutron-server[116105]: DEBUG neutron.api.v2.base [None req-040ff855-b1d2-411d-9aa2-53c439e67aed tempest-ServersTestJSON-1210095193 tempest-ServersTestJSON-1210095193-project] Request body: {'security_group': {'name': 'tempest-securitygroup--1921232369', 'description': 'tempest-description--787596292'}} {{(pid=116105) prepare_request_body /opt/stack/neutron/neutron/api/v2/base.py:730}}
Apr 29 04:01:50.002253 dv-neutron-839777-1-hyperv neutron-server[116105]: DEBUG neutron_lib.callbacks.manager [None req-12209b98-d802-4710-bb75-163448c9ce27 tempest-ServersTestManualDisk-1407577456 tempest-ServersTestManualDisk-1407577456-project] Publish callbacks [] for security_group_rule (cbceec50-29fc-49af-8a3d-2ebb1efb5ba5), before_create {{(pid=116105) _notify_loop /usr/local/lib/python3.8/dist-packages/neutron_lib/callbacks/manager.py:176}}
Apr 29 04:01:50.011399 dv-neutron-839777-1-hyperv neutron-server[116106]: DEBUG neutron.plugins.ml2.db [None req-94f2d154-2d8f-4307-9dd3-3b7bacb12676 None None] For port 9d65ce2a-5c60-4e33-9cc9-07cd48200733, host dv-neutron-839777-1-hyperv, got binding levels [PortBindingLevel(driver='openvswitch',host='dv-neutron-839777-1-hyperv',level=0,port_id=9d65ce2a-5c60-4e33-9cc9-07cd48200733,segment=NetworkSegment(9fc0ada8-f769-48f3-89d9-2f21ac59c759),segment_id=9fc0ada8-f769-48f3-89d9-2f21ac59c759)] {{(pid=116106) get_binding_level_objs /opt/stack/neutron/neutron/plugins/ml2/db.py:74}}
Apr 29 04:01:50.050117 dv-neutron-839777-1-hyperv neutron-server[116105]: DEBUG neutron_lib.callbacks.manager [None req-414f5c62-0367-4ae3-9ea6-f188314583c2 tempest-RoutersAdminTest-299158606 tempest-RoutersAdminTest-299158606-project-admin] Publish callbacks ['neutron.plugins.ml2.ovo_rpc._ObjectChangeHandler.handle_event-504653'] for security_group (c2bda69c-997f-4a1d-a4b2-858f4b6c5cf7), after_create {{(pid=116105) _notify_loop /usr/local/lib/python3.8/dist-packages/neutron_lib/callbacks/manager.py:176}}
Apr 29 04:01:50.069149 dv-neutron-839777-1-hyperv neutron-server[116104]: /usr/lib/python3/dist-packages/secretstorage/dhcrypto.py:15: CryptographyDeprecationWarning: int_from_bytes is deprecated, use int.from_bytes instead
Apr 29 04:01:50.069149 dv-neutron-839777-1-hyperv neutron-server[116104]: from cryptography.utils import int_from_bytes
Apr 29 04:01:50.069149 dv-neutron-839777-1-hyperv neutron-server[116104]: /usr/lib/python3/dist-packages/secretstorage/util.py:19: CryptographyDeprecationWarning: int_from_bytes is deprecated, use int.from_bytes instead
Apr 29 04:01:50.069149 dv-neutron-839777-1-hyperv neutron-server[116104]: from cryptography.utils import int_from_bytes
Apr 29 04:01:50.069149 dv-neutron-839777-1-hyperv neutron-server[116104]: Traceback (most recent call last):
Apr 29 04:01:50.069149 dv-neutron-839777-1-hyperv neutron-server[116104]: File "/usr/local/lib/python3.8/dist-packages/eventlet/hubs/hub.py", line 476, in fire_timers
Apr 29 04:01:50.069149 dv-neutron-839777-1-hyperv neutron-server[116104]: timer()
Apr 29 04:01:50.069149 dv-neutron-839777-1-hyperv neutron-server[116104]: File "/usr/local/lib/python3.8/dist-packages/eventlet/hubs/timer.py", line 59, in __call__
Apr 29 04:01:50.069149 dv-neutron-839777-1-hyperv neutron-server[116104]: cb(*args, **kw)
Apr 29 04:01:50.069149 dv-neutron-839777-1-hyperv neutron-server[116104]: File "/opt/stack/neutron/neutron/common/utils.py", line 921, in wrapper
Apr 29 04:01:50.069149 dv-neutron-839777-1-hyperv neutron-server[116104]: return func(*args, **kwargs)
Apr 29 04:01:50.069149 dv-neutron-839777-1-hyperv neutron-server[116104]: File "/opt/stack/neutron/neutron/notifiers/batch_notifier.py", line 58, in synced_send
Apr 29 04:01:50.069149 dv-neutron-839777-1-hyperv neutron-server[116104]: self._notify()
Apr 29 04:01:50.069149 dv-neutron-839777-1-hyperv neutron-server[116104]: File "/opt/stack/neutron/neutron/notifiers/batch_notifier.py", line 69, in _notify
Apr 29 04:01:50.069149 dv-neutron-839777-1-hyperv neutron-server[116104]: self.callback(batched_events)
Apr 29 04:01:50.069149 dv-neutron-839777-1-hyperv neutron-server[116104]: File "/opt/stack/neutron/neutron/services/segments/plugin.py", line 211, in _send_notifications
Apr 29 04:01:50.069149 dv-neutron-839777-1-hyperv neutron-server[116104]: event.method(event)
Apr 29 04:01:50.069149 dv-neutron-839777-1-hyperv neutron-server[116104]: File "/opt/stack/neutron/neutron/services/segments/plugin.py", line 383, in _delete_nova_inventory
Apr 29 04:01:50.069149 dv-neutron-839777-1-hyperv neutron-server[116104]: aggregate_id = self._get_aggregate_id(event.segment_id)
Apr 29 04:01:50.069149 dv-neutron-839777-1-hyperv neutron-server[116104]: File "/opt/stack/neutron/neutron/services/segments/plugin.py", line 370, in _get_aggregate_id
Apr 29 04:01:50.069149 dv-neutron-839777-1-hyperv neutron-server[116104]: aggregate_uuid = self.p_client.list_aggregates(
Apr 29 04:01:50.069149 dv-neutron-839777-1-hyperv neutron-server[116104]: File "/usr/local/lib/python3.8/dist-packages/neutron_lib/placement/client.py", line 58, in wrapper
Apr 29 04:01:50.069149 dv-neutron-839777-1-hyperv neutron-server[116104]: return f(self, *a, **k)
Apr 29 04:01:50.069149 dv-neutron-839777-1-hyperv neutron-server[116104]: File "/usr/local/lib/python3.8/dist-packages/neutron_lib/placement/client.py", line 554, in list_aggregates
Apr 29 04:01:50.069149 dv-neutron-839777-1-hyperv neutron-server[116104]: return self._get(url).json()
Apr 29 04:01:50.069149 dv-neutron-839777-1-hyperv neutron-server[116104]: File "/usr/local/lib/python3.8/dist-packages/neutron_lib/placement/client.py", line 190, in _get
Apr 29 04:01:50.069149 dv-neutron-839777-1-hyperv neutron-server[116104]: return self._client.get(url, endpoint_filter=self._ks_filter,
Apr 29 04:01:50.069149 dv-neutron-839777-1-hyperv neutron-server[116104]: File "/usr/local/lib/python3.8/dist-packages/keystoneauth1/session.py", line 1141, in get
Apr 29 04:01:50.069149 dv-neutron-839777-1-hyperv neutron-server[116104]: return self.request(url, 'GET', **kwargs)
Apr 29 04:01:50.069149 dv-neutron-839777-1-hyperv neutron-server[116104]: File "/usr/local/lib/python3.8/dist-packages/keystoneauth1/session.py", line 811, in request
Apr 29 04:01:50.069149 dv-neutron-839777-1-hyperv neutron-server[116104]: base_url = self.get_endpoint(auth, allow=allow,
Apr 29 04:01:50.069149 dv-neutron-839777-1-hyperv neutron-server[116104]: File "/usr/local/lib/python3.8/dist-packages/keystoneauth1/session.py", line 1241, in get_endpoint
Apr 29 04:01:50.069149 dv-neutron-839777-1-hyperv neutron-server[116104]: auth = self._auth_required(auth, 'determine endpoint URL')
Apr 29 04:01:50.069149 dv-neutron-839777-1-hyperv neutron-server[116104]: File "/usr/local/lib/python3.8/dist-packages/keystoneauth1/session.py", line 1181, in _auth_required
Apr 29 04:01:50.069149 dv-neutron-839777-1-hyperv neutron-server[116104]: raise exceptions.MissingAuthPlugin(msg_fmt % msg)
Apr 29 04:01:50.069149 dv-neutron-839777-1-hyperv neutron-server[116104]: keystoneauth1.exceptions.auth_plugins.MissingAuthPlugin: An auth plugin is required to determine endpoint URL
Apr 29 04:01:50.092297 dv-neutron-839777-1-hyperv neutron-server[116104]: DEBUG neutron.api.rpc.handlers.resources_rpc [None req-362307cd-d3b8-4d41-968d-7e5553245dd1 tempest-PortsAdminExtendedAttrsTestJSON-549069722 tempest-PortsAdminExtendedAttrsTestJSON-549069722-project-admin] Pushing event updated for resources: {'Port': ['ID=562646e5-7629-4b2d-8559-05adc6b0c213,revision_number=2']} {{(pid=116104) push /opt/stack/neutron/neutron/api/rpc/handlers/resources_rpc.py:237}}
Apr 29 04:01:50.149017 dv-neutron-839777-1-hyperv neutron-server[116105]: DEBUG neutron_lib.callbacks.manager [None req-040ff855-b1d2-411d-9aa2-53c439e67aed tempest-ServersTestJSON-1210095193 tempest-ServersTestJSON-1210095193-project] Publish callbacks [] for security_group (None), before_create {{(pid=116105) _notify_loop /usr/local/lib/python3.8/dist-packages/neutron_lib/callbacks/manager.py:176}}
Apr 29 04:01:50.153620 dv-neutron-839777-1-hyperv neutron-server[116105]: DEBUG neutron.api.rpc.handlers.resources_rpc [None req-414f5c62-0367-4ae3-9ea6-f188314583c2 tempest-RoutersAdminTest-299158606 tempest-RoutersAdminTest-299158606-project-admin] Pushing event updated for resources: {'SecurityGroup': ['ID=c2bda69c-997f-4a1d-a4b2-858f4b6c5cf7,revision_number=1']} {{(pid=116105) push /opt/stack/neutron/neutron/api/rpc/handlers/resources_rpc.py:237}}
Apr 29 04:01:50.157553 dv-neutron-839777-1-hyperv neutron-server[116105]: DEBUG neutron.plugins.ml2.drivers.helpers [None req-414f5c62-0367-4ae3-9ea6-f188314583c2 tempest-RoutersAdminTest-299158606 tempest-RoutersAdminTest-299158606-project-admin] vlan segment allocate from pool success with {'vlan_id': 136, 'physical_network': 'physnet1'} {{(pid=116105) allocate_partially_specified_segment /opt/stack/neutron/neutron/plugins/ml2/drivers/helpers.py:153}}
Apr 29 04:01:50.187742 dv-neutron-839777-1-hyperv neutron-server[116106]: DEBUG neutron_lib.callbacks.manager [None req-94f2d154-2d8f-4307-9dd3-3b7bacb12676 None None] Publish callbacks ['neutron.plugins.ml2.plugin.SecurityGroupServerNotifierRpcMixin._notify_sg_on_port_change-267874822', 'neutron.plugins.ml2.ovo_rpc._ObjectChangeHandler.handle_event-221969', 'neutron.api.rpc.agentnotifiers.dhcp_rpc_agent_api.DhcpAgentNotifyAPI._native_event_send_dhcp_notification-517349', 'neutron.db.l3_db.L3RpcNotifierMixin._notify_gateway_port_ip_changed-8776362386908', 'neutron.db.l3_dvrscheduler_db._notify_l3_agent_port_update-8776361945941', 'neutron.db.l3_hascheduler_db._notify_l3_agent_ha_port_update-8776361945959'] for port (9d65ce2a-5c60-4e33-9cc9-07cd48200733), after_update {{(pid=116106) _notify_loop /usr/local/lib/python3.8/dist-packages/neutron_lib/callbacks/manager.py:176}}
Apr 29 04:01:50.202818 dv-neutron-839777-1-hyperv neutron-server[116105]: DEBUG neutron_lib.callbacks.manager [None req-414f5c62-0367-4ae3-9ea6-f188314583c2 tempest-RoutersAdminTest-299158606 tempest-RoutersAdminTest-299158606-project-admin] Publish callbacks ['neutron.plugins.ml2.plugin.Ml2Plugin._handle_segment_change-267724476'] for segment (445c020a-5dfe-4fc7-899c-d2b60b1330e9), precommit_create {{(pid=116105) _notify_loop /usr/local/lib/python3.8/dist-packages/neutron_lib/callbacks/manager.py:176}}
Apr 29 04:01:50.203153 dv-neutron-839777-1-hyperv neutron-server[116105]: INFO neutron.db.segments_db [None req-414f5c62-0367-4ae3-9ea6-f188314583c2 tempest-RoutersAdminTest-299158606 tempest-RoutersAdminTest-299158606-project-admin] Added segment 445c020a-5dfe-4fc7-899c-d2b60b1330e9 of type vlan for network eff3756a-1115-4e91-8b79-e0cc6c666400
Apr 29 04:01:50.219524 dv-neutron-839777-1-hyperv neutron-server[116106]: DEBUG neutron.plugins.ml2.plugin [None req-d3a54afc-1300-447b-9e77-298afc357f03 None None] Current status of the port e323c0d9-422f-40e8-b771-a6a3aefafea6 is: ACTIVE; New status is: ACTIVE {{(pid=116106) _update_individual_port_db_status /opt/stack/neutron/neutron/plugins/ml2/plugin.py:2297}}
Apr 29 04:01:50.220376 dv-neutron-839777-1-hyperv neutron-server[116106]: DEBUG neutron.plugins.ml2.rpc [None req-d3a54afc-1300-447b-9e77-298afc357f03 None None] Device 602bdd2f-52fb-4609-a313-92bae1b84327 up at agent ovs-agent-dv-neutron-839777-1-hyperv {{(pid=116106) update_device_up /opt/stack/neutron/neutron/plugins/ml2/rpc.py:296}}
Apr 29 04:01:50.276713 dv-neutron-839777-1-hyperv neutron-server[116104]: DEBUG neutron_lib.callbacks.manager [None req-038329dc-ef52-4bc8-8c2e-c7f400567ef0 tempest-ServerActionsTestJSON-1940992817 tempest-ServerActionsTestJSON-1940992817-project] Publish callbacks [] for security_group_rule (56d16acc-176a-4edd-8db6-88c1eeb14a85), before_create {{(pid=116104) _notify_loop /usr/local/lib/python3.8/dist-packages/neutron_lib/callbacks/manager.py:176}}
Apr 29 04:01:50.283083 dv-neutron-839777-1-hyperv neutron-server[116105]: DEBUG neutron_lib.callbacks.manager [None req-414f5c62-0367-4ae3-9ea6-f188314583c2 tempest-RoutersAdminTest-299158606 tempest-RoutersAdminTest-299158606-project-admin] Publish callbacks ['neutron.services.auto_allocate.db._ensure_external_network_default_value_callback-8776361916537'] for network (eff3756a-1115-4e91-8b79-e0cc6c666400), precommit_create {{(pid=116105) _notify_loop /usr/local/lib/python3.8/dist-packages/neutron_lib/callbacks/manager.py:176}}
Apr 29 04:01:50.291171 dv-neutron-839777-1-hyperv neutron-server[116105]: DEBUG neutron_lib.callbacks.manager [None req-12209b98-d802-4710-bb75-163448c9ce27 tempest-ServersTestManualDisk-1407577456 tempest-ServersTestManualDisk-1407577456-project] Publish callbacks [] for security_group_rule (cbceec50-29fc-49af-8a3d-2ebb1efb5ba5), precommit_create {{(pid=116105) _notify_loop /usr/local/lib/python3.8/dist-packages/neutron_lib/callbacks/manager.py:176}}
Apr 29 04:01:50.346895 dv-neutron-839777-1-hyperv neutron-server[116104]: DEBUG neutron.plugins.ml2.managers [None req-362307cd-d3b8-4d41-968d-7e5553245dd1 tempest-PortsAdminExtendedAttrsTestJSON-549069722 tempest-PortsAdminExtendedAttrsTestJSON-549069722-project-admin] Attempting to bind port 562646e5-7629-4b2d-8559-05adc6b0c213 on host hv-neutron-8397 for vnic_type normal with profile {{(pid=116104) bind_port /opt/stack/neutron/neutron/plugins/ml2/managers.py:795}}
Apr 29 04:01:50.346895 dv-neutron-839777-1-hyperv neutron-server[116104]: DEBUG neutron.plugins.ml2.managers [None req-362307cd-d3b8-4d41-968d-7e5553245dd1 tempest-PortsAdminExtendedAttrsTestJSON-549069722 tempest-PortsAdminExtendedAttrsTestJSON-549069722-project-admin] Attempting to bind port 562646e5-7629-4b2d-8559-05adc6b0c213 by drivers openvswitch,hyperv on host hv-neutron-8397 at level 0 using segments [{'id': 'f800afcd-0919-40c4-92ef-ada1e98b8586', 'network_type': 'vlan', 'physical_network': 'physnet1', 'segmentation_id': 114, 'network_id': 'f548f2a6-d7f9-432e-bf99-7f0d210fe71a'}] {{(pid=116104) _bind_port_level /opt/stack/neutron/neutron/plugins/ml2/managers.py:820}}
Apr 29 04:01:50.347357 dv-neutron-839777-1-hyperv neutron-server[116104]: DEBUG neutron.plugins.ml2.drivers.mech_agent [None req-362307cd-d3b8-4d41-968d-7e5553245dd1 tempest-PortsAdminExtendedAttrsTestJSON-549069722 tempest-PortsAdminExtendedAttrsTestJSON-549069722-project-admin] Attempting to bind port 562646e5-7629-4b2d-8559-05adc6b0c213 on network f548f2a6-d7f9-432e-bf99-7f0d210fe71a {{(pid=116104) bind_port /opt/stack/neutron/neutron/plugins/ml2/drivers/mech_agent.py:91}}
Apr 29 04:01:50.349230 dv-neutron-839777-1-hyperv neutron-server[116106]: DEBUG neutron.plugins.ml2.managers [None req-9a124e61-3d15-42b4-9717-37621506860e None None] Attempting to bind port 3fefe08c-3bad-435d-be8f-5aa71ed7ee34 on host dv-neutron-839777-1-hyperv for vnic_type normal with profile {{(pid=116106) bind_port /opt/stack/neutron/neutron/plugins/ml2/managers.py:795}}
Apr 29 04:01:50.352517 dv-neutron-839777-1-hyperv neutron-server[116104]: DEBUG neutron_lib.callbacks.manager [None req-b0728af2-6180-4f69-b5e2-ba5ac80e3d41 tempest-DHCPAgentSchedulersTestJSON-720152179 tempest-DHCPAgentSchedulersTestJSON-720152179-project] Publish callbacks ['neutron.plugins.ml2.plugin.Ml2Plugin._network_delete_after_delete_handler-267702691', 'neutron.plugins.ml2.ovo_rpc._ObjectChangeHandler.handle_event-504638', 'neutron.api.rpc.agentnotifiers.dhcp_rpc_agent_api.DhcpAgentNotifyAPI._native_event_send_dhcp_notification-517349', 'neutron.services.l3_router.l3_router_plugin.DVRResourceOperationHandler.delete_fip_namespaces_for_ext_net-411157'] for network (3448b261-cd61-4f14-afce-97d6b7f40a11), after_delete {{(pid=116104) _notify_loop /usr/local/lib/python3.8/dist-packages/neutron_lib/callbacks/manager.py:176}}
Apr 29 04:01:50.353039 dv-neutron-839777-1-hyperv neutron-server[116106]: DEBUG neutron.plugins.ml2.managers [None req-9a124e61-3d15-42b4-9717-37621506860e None None] Attempting to bind port 3fefe08c-3bad-435d-be8f-5aa71ed7ee34 by drivers openvswitch,hyperv on host dv-neutron-839777-1-hyperv at level 0 using segments [{'id': 'b025929d-b46d-4d24-850e-59b841a17042', 'network_type': 'vlan', 'physical_network': 'physnet1', 'segmentation_id': 103, 'network_id': 'f4540851-ad5d-40c6-8aed-fe02e20dbb47'}] {{(pid=116106) _bind_port_level /opt/stack/neutron/neutron/plugins/ml2/managers.py:820}}
Apr 29 04:01:50.354116 dv-neutron-839777-1-hyperv neutron-server[116106]: DEBUG neutron.plugins.ml2.drivers.mech_agent [None req-9a124e61-3d15-42b4-9717-37621506860e None None] Attempting to bind port 3fefe08c-3bad-435d-be8f-5aa71ed7ee34 on network f4540851-ad5d-40c6-8aed-fe02e20dbb47 {{(pid=116106) bind_port /opt/stack/neutron/neutron/plugins/ml2/drivers/mech_agent.py:91}}
Apr 29 04:01:50.358797 dv-neutron-839777-1-hyperv neutron-server[116104]: DEBUG neutron.plugins.ml2.drivers.mech_agent [None req-362307cd-d3b8-4d41-968d-7e5553245dd1 tempest-PortsAdminExtendedAttrsTestJSON-549069722 tempest-PortsAdminExtendedAttrsTestJSON-549069722-project-admin] Port 562646e5-7629-4b2d-8559-05adc6b0c213 on network f548f2a6-d7f9-432e-bf99-7f0d210fe71a not bound, no agent of type Open vSwitch agent registered on host hv-neutron-8397 {{(pid=116104) bind_port /opt/stack/neutron/neutron/plugins/ml2/drivers/mech_agent.py:103}}
Apr 29 04:01:50.359304 dv-neutron-839777-1-hyperv neutron-server[116104]: ERROR neutron.plugins.ml2.managers [None req-362307cd-d3b8-4d41-968d-7e5553245dd1 tempest-PortsAdminExtendedAttrsTestJSON-549069722 tempest-PortsAdminExtendedAttrsTestJSON-549069722-project-admin] Failed to bind port 562646e5-7629-4b2d-8559-05adc6b0c213 on host hv-neutron-8397 for vnic_type normal using segments [{'id': 'f800afcd-0919-40c4-92ef-ada1e98b8586', 'network_type': 'vlan', 'physical_network': 'physnet1', 'segmentation_id': 114, 'network_id': 'f548f2a6-d7f9-432e-bf99-7f0d210fe71a'}]
Apr 29 04:01:50.365665 dv-neutron-839777-1-hyperv neutron-server[116104]: INFO neutron.plugins.ml2.plugin [None req-362307cd-d3b8-4d41-968d-7e5553245dd1 tempest-PortsAdminExtendedAttrsTestJSON-549069722 tempest-PortsAdminExtendedAttrsTestJSON-549069722-project-admin] Attempt 2 to bind port 562646e5-7629-4b2d-8559-05adc6b0c213
Apr 29 04:01:50.368371 dv-neutron-839777-1-hyperv neutron-server[116105]: DEBUG neutron_lib.callbacks.manager [None req-12209b98-d802-4710-bb75-163448c9ce27 tempest-ServersTestManualDisk-1407577456 tempest-ServersTestManualDisk-1407577456-project] Publish callbacks ['neutron.plugins.ml2.ovo_rpc._ObjectChangeHandler.handle_event-506008'] for security_group_rule (cbceec50-29fc-49af-8a3d-2ebb1efb5ba5), after_create {{(pid=116105) _notify_loop /usr/local/lib/python3.8/dist-packages/neutron_lib/callbacks/manager.py:176}}
