Apr 28 14:57:33.527691 dv-neutron-839772-1-hyperv neutron-server[102641]: DEBUG neutron.pecan_wsgi.hooks.policy_enforcement [None req-d633ae49-0391-42f5-84d5-42fd61fec9d3 tempest-NetworksIpV6TestAttrs-888447241 tempest-NetworksIpV6TestAttrs-888447241-project] Attributes excluded by policy engine: ['standard_attr_id', 'shared', 'segment_id', 'network'] {{(pid=102641) _exclude_attributes_by_policy /opt/stack/neutron/neutron/pecan_wsgi/hooks/policy_enforcement.py:259}}
Apr 28 14:57:33.528367 dv-neutron-839772-1-hyperv neutron-server[102641]: DEBUG neutron_lib.callbacks.manager [None req-d633ae49-0391-42f5-84d5-42fd61fec9d3 tempest-NetworksIpV6TestAttrs-888447241 tempest-NetworksIpV6TestAttrs-888447241-project] Notify callbacks [] for subnet, before_response {{(pid=102641) _notify_loop /usr/local/lib/python3.8/dist-packages/neutron_lib/callbacks/manager.py:192}}
Apr 28 14:57:33.588430 dv-neutron-839772-1-hyperv neutron-server[102641]: INFO neutron.wsgi [None req-d633ae49-0391-42f5-84d5-42fd61fec9d3 tempest-NetworksIpV6TestAttrs-888447241 tempest-NetworksIpV6TestAttrs-888447241-project] 10.222.0.58 "POST /v2.0/subnets HTTP/1.1" status: 201 len: 848 time: 0.9942114
Apr 28 14:57:33.592014 dv-neutron-839772-1-hyperv neutron-server[102641]: DEBUG neutron.wsgi [-] (102641) accepted ('10.222.0.58', 40466) {{(pid=102641) server /usr/local/lib/python3.8/dist-packages/eventlet/wsgi.py:982}}
Apr 28 14:57:33.616272 dv-neutron-839772-1-hyperv neutron-server[102641]: DEBUG neutron.api.v2.base [None req-a0386448-5f06-487a-a099-43aac90e0cf2 tempest-NetworksIpV6TestAttrs-888447241 tempest-NetworksIpV6TestAttrs-888447241-project] Request body: {'network': {'name': 'tempest-NetworksIpV6TestAttrs-test-network-1765339548'}} {{(pid=102641) prepare_request_body /opt/stack/neutron/neutron/api/v2/base.py:729}}
Apr 28 14:57:33.641624 dv-neutron-839772-1-hyperv neutron-server[102642]: DEBUG neutron.api.rpc.handlers.dhcp_rpc [None req-ac4ae45d-ccc0-490e-863c-ac2eff615309 None None] Network 249da5cb-ab0b-4ea3-81f1-e9fe68664fe0 requested from dv-neutron-839772-1-hyperv {{(pid=102642) get_network_info /opt/stack/neutron/neutron/api/rpc/handlers/dhcp_rpc.py:218}}
Apr 28 14:57:33.667776 dv-neutron-839772-1-hyperv neutron-server[102641]: DEBUG neutron_lib.callbacks.manager [None req-aa3a1207-9eae-4098-b942-31d9c76b1d40 tempest-NetworksTestDHCPv6-1985943028 tempest-NetworksTestDHCPv6-1985943028-project] Notify callbacks ['neutron.services.auto_allocate.db._ensure_external_network_default_value_callback-8745689323969'] for network, precommit_create {{(pid=102641) _notify_loop /usr/local/lib/python3.8/dist-packages/neutron_lib/callbacks/manager.py:192}}
Apr 28 14:57:33.720779 dv-neutron-839772-1-hyperv neutron-server[102640]: DEBUG neutron.api.v2.base [None req-6305bdbc-cda1-42f8-b895-cba61f739f52 tempest-ExternalNetworksTestJSON-1179531695 tempest-ExternalNetworksTestJSON-1179531695-project-admin] Request body: {'network': {'name': 'tempest-network--945378874', 'router:external': True}} {{(pid=102640) prepare_request_body /opt/stack/neutron/neutron/api/v2/base.py:729}}
Apr 28 14:57:33.728930 dv-neutron-839772-1-hyperv neutron-server[102640]: DEBUG neutron_lib.callbacks.manager [None req-3f3b46c1-17a5-4507-bad6-b7222202d5f2 admin admin] Notify callbacks [] for security_group, before_delete {{(pid=102640) _notify_loop /usr/local/lib/python3.8/dist-packages/neutron_lib/callbacks/manager.py:192}}
Apr 28 14:57:33.760436 dv-neutron-839772-1-hyperv neutron-server[102640]: INFO neutron.wsgi [req-2c9b3c94-257c-40a2-ad4d-4ba82a642b17 req-5d753380-1e77-4ce0-9b81-4152a2e95dbf service neutron] 10.222.0.58 "GET /v2.0/networks/c3fcb9fd-0c36-4a91-ad30-637224e14833?fields=provider%3Aphysical_network&fields=provider%3Anetwork_type HTTP/1.1" status: 200 len: 281 time: 0.2685106
Apr 28 14:57:33.776133 dv-neutron-839772-1-hyperv neutron-server[102640]: DEBUG neutron_lib.callbacks.manager [None req-3f3b46c1-17a5-4507-bad6-b7222202d5f2 admin admin] Notify callbacks [] for security_group, precommit_delete {{(pid=102640) _notify_loop /usr/local/lib/python3.8/dist-packages/neutron_lib/callbacks/manager.py:192}}
Apr 28 14:57:33.786786 dv-neutron-839772-1-hyperv neutron-server[102640]: DEBUG neutron.pecan_wsgi.hooks.quota_enforcement [None req-6305bdbc-cda1-42f8-b895-cba61f739f52 tempest-ExternalNetworksTestJSON-1179531695 tempest-ExternalNetworksTestJSON-1179531695-project-admin] Made reservation on behalf of 0c78f743f2ad4f87a98aed03ce89a52c for: {'network': 1} {{(pid=102640) before /opt/stack/neutron/neutron/pecan_wsgi/hooks/quota_enforcement.py:53}}
Apr 28 14:57:33.789279 dv-neutron-839772-1-hyperv neutron-server[102640]: DEBUG neutron_lib.callbacks.manager [None req-6305bdbc-cda1-42f8-b895-cba61f739f52 tempest-ExternalNetworksTestJSON-1179531695 tempest-ExternalNetworksTestJSON-1179531695-project-admin] Notify callbacks ['neutron.plugins.ml2.plugin.SecurityGroupDbMixin._ensure_default_security_group_handler-7973111'] for network, before_create {{(pid=102640) _notify_loop /usr/local/lib/python3.8/dist-packages/neutron_lib/callbacks/manager.py:192}}
Apr 28 14:57:33.804366 dv-neutron-839772-1-hyperv neutron-server[102640]: DEBUG neutron_lib.callbacks.manager [None req-6305bdbc-cda1-42f8-b895-cba61f739f52 tempest-ExternalNetworksTestJSON-1179531695 tempest-ExternalNetworksTestJSON-1179531695-project-admin] Notify callbacks [] for security_group, before_create {{(pid=102640) _notify_loop /usr/local/lib/python3.8/dist-packages/neutron_lib/callbacks/manager.py:192}}
Apr 28 14:57:33.824783 dv-neutron-839772-1-hyperv neutron-server[102641]: INFO neutron.wsgi [req-5b93d692-b81b-4e06-8607-0a4bdc51582c req-c0d5ff07-32b1-42c7-98ea-eefba336cada tempest-ServerActionsTestJSON-780521435 tempest-ServerActionsTestJSON-780521435-project] 10.222.0.58 "GET /v2.0/ports?device_id=8eb401c5-6731-45d6-b76e-208db6239d3e HTTP/1.1" status: 200 len: 210 time: 0.1684008
Apr 28 14:57:33.835622 dv-neutron-839772-1-hyperv neutron-server[102641]: DEBUG neutron_lib.db.resource_extend [None req-aa3a1207-9eae-4098-b942-31d9c76b1d40 tempest-NetworksTestDHCPv6-1985943028 tempest-NetworksTestDHCPv6-1985943028-project] It took 0.15 seconds to run function 'neutron_lib.db.resource_extend.apply_funcs' {{(pid=102641) wrapper /usr/local/lib/python3.8/dist-packages/oslo_utils/timeutils.py:386}}
Apr 28 14:57:33.909097 dv-neutron-839772-1-hyperv neutron-server[102640]: DEBUG neutron_lib.callbacks.manager [None req-3f3b46c1-17a5-4507-bad6-b7222202d5f2 admin admin] Notify callbacks ['neutron.plugins.ml2.ovo_rpc._ObjectChangeHandler.handle_event-597323'] for security_group, after_delete {{(pid=102640) _notify_loop /usr/local/lib/python3.8/dist-packages/neutron_lib/callbacks/manager.py:192}}
Apr 28 14:57:33.909305 dv-neutron-839772-1-hyperv neutron-server[102641]: DEBUG neutron.pecan_wsgi.hooks.quota_enforcement [None req-a0386448-5f06-487a-a099-43aac90e0cf2 tempest-NetworksIpV6TestAttrs-888447241 tempest-NetworksIpV6TestAttrs-888447241-project] Made reservation on behalf of 3d1e20fe2e424dfb8f7d8b3e81ac6e8f for: {'network': 1} {{(pid=102641) before /opt/stack/neutron/neutron/pecan_wsgi/hooks/quota_enforcement.py:53}}
Apr 28 14:57:33.913132 dv-neutron-839772-1-hyperv neutron-server[102640]: DEBUG neutron_lib.callbacks.manager [None req-3f3b46c1-17a5-4507-bad6-b7222202d5f2 admin admin] Notify callbacks [] for security_group, before_response {{(pid=102640) _notify_loop /usr/local/lib/python3.8/dist-packages/neutron_lib/callbacks/manager.py:192}}
Apr 28 14:57:33.915602 dv-neutron-839772-1-hyperv neutron-server[102641]: DEBUG neutron_lib.callbacks.manager [None req-a0386448-5f06-487a-a099-43aac90e0cf2 tempest-NetworksIpV6TestAttrs-888447241 tempest-NetworksIpV6TestAttrs-888447241-project] Notify callbacks ['neutron.plugins.ml2.plugin.SecurityGroupDbMixin._ensure_default_security_group_handler-7973111'] for network, before_create {{(pid=102641) _notify_loop /usr/local/lib/python3.8/dist-packages/neutron_lib/callbacks/manager.py:192}}
Apr 28 14:57:33.925791 dv-neutron-839772-1-hyperv neutron-server[102641]: DEBUG neutron_lib.callbacks.manager [None req-aa3a1207-9eae-4098-b942-31d9c76b1d40 tempest-NetworksTestDHCPv6-1985943028 tempest-NetworksTestDHCPv6-1985943028-project] Notify callbacks ['neutron.plugins.ml2.ovo_rpc._ObjectChangeHandler.handle_event-601571', 'neutron.api.rpc.agentnotifiers.dhcp_rpc_agent_api.DhcpAgentNotifyAPI._native_event_send_dhcp_notification-611249'] for network, after_create {{(pid=102641) _notify_loop /usr/local/lib/python3.8/dist-packages/neutron_lib/callbacks/manager.py:192}}
Apr 28 14:57:33.929816 dv-neutron-839772-1-hyperv neutron-server[102643]: DEBUG neutron.db.agents_db [None req-49583019-fcdf-4824-b66b-1a5322cd08a1 None None] Agent healthcheck: found 6 active agents {{(pid=102643) agent_health_check /opt/stack/neutron/neutron/db/agents_db.py:317}}
Apr 28 14:57:33.930835 dv-neutron-839772-1-hyperv neutron-server[102640]: INFO neutron.wsgi [None req-3f3b46c1-17a5-4507-bad6-b7222202d5f2 admin admin] 10.222.0.58 "DELETE /v2.0/security-groups/7b5a1348-de7b-4ec8-8543-d67e48756ae0 HTTP/1.1" status: 204 len: 168 time: 0.4610023
Apr 28 14:57:33.931396 dv-neutron-839772-1-hyperv neutron-server[102641]: DEBUG neutron.pecan_wsgi.hooks.policy_enforcement [None req-aa3a1207-9eae-4098-b942-31d9c76b1d40 tempest-NetworksTestDHCPv6-1985943028 tempest-NetworksTestDHCPv6-1985943028-project] Attributes excluded by policy engine: ['standard_attr_id', 'provider:network_type', 'provider:physical_network', 'provider:segmentation_id', 'vlan_transparent'] {{(pid=102641) _exclude_attributes_by_policy /opt/stack/neutron/neutron/pecan_wsgi/hooks/policy_enforcement.py:259}}
Apr 28 14:57:33.934917 dv-neutron-839772-1-hyperv neutron-server[102641]: DEBUG neutron_lib.callbacks.manager [None req-aa3a1207-9eae-4098-b942-31d9c76b1d40 tempest-NetworksTestDHCPv6-1985943028 tempest-NetworksTestDHCPv6-1985943028-project] Notify callbacks ['neutron.api.rpc.agentnotifiers.dhcp_rpc_agent_api.DhcpAgentNotifyAPI._send_dhcp_notification-611915'] for network, before_response {{(pid=102641) _notify_loop /usr/local/lib/python3.8/dist-packages/neutron_lib/callbacks/manager.py:192}}
Apr 28 14:57:33.963686 dv-neutron-839772-1-hyperv neutron-server[102640]: DEBUG neutron.api.rpc.handlers.resources_rpc [None req-3f3b46c1-17a5-4507-bad6-b7222202d5f2 admin admin] Pushing event deleted for resources: {'SecurityGroup': ['ID=7b5a1348-de7b-4ec8-8543-d67e48756ae0,revision_number=None']} {{(pid=102640) push /opt/stack/neutron/neutron/api/rpc/handlers/resources_rpc.py:237}}
Apr 28 14:57:33.987775 dv-neutron-839772-1-hyperv neutron-server[102640]: DEBUG neutron_lib.callbacks.manager [None req-6305bdbc-cda1-42f8-b895-cba61f739f52 tempest-ExternalNetworksTestJSON-1179531695 tempest-ExternalNetworksTestJSON-1179531695-project-admin] Notify callbacks [] for security_group, precommit_create {{(pid=102640) _notify_loop /usr/local/lib/python3.8/dist-packages/neutron_lib/callbacks/manager.py:192}}
Apr 28 14:57:33.997000 dv-neutron-839772-1-hyperv neutron-server[102640]: DEBUG neutron_lib.callbacks.manager [None req-6305bdbc-cda1-42f8-b895-cba61f739f52 tempest-ExternalNetworksTestJSON-1179531695 tempest-ExternalNetworksTestJSON-1179531695-project-admin] Notify callbacks ['neutron.plugins.ml2.ovo_rpc._ObjectChangeHandler.handle_event-597323'] for security_group, after_create {{(pid=102640) _notify_loop /usr/local/lib/python3.8/dist-packages/neutron_lib/callbacks/manager.py:192}}
Apr 28 14:57:33.999867 dv-neutron-839772-1-hyperv neutron-server[102641]: DEBUG neutron_lib.callbacks.manager [None req-2c94280a-9750-49e2-a220-c58e60441007 tempest-FloatingIPAdminTestJSON-901906671 tempest-FloatingIPAdminTestJSON-901906671-project-admin] Notify callbacks ['neutron.plugins.ml2.plugin.SecurityGroupDbMixin._ensure_default_security_group_handler-7973111'] for port, before_create {{(pid=102641) _notify_loop /usr/local/lib/python3.8/dist-packages/neutron_lib/callbacks/manager.py:192}}
Apr 28 14:57:34.001518 dv-neutron-839772-1-hyperv neutron-server[102642]: DEBUG neutron.api.rpc.handlers.dhcp_rpc [None req-e61b93f7-1199-4719-b8f0-9eed810b3b37 None None] Create dhcp port {'port': {'name': '', 'admin_state_up': True, 'device_id': 'dhcp4181acc2-9570-5e61-8858-3c3a9fedca1a-249da5cb-ab0b-4ea3-81f1-e9fe68664fe0', 'network_id': '249da5cb-ab0b-4ea3-81f1-e9fe68664fe0', 'tenant_id': '3d1e20fe2e424dfb8f7d8b3e81ac6e8f', 'fixed_ips': [{'subnet_id': '22a4bf1c-5402-4eb3-976a-a7fbb36bbebe'}]}} from dv-neutron-839772-1-hyperv. {{(pid=102642) create_dhcp_port /opt/stack/neutron/neutron/api/rpc/handlers/dhcp_rpc.py:285}}
Apr 28 14:57:34.002812 dv-neutron-839772-1-hyperv neutron-server[102642]: DEBUG neutron_lib.callbacks.manager [None req-e61b93f7-1199-4719-b8f0-9eed810b3b37 None None] Notify callbacks ['neutron.plugins.ml2.plugin.SecurityGroupDbMixin._ensure_default_security_group_handler-7973111'] for port, before_create {{(pid=102642) _notify_loop /usr/local/lib/python3.8/dist-packages/neutron_lib/callbacks/manager.py:192}}
Apr 28 14:57:34.046079 dv-neutron-839772-1-hyperv neutron-server[102640]: DEBUG neutron.plugins.ml2.drivers.helpers [None req-6305bdbc-cda1-42f8-b895-cba61f739f52 tempest-ExternalNetworksTestJSON-1179531695 tempest-ExternalNetworksTestJSON-1179531695-project-admin] vlan segment allocate from pool success with {'vlan_id': 668, 'physical_network': 'physnet1'} {{(pid=102640) allocate_partially_specified_segment /opt/stack/neutron/neutron/plugins/ml2/drivers/helpers.py:153}}
Apr 28 14:57:34.090448 dv-neutron-839772-1-hyperv neutron-server[102640]: DEBUG neutron_lib.callbacks.manager [None req-6305bdbc-cda1-42f8-b895-cba61f739f52 tempest-ExternalNetworksTestJSON-1179531695 tempest-ExternalNetworksTestJSON-1179531695-project-admin] Notify callbacks ['neutron.plugins.ml2.plugin.Ml2Plugin._handle_segment_change-8379430'] for segment, precommit_create {{(pid=102640) _notify_loop /usr/local/lib/python3.8/dist-packages/neutron_lib/callbacks/manager.py:192}}
Apr 28 14:57:34.091148 dv-neutron-839772-1-hyperv neutron-server[102640]: INFO neutron.db.segments_db [None req-6305bdbc-cda1-42f8-b895-cba61f739f52 tempest-ExternalNetworksTestJSON-1179531695 tempest-ExternalNetworksTestJSON-1179531695-project-admin] Added segment 094937e2-6b87-4fb6-9652-33fe0a9092a9 of type vlan for network 97802edc-ae2b-40db-a4f1-b03573f316e1
Apr 28 14:57:34.101336 dv-neutron-839772-1-hyperv neutron-server[102640]: DEBUG neutron.api.rpc.handlers.resources_rpc [None req-6305bdbc-cda1-42f8-b895-cba61f739f52 tempest-ExternalNetworksTestJSON-1179531695 tempest-ExternalNetworksTestJSON-1179531695-project-admin] Pushing event updated for resources: {'SecurityGroup': ['ID=42cd27b4-8ad3-49e2-b63d-a69772ca019e,revision_number=1']} {{(pid=102640) push /opt/stack/neutron/neutron/api/rpc/handlers/resources_rpc.py:237}}
Apr 28 14:57:34.167436 dv-neutron-839772-1-hyperv neutron-server[102640]: DEBUG neutron_lib.callbacks.manager [None req-6305bdbc-cda1-42f8-b895-cba61f739f52 tempest-ExternalNetworksTestJSON-1179531695 tempest-ExternalNetworksTestJSON-1179531695-project-admin] Notify callbacks ['neutron.services.auto_allocate.db._ensure_external_network_default_value_callback-8745689323969'] for network, precommit_create {{(pid=102640) _notify_loop /usr/local/lib/python3.8/dist-packages/neutron_lib/callbacks/manager.py:192}}
Apr 28 14:57:34.243192 dv-neutron-839772-1-hyperv neutron-server[102641]: INFO neutron.wsgi [req-d6914b10-d19b-4f8e-ad4b-46e6a26099b9 req-645b4cc7-43fb-49f3-ab6e-94f7ca8d5b20 tempest-ServersTestJSON-148640982 tempest-ServersTestJSON-148640982-project] 10.222.0.58 "GET /v2.0/ports?device_id=699febe7-7f57-4a31-b424-2de02824067f HTTP/1.1" status: 200 len: 210 time: 0.0534256
Apr 28 14:57:34.261751 dv-neutron-839772-1-hyperv neutron-server[102640]: DEBUG neutron_lib.callbacks.manager [None req-6305bdbc-cda1-42f8-b895-cba61f739f52 tempest-ExternalNetworksTestJSON-1179531695 tempest-ExternalNetworksTestJSON-1179531695-project-admin] Notify callbacks ['neutron.plugins.ml2.ovo_rpc._ObjectChangeHandler.handle_event-601571', 'neutron.api.rpc.agentnotifiers.dhcp_rpc_agent_api.DhcpAgentNotifyAPI._native_event_send_dhcp_notification-611249'] for network, after_create {{(pid=102640) _notify_loop /usr/local/lib/python3.8/dist-packages/neutron_lib/callbacks/manager.py:192}}
Apr 28 14:57:34.262874 dv-neutron-839772-1-hyperv neutron-server[102640]: DEBUG neutron.pecan_wsgi.hooks.policy_enforcement [None req-6305bdbc-cda1-42f8-b895-cba61f739f52 tempest-ExternalNetworksTestJSON-1179531695 tempest-ExternalNetworksTestJSON-1179531695-project-admin] Attributes excluded by policy engine: ['standard_attr_id', 'vlan_transparent'] {{(pid=102640) _exclude_attributes_by_policy /opt/stack/neutron/neutron/pecan_wsgi/hooks/policy_enforcement.py:259}}
Apr 28 14:57:34.263482 dv-neutron-839772-1-hyperv neutron-server[102640]: DEBUG neutron_lib.callbacks.manager [None req-6305bdbc-cda1-42f8-b895-cba61f739f52 tempest-ExternalNetworksTestJSON-1179531695 tempest-ExternalNetworksTestJSON-1179531695-project-admin] Notify callbacks ['neutron.api.rpc.agentnotifiers.dhcp_rpc_agent_api.DhcpAgentNotifyAPI._send_dhcp_notification-611915'] for network, before_response {{(pid=102640) _notify_loop /usr/local/lib/python3.8/dist-packages/neutron_lib/callbacks/manager.py:192}}
Apr 28 14:57:34.281780 dv-neutron-839772-1-hyperv neutron-server[102641]: INFO neutron.wsgi [None req-aa3a1207-9eae-4098-b942-31d9c76b1d40 tempest-NetworksTestDHCPv6-1985943028 tempest-NetworksTestDHCPv6-1985943028-project] 10.222.0.58 "POST /v2.0/networks HTTP/1.1" status: 201 len: 785 time: 1.6202333
Apr 28 14:57:34.290194 dv-neutron-839772-1-hyperv neutron-server[102642]: DEBUG neutron.db.db_base_plugin_common [None req-e61b93f7-1199-4719-b8f0-9eed810b3b37 None None] Allocated IP 2001:db8:0:ffff::2 (249da5cb-ab0b-4ea3-81f1-e9fe68664fe0/22a4bf1c-5402-4eb3-976a-a7fbb36bbebe/a074a783-268d-4b4e-9732-b24cc3fa3ac6) {{(pid=102642) _store_ip_allocation /opt/stack/neutron/neutron/db/db_base_plugin_common.py:131}}
Apr 28 14:57:34.318146 dv-neutron-839772-1-hyperv neutron-server[102640]: DEBUG neutron.wsgi [-] (102640) accepted ('10.222.0.58', 40502) {{(pid=102640) server /usr/local/lib/python3.8/dist-packages/eventlet/wsgi.py:982}}
Apr 28 14:57:34.335009 dv-neutron-839772-1-hyperv neutron-server[102640]: DEBUG neutron.api.v2.base [None req-6f3176e1-644e-47f6-99ff-e31faac67b8b tempest-NetworksTestDHCPv6-1985943028 tempest-NetworksTestDHCPv6-1985943028-project] Request body: {'subnet': {'network_id': '54d908dd-ca79-41d5-95f2-c906280f9818', 'cidr': '2001:db8::/64', 'ip_version': 6, 'gateway_ip': '2001:db8::1', 'ipv6_ra_mode': 'dhcpv6-stateful', 'ipv6_address_mode': 'dhcpv6-stateful'}} {{(pid=102640) prepare_request_body /opt/stack/neutron/neutron/api/v2/base.py:729}}
Apr 28 14:57:34.346750 dv-neutron-839772-1-hyperv neutron-server[102641]: DEBUG neutron.plugins.ml2.drivers.helpers [None req-a0386448-5f06-487a-a099-43aac90e0cf2 tempest-NetworksIpV6TestAttrs-888447241 tempest-NetworksIpV6TestAttrs-888447241-project] vlan segment allocate from pool success with {'vlan_id': 683, 'physical_network': 'physnet1'} {{(pid=102641) allocate_partially_specified_segment /opt/stack/neutron/neutron/plugins/ml2/drivers/helpers.py:153}}
Apr 28 14:57:34.383122 dv-neutron-839772-1-hyperv neutron-server[102641]: DEBUG neutron.api.rpc.handlers.resources_rpc [None req-aa3a1207-9eae-4098-b942-31d9c76b1d40 tempest-NetworksTestDHCPv6-1985943028 tempest-NetworksTestDHCPv6-1985943028-project] Pushing event updated for resources: {'Network': ['ID=54d908dd-ca79-41d5-95f2-c906280f9818,revision_number=1']} {{(pid=102641) push /opt/stack/neutron/neutron/api/rpc/handlers/resources_rpc.py:237}}
Apr 28 14:57:34.389979 dv-neutron-839772-1-hyperv neutron-server[102641]: DEBUG neutron_lib.callbacks.manager [None req-a0386448-5f06-487a-a099-43aac90e0cf2 tempest-NetworksIpV6TestAttrs-888447241 tempest-NetworksIpV6TestAttrs-888447241-project] Notify callbacks ['neutron.plugins.ml2.plugin.Ml2Plugin._handle_segment_change-8379430'] for segment, precommit_create {{(pid=102641) _notify_loop /usr/local/lib/python3.8/dist-packages/neutron_lib/callbacks/manager.py:192}}
Apr 28 14:57:34.390314 dv-neutron-839772-1-hyperv neutron-server[102641]: INFO neutron.db.segments_db [None req-a0386448-5f06-487a-a099-43aac90e0cf2 tempest-NetworksIpV6TestAttrs-888447241 tempest-NetworksIpV6TestAttrs-888447241-project] Added segment f68b898c-4298-44ba-85ec-2ae6fe7de2f2 of type vlan for network 4c2ec58a-b4a8-4841-8873-82a30a1f1ff6
Apr 28 14:57:34.405202 dv-neutron-839772-1-hyperv neutron-server[102642]: DEBUG neutron.plugins.ml2.rpc [None req-cefb1cc1-2b16-4886-bef8-e008c7c38ca1 None None] Network 54d908dd-ca79-41d5-95f2-c906280f9818 details requested by agent ovs-agent-dv-neutron-839772-1-hyperv with host dv-neutron-839772-1-hyperv {{(pid=102642) get_network_details /opt/stack/neutron/neutron/plugins/ml2/rpc.py:248}}
Apr 28 14:57:34.407632 dv-neutron-839772-1-hyperv neutron-server[102640]: INFO neutron.wsgi [None req-6305bdbc-cda1-42f8-b895-cba61f739f52 tempest-ExternalNetworksTestJSON-1179531695 tempest-ExternalNetworksTestJSON-1179531695-project-admin] 10.222.0.58 "POST /v2.0/networks HTTP/1.1" status: 201 len: 862 time: 0.9852364
Apr 28 14:57:34.410574 dv-neutron-839772-1-hyperv neutron-server[102641]: DEBUG neutron.db.db_base_plugin_common [None req-2c94280a-9750-49e2-a220-c58e60441007 tempest-FloatingIPAdminTestJSON-901906671 tempest-FloatingIPAdminTestJSON-901906671-project-admin] Allocated IP 172.26.4.5 (c459c6cf-a35c-471f-9a37-ca8bd41dfdd8/186b5d43-bfe6-4f74-8853-7368b03f4363/e398ad2b-e859-4168-a784-1e51192bd1b4) {{(pid=102641) _store_ip_allocation /opt/stack/neutron/neutron/db/db_base_plugin_common.py:131}}
Apr 28 14:57:34.412149 dv-neutron-839772-1-hyperv neutron-server[102641]: DEBUG neutron.wsgi [-] (102641) accepted ('10.222.0.58', 40506) {{(pid=102641) server /usr/local/lib/python3.8/dist-packages/eventlet/wsgi.py:982}}
Apr 28 14:57:34.497561 dv-neutron-839772-1-hyperv neutron-server[102641]: DEBUG neutron_lib.callbacks.manager [None req-97e54e2b-e7e7-415e-999a-0d97516e7e3b tempest-ExternalNetworksTestJSON-1179531695 tempest-ExternalNetworksTestJSON-1179531695-project-admin] Notify callbacks ['neutron.plugins.ml2.plugin.External_net_db_mixin._before_network_delete_handler-7876993'] for network, before_delete {{(pid=102641) _notify_loop /usr/local/lib/python3.8/dist-packages/neutron_lib/callbacks/manager.py:192}}
Apr 28 14:57:34.564514 dv-neutron-839772-1-hyperv neutron-server[102641]: DEBUG neutron_lib.callbacks.manager [None req-a0386448-5f06-487a-a099-43aac90e0cf2 tempest-NetworksIpV6TestAttrs-888447241 tempest-NetworksIpV6TestAttrs-888447241-project] Notify callbacks ['neutron.services.auto_allocate.db._ensure_external_network_default_value_callback-8745689323969'] for network, precommit_create {{(pid=102641) _notify_loop /usr/local/lib/python3.8/dist-packages/neutron_lib/callbacks/manager.py:192}}
Apr 28 14:57:34.642784 dv-neutron-839772-1-hyperv neutron-server[102640]: DEBUG neutron.api.rpc.handlers.resources_rpc [None req-6305bdbc-cda1-42f8-b895-cba61f739f52 tempest-ExternalNetworksTestJSON-1179531695 tempest-ExternalNetworksTestJSON-1179531695-project-admin] Pushing event updated for resources: {'Network': ['ID=97802edc-ae2b-40db-a4f1-b03573f316e1,revision_number=1']} {{(pid=102640) push /opt/stack/neutron/neutron/api/rpc/handlers/resources_rpc.py:237}}
Apr 28 14:57:34.679125 dv-neutron-839772-1-hyperv neutron-server[102642]: DEBUG neutron_lib.callbacks.manager [None req-e61b93f7-1199-4719-b8f0-9eed810b3b37 None None] Notify callbacks [] for port, precommit_create {{(pid=102642) _notify_loop /usr/local/lib/python3.8/dist-packages/neutron_lib/callbacks/manager.py:192}}
Apr 28 14:57:34.681880 dv-neutron-839772-1-hyperv neutron-server[102642]: DEBUG neutron.plugins.ml2.rpc [None req-cefb1cc1-2b16-4886-bef8-e008c7c38ca1 None None] Network 97802edc-ae2b-40db-a4f1-b03573f316e1 details requested by agent ovs-agent-dv-neutron-839772-1-hyperv with host dv-neutron-839772-1-hyperv {{(pid=102642) get_network_details /opt/stack/neutron/neutron/plugins/ml2/rpc.py:248}}
Apr 28 14:57:34.711777 dv-neutron-839772-1-hyperv neutron-server[102642]: DEBUG neutron_lib.callbacks.manager [None req-e61b93f7-1199-4719-b8f0-9eed810b3b37 None None] Notify callbacks ['neutron.plugins.ml2.plugin.SecurityGroupServerNotifierRpcMixin._notify_sg_on_port_change-7972912', 'neutron.plugins.ml2.ovo_rpc._ObjectChangeHandler.handle_event-418781', 'neutron.api.rpc.agentnotifiers.dhcp_rpc_agent_api.DhcpAgentNotifyAPI._native_event_send_dhcp_notification-611249', 'neutron.db.l3_dvrscheduler_db._notify_l3_agent_new_port-8745689343973'] for port, after_create {{(pid=102642) _notify_loop /usr/local/lib/python3.8/dist-packages/neutron_lib/callbacks/manager.py:192}}
Apr 28 14:57:34.750972 dv-neutron-839772-1-hyperv neutron-server[102640]: DEBUG neutron.pecan_wsgi.hooks.quota_enforcement [None req-6f3176e1-644e-47f6-99ff-e31faac67b8b tempest-NetworksTestDHCPv6-1985943028 tempest-NetworksTestDHCPv6-1985943028-project] Made reservation on behalf of 755afa15efdc4dc287320d0b60e841dc for: {'subnet': 1} {{(pid=102640) before /opt/stack/neutron/neutron/pecan_wsgi/hooks/quota_enforcement.py:53}}
Apr 28 14:57:34.758892 dv-neutron-839772-1-hyperv neutron-server[102640]: DEBUG neutron_lib.callbacks.manager [None req-6f3176e1-644e-47f6-99ff-e31faac67b8b tempest-NetworksTestDHCPv6-1985943028 tempest-NetworksTestDHCPv6-1985943028-project] Notify callbacks ['neutron.services.segments.plugin.SegmentHostRoutes.host_routes_before_create-3996215'] for subnet, before_create {{(pid=102640) _notify_loop /usr/local/lib/python3.8/dist-packages/neutron_lib/callbacks/manager.py:192}}
Apr 28 14:57:34.785419 dv-neutron-839772-1-hyperv neutron-server[102641]: DEBUG neutron_lib.callbacks.manager [None req-97e54e2b-e7e7-415e-999a-0d97516e7e3b tempest-ExternalNetworksTestJSON-1179531695 tempest-ExternalNetworksTestJSON-1179531695-project-admin] Notify callbacks ['neutron.plugins.ml2.plugin.Ml2Plugin._network_delete_precommit_handler-8373068', 'neutron.services.segments.db._delete_segments_for_network-8745689894256'] for network, precommit_delete {{(pid=102641) _notify_loop /usr/local/lib/python3.8/dist-packages/neutron_lib/callbacks/manager.py:192}}
Apr 28 14:57:34.806394 dv-neutron-839772-1-hyperv neutron-server[102642]: DEBUG neutron.scheduler.dhcp_agent_scheduler [None req-e61b93f7-1199-4719-b8f0-9eed810b3b37 None None] Network 249da5cb-ab0b-4ea3-81f1-e9fe68664fe0 is already hosted by enough agents. {{(pid=102642) _get_dhcp_agents_hosting_network /opt/stack/neutron/neutron/scheduler/dhcp_agent_scheduler.py:275}}
Apr 28 14:57:34.818687 dv-neutron-839772-1-hyperv neutron-server[102642]: DEBUG neutron.scheduler.base_scheduler [None req-e61b93f7-1199-4719-b8f0-9eed810b3b37 None None] Resources bound (agent type, host, resource id): {{(pid=102642) schedule /opt/stack/neutron/neutron/scheduler/base_scheduler.py:57}}
Apr 28 14:57:34.820599 dv-neutron-839772-1-hyperv neutron-server[102642]: DEBUG neutron.db.l3_dvrscheduler_db [None req-e61b93f7-1199-4719-b8f0-9eed810b3b37 None None] Received port after_create {{(pid=102642) _notify_l3_agent_new_port /opt/stack/neutron/neutron/db/l3_dvrscheduler_db.py:536}}
Apr 28 14:57:34.839542 dv-neutron-839772-1-hyperv neutron-server[102641]: DEBUG neutron.services.segments.db [None req-97e54e2b-e7e7-415e-999a-0d97516e7e3b tempest-ExternalNetworksTestJSON-1179531695 tempest-ExternalNetworksTestJSON-1179531695-project-admin] neutron.services.segments.plugin.Plugin method get_segments called with arguments (,) {'filters': {'network_id': ['97802edc-ae2b-40db-a4f1-b03573f316e1']}} {{(pid=102641) wrapper /usr/local/lib/python3.8/dist-packages/oslo_log/helpers.py:65}}
Apr 28 14:57:34.863870 dv-neutron-839772-1-hyperv neutron-server[102641]: DEBUG neutron.services.segments.db [None req-97e54e2b-e7e7-415e-999a-0d97516e7e3b tempest-ExternalNetworksTestJSON-1179531695 tempest-ExternalNetworksTestJSON-1179531695-project-admin] neutron.services.segments.plugin.Plugin method delete_segment called with arguments (, '094937e2-6b87-4fb6-9652-33fe0a9092a9') {'for_net_delete': True} {{(pid=102641) wrapper /usr/local/lib/python3.8/dist-packages/oslo_log/helpers.py:65}}
Apr 28 14:57:34.864198 dv-neutron-839772-1-hyperv neutron-server[102641]: DEBUG neutron.services.segments.db [None req-97e54e2b-e7e7-415e-999a-0d97516e7e3b tempest-ExternalNetworksTestJSON-1179531695 tempest-ExternalNetworksTestJSON-1179531695-project-admin] neutron.services.segments.plugin.Plugin method get_segment called with arguments (, '094937e2-6b87-4fb6-9652-33fe0a9092a9') {} {{(pid=102641) wrapper /usr/local/lib/python3.8/dist-packages/oslo_log/helpers.py:65}}
Apr 28 14:57:34.883506 dv-neutron-839772-1-hyperv neutron-server[102641]: DEBUG neutron_lib.callbacks.manager [None req-97e54e2b-e7e7-415e-999a-0d97516e7e3b tempest-ExternalNetworksTestJSON-1179531695 tempest-ExternalNetworksTestJSON-1179531695-project-admin] Notify callbacks ['neutron.plugins.ml2.db._prevent_segment_delete_with_port_bound-8745689894009', 'neutron.services.segments.plugin.Plugin._prevent_segment_delete_with_subnet_associated-3550341'] for segment, before_delete {{(pid=102641) _notify_loop /usr/local/lib/python3.8/dist-packages/neutron_lib/callbacks/manager.py:192}}
Apr 28 14:57:34.885597 dv-neutron-839772-1-hyperv neutron-server[102642]: DEBUG neutron.api.rpc.handlers.resources_rpc [None req-e61b93f7-1199-4719-b8f0-9eed810b3b37 None None] Pushing event updated for resources: {'Port': ['ID=a074a783-268d-4b4e-9732-b24cc3fa3ac6,revision_number=1']} {{(pid=102642) push /opt/stack/neutron/neutron/api/rpc/handlers/resources_rpc.py:237}}
Apr 28 14:57:34.904579 dv-neutron-839772-1-hyperv neutron-server[102641]: DEBUG neutron_lib.callbacks.manager [None req-97e54e2b-e7e7-415e-999a-0d97516e7e3b tempest-ExternalNetworksTestJSON-1179531695 tempest-ExternalNetworksTestJSON-1179531695-project-admin] Notify callbacks ['neutron.plugins.ml2.plugin.Ml2Plugin._handle_segment_change-8379430'] for segment, precommit_delete {{(pid=102641) _notify_loop /usr/local/lib/python3.8/dist-packages/neutron_lib/callbacks/manager.py:192}}
Apr 28 14:57:34.911457 dv-neutron-839772-1-hyperv neutron-server[102641]: DEBUG neutron.plugins.ml2.drivers.type_vlan [None req-97e54e2b-e7e7-415e-999a-0d97516e7e3b tempest-ExternalNetworksTestJSON-1179531695 tempest-ExternalNetworksTestJSON-1179531695-project-admin] Releasing vlan 668 on physical network physnet1 to pool {{(pid=102641) release_segment /opt/stack/neutron/neutron/plugins/ml2/drivers/type_vlan.py:304}}
Apr 28 14:57:34.911869 dv-neutron-839772-1-hyperv neutron-server[102641]: DEBUG neutron_lib.callbacks.manager [None req-97e54e2b-e7e7-415e-999a-0d97516e7e3b tempest-ExternalNetworksTestJSON-1179531695 tempest-ExternalNetworksTestJSON-1179531695-project-admin] Notify callbacks ['neutron.plugins.ml2.plugin.Ml2Plugin._handle_segment_change-8379430', 'neutron.services.segments.plugin.NovaSegmentNotifier._notify_segment_deleted-4134972'] for segment, after_delete {{(pid=102641) _notify_loop /usr/local/lib/python3.8/dist-packages/neutron_lib/callbacks/manager.py:192}}
Apr 28 14:57:34.947553 dv-neutron-839772-1-hyperv neutron-server[102642]: DEBUG neutron.plugins.ml2.managers [None req-e61b93f7-1199-4719-b8f0-9eed810b3b37 None None] Attempting to bind port a074a783-268d-4b4e-9732-b24cc3fa3ac6 on host dv-neutron-839772-1-hyperv for vnic_type normal with profile {{(pid=102642) bind_port /opt/stack/neutron/neutron/plugins/ml2/managers.py:790}}
Apr 28 14:57:34.948097 dv-neutron-839772-1-hyperv neutron-server[102642]: DEBUG neutron.plugins.ml2.managers [None req-e61b93f7-1199-4719-b8f0-9eed810b3b37 None None] Attempting to bind port a074a783-268d-4b4e-9732-b24cc3fa3ac6 by drivers openvswitch,hyperv on host dv-neutron-839772-1-hyperv at level 0 using segments [{'id': '79891614-8dea-4731-bb2a-fc04128de3ce', 'network_type': 'vlan', 'physical_network': 'physnet1', 'segmentation_id': 651, 'network_id': '249da5cb-ab0b-4ea3-81f1-e9fe68664fe0'}] {{(pid=102642) _bind_port_level /opt/stack/neutron/neutron/plugins/ml2/managers.py:815}}
Apr 28 14:57:34.948454 dv-neutron-839772-1-hyperv neutron-server[102642]: DEBUG neutron.plugins.ml2.drivers.mech_agent [None req-e61b93f7-1199-4719-b8f0-9eed810b3b37 None None] Attempting to bind port a074a783-268d-4b4e-9732-b24cc3fa3ac6 on network 249da5cb-ab0b-4ea3-81f1-e9fe68664fe0 {{(pid=102642) bind_port /opt/stack/neutron/neutron/plugins/ml2/drivers/mech_agent.py:91}}
Apr 28 14:57:34.954285 dv-neutron-839772-1-hyperv neutron-server[102642]: DEBUG neutron.plugins.ml2.drivers.mech_agent [None req-e61b93f7-1199-4719-b8f0-9eed810b3b37 None None] Checking agent: {'id': '6edb588e-ccf5-4057-91d1-11a8523ec38f', 'agent_type': 'Open vSwitch agent', 'binary': 'neutron-openvswitch-agent', 'topic': 'N/A', 'host': 'dv-neutron-839772-1-hyperv', 'admin_state_up': True, 'created_at': datetime.datetime(2022, 4, 28, 14, 49, 21), 'started_at': datetime.datetime(2022, 4, 28, 14, 49, 51), 'heartbeat_timestamp': datetime.datetime(2022, 4, 28, 14, 57, 21), 'description': None, 'resources_synced': None, 'availability_zone': None, 'alive': True, 'configurations': {'arp_responder_enabled': False, 'baremetal_smartnic': False, 'bridge_mappings': {'physnet1': 'br-data'}, 'datapath_type': 'system', 'devices': 0, 'enable_distributed_routing': False, 'extensions': [], 'in_distributed_mode': False, 'integration_bridge': 'br-int', 'l2_population': False, 'log_agent_heartbeats': False, 'ovs_capabilities': {'datapath_types': ['netdev', 'system'], 'iface_types': ['erspan', 'geneve', 'gre', 'internal', 'ip6erspan', 'ip6gre', 'lisp', 'patch', 'stt', 'system', 'tap', 'vxlan']}, 'ovs_hybrid_plug': False, 'resource_provider_bandwidths': {}, 'resource_provider_hypervisors': {'br-data': 'dv-neutron-839772-1-hyperv'}, 'resource_provider_inventory_defaults': {'allocation_ratio': 1.0, 'min_unit': 1, 'step_size': 1, 'reserved': 0}, 'tunnel_types': [], 'tunneling_ip': None, 'vhostuser_socket_dir': '/var/run/openvswitch'}, 'resource_versions': {'AddressGroup': '1.2', 'ConntrackHelper': '1.0', 'Log': '1.0', 'Network': '1.1', 'Port': '1.7', 'PortForwarding': '1.2', 'QosPolicy': '1.9', 'SecurityGroup': '1.4', 'SecurityGroupRule': '1.2', 'SubPort': '1.0', 'Subnet': '1.1', 'Trunk': '1.1'}} {{(pid=102642) bind_port /opt/stack/neutron/neutron/plugins/ml2/drivers/mech_agent.py:110}}
Apr 28 14:57:34.954645 dv-neutron-839772-1-hyperv neutron-server[102642]: DEBUG neutron.plugins.ml2.drivers.mech_agent [None req-e61b93f7-1199-4719-b8f0-9eed810b3b37 None None] Checking segment: {'id': '79891614-8dea-4731-bb2a-fc04128de3ce', 'network_type': 'vlan', 'physical_network': 'physnet1', 'segmentation_id': 651, 'network_id': '249da5cb-ab0b-4ea3-81f1-e9fe68664fe0'} for mappings: {'physnet1': 'br-data'} with network types: ['local', 'flat', 'vlan'] {{(pid=102642) check_segment_for_agent /opt/stack/neutron/neutron/plugins/ml2/drivers/mech_agent.py:360}}
Apr 28 14:57:34.955037 dv-neutron-839772-1-hyperv neutron-server[102642]: DEBUG neutron_lib.callbacks.manager [None req-e61b93f7-1199-4719-b8f0-9eed810b3b37 None None] Notify callbacks [] for ovs_bridge_name, before_read {{(pid=102642) _notify_loop /usr/local/lib/python3.8/dist-packages/neutron_lib/callbacks/manager.py:192}}
Apr 28 14:57:34.955414 dv-neutron-839772-1-hyperv neutron-server[102642]: DEBUG neutron.plugins.ml2.drivers.mech_agent [None req-e61b93f7-1199-4719-b8f0-9eed810b3b37 None None] Bound using segment: {'id': '79891614-8dea-4731-bb2a-fc04128de3ce', 'network_type': 'vlan', 'physical_network': 'physnet1', 'segmentation_id': 651, 'network_id': '249da5cb-ab0b-4ea3-81f1-e9fe68664fe0'} {{(pid=102642) bind_port /opt/stack/neutron/neutron/plugins/ml2/drivers/mech_agent.py:120}}
Apr 28 14:57:34.955867 dv-neutron-839772-1-hyperv neutron-server[102642]: DEBUG neutron.plugins.ml2.managers [None req-e61b93f7-1199-4719-b8f0-9eed810b3b37 None None] Bound port: a074a783-268d-4b4e-9732-b24cc3fa3ac6, host: dv-neutron-839772-1-hyperv, vif_type: ovs, vif_details: {"connectivity": "l2", "port_filter": true, "ovs_hybrid_plug": false, "datapath_type": "system", "bridge_name": "br-int"}, binding_levels: [{'bound_driver': 'openvswitch', 'bound_segment': {'id': '79891614-8dea-4731-bb2a-fc04128de3ce', 'network_type': 'vlan', 'physical_network': 'physnet1', 'segmentation_id': 651, 'network_id': '249da5cb-ab0b-4ea3-81f1-e9fe68664fe0'}}] {{(pid=102642) _bind_port_level /opt/stack/neutron/neutron/plugins/ml2/managers.py:928}}
Apr 28 14:57:34.956282 dv-neutron-839772-1-hyperv neutron-server[102642]: DEBUG neutron_lib.callbacks.manager [None req-e61b93f7-1199-4719-b8f0-9eed810b3b37 None None] Notify callbacks ['neutron.plugins.ml2.plugin.SecurityGroupDbMixin._ensure_default_security_group_handler-7973111'] for port, before_update {{(pid=102642) _notify_loop /usr/local/lib/python3.8/dist-packages/neutron_lib/callbacks/manager.py:192}}
Apr 28 14:57:35.011634 dv-neutron-839772-1-hyperv neutron-server[102641]: DEBUG neutron_lib.db.resource_extend [None req-a0386448-5f06-487a-a099-43aac90e0cf2 tempest-NetworksIpV6TestAttrs-888447241 tempest-NetworksIpV6TestAttrs-888447241-project] It took 0.44 seconds to run function 'neutron_lib.db.resource_extend.apply_funcs' {{(pid=102641) wrapper /usr/local/lib/python3.8/dist-packages/oslo_utils/timeutils.py:386}}
Apr 28 14:57:35.052928 dv-neutron-839772-1-hyperv neutron-server[102641]: Traceback (most recent call last):
Apr 28 14:57:35.052928 dv-neutron-839772-1-hyperv neutron-server[102641]: File "/usr/local/lib/python3.8/dist-packages/eventlet/hubs/hub.py", line 476, in fire_timers
Apr 28 14:57:35.052928 dv-neutron-839772-1-hyperv neutron-server[102641]: timer()
Apr 28 14:57:35.052928 dv-neutron-839772-1-hyperv neutron-server[102641]: File "/usr/local/lib/python3.8/dist-packages/eventlet/hubs/timer.py", line 59, in __call__
Apr 28 14:57:35.052928 dv-neutron-839772-1-hyperv neutron-server[102641]: cb(*args, **kw)
Apr 28 14:57:35.052928 dv-neutron-839772-1-hyperv neutron-server[102641]: File "/opt/stack/neutron/neutron/common/utils.py", line 921, in wrapper
Apr 28 14:57:35.052928 dv-neutron-839772-1-hyperv neutron-server[102641]: return func(*args, **kwargs)
Apr 28 14:57:35.052928 dv-neutron-839772-1-hyperv neutron-server[102641]: File "/opt/stack/neutron/neutron/notifiers/batch_notifier.py", line 58, in synced_send
Apr 28 14:57:35.052928 dv-neutron-839772-1-hyperv neutron-server[102641]: self._notify()
Apr 28 14:57:35.052928 dv-neutron-839772-1-hyperv neutron-server[102641]: File "/opt/stack/neutron/neutron/notifiers/batch_notifier.py", line 69, in _notify
Apr 28 14:57:35.052928 dv-neutron-839772-1-hyperv neutron-server[102641]: self.callback(batched_events)
Apr 28 14:57:35.052928 dv-neutron-839772-1-hyperv neutron-server[102641]: File "/opt/stack/neutron/neutron/services/segments/plugin.py", line 211, in _send_notifications
Apr 28 14:57:35.052928 dv-neutron-839772-1-hyperv neutron-server[102641]: event.method(event)
Apr 28 14:57:35.052928 dv-neutron-839772-1-hyperv neutron-server[102641]: File "/opt/stack/neutron/neutron/services/segments/plugin.py", line 383, in _delete_nova_inventory
Apr 28 14:57:35.052928 dv-neutron-839772-1-hyperv neutron-server[102641]: aggregate_id = self._get_aggregate_id(event.segment_id)
Apr 28 14:57:35.052928 dv-neutron-839772-1-hyperv neutron-server[102641]: File "/opt/stack/neutron/neutron/services/segments/plugin.py", line 370, in _get_aggregate_id
Apr 28 14:57:35.052928 dv-neutron-839772-1-hyperv neutron-server[102641]: aggregate_uuid = self.p_client.list_aggregates(
Apr 28 14:57:35.052928 dv-neutron-839772-1-hyperv neutron-server[102641]: File "/usr/local/lib/python3.8/dist-packages/neutron_lib/placement/client.py", line 58, in wrapper
Apr 28 14:57:35.052928 dv-neutron-839772-1-hyperv neutron-server[102641]: return f(self, *a, **k)
Apr 28 14:57:35.052928 dv-neutron-839772-1-hyperv neutron-server[102641]: File "/usr/local/lib/python3.8/dist-packages/neutron_lib/placement/client.py", line 554, in list_aggregates
Apr 28 14:57:35.052928 dv-neutron-839772-1-hyperv neutron-server[102641]: return self._get(url).json()
Apr 28 14:57:35.052928 dv-neutron-839772-1-hyperv neutron-server[102641]: File "/usr/local/lib/python3.8/dist-packages/neutron_lib/placement/client.py", line 190, in _get
Apr 28 14:57:35.052928 dv-neutron-839772-1-hyperv neutron-server[102641]: return self._client.get(url, endpoint_filter=self._ks_filter,
Apr 28 14:57:35.052928 dv-neutron-839772-1-hyperv neutron-server[102641]: File "/usr/local/lib/python3.8/dist-packages/keystoneauth1/session.py", line 1141, in get
Apr 28 14:57:35.052928 dv-neutron-839772-1-hyperv neutron-server[102641]: return self.request(url, 'GET', **kwargs)
Apr 28 14:57:35.052928 dv-neutron-839772-1-hyperv neutron-server[102641]: File "/usr/local/lib/python3.8/dist-packages/keystoneauth1/session.py", line 811, in request
Apr 28 14:57:35.052928 dv-neutron-839772-1-hyperv neutron-server[102641]: base_url = self.get_endpoint(auth, allow=allow,
Apr 28 14:57:35.052928 dv-neutron-839772-1-hyperv neutron-server[102641]: File "/usr/local/lib/python3.8/dist-packages/keystoneauth1/session.py", line 1241, in get_endpoint
Apr 28 14:57:35.052928 dv-neutron-839772-1-hyperv neutron-server[102641]: auth = self._auth_required(auth, 'determine endpoint URL')
Apr 28 14:57:35.052928 dv-neutron-839772-1-hyperv neutron-server[102641]: File "/usr/local/lib/python3.8/dist-packages/keystoneauth1/session.py", line 1181, in _auth_required
Apr 28 14:57:35.052928 dv-neutron-839772-1-hyperv neutron-server[102641]: raise exceptions.MissingAuthPlugin(msg_fmt % msg)
Apr 28 14:57:35.052928 dv-neutron-839772-1-hyperv neutron-server[102641]: keystoneauth1.exceptions.auth_plugins.MissingAuthPlugin: An auth plugin is required to determine endpoint URL
Apr 28 14:57:35.089286 dv-neutron-839772-1-hyperv neutron-server[102641]: DEBUG neutron_lib.callbacks.manager [None req-a0386448-5f06-487a-a099-43aac90e0cf2 tempest-NetworksIpV6TestAttrs-888447241 tempest-NetworksIpV6TestAttrs-888447241-project] Notify callbacks ['neutron.plugins.ml2.ovo_rpc._ObjectChangeHandler.handle_event-601571', 'neutron.api.rpc.agentnotifiers.dhcp_rpc_agent_api.DhcpAgentNotifyAPI._native_event_send_dhcp_notification-611249'] for network, after_create {{(pid=102641) _notify_loop /usr/local/lib/python3.8/dist-packages/neutron_lib/callbacks/manager.py:192}}
Apr 28 14:57:35.102149 dv-neutron-839772-1-hyperv neutron-server[102641]: DEBUG neutron.pecan_wsgi.hooks.policy_enforcement [None req-a0386448-5f06-487a-a099-43aac90e0cf2 tempest-NetworksIpV6TestAttrs-888447241 tempest-NetworksIpV6TestAttrs-888447241-project] Attributes excluded by policy engine: ['standard_attr_id', 'provider:network_type', 'provider:physical_network', 'provider:segmentation_id', 'vlan_transparent'] {{(pid=102641) _exclude_attributes_by_policy /opt/stack/neutron/neutron/pecan_wsgi/hooks/policy_enforcement.py:259}}
Apr 28 14:57:35.102804 dv-neutron-839772-1-hyperv neutron-server[102641]: DEBUG neutron_lib.callbacks.manager [None req-a0386448-5f06-487a-a099-43aac90e0cf2 tempest-NetworksIpV6TestAttrs-888447241 tempest-NetworksIpV6TestAttrs-888447241-project] Notify callbacks ['neutron.api.rpc.agentnotifiers.dhcp_rpc_agent_api.DhcpAgentNotifyAPI._send_dhcp_notification-611915'] for network, before_response {{(pid=102641) _notify_loop /usr/local/lib/python3.8/dist-packages/neutron_lib/callbacks/manager.py:192}}
Apr 28 14:57:35.118922 dv-neutron-839772-1-hyperv neutron-server[102642]: DEBUG neutron.plugins.ml2.db [None req-e61b93f7-1199-4719-b8f0-9eed810b3b37 None None] For port a074a783-268d-4b4e-9732-b24cc3fa3ac6, host dv-neutron-839772-1-hyperv, cleared binding levels {{(pid=102642) clear_binding_levels /opt/stack/neutron/neutron/plugins/ml2/db.py:87}}
Apr 28 14:57:35.123402 dv-neutron-839772-1-hyperv neutron-server[102642]: DEBUG neutron.plugins.ml2.db [None req-e61b93f7-1199-4719-b8f0-9eed810b3b37 None None] For port a074a783-268d-4b4e-9732-b24cc3fa3ac6, host dv-neutron-839772-1-hyperv, set binding levels [PortBindingLevel(driver='openvswitch',host='dv-neutron-839772-1-hyperv',level=0,port_id=a074a783-268d-4b4e-9732-b24cc3fa3ac6,segment=NetworkSegment(79891614-8dea-4731-bb2a-fc04128de3ce),segment_id=79891614-8dea-4731-bb2a-fc04128de3ce)] {{(pid=102642) set_binding_levels /opt/stack/neutron/neutron/plugins/ml2/db.py:59}}
Apr 28 14:57:35.136488 dv-neutron-839772-1-hyperv neutron-server[102642]: DEBUG neutron_lib.callbacks.manager [None req-e61b93f7-1199-4719-b8f0-9eed810b3b37 None None] Notify callbacks ['neutron.plugins.ml2.plugin.SecurityGroupServerNotifierRpcMixin._notify_sg_on_port_change-7972912', 'neutron.plugins.ml2.ovo_rpc._ObjectChangeHandler.handle_event-418781', 'neutron.api.rpc.agentnotifiers.dhcp_rpc_agent_api.DhcpAgentNotifyAPI._native_event_send_dhcp_notification-611249', 'neutron.db.l3_db.L3RpcNotifierMixin._notify_gateway_port_ip_changed-8745689870529', 'neutron.db.l3_dvrscheduler_db._notify_l3_agent_port_update-8745689343946', 'neutron.db.l3_hascheduler_db._notify_l3_agent_ha_port_update-8745689352560'] for port, after_update {{(pid=102642) _notify_loop /usr/local/lib/python3.8/dist-packages/neutron_lib/callbacks/manager.py:192}}
Apr 28 14:57:35.246842 dv-neutron-839772-1-hyperv neutron-server[102641]: DEBUG neutron.api.rpc.handlers.resources_rpc [None req-a0386448-5f06-487a-a099-43aac90e0cf2 tempest-NetworksIpV6TestAttrs-888447241 tempest-NetworksIpV6TestAttrs-888447241-project] Pushing event updated for resources: {'Network': ['ID=4c2ec58a-b4a8-4841-8873-82a30a1f1ff6,revision_number=1']} {{(pid=102641) push /opt/stack/neutron/neutron/api/rpc/handlers/resources_rpc.py:237}}
Apr 28 14:57:35.283826 dv-neutron-839772-1-hyperv neutron-server[102642]: DEBUG neutron.api.rpc.handlers.resources_rpc [None req-e61b93f7-1199-4719-b8f0-9eed810b3b37 None None] Pushing event updated for resources: {'Port': ['ID=a074a783-268d-4b4e-9732-b24cc3fa3ac6,revision_number=2']} {{(pid=102642) push /opt/stack/neutron/neutron/api/rpc/handlers/resources_rpc.py:237}}
Apr 28 14:57:35.287295 dv-neutron-839772-1-hyperv neutron-server[102641]: INFO neutron.wsgi [None req-a0386448-5f06-487a-a099-43aac90e0cf2 tempest-NetworksIpV6TestAttrs-888447241 tempest-NetworksIpV6TestAttrs-888447241-project] 10.222.0.58 "POST /v2.0/networks HTTP/1.1" status: 201 len: 789 time: 1.6855581
Apr 28 14:57:35.296450 dv-neutron-839772-1-hyperv neutron-server[102642]: DEBUG neutron.plugins.ml2.rpc [None req-cefb1cc1-2b16-4886-bef8-e008c7c38ca1 None None] Network 4c2ec58a-b4a8-4841-8873-82a30a1f1ff6 details requested by agent ovs-agent-dv-neutron-839772-1-hyperv with host dv-neutron-839772-1-hyperv {{(pid=102642) get_network_details /opt/stack/neutron/neutron/plugins/ml2/rpc.py:248}}
Apr 28 14:57:35.311235 dv-neutron-839772-1-hyperv neutron-server[102641]: DEBUG neutron.wsgi [-] (102641) accepted ('10.222.0.58', 40550) {{(pid=102641) server /usr/local/lib/python3.8/dist-packages/eventlet/wsgi.py:982}}
Apr 28 14:57:35.312524 dv-neutron-839772-1-hyperv neutron-server[102641]: DEBUG neutron_lib.callbacks.manager [None req-97e54e2b-e7e7-415e-999a-0d97516e7e3b tempest-ExternalNetworksTestJSON-1179531695 tempest-ExternalNetworksTestJSON-1179531695-project-admin] Notify callbacks ['neutron.plugins.ml2.plugin.Ml2Plugin._network_delete_after_delete_handler-8373077', 'neutron.plugins.ml2.ovo_rpc._ObjectChangeHandler.handle_event-601571', 'neutron.api.rpc.agentnotifiers.dhcp_rpc_agent_api.DhcpAgentNotifyAPI._native_event_send_dhcp_notification-611249', 'neutron.services.l3_router.l3_router_plugin.DVRResourceOperationHandler.delete_fip_namespaces_for_ext_net-535633'] for network, after_delete {{(pid=102641) _notify_loop /usr/local/lib/python3.8/dist-packages/neutron_lib/callbacks/manager.py:192}}
Apr 28 14:57:35.324626 dv-neutron-839772-1-hyperv neutron-server[102641]: DEBUG neutron.api.rpc.agentnotifiers.l3_rpc_agent_api [None req-97e54e2b-e7e7-415e-999a-0d97516e7e3b tempest-ExternalNetworksTestJSON-1179531695 tempest-ExternalNetworksTestJSON-1179531695-project-admin] Fanout notify agent at l3_agent the message fipnamespace_delete_on_ext_net for external_network 97802edc-ae2b-40db-a4f1-b03573f316e1 {{(pid=102641) _notification_fanout /opt/stack/neutron/neutron/api/rpc/agentnotifiers/l3_rpc_agent_api.py:120}}
Apr 28 14:57:35.337682 dv-neutron-839772-1-hyperv neutron-server[102641]: DEBUG neutron_lib.callbacks.manager [None req-97e54e2b-e7e7-415e-999a-0d97516e7e3b tempest-ExternalNetworksTestJSON-1179531695 tempest-ExternalNetworksTestJSON-1179531695-project-admin] Notify callbacks ['neutron.api.rpc.agentnotifiers.dhcp_rpc_agent_api.DhcpAgentNotifyAPI._send_dhcp_notification-611915'] for network, before_response {{(pid=102641) _notify_loop /usr/local/lib/python3.8/dist-packages/neutron_lib/callbacks/manager.py:192}}
Apr 28 14:57:35.359713 dv-neutron-839772-1-hyperv neutron-server[102641]: INFO neutron.wsgi [None req-97e54e2b-e7e7-415e-999a-0d97516e7e3b tempest-ExternalNetworksTestJSON-1179531695 tempest-ExternalNetworksTestJSON-1179531695-project-admin] 10.222.0.58 "DELETE /v2.0/networks/97802edc-ae2b-40db-a4f1-b03573f316e1 HTTP/1.1" status: 204 len: 168 time: 0.9457839
Apr 28 14:57:35.399268 dv-neutron-839772-1-hyperv neutron-server[102641]: DEBUG neutron.api.v2.base [None req-d5023eae-3d99-442d-8192-813f345c6b96 tempest-NetworksIpV6TestAttrs-888447241 tempest-NetworksIpV6TestAttrs-888447241-project] Request body: {'subnet': {'network_id': '4c2ec58a-b4a8-4841-8873-82a30a1f1ff6', 'cidr': '2001:db8::/64', 'ip_version': 6, 'gateway_ip': '2001:db8::1', 'ipv6_ra_mode': 'slaac', 'ipv6_address_mode': 'slaac'}} {{(pid=102641) prepare_request_body /opt/stack/neutron/neutron/api/v2/base.py:729}}
Apr 28 14:57:35.406508 dv-neutron-839772-1-hyperv neutron-server[102641]: DEBUG neutron.wsgi [-] (102641) accepted ('10.222.0.58', 40556) {{(pid=102641) server /usr/local/lib/python3.8/dist-packages/eventlet/wsgi.py:982}}
