Apr 29 11:41:56.830540 dv-neutron-839741-1-hyperv neutron-server[88018]: DEBUG neutron.db.l3_hamode_db [None req-4099f0da-ef59-4901-b051-b6023e03d1da None None] neutron.services.l3_router.l3_router_plugin.L3RouterPlugin method _process_sync_ha_data called with arguments (, [{'id': 'ac5aa49c-6d73-4ad6-a887-3068a178edea', 'name': 'tempest-ServersTestManualDisk-1214423356-router', 'tenant_id': '94ac14784e5748b4ab5677157173ed40', 'admin_state_up': True, 'status': 'ACTIVE', 'external_gateway_info': {'network_id': '511ef014-f9dc-415e-b6b7-bfb0f1df62fc', 'external_fixed_ips': [{'subnet_id': '833318c6-ceda-47a7-bd09-60d0893941d5', 'ip_address': '172.26.0.61'}], 'enable_snat': True}, 'gw_port_id': 'aecd8e29-da0c-4aaf-ac36-bca72c4c1f94', 'description': '', 'availability_zones': ['nova'], 'distributed': False, 'ha': False, 'ha_vr_id': 0, 'availability_zone_hints': [], 'routes': [], 'flavor_id': None, 'tags': [], 'created_at': '2022-04-29T11:41:49Z', 'updated_at': '2022-04-29T11:41:51Z', 'revision_number': 3, 'project_id': '94ac14784e5748b4ab5677157173ed40', 'gw_port': {'id': 'aecd8e29-da0c-4aaf-ac36-bca72c4c1f94', 'name': '', 'network_id': '511ef014-f9dc-415e-b6b7-bfb0f1df62fc', 'tenant_id': '', 'mac_address': 'fa:16:3e:f1:dd:f2', 'admin_state_up': True, 'status': 'DOWN', 'device_id': 'ac5aa49c-6d73-4ad6-a887-3068a178edea', 'device_owner': 'network:router_gateway', 'standard_attr_id': 46, 'fixed_ips': [{'subnet_id': '833318c6-ceda-47a7-bd09-60d0893941d5', 'ip_address': '172.26.0.61', 'prefixlen': 24}], 'allowed_address_pairs': [], 'extra_dhcp_opts': [], 'security_groups': [], 'description': '', 'binding:vnic_type': 'normal', 'binding:profile': {}, 'binding:host_id': 'dv-neutron-839741-1-hyperv', 'binding:vif_type': 'ovs', 'binding:vif_details': {'connectivity': 'l2', 'port_filter': True, 'ovs_hybrid_plug': False, 'datapath_type': 'system', 'bridge_name': 'br-int'}, 'port_security_enabled': False, 'tags': [], 'created_at': '2022-04-29T11:41:50Z', 'updated_at': '2022-04-29T11:41:55Z', 'revision_number': 3, 'project_id': '', 'subnets': [{'id': '833318c6-ceda-47a7-bd09-60d0893941d5', 'cidr': '172.26.0.0/24', 'gateway_ip': '172.26.0.1', 'dns_nameservers': [], 'ipv6_ra_mode': None, 'subnetpool_id': None}], 'extra_subnets': [], 'address_scopes': {4: None, 6: None}, 'mtu': 1500}, 'enable_snat': True, 'gw_port_host': 'dv-neutron-839741-1-hyperv'}], 'dv-neutron-839741-1-hyperv', False) {} {{(pid=88018) wrapper /usr/local/lib/python3.8/dist-packages/oslo_log/helpers.py:65}}
Apr 29 11:41:56.832137 dv-neutron-839741-1-hyperv neutron-server[88016]: DEBUG neutron_lib.callbacks.manager [None req-691dc583-8d33-4d17-aee5-397e641b1cc6 tempest-RoutersTestDVR-450808143 tempest-RoutersTestDVR-450808143-project-admin] Notify callbacks ['neutron.services.l3_router.l3_router_plugin.L3_HA_NAT_db_mixin._cleanup_ha_network-2053345'] for router, after_delete {{(pid=88016) _notify_loop /usr/local/lib/python3.8/dist-packages/neutron_lib/callbacks/manager.py:192}}
Apr 29 11:41:56.832606 dv-neutron-839741-1-hyperv neutron-server[88016]: DEBUG neutron.api.rpc.agentnotifiers.l3_rpc_agent_api [None req-691dc583-8d33-4d17-aee5-397e641b1cc6 tempest-RoutersTestDVR-450808143 tempest-RoutersTestDVR-450808143-project-admin] Fanout notify agent at l3_agent the message router_deleted on router bd95fc97-8c07-4247-8b6e-ca8f4e7959e2 {{(pid=88016) _notification_fanout /opt/stack/neutron/neutron/api/rpc/agentnotifiers/l3_rpc_agent_api.py:118}}
Apr 29 11:41:56.841427 dv-neutron-839741-1-hyperv neutron-server[88018]: DEBUG neutron.api.rpc.handlers.l3_rpc [None req-4099f0da-ef59-4901-b051-b6023e03d1da None None] The sync data for ids ['ac5aa49c-6d73-4ad6-a887-3068a178edea'] in dv-neutron-839741-1-hyperv is: [{'id': 'ac5aa49c-6d73-4ad6-a887-3068a178edea', 'name': 'tempest-ServersTestManualDisk-1214423356-router', 'tenant_id': '94ac14784e5748b4ab5677157173ed40', 'admin_state_up': True, 'status': 'ACTIVE', 'external_gateway_info': {'network_id': '511ef014-f9dc-415e-b6b7-bfb0f1df62fc', 'external_fixed_ips': [{'subnet_id': '833318c6-ceda-47a7-bd09-60d0893941d5', 'ip_address': '172.26.0.61'}], 'enable_snat': True}, 'gw_port_id': 'aecd8e29-da0c-4aaf-ac36-bca72c4c1f94', 'description': '', 'availability_zones': ['nova'], 'distributed': False, 'ha': False, 'ha_vr_id': 0, 'availability_zone_hints': [], 'routes': [], 'flavor_id': None, 'tags': [], 'created_at': '2022-04-29T11:41:49Z', 'updated_at': '2022-04-29T11:41:51Z', 'revision_number': 3, 'project_id': '94ac14784e5748b4ab5677157173ed40', 'gw_port': {'id': 'aecd8e29-da0c-4aaf-ac36-bca72c4c1f94', 'name': '', 'network_id': '511ef014-f9dc-415e-b6b7-bfb0f1df62fc', 'tenant_id': '', 'mac_address': 'fa:16:3e:f1:dd:f2', 'admin_state_up': True, 'status': 'DOWN', 'device_id': 'ac5aa49c-6d73-4ad6-a887-3068a178edea', 'device_owner': 'network:router_gateway', 'standard_attr_id': 46, 'fixed_ips': [{'subnet_id': '833318c6-ceda-47a7-bd09-60d0893941d5', 'ip_address': '172.26.0.61', 'prefixlen': 24}], 'allowed_address_pairs': [], 'extra_dhcp_opts': [], 'security_groups': [], 'description': '', 'binding:vnic_type': 'normal', 'binding:profile': {}, 'binding:host_id': 'dv-neutron-839741-1-hyperv', 'binding:vif_type': 'ovs', 'binding:vif_details': {'connectivity': 'l2', 'port_filter': True, 'ovs_hybrid_plug': False, 'datapath_type': 'system', 'bridge_name': 'br-int'}, 'port_security_enabled': False, 'tags': [], 'created_at': '2022-04-29T11:41:50Z', 'updated_at': '2022-04-29T11:41:55Z', 'revision_number': 3, 'project_id': '', 'subnets': [{'id': '833318c6-ceda-47a7-bd09-60d0893941d5', 'cidr': '172.26.0.0/24', 'gateway_ip': '172.26.0.1', 'dns_nameservers': [], 'ipv6_ra_mode': None, 'subnetpool_id': None}], 'extra_subnets': [], 'address_scopes': {4: None, 6: None}, 'mtu': 1500}, 'enable_snat': True, 'gw_port_host': 'dv-neutron-839741-1-hyperv'}] {{(pid=88018) sync_routers /opt/stack/neutron/neutron/api/rpc/handlers/l3_rpc.py:137}}
Apr 29 11:41:57.026713 dv-neutron-839741-1-hyperv neutron-server[88016]: DEBUG neutron_lib.callbacks.manager [None req-691dc583-8d33-4d17-aee5-397e641b1cc6 tempest-RoutersTestDVR-450808143 tempest-RoutersTestDVR-450808143-project-admin] Notify callbacks [] for router, before_response {{(pid=88016) _notify_loop /usr/local/lib/python3.8/dist-packages/neutron_lib/callbacks/manager.py:192}}
Apr 29 11:41:57.033366 dv-neutron-839741-1-hyperv neutron-server[88016]: INFO neutron.wsgi [None req-691dc583-8d33-4d17-aee5-397e641b1cc6 tempest-RoutersTestDVR-450808143 tempest-RoutersTestDVR-450808143-project-admin] 10.222.0.53 "DELETE /v2.0/routers/bd95fc97-8c07-4247-8b6e-ca8f4e7959e2 HTTP/1.1" status: 204 len: 168 time: 1.2122397
Apr 29 11:41:57.034096 dv-neutron-839741-1-hyperv neutron-server[88016]: DEBUG neutron.wsgi [-] (88016) accepted ('10.222.0.53', 43912) {{(pid=88016) server /usr/local/lib/python3.8/dist-packages/eventlet/wsgi.py:992}}
Apr 29 11:41:57.059547 dv-neutron-839741-1-hyperv neutron-server[88015]: DEBUG neutron_lib.callbacks.manager [None req-79bc7371-2a7c-4af7-b6e8-3293e1189d91 admin admin] Notify callbacks [] for port, precommit_create {{(pid=88015) _notify_loop /usr/local/lib/python3.8/dist-packages/neutron_lib/callbacks/manager.py:192}}
Apr 29 11:41:57.063584 dv-neutron-839741-1-hyperv neutron-server[88016]: DEBUG neutron.api.v2.base [None req-1da2d953-1ba6-4f04-89ef-96842995a753 tempest-RoutersTestDVR-450808143 tempest-RoutersTestDVR-450808143-project-admin] Request body: {'router': {'name': 'tempest-router-1780479196', 'distributed': False, 'admin_state_up': False, 'ha': False, 'project_id': 'df75185cf15c4c0ba312795aa9df2efa'}} {{(pid=88016) prepare_request_body /opt/stack/neutron/neutron/api/v2/base.py:729}}
Apr 29 11:41:57.075882 dv-neutron-839741-1-hyperv neutron-server[88015]: DEBUG neutron.db.quota.driver [None req-9028b7b4-08fc-45e4-88e7-e6616839d011 tempest-DHCPAgentSchedulersTestJSON-907580326 tempest-DHCPAgentSchedulersTestJSON-907580326-project] Resources subnetpool have unlimited quota limit. It is not required to calculate headroom {{(pid=88015) make_reservation /opt/stack/neutron/neutron/db/quota/driver.py:219}}
Apr 29 11:41:57.079971 dv-neutron-839741-1-hyperv neutron-server[88015]: DEBUG neutron.quota.resource [None req-9028b7b4-08fc-45e4-88e7-e6616839d011 tempest-DHCPAgentSchedulersTestJSON-907580326 tempest-DHCPAgentSchedulersTestJSON-907580326-project] Usage tracker for resource:subnet and tenant:68ff3f1abb7f42809cc75d0e1a1c84ea is out of sync, need to count used quota {{(pid=88015) count_used /opt/stack/neutron/neutron/quota/resource.py:270}}
Apr 29 11:41:57.087655 dv-neutron-839741-1-hyperv neutron-server[88015]: DEBUG neutron.quota.resource [None req-9028b7b4-08fc-45e4-88e7-e6616839d011 tempest-DHCPAgentSchedulersTestJSON-907580326 tempest-DHCPAgentSchedulersTestJSON-907580326-project] Quota usage for subnet was recalculated. Used quota:0. {{(pid=88015) count_used /opt/stack/neutron/neutron/quota/resource.py:290}}
Apr 29 11:41:57.097849 dv-neutron-839741-1-hyperv neutron-server[88015]: DEBUG neutron.db.quota.driver [None req-9028b7b4-08fc-45e4-88e7-e6616839d011 tempest-DHCPAgentSchedulersTestJSON-907580326 tempest-DHCPAgentSchedulersTestJSON-907580326-project] Attempting to reserve 1 items for resource subnet. Total usage: 0; quota limit: 100; headroom:100 {{(pid=88015) make_reservation /opt/stack/neutron/neutron/db/quota/driver.py:246}}
Apr 29 11:41:57.104262 dv-neutron-839741-1-hyperv neutron-server[88016]: DEBUG neutron.db.quota.driver [None req-1da2d953-1ba6-4f04-89ef-96842995a753 tempest-RoutersTestDVR-450808143 tempest-RoutersTestDVR-450808143-project-admin] Resources subnetpool have unlimited quota limit. It is not required to calculate headroom {{(pid=88016) make_reservation /opt/stack/neutron/neutron/db/quota/driver.py:219}}
Apr 29 11:41:57.114003 dv-neutron-839741-1-hyperv neutron-server[88015]: DEBUG neutron.api.rpc.handlers.resources_rpc [None req-8d05ba55-de54-4bb8-b5bd-fee5e0cfc003 tempest-PortsAdminExtendedAttrsIpV6TestJSON-1087851824 tempest-PortsAdminExtendedAttrsIpV6TestJSON-1087851824-project] Pushing event updated for resources: {'Network': ['ID=a9e6f4f8-936a-4b5e-a49f-d4deb5935dc0,revision_number=1']} {{(pid=88015) push /opt/stack/neutron/neutron/api/rpc/handlers/resources_rpc.py:237}}
Apr 29 11:41:57.118460 dv-neutron-839741-1-hyperv neutron-server[88016]: DEBUG neutron.quota.resource [None req-1da2d953-1ba6-4f04-89ef-96842995a753 tempest-RoutersTestDVR-450808143 tempest-RoutersTestDVR-450808143-project-admin] Usage tracker for resource:router and tenant:df75185cf15c4c0ba312795aa9df2efa is out of sync, need to count used quota {{(pid=88016) count_used /opt/stack/neutron/neutron/quota/resource.py:270}}
Apr 29 11:41:57.120586 dv-neutron-839741-1-hyperv neutron-server[88015]: DEBUG neutron.pecan_wsgi.hooks.quota_enforcement [None req-9028b7b4-08fc-45e4-88e7-e6616839d011 tempest-DHCPAgentSchedulersTestJSON-907580326 tempest-DHCPAgentSchedulersTestJSON-907580326-project] Made reservation on behalf of 68ff3f1abb7f42809cc75d0e1a1c84ea for: {'subnet': 1} {{(pid=88015) before /opt/stack/neutron/neutron/pecan_wsgi/hooks/quota_enforcement.py:53}}
Apr 29 11:41:57.124368 dv-neutron-839741-1-hyperv neutron-server[88015]: DEBUG neutron_lib.callbacks.manager [None req-9028b7b4-08fc-45e4-88e7-e6616839d011 tempest-DHCPAgentSchedulersTestJSON-907580326 tempest-DHCPAgentSchedulersTestJSON-907580326-project] Notify callbacks [] for subnet, before_create {{(pid=88015) _notify_loop /usr/local/lib/python3.8/dist-packages/neutron_lib/callbacks/manager.py:192}}
Apr 29 11:41:57.130191 dv-neutron-839741-1-hyperv neutron-server[88016]: DEBUG neutron.quota.resource [None req-1da2d953-1ba6-4f04-89ef-96842995a753 tempest-RoutersTestDVR-450808143 tempest-RoutersTestDVR-450808143-project-admin] Quota usage for router was recalculated. Used quota:0. {{(pid=88016) count_used /opt/stack/neutron/neutron/quota/resource.py:290}}
Apr 29 11:41:57.135326 dv-neutron-839741-1-hyperv neutron-server[88017]: DEBUG neutron.plugins.ml2.rpc [None req-e3729ee6-9abc-491f-adea-6f3ebd36715e None None] Network a9e6f4f8-936a-4b5e-a49f-d4deb5935dc0 details requested by agent ovs-agent-dv-neutron-839741-1-hyperv with host dv-neutron-839741-1-hyperv {{(pid=88017) get_network_details /opt/stack/neutron/neutron/plugins/ml2/rpc.py:232}}
Apr 29 11:41:57.149109 dv-neutron-839741-1-hyperv neutron-server[88015]: DEBUG neutron_lib.db.resource_extend [None req-c9b04fbb-6b84-49ec-8f48-b2f34e87f847 tempest-ExternalNetworksAdminNegativeTestJSON-1009618503 tempest-ExternalNetworksAdminNegativeTestJSON-1009618503-project-admin] It took 0.37 seconds to run function 'neutron_lib.db.resource_extend.apply_funcs' {{(pid=88015) wrapper /usr/local/lib/python3.8/dist-packages/oslo_utils/timeutils.py:386}}
Apr 29 11:41:57.150011 dv-neutron-839741-1-hyperv neutron-server[88016]: DEBUG neutron.db.quota.driver [None req-1da2d953-1ba6-4f04-89ef-96842995a753 tempest-RoutersTestDVR-450808143 tempest-RoutersTestDVR-450808143-project-admin] Attempting to reserve 1 items for resource router. Total usage: 0; quota limit: 100; headroom:100 {{(pid=88016) make_reservation /opt/stack/neutron/neutron/db/quota/driver.py:246}}
Apr 29 11:41:57.221286 dv-neutron-839741-1-hyperv neutron-server[88015]: DEBUG neutron_lib.callbacks.manager [None req-c9b04fbb-6b84-49ec-8f48-b2f34e87f847 tempest-ExternalNetworksAdminNegativeTestJSON-1009618503 tempest-ExternalNetworksAdminNegativeTestJSON-1009618503-project-admin] Notify callbacks [] for port, precommit_update {{(pid=88015) _notify_loop /usr/local/lib/python3.8/dist-packages/neutron_lib/callbacks/manager.py:192}}
Apr 29 11:41:57.229832 dv-neutron-839741-1-hyperv neutron-server[88015]: DEBUG neutron_lib.callbacks.manager [None req-c9b04fbb-6b84-49ec-8f48-b2f34e87f847 tempest-ExternalNetworksAdminNegativeTestJSON-1009618503 tempest-ExternalNetworksAdminNegativeTestJSON-1009618503-project-admin] Notify callbacks ['neutron.plugins.ml2.plugin.SecurityGroupServerNotifierRpcMixin.notify_sg_on_port_change-940453', 'neutron.plugins.ml2.ovo_rpc._ObjectChangeHandler.handle_event-129206', 'neutron.api.rpc.agentnotifiers.dhcp_rpc_agent_api.DhcpAgentNotifyAPI._native_event_send_dhcp_notification-1702262', 'neutron.db.l3_db.L3RpcNotifierMixin._notify_gateway_port_ip_changed-8777974879236', 'neutron.db.l3_dvrscheduler_db._notify_l3_agent_port_update-8777974449722', 'neutron.db.l3_hascheduler_db._notify_l3_agent_ha_port_update-8777974449767'] for port, after_update {{(pid=88015) _notify_loop /usr/local/lib/python3.8/dist-packages/neutron_lib/callbacks/manager.py:192}}
Apr 29 11:41:57.237060 dv-neutron-839741-1-hyperv neutron-server[88016]: DEBUG neutron_lib.callbacks.manager [None req-1da2d953-1ba6-4f04-89ef-96842995a753 tempest-RoutersTestDVR-450808143 tempest-RoutersTestDVR-450808143-project-admin] Notify callbacks ['neutron.services.l3_router.l3_router_plugin.L3_HA_NAT_db_mixin._before_router_create-1983855', 'neutron.services.l3_router.service_providers.driver_controller.DriverController._check_router_request-16171'] for router, before_create {{(pid=88016) _notify_loop /usr/local/lib/python3.8/dist-packages/neutron_lib/callbacks/manager.py:192}}
Apr 29 11:41:57.238278 dv-neutron-839741-1-hyperv neutron-server[88016]: DEBUG neutron_lib.callbacks.manager [None req-1da2d953-1ba6-4f04-89ef-96842995a753 tempest-RoutersTestDVR-450808143 tempest-RoutersTestDVR-450808143-project-admin] Notify callbacks ['neutron.services.l3_router.l3_router_plugin.L3_HA_NAT_db_mixin._precommit_router_create-1984623', 'neutron.services.l3_router.l3_router_plugin.DVRResourceOperationHandler._set_distributed_flag-2054876', 'neutron.services.l3_router.l3_router_plugin.RouterAvailabilityZoneMixin._process_az_request-2045768', 'neutron.services.l3_router.service_providers.driver_controller.DriverController._set_router_provider-16162'] for router, precommit_create {{(pid=88016) _notify_loop /usr/local/lib/python3.8/dist-packages/neutron_lib/callbacks/manager.py:192}}
Apr 29 11:41:57.260896 dv-neutron-839741-1-hyperv neutron-server[88016]: DEBUG neutron.db.db_base_plugin_common [None req-43a0693f-f3dc-46dc-ad3e-4d9300e3f709 admin admin] Allocated IP 172.20.0.1 (4aa9cd21-f53d-4c13-820e-ba18bb9cd118/ac118ffe-60a9-4236-af6c-26008bf9eba8/feaeadef-9d1f-4f51-a49d-3518ea33d50d) {{(pid=88016) _store_ip_allocation /opt/stack/neutron/neutron/db/db_base_plugin_common.py:131}}
Apr 29 11:41:57.404327 dv-neutron-839741-1-hyperv neutron-server[88015]: DEBUG neutron_lib.callbacks.manager [None req-c9b04fbb-6b84-49ec-8f48-b2f34e87f847 tempest-ExternalNetworksAdminNegativeTestJSON-1009618503 tempest-ExternalNetworksAdminNegativeTestJSON-1009618503-project-admin] Notify callbacks ['neutron.services.l3_router.l3_router_plugin.DVRResourceOperationHandler._create_dvr_floating_gw_port-2053722'] for floatingip, after_update {{(pid=88015) _notify_loop /usr/local/lib/python3.8/dist-packages/neutron_lib/callbacks/manager.py:192}}
Apr 29 11:41:57.419027 dv-neutron-839741-1-hyperv neutron-server[88016]: DEBUG neutron_lib.callbacks.manager [None req-24645554-564b-4946-ae4e-b295f5a9da17 tempest-ExternalNetworksTestJSON-308799940 tempest-ExternalNetworksTestJSON-308799940-project-admin] Notify callbacks [] for security_group, precommit_create {{(pid=88016) _notify_loop /usr/local/lib/python3.8/dist-packages/neutron_lib/callbacks/manager.py:192}}
Apr 29 11:41:57.461043 dv-neutron-839741-1-hyperv neutron-server[88015]: DEBUG neutron.api.rpc.handlers.resources_rpc [None req-c9b04fbb-6b84-49ec-8f48-b2f34e87f847 tempest-ExternalNetworksAdminNegativeTestJSON-1009618503 tempest-ExternalNetworksAdminNegativeTestJSON-1009618503-project-admin] Pushing event updated for resources: {'Port': ['ID=c6407bac-8cc0-4ef8-b5a8-1a208379ac9a,revision_number=2']} {{(pid=88015) push /opt/stack/neutron/neutron/api/rpc/handlers/resources_rpc.py:237}}
Apr 29 11:41:57.482503 dv-neutron-839741-1-hyperv neutron-server[88016]: DEBUG neutron_lib.callbacks.manager [None req-1da2d953-1ba6-4f04-89ef-96842995a753 tempest-RoutersTestDVR-450808143 tempest-RoutersTestDVR-450808143-project-admin] Notify callbacks [] for router_controller, precommit_add_association {{(pid=88016) _notify_loop /usr/local/lib/python3.8/dist-packages/neutron_lib/callbacks/manager.py:192}}
Apr 29 11:41:57.485692 dv-neutron-839741-1-hyperv neutron-server[88017]: DEBUG neutron.api.rpc.handlers.dhcp_rpc [None req-a1a747ab-61bb-46c9-b47a-4d917b43c6d7 None None] Network dda641af-33fa-46d8-adc5-bc5ec3ebe00e requested from dv-neutron-839741-1-hyperv {{(pid=88017) get_network_info /opt/stack/neutron/neutron/api/rpc/handlers/dhcp_rpc.py:213}}
Apr 29 11:41:57.488448 dv-neutron-839741-1-hyperv neutron-server[88015]: DEBUG neutron_lib.callbacks.manager [None req-c9b04fbb-6b84-49ec-8f48-b2f34e87f847 tempest-ExternalNetworksAdminNegativeTestJSON-1009618503 tempest-ExternalNetworksAdminNegativeTestJSON-1009618503-project-admin] Notify callbacks ['neutron.notifiers.nova.Notifier._send_nova_notification-75435'] for floatingip, before_response {{(pid=88015) _notify_loop /usr/local/lib/python3.8/dist-packages/neutron_lib/callbacks/manager.py:192}}
Apr 29 11:41:57.495760 dv-neutron-839741-1-hyperv neutron-server[88015]: INFO neutron.wsgi [None req-c9b04fbb-6b84-49ec-8f48-b2f34e87f847 tempest-ExternalNetworksAdminNegativeTestJSON-1009618503 tempest-ExternalNetworksAdminNegativeTestJSON-1009618503-project-admin] 10.222.0.53 "POST /v2.0/floatingips HTTP/1.1" status: 201 len: 693 time: 5.8564432
Apr 29 11:41:57.499441 dv-neutron-839741-1-hyperv neutron-server[88015]: DEBUG neutron.wsgi [-] (88015) accepted ('10.222.0.53', 43916) {{(pid=88015) server /usr/local/lib/python3.8/dist-packages/eventlet/wsgi.py:992}}
Apr 29 11:41:57.507812 dv-neutron-839741-1-hyperv neutron-server[88016]: DEBUG neutron_lib.callbacks.manager [None req-24645554-564b-4946-ae4e-b295f5a9da17 tempest-ExternalNetworksTestJSON-308799940 tempest-ExternalNetworksTestJSON-308799940-project-admin] Notify callbacks ['neutron.plugins.ml2.ovo_rpc._ObjectChangeHandler.handle_event-2046009'] for security_group, after_create {{(pid=88016) _notify_loop /usr/local/lib/python3.8/dist-packages/neutron_lib/callbacks/manager.py:192}}
Apr 29 11:41:57.514129 dv-neutron-839741-1-hyperv neutron-server[88015]: DEBUG neutron_lib.callbacks.manager [None req-79bc7371-2a7c-4af7-b6e8-3293e1189d91 admin admin] Notify callbacks ['neutron.plugins.ml2.plugin.SecurityGroupServerNotifierRpcMixin.notify_sg_on_port_change-940453', 'neutron.plugins.ml2.ovo_rpc._ObjectChangeHandler.handle_event-129206', 'neutron.api.rpc.agentnotifiers.dhcp_rpc_agent_api.DhcpAgentNotifyAPI._native_event_send_dhcp_notification-1702262', 'neutron.db.l3_dvrscheduler_db._notify_l3_agent_new_port-8777974449704'] for port, after_create {{(pid=88015) _notify_loop /usr/local/lib/python3.8/dist-packages/neutron_lib/callbacks/manager.py:192}}
Apr 29 11:41:57.542760 dv-neutron-839741-1-hyperv neutron-server[88015]: DEBUG neutron.api.v2.base [None req-8b88d0d0-4aa8-4dd9-a96f-ab7458b9d924 tempest-ExternalNetworksAdminNegativeTestJSON-1009618503 tempest-ExternalNetworksAdminNegativeTestJSON-1009618503-project-admin] Request body: {'port': {'name': 'tempest-ExternalNetworksAdminNegativeTestJSON-1256502286', 'network_id': '511ef014-f9dc-415e-b6b7-bfb0f1df62fc', 'fixed_ips': [{'ip_address': '172.26.0.235'}]}} {{(pid=88015) prepare_request_body /opt/stack/neutron/neutron/api/v2/base.py:729}}
Apr 29 11:41:57.649019 dv-neutron-839741-1-hyperv neutron-server[88016]: DEBUG neutron_lib.callbacks.manager [None req-1da2d953-1ba6-4f04-89ef-96842995a753 tempest-RoutersTestDVR-450808143 tempest-RoutersTestDVR-450808143-project-admin] Notify callbacks ['neutron.services.l3_router.l3_router_plugin.L3_HA_NAT_db_mixin._after_router_create-1983874', 'neutron.services.l3_router.l3_router_plugin.DVRResourceOperationHandler._create_snat_interfaces_after_change-2054881'] for router, after_create {{(pid=88016) _notify_loop /usr/local/lib/python3.8/dist-packages/neutron_lib/callbacks/manager.py:192}}
Apr 29 11:41:57.653704 dv-neutron-839741-1-hyperv neutron-server[88016]: DEBUG neutron.plugins.ml2.drivers.helpers [None req-24645554-564b-4946-ae4e-b295f5a9da17 tempest-ExternalNetworksTestJSON-308799940 tempest-ExternalNetworksTestJSON-308799940-project-admin] vlan segment allocate from pool success with {'physical_network': 'physnet1', 'vlan_id': 811} {{(pid=88016) allocate_partially_specified_segment /opt/stack/neutron/neutron/plugins/ml2/drivers/helpers.py:153}}
Apr 29 11:41:57.658879 dv-neutron-839741-1-hyperv neutron-server[88015]: DEBUG neutron.db.quota.driver [None req-8b88d0d0-4aa8-4dd9-a96f-ab7458b9d924 tempest-ExternalNetworksAdminNegativeTestJSON-1009618503 tempest-ExternalNetworksAdminNegativeTestJSON-1009618503-project-admin] Resources subnetpool have unlimited quota limit. It is not required to calculate headroom {{(pid=88015) make_reservation /opt/stack/neutron/neutron/db/quota/driver.py:219}}
Apr 29 11:41:57.699985 dv-neutron-839741-1-hyperv neutron-server[88017]: DEBUG neutron.db.provisioning_blocks [None req-db6a0a6f-0422-4fc2-abd8-19c630f46139 None None] Provisioning for port ea694d54-2a4d-4758-8f6e-2d31233de317 completed by entity DHCP. {{(pid=88017) provisioning_complete /opt/stack/neutron/neutron/db/provisioning_blocks.py:133}}
Apr 29 11:41:57.716052 dv-neutron-839741-1-hyperv neutron-server[88017]: DEBUG neutron.db.provisioning_blocks [None req-db6a0a6f-0422-4fc2-abd8-19c630f46139 None None] Provisioning complete for port ea694d54-2a4d-4758-8f6e-2d31233de317 triggered by entity DHCP. {{(pid=88017) provisioning_complete /opt/stack/neutron/neutron/db/provisioning_blocks.py:139}}
Apr 29 11:41:57.716857 dv-neutron-839741-1-hyperv neutron-server[88017]: DEBUG neutron_lib.callbacks.manager [None req-db6a0a6f-0422-4fc2-abd8-19c630f46139 None None] Notify callbacks ['neutron.plugins.ml2.plugin.Ml2Plugin._port_provisioned-883074'] for port, provisioning_complete {{(pid=88017) _notify_loop /usr/local/lib/python3.8/dist-packages/neutron_lib/callbacks/manager.py:192}}
Apr 29 11:41:57.726480 dv-neutron-839741-1-hyperv neutron-server[88015]: DEBUG neutron.quota.resource [None req-8b88d0d0-4aa8-4dd9-a96f-ab7458b9d924 tempest-ExternalNetworksAdminNegativeTestJSON-1009618503 tempest-ExternalNetworksAdminNegativeTestJSON-1009618503-project-admin] Usage tracker for resource:port and tenant:83928252f5714546b6f0a4dc909efd03 is out of sync, need to count used quota {{(pid=88015) count_used /opt/stack/neutron/neutron/quota/resource.py:270}}
Apr 29 11:41:57.731049 dv-neutron-839741-1-hyperv neutron-server[88015]: DEBUG neutron.scheduler.dhcp_agent_scheduler [None req-79bc7371-2a7c-4af7-b6e8-3293e1189d91 admin admin] Network 511ef014-f9dc-415e-b6b7-bfb0f1df62fc is already hosted by enough agents. {{(pid=88015) _get_dhcp_agents_hosting_network /opt/stack/neutron/neutron/scheduler/dhcp_agent_scheduler.py:275}}
Apr 29 11:41:57.738957 dv-neutron-839741-1-hyperv neutron-server[88015]: DEBUG neutron.quota.resource [None req-8b88d0d0-4aa8-4dd9-a96f-ab7458b9d924 tempest-ExternalNetworksAdminNegativeTestJSON-1009618503 tempest-ExternalNetworksAdminNegativeTestJSON-1009618503-project-admin] Quota usage for port was recalculated. Used quota:1. {{(pid=88015) count_used /opt/stack/neutron/neutron/quota/resource.py:290}}
Apr 29 11:41:57.746857 dv-neutron-839741-1-hyperv neutron-server[88015]: DEBUG neutron.scheduler.base_scheduler [None req-79bc7371-2a7c-4af7-b6e8-3293e1189d91 admin admin] Resources bound (agent type, host, resource id): {{(pid=88015) schedule /opt/stack/neutron/neutron/scheduler/base_scheduler.py:57}}
Apr 29 11:41:57.750006 dv-neutron-839741-1-hyperv neutron-server[88015]: DEBUG neutron.db.l3_dvrscheduler_db [None req-79bc7371-2a7c-4af7-b6e8-3293e1189d91 admin admin] Received port after_create {{(pid=88015) _notify_l3_agent_new_port /opt/stack/neutron/neutron/db/l3_dvrscheduler_db.py:538}}
Apr 29 11:41:57.806041 dv-neutron-839741-1-hyperv neutron-server[88017]: DEBUG neutron.api.rpc.handlers.dhcp_rpc [None req-47d9dfd5-121c-4852-a2a2-885156786627 None None] Network 5650cb91-6506-40b5-ab7f-695bb49ba887 requested from dv-neutron-839741-1-hyperv {{(pid=88017) get_network_info /opt/stack/neutron/neutron/api/rpc/handlers/dhcp_rpc.py:213}}
Apr 29 11:41:57.850762 dv-neutron-839741-1-hyperv neutron-server[88016]: DEBUG neutron.db.db_base_plugin_common [None req-60f2a3cc-e2e0-4bc3-a7b0-e166bf89865d admin admin] Allocated IP 172.26.0.209 (511ef014-f9dc-415e-b6b7-bfb0f1df62fc/833318c6-ceda-47a7-bd09-60d0893941d5/9185883a-71e0-4dac-90f6-8fd4dfd63b52) {{(pid=88016) _store_ip_allocation /opt/stack/neutron/neutron/db/db_base_plugin_common.py:131}}
Apr 29 11:41:57.859194 dv-neutron-839741-1-hyperv neutron-server[88016]: DEBUG neutron_lib.callbacks.manager [None req-24645554-564b-4946-ae4e-b295f5a9da17 tempest-ExternalNetworksTestJSON-308799940 tempest-ExternalNetworksTestJSON-308799940-project-admin] Notify callbacks ['neutron.plugins.ml2.plugin.Ml2Plugin._handle_segment_change-855637'] for segment, precommit_create {{(pid=88016) _notify_loop /usr/local/lib/python3.8/dist-packages/neutron_lib/callbacks/manager.py:192}}
Apr 29 11:41:57.859545 dv-neutron-839741-1-hyperv neutron-server[88016]: INFO neutron.db.segments_db [None req-24645554-564b-4946-ae4e-b295f5a9da17 tempest-ExternalNetworksTestJSON-308799940 tempest-ExternalNetworksTestJSON-308799940-project-admin] Added segment 961ceb83-53f1-4318-ac0c-78d3dde89ecc of type vlan for network 64a024b0-b499-4eac-90b7-0f6117753f92
Apr 29 11:41:57.893963 dv-neutron-839741-1-hyperv neutron-server[88016]: DEBUG neutron.api.rpc.handlers.resources_rpc [None req-24645554-564b-4946-ae4e-b295f5a9da17 tempest-ExternalNetworksTestJSON-308799940 tempest-ExternalNetworksTestJSON-308799940-project-admin] Pushing event updated for resources: {'SecurityGroup': ['ID=8b17e4ed-7ca9-41cb-b423-0e6814d102f7,revision_number=1']} {{(pid=88016) push /opt/stack/neutron/neutron/api/rpc/handlers/resources_rpc.py:237}}
Apr 29 11:41:57.931650 dv-neutron-839741-1-hyperv neutron-server[88015]: DEBUG neutron.api.rpc.handlers.resources_rpc [None req-79bc7371-2a7c-4af7-b6e8-3293e1189d91 admin admin] Pushing event updated for resources: {'Port': ['ID=fa3b89b8-0b17-4f59-8f2a-9a5f4925e40b,revision_number=1']} {{(pid=88015) push /opt/stack/neutron/neutron/api/rpc/handlers/resources_rpc.py:237}}
Apr 29 11:41:57.977643 dv-neutron-839741-1-hyperv neutron-server[88016]: DEBUG neutron_lib.callbacks.manager [None req-43a0693f-f3dc-46dc-ad3e-4d9300e3f709 admin admin] Notify callbacks [] for port, precommit_create {{(pid=88016) _notify_loop /usr/local/lib/python3.8/dist-packages/neutron_lib/callbacks/manager.py:192}}
Apr 29 11:41:58.017730 dv-neutron-839741-1-hyperv neutron-server[88016]: DEBUG neutron_lib.callbacks.manager [None req-1da2d953-1ba6-4f04-89ef-96842995a753 tempest-RoutersTestDVR-450808143 tempest-RoutersTestDVR-450808143-project-admin] Notify callbacks [] for router, before_response {{(pid=88016) _notify_loop /usr/local/lib/python3.8/dist-packages/neutron_lib/callbacks/manager.py:192}}
Apr 29 11:41:58.019336 dv-neutron-839741-1-hyperv neutron-server[88016]: INFO neutron.wsgi [None req-1da2d953-1ba6-4f04-89ef-96842995a753 tempest-RoutersTestDVR-450808143 tempest-RoutersTestDVR-450808143-project-admin] 10.222.0.53 "POST /v2.0/routers HTTP/1.1" status: 201 len: 723 time: 0.9671900
Apr 29 11:41:58.026103 dv-neutron-839741-1-hyperv neutron-server[88016]: DEBUG neutron.wsgi [-] (88016) accepted ('10.222.0.53', 43922) {{(pid=88016) server /usr/local/lib/python3.8/dist-packages/eventlet/wsgi.py:992}}
Apr 29 11:41:58.026820 dv-neutron-839741-1-hyperv neutron-server[88016]: DEBUG neutron.wsgi [-] (88016) accepted ('10.222.0.53', 43924) {{(pid=88016) server /usr/local/lib/python3.8/dist-packages/eventlet/wsgi.py:992}}
Apr 29 11:41:58.073426 dv-neutron-839741-1-hyperv neutron-server[88016]: DEBUG neutron.api.v2.base [None req-8bc4cce5-2fe4-4a7f-829f-fa15a105983b tempest-PortsAdminExtendedAttrsIpV6TestJSON-474704079 tempest-PortsAdminExtendedAttrsIpV6TestJSON-474704079-project-admin] Request body: {'port': {'network_id': 'a9e6f4f8-936a-4b5e-a49f-d4deb5935dc0', 'binding:host_id': 'hv-neutron-8397', 'name': 'tempest-PortsAdminExtendedAttrsIpV6TestJSON-257731231'}} {{(pid=88016) prepare_request_body /opt/stack/neutron/neutron/api/v2/base.py:729}}
Apr 29 11:41:58.085916 dv-neutron-839741-1-hyperv neutron-server[88016]: DEBUG neutron.api.v2.base [None req-dedd2b0a-8988-4f65-be1f-01e4b8de8d16 tempest-RoutersTestDVR-450808143 tempest-RoutersTestDVR-450808143-project-admin] Request body: {'router': {'distributed': True}} {{(pid=88016) prepare_request_body /opt/stack/neutron/neutron/api/v2/base.py:729}}
Apr 29 11:41:58.103142 dv-neutron-839741-1-hyperv neutron-server[88015]: DEBUG neutron.db.quota.driver [None req-8b88d0d0-4aa8-4dd9-a96f-ab7458b9d924 tempest-ExternalNetworksAdminNegativeTestJSON-1009618503 tempest-ExternalNetworksAdminNegativeTestJSON-1009618503-project-admin] Attempting to reserve 1 items for resource port. Total usage: 1; quota limit: 500; headroom:499 {{(pid=88015) make_reservation /opt/stack/neutron/neutron/db/quota/driver.py:246}}
Apr 29 11:41:58.141486 dv-neutron-839741-1-hyperv neutron-server[88017]: DEBUG neutron.plugins.ml2.rpc [None req-e3729ee6-9abc-491f-adea-6f3ebd36715e None None] Device aecd8e29-da0c-4aaf-ac36-bca72c4c1f94 up at agent ovs-agent-dv-neutron-839741-1-hyperv {{(pid=88017) update_device_up /opt/stack/neutron/neutron/plugins/ml2/rpc.py:278}}
Apr 29 11:41:58.198949 dv-neutron-839741-1-hyperv neutron-server[88015]: DEBUG neutron.pecan_wsgi.hooks.quota_enforcement [None req-8b88d0d0-4aa8-4dd9-a96f-ab7458b9d924 tempest-ExternalNetworksAdminNegativeTestJSON-1009618503 tempest-ExternalNetworksAdminNegativeTestJSON-1009618503-project-admin] Made reservation on behalf of 83928252f5714546b6f0a4dc909efd03 for: {'port': 1} {{(pid=88015) before /opt/stack/neutron/neutron/pecan_wsgi/hooks/quota_enforcement.py:53}}
Apr 29 11:41:58.201473 dv-neutron-839741-1-hyperv neutron-server[88015]: DEBUG neutron_lib.callbacks.manager [None req-8b88d0d0-4aa8-4dd9-a96f-ab7458b9d924 tempest-ExternalNetworksAdminNegativeTestJSON-1009618503 tempest-ExternalNetworksAdminNegativeTestJSON-1009618503-project-admin] Notify callbacks ['neutron.plugins.ml2.plugin.SecurityGroupDbMixin._ensure_default_security_group_handler-940154'] for port, before_create {{(pid=88015) _notify_loop /usr/local/lib/python3.8/dist-packages/neutron_lib/callbacks/manager.py:192}}
Apr 29 11:41:58.234376 dv-neutron-839741-1-hyperv neutron-server[88016]: DEBUG neutron.db.provisioning_blocks [None req-43a0693f-f3dc-46dc-ad3e-4d9300e3f709 admin admin] Transition to ACTIVE for port object feaeadef-9d1f-4f51-a49d-3518ea33d50d will not be triggered until provisioned by entity DHCP. {{(pid=88016) add_provisioning_component /opt/stack/neutron/neutron/db/provisioning_blocks.py:73}}
Apr 29 11:41:58.235924 dv-neutron-839741-1-hyperv neutron-server[88016]: DEBUG neutron.db.quota.driver [None req-8bc4cce5-2fe4-4a7f-829f-fa15a105983b tempest-PortsAdminExtendedAttrsIpV6TestJSON-474704079 tempest-PortsAdminExtendedAttrsIpV6TestJSON-474704079-project-admin] Resources subnetpool have unlimited quota limit. It is not required to calculate headroom {{(pid=88016) make_reservation /opt/stack/neutron/neutron/db/quota/driver.py:219}}
Apr 29 11:41:58.248566 dv-neutron-839741-1-hyperv neutron-server[88016]: DEBUG neutron_lib.callbacks.manager [None req-24645554-564b-4946-ae4e-b295f5a9da17 tempest-ExternalNetworksTestJSON-308799940 tempest-ExternalNetworksTestJSON-308799940-project-admin] Notify callbacks ['neutron.services.auto_allocate.db._ensure_external_network_default_value_callback-8777974453405'] for network, precommit_create {{(pid=88016) _notify_loop /usr/local/lib/python3.8/dist-packages/neutron_lib/callbacks/manager.py:192}}
Apr 29 11:41:58.301196 dv-neutron-839741-1-hyperv neutron-server[88015]: DEBUG neutron_lib.callbacks.manager [None req-8b88d0d0-4aa8-4dd9-a96f-ab7458b9d924 tempest-ExternalNetworksAdminNegativeTestJSON-1009618503 tempest-ExternalNetworksAdminNegativeTestJSON-1009618503-project-admin] Notify callbacks [] for security_group, before_create {{(pid=88015) _notify_loop /usr/local/lib/python3.8/dist-packages/neutron_lib/callbacks/manager.py:192}}
Apr 29 11:41:58.302065 dv-neutron-839741-1-hyperv neutron-server[88016]: DEBUG neutron.quota.resource [None req-8bc4cce5-2fe4-4a7f-829f-fa15a105983b tempest-PortsAdminExtendedAttrsIpV6TestJSON-474704079 tempest-PortsAdminExtendedAttrsIpV6TestJSON-474704079-project-admin] Usage tracker for resource:port and tenant:f36d413c0e9a43f1b7bf22a0ac3e52c6 is out of sync, need to count used quota {{(pid=88016) count_used /opt/stack/neutron/neutron/quota/resource.py:270}}
Apr 29 11:41:58.308508 dv-neutron-839741-1-hyperv neutron-server[88016]: DEBUG neutron.quota.resource [None req-8bc4cce5-2fe4-4a7f-829f-fa15a105983b tempest-PortsAdminExtendedAttrsIpV6TestJSON-474704079 tempest-PortsAdminExtendedAttrsIpV6TestJSON-474704079-project-admin] Quota usage for port was recalculated. Used quota:0. {{(pid=88016) count_used /opt/stack/neutron/neutron/quota/resource.py:290}}
Apr 29 11:41:58.325016 dv-neutron-839741-1-hyperv neutron-server[88016]: DEBUG neutron.db.quota.driver [None req-8bc4cce5-2fe4-4a7f-829f-fa15a105983b tempest-PortsAdminExtendedAttrsIpV6TestJSON-474704079 tempest-PortsAdminExtendedAttrsIpV6TestJSON-474704079-project-admin] Attempting to reserve 1 items for resource port. Total usage: 0; quota limit: 500; headroom:500 {{(pid=88016) make_reservation /opt/stack/neutron/neutron/db/quota/driver.py:246}}
Apr 29 11:41:58.364780 dv-neutron-839741-1-hyperv neutron-server[88017]: DEBUG neutron_lib.callbacks.manager [None req-db6a0a6f-0422-4fc2-abd8-19c630f46139 None None] Notify callbacks ['neutron.plugins.ml2.plugin.SecurityGroupDbMixin._ensure_default_security_group_handler-940154'] for port, before_update {{(pid=88017) _notify_loop /usr/local/lib/python3.8/dist-packages/neutron_lib/callbacks/manager.py:192}}
Apr 29 11:41:58.382540 dv-neutron-839741-1-hyperv neutron-server[88015]: DEBUG neutron.db.quota.driver [None req-8b88d0d0-4aa8-4dd9-a96f-ab7458b9d924 tempest-ExternalNetworksAdminNegativeTestJSON-1009618503 tempest-ExternalNetworksAdminNegativeTestJSON-1009618503-project-admin] Resources subnetpool have unlimited quota limit. It is not required to calculate headroom {{(pid=88015) make_reservation /opt/stack/neutron/neutron/db/quota/driver.py:219}}
Apr 29 11:41:58.449546 dv-neutron-839741-1-hyperv neutron-server[88017]: DEBUG neutron.db.provisioning_blocks [None req-e3729ee6-9abc-491f-adea-6f3ebd36715e None None] Provisioning for port aecd8e29-da0c-4aaf-ac36-bca72c4c1f94 completed by entity L2. {{(pid=88017) provisioning_complete /opt/stack/neutron/neutron/db/provisioning_blocks.py:133}}
Apr 29 11:41:58.462457 dv-neutron-839741-1-hyperv neutron-server[88016]: DEBUG neutron_lib.db.resource_extend [None req-24645554-564b-4946-ae4e-b295f5a9da17 tempest-ExternalNetworksTestJSON-308799940 tempest-ExternalNetworksTestJSON-308799940-project-admin] It took 0.13 seconds to run function 'neutron_lib.db.resource_extend.apply_funcs' {{(pid=88016) wrapper /usr/local/lib/python3.8/dist-packages/oslo_utils/timeutils.py:386}}
Apr 29 11:41:58.474987 dv-neutron-839741-1-hyperv neutron-server[88015]: DEBUG neutron.quota.resource [None req-8b88d0d0-4aa8-4dd9-a96f-ab7458b9d924 tempest-ExternalNetworksAdminNegativeTestJSON-1009618503 tempest-ExternalNetworksAdminNegativeTestJSON-1009618503-project-admin] Usage tracker for resource:security_group_rule and tenant:83928252f5714546b6f0a4dc909efd03 is out of sync, need to count used quota {{(pid=88015) count_used /opt/stack/neutron/neutron/quota/resource.py:270}}
Apr 29 11:41:58.477999 dv-neutron-839741-1-hyperv neutron-server[88017]: DEBUG neutron.db.provisioning_blocks [None req-e3729ee6-9abc-491f-adea-6f3ebd36715e None None] Provisioning complete for port aecd8e29-da0c-4aaf-ac36-bca72c4c1f94 triggered by entity L2. {{(pid=88017) provisioning_complete /opt/stack/neutron/neutron/db/provisioning_blocks.py:139}}
Apr 29 11:41:58.478834 dv-neutron-839741-1-hyperv neutron-server[88017]: DEBUG neutron_lib.callbacks.manager [None req-e3729ee6-9abc-491f-adea-6f3ebd36715e None None] Notify callbacks ['neutron.plugins.ml2.plugin.Ml2Plugin._port_provisioned-883074'] for port, provisioning_complete {{(pid=88017) _notify_loop /usr/local/lib/python3.8/dist-packages/neutron_lib/callbacks/manager.py:192}}
Apr 29 11:41:58.482112 dv-neutron-839741-1-hyperv neutron-server[88015]: DEBUG neutron_lib.callbacks.manager [None req-9028b7b4-08fc-45e4-88e7-e6616839d011 tempest-DHCPAgentSchedulersTestJSON-907580326 tempest-DHCPAgentSchedulersTestJSON-907580326-project] Notify callbacks ['neutron.plugins.ml2.ovo_rpc._ObjectChangeHandler.handle_event-2046111', 'neutron.api.rpc.agentnotifiers.dhcp_rpc_agent_api.DhcpAgentNotifyAPI._native_event_send_dhcp_notification-1702262'] for subnet, after_create {{(pid=88015) _notify_loop /usr/local/lib/python3.8/dist-packages/neutron_lib/callbacks/manager.py:192}}
Apr 29 11:41:58.491013 dv-neutron-839741-1-hyperv neutron-server[88015]: DEBUG neutron.quota.resource [None req-8b88d0d0-4aa8-4dd9-a96f-ab7458b9d924 tempest-ExternalNetworksAdminNegativeTestJSON-1009618503 tempest-ExternalNetworksAdminNegativeTestJSON-1009618503-project-admin] Quota usage for security_group_rule was recalculated. Used quota:0. {{(pid=88015) count_used /opt/stack/neutron/neutron/quota/resource.py:290}}
Apr 29 11:41:58.501324 dv-neutron-839741-1-hyperv neutron-server[88016]: DEBUG neutron.pecan_wsgi.hooks.quota_enforcement [None req-8bc4cce5-2fe4-4a7f-829f-fa15a105983b tempest-PortsAdminExtendedAttrsIpV6TestJSON-474704079 tempest-PortsAdminExtendedAttrsIpV6TestJSON-474704079-project-admin] Made reservation on behalf of f36d413c0e9a43f1b7bf22a0ac3e52c6 for: {'port': 1} {{(pid=88016) before /opt/stack/neutron/neutron/pecan_wsgi/hooks/quota_enforcement.py:53}}
Apr 29 11:41:58.504053 dv-neutron-839741-1-hyperv neutron-server[88016]: DEBUG neutron_lib.callbacks.manager [None req-8bc4cce5-2fe4-4a7f-829f-fa15a105983b tempest-PortsAdminExtendedAttrsIpV6TestJSON-474704079 tempest-PortsAdminExtendedAttrsIpV6TestJSON-474704079-project-admin] Notify callbacks ['neutron.plugins.ml2.plugin.SecurityGroupDbMixin._ensure_default_security_group_handler-940154'] for port, before_create {{(pid=88016) _notify_loop /usr/local/lib/python3.8/dist-packages/neutron_lib/callbacks/manager.py:192}}
Apr 29 11:41:58.559991 dv-neutron-839741-1-hyperv neutron-server[88015]: DEBUG neutron.db.quota.driver [None req-8b88d0d0-4aa8-4dd9-a96f-ab7458b9d924 tempest-ExternalNetworksAdminNegativeTestJSON-1009618503 tempest-ExternalNetworksAdminNegativeTestJSON-1009618503-project-admin] Attempting to reserve 4 items for resource security_group_rule. Total usage: 0; quota limit: 100; headroom:100 {{(pid=88015) make_reservation /opt/stack/neutron/neutron/db/quota/driver.py:246}}
Apr 29 11:41:58.616825 dv-neutron-839741-1-hyperv neutron-server[88017]: DEBUG neutron.plugins.ml2.db [None req-db6a0a6f-0422-4fc2-abd8-19c630f46139 None None] For port ea694d54-2a4d-4758-8f6e-2d31233de317, host dv-neutron-839741-1-hyperv, got binding levels [PortBindingLevel(driver='openvswitch',host='dv-neutron-839741-1-hyperv',level=0,port_id=ea694d54-2a4d-4758-8f6e-2d31233de317,segment=NetworkSegment(cc8289b1-a81f-4a90-b580-545ffd2a7b0e),segment_id=cc8289b1-a81f-4a90-b580-545ffd2a7b0e)] {{(pid=88017) get_binding_level_objs /opt/stack/neutron/neutron/plugins/ml2/db.py:75}}
Apr 29 11:41:58.626778 dv-neutron-839741-1-hyperv neutron-server[88017]: DEBUG neutron_lib.callbacks.manager [None req-db6a0a6f-0422-4fc2-abd8-19c630f46139 None None] Notify callbacks ['neutron.plugins.ml2.plugin.SecurityGroupServerNotifierRpcMixin.notify_sg_on_port_change-940453', 'neutron.plugins.ml2.ovo_rpc._ObjectChangeHandler.handle_event-129206', 'neutron.api.rpc.agentnotifiers.dhcp_rpc_agent_api.DhcpAgentNotifyAPI._native_event_send_dhcp_notification-1702262', 'neutron.db.l3_db.L3RpcNotifierMixin._notify_gateway_port_ip_changed-8777974879236', 'neutron.db.l3_dvrscheduler_db._notify_l3_agent_port_update-8777974449722', 'neutron.db.l3_hascheduler_db._notify_l3_agent_ha_port_update-8777974449767'] for port, after_update {{(pid=88017) _notify_loop /usr/local/lib/python3.8/dist-packages/neutron_lib/callbacks/manager.py:192}}
Apr 29 11:41:58.669525 dv-neutron-839741-1-hyperv neutron-server[88016]: DEBUG neutron_lib.callbacks.manager [None req-8bc4cce5-2fe4-4a7f-829f-fa15a105983b tempest-PortsAdminExtendedAttrsIpV6TestJSON-474704079 tempest-PortsAdminExtendedAttrsIpV6TestJSON-474704079-project-admin] Notify callbacks [] for security_group, before_create {{(pid=88016) _notify_loop /usr/local/lib/python3.8/dist-packages/neutron_lib/callbacks/manager.py:192}}
Apr 29 11:41:58.675311 dv-neutron-839741-1-hyperv neutron-server[88015]: DEBUG neutron.plugins.ml2.drivers.mech_agent [None req-9028b7b4-08fc-45e4-88e7-e6616839d011 tempest-DHCPAgentSchedulersTestJSON-907580326 tempest-DHCPAgentSchedulersTestJSON-907580326-project] Checking segment: {'id': 'bf80fac8-3473-417f-a4ab-e0ddda8907ba', 'network_type': 'vlan', 'physical_network': 'physnet1', 'segmentation_id': 820, 'network_id': 'd118893d-ce30-443f-ba45-cf7b5d0cae5d'} for mappings: {'physnet1': 'br-data'} with network types: ['local', 'flat', 'vlan'] {{(pid=88015) check_segment_for_agent /opt/stack/neutron/neutron/plugins/ml2/drivers/mech_agent.py:343}}
Apr 29 11:41:58.675773 dv-neutron-839741-1-hyperv neutron-server[88015]: DEBUG neutron.scheduler.dhcp_agent_scheduler [None req-9028b7b4-08fc-45e4-88e7-e6616839d011 tempest-DHCPAgentSchedulersTestJSON-907580326 tempest-DHCPAgentSchedulersTestJSON-907580326-project] Network hostable DHCP agents. Network: d118893d-ce30-443f-ba45-cf7b5d0cae5d, hostable agents: ['6b13f954-ee71-422a-8147-b032a9a11dea'], hosted agents: [] {{(pid=88015) _get_network_hostable_dhcp_agents /opt/stack/neutron/neutron/scheduler/dhcp_agent_scheduler.py:329}}
Apr 29 11:41:58.704517 dv-neutron-839741-1-hyperv neutron-server[88016]: DEBUG neutron_lib.callbacks.manager [None req-24645554-564b-4946-ae4e-b295f5a9da17 tempest-ExternalNetworksTestJSON-308799940 tempest-ExternalNetworksTestJSON-308799940-project-admin] Notify callbacks ['neutron.plugins.ml2.ovo_rpc._ObjectChangeHandler.handle_event-2046017', 'neutron.api.rpc.agentnotifiers.dhcp_rpc_agent_api.DhcpAgentNotifyAPI._native_event_send_dhcp_notification-1702262'] for network, after_create {{(pid=88016) _notify_loop /usr/local/lib/python3.8/dist-packages/neutron_lib/callbacks/manager.py:192}}
Apr 29 11:41:58.705866 dv-neutron-839741-1-hyperv neutron-server[88016]: DEBUG neutron.pecan_wsgi.hooks.policy_enforcement [None req-24645554-564b-4946-ae4e-b295f5a9da17 tempest-ExternalNetworksTestJSON-308799940 tempest-ExternalNetworksTestJSON-308799940-project-admin] Attributes excluded by policy engine: ['standard_attr_id', 'vlan_transparent'] {{(pid=88016) _exclude_attributes_by_policy /opt/stack/neutron/neutron/pecan_wsgi/hooks/policy_enforcement.py:259}}
Apr 29 11:41:58.707015 dv-neutron-839741-1-hyperv neutron-server[88016]: DEBUG neutron_lib.callbacks.manager [None req-24645554-564b-4946-ae4e-b295f5a9da17 tempest-ExternalNetworksTestJSON-308799940 tempest-ExternalNetworksTestJSON-308799940-project-admin] Notify callbacks ['neutron.api.rpc.agentnotifiers.dhcp_rpc_agent_api.DhcpAgentNotifyAPI._send_dhcp_notification-1702240'] for network, before_response {{(pid=88016) _notify_loop /usr/local/lib/python3.8/dist-packages/neutron_lib/callbacks/manager.py:192}}
Apr 29 11:41:58.730006 dv-neutron-839741-1-hyperv neutron-server[88015]: DEBUG neutron.api.rpc.handlers.resources_rpc [None req-9028b7b4-08fc-45e4-88e7-e6616839d011 tempest-DHCPAgentSchedulersTestJSON-907580326 tempest-DHCPAgentSchedulersTestJSON-907580326-project] Pushing event updated for resources: {'Subnet': ['ID=abfcee5d-ee26-4c7c-8ef0-ed33ee737c58,revision_number=0']} {{(pid=88015) push /opt/stack/neutron/neutron/api/rpc/handlers/resources_rpc.py:237}}
Apr 29 11:41:58.732234 dv-neutron-839741-1-hyperv neutron-server[88017]: DEBUG neutron.api.rpc.handlers.resources_rpc [None req-db6a0a6f-0422-4fc2-abd8-19c630f46139 None None] Pushing event updated for resources: {'Port': ['ID=ea694d54-2a4d-4758-8f6e-2d31233de317,revision_number=3']} {{(pid=88017) push /opt/stack/neutron/neutron/api/rpc/handlers/resources_rpc.py:237}}
Apr 29 11:41:58.739269 dv-neutron-839741-1-hyperv neutron-server[88015]: DEBUG neutron.scheduler.dhcp_agent_scheduler [None req-9028b7b4-08fc-45e4-88e7-e6616839d011 tempest-DHCPAgentSchedulersTestJSON-907580326 tempest-DHCPAgentSchedulersTestJSON-907580326-project] Network d118893d-ce30-443f-ba45-cf7b5d0cae5d is scheduled to be hosted by DHCP agent 6b13f954-ee71-422a-8147-b032a9a11dea with binding_index 1 {{(pid=88015) bind /opt/stack/neutron/neutron/scheduler/dhcp_agent_scheduler.py:227}}
Apr 29 11:41:58.750834 dv-neutron-839741-1-hyperv neutron-server[88015]: DEBUG neutron_lib.callbacks.manager [None req-79bc7371-2a7c-4af7-b6e8-3293e1189d91 admin admin] Notify callbacks [] for router_gateway, after_create {{(pid=88015) _notify_loop /usr/local/lib/python3.8/dist-packages/neutron_lib/callbacks/manager.py:192}}
Apr 29 11:41:58.754228 dv-neutron-839741-1-hyperv neutron-server[88016]: DEBUG neutron_lib.callbacks.manager [None req-43a0693f-f3dc-46dc-ad3e-4d9300e3f709 admin admin] Notify callbacks ['neutron.plugins.ml2.plugin.SecurityGroupServerNotifierRpcMixin.notify_sg_on_port_change-940453', 'neutron.plugins.ml2.ovo_rpc._ObjectChangeHandler.handle_event-129206', 'neutron.api.rpc.agentnotifiers.dhcp_rpc_agent_api.DhcpAgentNotifyAPI._native_event_send_dhcp_notification-1702262', 'neutron.db.l3_dvrscheduler_db._notify_l3_agent_new_port-8777974449704'] for port, after_create {{(pid=88016) _notify_loop /usr/local/lib/python3.8/dist-packages/neutron_lib/callbacks/manager.py:192}}
Apr 29 11:41:58.761513 dv-neutron-839741-1-hyperv neutron-server[88016]: DEBUG neutron_lib.callbacks.manager [None req-dedd2b0a-8988-4f65-be1f-01e4b8de8d16 tempest-RoutersTestDVR-450808143 tempest-RoutersTestDVR-450808143-project-admin] Notify callbacks ['neutron.services.l3_router.l3_router_plugin.DVRResourceOperationHandler._handle_distributed_migration-2054858', 'neutron.services.l3_router.l3_router_plugin.L3_HA_NAT_db_mixin._validate_migration-1983901', 'neutron.services.l3_router.service_providers.driver_controller.DriverController._update_router_provider-16180'] for router, precommit_update {{(pid=88016) _notify_loop /usr/local/lib/python3.8/dist-packages/neutron_lib/callbacks/manager.py:192}}
Apr 29 11:41:58.761856 dv-neutron-839741-1-hyperv neutron-server[88016]: DEBUG neutron_lib.callbacks.manager [None req-dedd2b0a-8988-4f65-be1f-01e4b8de8d16 tempest-RoutersTestDVR-450808143 tempest-RoutersTestDVR-450808143-project-admin] Notify callbacks [] for router, before_update {{(pid=88016) _notify_loop /usr/local/lib/python3.8/dist-packages/neutron_lib/callbacks/manager.py:192}}
Apr 29 11:41:58.777322 dv-neutron-839741-1-hyperv neutron-server[88017]: DEBUG neutron.db.provisioning_blocks [None req-da95b666-d0ac-42f5-936d-fb1c7caa1e4f None None] Provisioning for port f72636a0-461a-4bff-8c00-1198c8319c3c completed by entity DHCP. {{(pid=88017) provisioning_complete /opt/stack/neutron/neutron/db/provisioning_blocks.py:133}}
Apr 29 11:41:58.830571 dv-neutron-839741-1-hyperv neutron-server[88017]: DEBUG neutron.db.provisioning_blocks [None req-da95b666-d0ac-42f5-936d-fb1c7caa1e4f None None] Provisioning complete for port f72636a0-461a-4bff-8c00-1198c8319c3c triggered by entity DHCP. {{(pid=88017) provisioning_complete /opt/stack/neutron/neutron/db/provisioning_blocks.py:139}}
Apr 29 11:41:58.830838 dv-neutron-839741-1-hyperv neutron-server[88017]: DEBUG neutron_lib.callbacks.manager [None req-da95b666-d0ac-42f5-936d-fb1c7caa1e4f None None] Notify callbacks ['neutron.plugins.ml2.plugin.Ml2Plugin._port_provisioned-883074'] for port, provisioning_complete {{(pid=88017) _notify_loop /usr/local/lib/python3.8/dist-packages/neutron_lib/callbacks/manager.py:192}}
