May 23 17:36:42.733948 dv-neutron-839671-6-hyperv neutron-server[105199]: DEBUG neutron.api.rpc.handlers.resources_rpc [None req-477a2c16-2733-4846-8da1-a79da21b8911 tempest-PortsAdminExtendedAttrsTestJSON-373200640 tempest-PortsAdminExtendedAttrsTestJSON-373200640-project-admin] Pushing event deleted for resources: {'Port': ['ID=c0927689-3ccb-49c0-8392-e50a27678859,revision_number=None']} {{(pid=105199) push /opt/stack/neutron/neutron/api/rpc/handlers/resources_rpc.py:237}}
May 23 17:36:42.735090 dv-neutron-839671-6-hyperv neutron-server[105200]: DEBUG dbcounter [-] [105200] Writing DB stats neutron:SELECT=75,neutron:DELETE=8,neutron:UPDATE=3,neutron:INSERT=14 {{(pid=105200) stat_writer /usr/local/lib/python3.8/dist-packages/dbcounter.py:114}}
May 23 17:36:42.779208 dv-neutron-839671-6-hyperv neutron-server[105199]: DEBUG neutron_lib.callbacks.manager [None req-477a2c16-2733-4846-8da1-a79da21b8911 tempest-PortsAdminExtendedAttrsTestJSON-373200640 tempest-PortsAdminExtendedAttrsTestJSON-373200640-project-admin] Publish callbacks ['neutron.notifiers.nova.Notifier._send_nova_notification-806'] for port (None), before_response {{(pid=105199) _notify_loop /usr/local/lib/python3.8/dist-packages/neutron_lib/callbacks/manager.py:176}}
May 23 17:36:42.792919 dv-neutron-839671-6-hyperv neutron-server[105199]: INFO neutron.wsgi [None req-477a2c16-2733-4846-8da1-a79da21b8911 tempest-PortsAdminExtendedAttrsTestJSON-373200640 tempest-PortsAdminExtendedAttrsTestJSON-373200640-project-admin] 10.222.0.43 "DELETE /v2.0/ports/c0927689-3ccb-49c0-8392-e50a27678859 HTTP/1.1" status: 204 len: 168 time: 2.6243312
May 23 17:36:42.806555 dv-neutron-839671-6-hyperv neutron-server[105199]: DEBUG neutron.wsgi [-] (105199) accepted ('10.222.0.43', 55726) {{(pid=105199) server /usr/local/lib/python3.8/dist-packages/eventlet/wsgi.py:1004}}
May 23 17:36:42.872471 dv-neutron-839671-6-hyperv neutron-server[105200]: DEBUG neutron.api.rpc.agentnotifiers.l3_rpc_agent_api [None req-baea7edf-36bf-4aca-8718-a87bf16af73f tempest-FloatingIPNegativeTestJSON-1068780701 tempest-FloatingIPNegativeTestJSON-1068780701-project] Notify agent at l3_agent.dv-neutron-839671-6-hyperv the message routers_updated {{(pid=105200) _agent_notification /opt/stack/neutron/neutron/api/rpc/agentnotifiers/l3_rpc_agent_api.py:65}}
May 23 17:36:42.882919 dv-neutron-839671-6-hyperv neutron-server[105200]: INFO neutron.wsgi [None req-baea7edf-36bf-4aca-8718-a87bf16af73f tempest-FloatingIPNegativeTestJSON-1068780701 tempest-FloatingIPNegativeTestJSON-1068780701-project] 10.222.0.43 "PUT /v2.0/routers/9ad74152-490a-4e29-9e08-88080147a5ea/add_router_interface HTTP/1.1" status: 200 len: 503 time: 7.0321939
May 23 17:36:42.885997 dv-neutron-839671-6-hyperv neutron-server[105200]: DEBUG neutron.wsgi [-] (105200) accepted ('10.222.0.43', 55732) {{(pid=105200) server /usr/local/lib/python3.8/dist-packages/eventlet/wsgi.py:1004}}
May 23 17:36:42.891927 dv-neutron-839671-6-hyperv neutron-server[105200]: DEBUG neutron.api.v2.base [None req-b1a19888-9345-4d33-907a-79ae35417e30 tempest-FloatingIPNegativeTestJSON-1068780701 tempest-FloatingIPNegativeTestJSON-1068780701-project] Request body: {'port': {'network_id': 'c0b8e658-bd27-4116-a55d-27a874228d47', 'name': 'tempest-FloatingIPNegativeTestJSON-365078047'}} {{(pid=105200) prepare_request_body /opt/stack/neutron/neutron/api/v2/base.py:730}}
May 23 17:36:42.950073 dv-neutron-839671-6-hyperv neutron-server[105199]: DEBUG neutron.db.db_base_plugin_common [req-f656a2b2-db0f-4082-8253-ee2b8e920e3d req-c27842b0-e064-45be-abe3-97e6c2719d57 tempest-ServersTestJSON-471157744 tempest-ServersTestJSON-471157744-project] Allocated IP 172.20.0.10 (d132d104-c878-479d-9dbc-19f540abbfa3/9533fced-0e0c-41f0-90ec-b5c67d5c0113/e2af0099-ba56-4c6f-85b1-09521c5c2fa8) {{(pid=105199) _store_ip_allocation /opt/stack/neutron/neutron/db/db_base_plugin_common.py:131}}
May 23 17:36:42.986170 dv-neutron-839671-6-hyperv neutron-server[105202]: DEBUG dbcounter [-] [105202] Writing DB stats neutron:SELECT=4 {{(pid=105202) stat_writer /usr/local/lib/python3.8/dist-packages/dbcounter.py:114}}
May 23 17:36:42.988591 dv-neutron-839671-6-hyperv neutron-server[105200]: DEBUG neutron_lib.callbacks.manager [None req-11b47ff7-0871-4d1e-af20-de759fca24b0 tempest-ExternalNetworksTestJSON-1443837330 tempest-ExternalNetworksTestJSON-1443837330-project] Publish callbacks ['neutron.plugins.ml2.plugin.External_net_db_mixin._before_network_delete_handler-3421464'] for network (3ca96be2-cbfe-4310-870d-f1e42669d979), before_delete {{(pid=105200) _notify_loop /usr/local/lib/python3.8/dist-packages/neutron_lib/callbacks/manager.py:176}}
May 23 17:36:42.995154 dv-neutron-839671-6-hyperv neutron-server[105199]: INFO neutron.pecan_wsgi.hooks.translation [None req-ae076a7b-b3d0-4b30-9551-5fecc8da2707 tempest-PortsAdminExtendedAttrsTestJSON-373200640 tempest-PortsAdminExtendedAttrsTestJSON-373200640-project-admin] GET failed (client error): The resource could not be found.
May 23 17:36:42.996969 dv-neutron-839671-6-hyperv neutron-server[105199]: INFO neutron.wsgi [None req-ae076a7b-b3d0-4b30-9551-5fecc8da2707 tempest-PortsAdminExtendedAttrsTestJSON-373200640 tempest-PortsAdminExtendedAttrsTestJSON-373200640-project-admin] 10.222.0.43 "GET /v2.0/ports/c0927689-3ccb-49c0-8392-e50a27678859 HTTP/1.1" status: 404 len: 333 time: 0.1889887
May 23 17:36:43.012793 dv-neutron-839671-6-hyperv neutron-server[105200]: DEBUG neutron.wsgi [-] (105200) accepted ('10.222.0.43', 55734) {{(pid=105200) server /usr/local/lib/python3.8/dist-packages/eventlet/wsgi.py:1004}}
May 23 17:36:43.029562 dv-neutron-839671-6-hyperv neutron-server[105200]: DEBUG neutron.api.v2.base [None req-35dea321-8b2a-40a6-bf17-b34b50c467b6 tempest-PortsAdminExtendedAttrsTestJSON-373200640 tempest-PortsAdminExtendedAttrsTestJSON-373200640-project-admin] Request body: {'port': {'network_id': '23cbc8c1-591f-46f0-8d94-936fe3a1c5ab', 'name': 'tempest-PortsAdminExtendedAttrsTestJSON-1933237984'}} {{(pid=105200) prepare_request_body /opt/stack/neutron/neutron/api/v2/base.py:730}}
May 23 17:36:43.068973 dv-neutron-839671-6-hyperv neutron-server[105202]: DEBUG dbcounter [-] [105202] Writing DB stats neutron:SELECT=81 {{(pid=105202) stat_writer /usr/local/lib/python3.8/dist-packages/dbcounter.py:114}}
May 23 17:36:43.072011 dv-neutron-839671-6-hyperv neutron-server[105200]: DEBUG neutron.wsgi [-] (105200) accepted ('10.222.0.43', 55740) {{(pid=105200) server /usr/local/lib/python3.8/dist-packages/eventlet/wsgi.py:1004}}
May 23 17:36:43.091393 dv-neutron-839671-6-hyperv neutron-server[105199]: INFO neutron.wsgi [req-0bf07790-6e65-4164-afc0-9c19d77af889 req-44687d78-91ba-4f92-a3e8-98d7ef6bc455 tempest-ServersTestManualDisk-1488067835 tempest-ServersTestManualDisk-1488067835-project] 10.222.0.43 "GET /v2.0/ports?device_id=6af5b567-9b88-4874-a8db-e6a44a3902b1 HTTP/1.1" status: 200 len: 210 time: 0.1249340
May 23 17:36:43.225353 dv-neutron-839671-6-hyperv neutron-server[105199]: DEBUG dbcounter [-] [105199] Writing DB stats neutron:SELECT=97,neutron:INSERT=3 {{(pid=105199) stat_writer /usr/local/lib/python3.8/dist-packages/dbcounter.py:114}}
May 23 17:36:43.287264 dv-neutron-839671-6-hyperv neutron-server[105200]: INFO neutron.wsgi [req-435ee40d-d797-4da0-9591-2469c96db8ad req-b5f95974-b5d7-4f47-8282-799d378285e3 tempest-ServersTestJSON-471157744 tempest-ServersTestJSON-471157744-project] 10.222.0.43 "GET /v2.0/ports?device_id=4a487ba5-7ac8-451f-bda3-ff417064a0ac HTTP/1.1" status: 200 len: 210 time: 0.1163068
May 23 17:36:43.331165 dv-neutron-839671-6-hyperv neutron-server[105199]: DEBUG neutron_lib.callbacks.manager [None req-1633cdb3-9e7f-4f1f-9929-b4271072e8b5 tempest-FloatingIPAdminTestJSON-86389060 tempest-FloatingIPAdminTestJSON-86389060-project] Publish callbacks [] for port (aeb74774-ad63-4c8d-a5f8-e4a17942cb10), precommit_create {{(pid=105199) _notify_loop /usr/local/lib/python3.8/dist-packages/neutron_lib/callbacks/manager.py:176}}
May 23 17:36:43.337508 dv-neutron-839671-6-hyperv neutron-server[105199]: INFO neutron.wsgi [req-79f39dbb-bf5c-45ab-9dbe-c1603a84a7d5 req-45bd29cf-6e71-4ae3-81d1-ecf907a83c5d tempest-ServerActionsTestJSON-1503843257 tempest-ServerActionsTestJSON-1503843257-project] 10.222.0.43 "GET /v2.0/ports?device_id=8af61a01-9742-4fa8-8822-7f8139a26b89 HTTP/1.1" status: 200 len: 210 time: 0.1135330
May 23 17:36:43.423046 dv-neutron-839671-6-hyperv neutron-server[105199]: DEBUG neutron_lib.callbacks.manager [req-f656a2b2-db0f-4082-8253-ee2b8e920e3d req-c27842b0-e064-45be-abe3-97e6c2719d57 tempest-ServersTestJSON-471157744 tempest-ServersTestJSON-471157744-project] Publish callbacks [] for port (e2af0099-ba56-4c6f-85b1-09521c5c2fa8), precommit_create {{(pid=105199) _notify_loop /usr/local/lib/python3.8/dist-packages/neutron_lib/callbacks/manager.py:176}}
May 23 17:36:43.425940 dv-neutron-839671-6-hyperv neutron-server[105200]: DEBUG neutron.pecan_wsgi.hooks.quota_enforcement [None req-35dea321-8b2a-40a6-bf17-b34b50c467b6 tempest-PortsAdminExtendedAttrsTestJSON-373200640 tempest-PortsAdminExtendedAttrsTestJSON-373200640-project-admin] Made reservation on behalf of e1b464967f644de5a680554d15ab6027 for: {'port': 1} {{(pid=105200) before /opt/stack/neutron/neutron/pecan_wsgi/hooks/quota_enforcement.py:53}}
May 23 17:36:43.429547 dv-neutron-839671-6-hyperv neutron-server[105200]: DEBUG neutron_lib.callbacks.manager [None req-35dea321-8b2a-40a6-bf17-b34b50c467b6 tempest-PortsAdminExtendedAttrsTestJSON-373200640 tempest-PortsAdminExtendedAttrsTestJSON-373200640-project-admin] Publish callbacks ['neutron.plugins.ml2.plugin.SecurityGroupDbMixin._ensure_default_security_group_handler-586958'] for port (None), before_create {{(pid=105200) _notify_loop /usr/local/lib/python3.8/dist-packages/neutron_lib/callbacks/manager.py:176}}
May 23 17:36:43.446682 dv-neutron-839671-6-hyperv neutron-server[105200]: DEBUG neutron_lib.callbacks.manager [None req-11b47ff7-0871-4d1e-af20-de759fca24b0 tempest-ExternalNetworksTestJSON-1443837330 tempest-ExternalNetworksTestJSON-1443837330-project] Publish callbacks ['neutron.plugins.ml2.plugin.Ml2Plugin._network_delete_precommit_handler-3606332', 'neutron.services.segments.db._delete_segments_for_network-8734979958887'] for network (3ca96be2-cbfe-4310-870d-f1e42669d979), precommit_delete {{(pid=105200) _notify_loop /usr/local/lib/python3.8/dist-packages/neutron_lib/callbacks/manager.py:176}}
May 23 17:36:43.454712 dv-neutron-839671-6-hyperv neutron-server[105200]: DEBUG neutron.api.v2.base [None req-77ce3a5a-d26f-4f1b-8448-5b9608f36060 tempest-RoutersTestDVR-1715307085 tempest-RoutersTestDVR-1715307085-project-admin] Request body: {'router': {'name': 'tempest-pretest-check-503287931'}} {{(pid=105200) prepare_request_body /opt/stack/neutron/neutron/api/v2/base.py:730}}
May 23 17:36:43.464843 dv-neutron-839671-6-hyperv neutron-server[105202]: DEBUG neutron.api.rpc.handlers.l3_rpc [None req-c98d0b50-067e-44d9-92c2-42a521b70e25 None None] Sync routers for ids ['9ad74152-490a-4e29-9e08-88080147a5ea'] in dv-neutron-839671-6-hyperv {{(pid=105202) sync_routers /opt/stack/neutron/neutron/api/rpc/handlers/l3_rpc.py:125}}
May 23 17:36:43.481305 dv-neutron-839671-6-hyperv neutron-server[105202]: DEBUG neutron.db.l3_dvrscheduler_db [None req-c98d0b50-067e-44d9-92c2-42a521b70e25 None None] Routers {'9ad74152-490a-4e29-9e08-88080147a5ea'} bound to L3 agent in host dv-neutron-839671-6-hyperv {{(pid=105202) _get_router_ids_for_agent /opt/stack/neutron/neutron/db/l3_dvrscheduler_db.py:421}}
May 23 17:36:43.481934 dv-neutron-839671-6-hyperv neutron-server[105202]: DEBUG neutron.db.l3_hamode_db [None req-c98d0b50-067e-44d9-92c2-42a521b70e25 None None] neutron.services.l3_router.l3_router_plugin.L3RouterPlugin method get_ha_sync_data_for_host called with arguments (, 'dv-neutron-839671-6-hyperv', Agent(admin_state_up=True,agent_type='L3 agent',availability_zone='nova',binary='neutron-l3-agent',configurations={"agent_mode": "legacy", "ex_gw_ports": 4, "extensions": [], "floating_ips": 0, "handle_internal_only_routers": true, "interface_driver": "openvswitch", "interfaces": 2, "log_agent_heartbeats": false, "routers": 4},created_at=2022-05-23T17:27:56Z,description=,heartbeat_timestamp=2022-05-23T17:36:26Z,host='dv-neutron-839671-6-hyperv',id=efa4a71d-455a-4666-8fb5-e1c69d035fdd,load=0,resource_versions=,resources_synced=,started_at=2022-05-23T17:27:57Z,topic='l3_agent')) {'router_ids': ['9ad74152-490a-4e29-9e08-88080147a5ea'], 'active': True} {{(pid=105202) wrapper /usr/local/lib/python3.8/dist-packages/oslo_log/helpers.py:65}}
May 23 17:36:43.513806 dv-neutron-839671-6-hyperv neutron-server[105199]: DEBUG neutron_lib.callbacks.manager [None req-1633cdb3-9e7f-4f1f-9929-b4271072e8b5 tempest-FloatingIPAdminTestJSON-86389060 tempest-FloatingIPAdminTestJSON-86389060-project] Publish callbacks ['neutron.plugins.ml2.plugin.SecurityGroupServerNotifierRpcMixin._notify_sg_on_port_change-583796', 'neutron.plugins.ml2.ovo_rpc._ObjectChangeHandler.handle_event-4143200', 'neutron.api.rpc.agentnotifiers.dhcp_rpc_agent_api.DhcpAgentNotifyAPI._native_event_send_dhcp_notification-4080887', 'neutron.db.l3_dvrscheduler_db._notify_l3_agent_new_port-8734979479592', 'neutron.services.segments.plugin.NovaSegmentNotifier._notify_port_created_or_deleted-26136391'] for port (aeb74774-ad63-4c8d-a5f8-e4a17942cb10), after_create {{(pid=105199) _notify_loop /usr/local/lib/python3.8/dist-packages/neutron_lib/callbacks/manager.py:176}}
May 23 17:36:43.519786 dv-neutron-839671-6-hyperv neutron-server[105200]: DEBUG neutron.notifiers.nova [None req-35dea321-8b2a-40a6-bf17-b34b50c467b6 tempest-PortsAdminExtendedAttrsTestJSON-373200640 tempest-PortsAdminExtendedAttrsTestJSON-373200640-project-admin] device_id is not set on port a1559df4-63ce-4817-9ad8-da5848359cbb yet. {{(pid=105200) _can_notify /opt/stack/neutron/neutron/notifiers/nova.py:199}}
May 23 17:36:43.546044 dv-neutron-839671-6-hyperv neutron-server[105199]: DEBUG neutron.wsgi [-] (105199) accepted ('10.222.0.35', 54948) {{(pid=105199) server /usr/local/lib/python3.8/dist-packages/eventlet/wsgi.py:1004}}
May 23 17:36:43.598680 dv-neutron-839671-6-hyperv neutron-server[105202]: DEBUG neutron.db.l3_hamode_db [None req-c98d0b50-067e-44d9-92c2-42a521b70e25 None None] neutron.services.l3_router.l3_router_plugin.L3RouterPlugin method _process_sync_ha_data called with arguments (, [], 'dv-neutron-839671-6-hyperv', False) {} {{(pid=105202) wrapper /usr/local/lib/python3.8/dist-packages/oslo_log/helpers.py:65}}
May 23 17:36:43.612104 dv-neutron-839671-6-hyperv neutron-server[105202]: DEBUG neutron.db.l3_dvrscheduler_db [None req-c98d0b50-067e-44d9-92c2-42a521b70e25 None None] Routers {'9ad74152-490a-4e29-9e08-88080147a5ea'} bound to L3 agent in host dv-neutron-839671-6-hyperv {{(pid=105202) _get_router_ids_for_agent /opt/stack/neutron/neutron/db/l3_dvrscheduler_db.py:421}}
May 23 17:36:43.613050 dv-neutron-839671-6-hyperv neutron-server[105202]: DEBUG neutron.db.l3_hamode_db [None req-c98d0b50-067e-44d9-92c2-42a521b70e25 None None] neutron.services.l3_router.l3_router_plugin.L3RouterPlugin method get_ha_sync_data_for_host called with arguments (, 'dv-neutron-839671-6-hyperv', Agent(admin_state_up=True,agent_type='L3 agent',availability_zone='nova',binary='neutron-l3-agent',configurations={"agent_mode": "legacy", "ex_gw_ports": 4, "extensions": [], "floating_ips": 0, "handle_internal_only_routers": true, "interface_driver": "openvswitch", "interfaces": 2, "log_agent_heartbeats": false, "routers": 4},created_at=2022-05-23T17:27:56Z,description=,heartbeat_timestamp=2022-05-23T17:36:26Z,host='dv-neutron-839671-6-hyperv',id=efa4a71d-455a-4666-8fb5-e1c69d035fdd,load=0,resource_versions=,resources_synced=,started_at=2022-05-23T17:27:57Z,topic='l3_agent')) {'router_ids': ['9ad74152-490a-4e29-9e08-88080147a5ea'], 'active': True} {{(pid=105202) wrapper /usr/local/lib/python3.8/dist-packages/oslo_log/helpers.py:65}}
May 23 17:36:43.624643 dv-neutron-839671-6-hyperv neutron-server[105200]: DEBUG neutron.services.segments.db [None req-11b47ff7-0871-4d1e-af20-de759fca24b0 tempest-ExternalNetworksTestJSON-1443837330 tempest-ExternalNetworksTestJSON-1443837330-project] neutron.services.segments.plugin.Plugin method get_segments called with arguments (,) {'filters': {'network_id': ['3ca96be2-cbfe-4310-870d-f1e42669d979']}} {{(pid=105200) wrapper /usr/local/lib/python3.8/dist-packages/oslo_log/helpers.py:65}}
May 23 17:36:43.653478 dv-neutron-839671-6-hyperv neutron-server[105200]: DEBUG neutron.services.segments.db [None req-11b47ff7-0871-4d1e-af20-de759fca24b0 tempest-ExternalNetworksTestJSON-1443837330 tempest-ExternalNetworksTestJSON-1443837330-project] neutron.services.segments.plugin.Plugin method delete_segment called with arguments (, 'b0e1f7c2-c677-444f-990f-95c7e7c0ff31') {'for_net_delete': True} {{(pid=105200) wrapper /usr/local/lib/python3.8/dist-packages/oslo_log/helpers.py:65}}
May 23 17:36:43.655073 dv-neutron-839671-6-hyperv neutron-server[105200]: DEBUG neutron.services.segments.db [None req-11b47ff7-0871-4d1e-af20-de759fca24b0 tempest-ExternalNetworksTestJSON-1443837330 tempest-ExternalNetworksTestJSON-1443837330-project] neutron.services.segments.plugin.Plugin method get_segment called with arguments (, 'b0e1f7c2-c677-444f-990f-95c7e7c0ff31') {} {{(pid=105200) wrapper /usr/local/lib/python3.8/dist-packages/oslo_log/helpers.py:65}}
May 23 17:36:43.656142 dv-neutron-839671-6-hyperv neutron-server[105202]: DEBUG neutron.db.l3_hamode_db [None req-c98d0b50-067e-44d9-92c2-42a521b70e25 None None] neutron.services.l3_router.l3_router_plugin.L3RouterPlugin method _process_sync_ha_data called with arguments (, [], 'dv-neutron-839671-6-hyperv', False) {} {{(pid=105202) wrapper /usr/local/lib/python3.8/dist-packages/oslo_log/helpers.py:65}}
May 23 17:36:43.657382 dv-neutron-839671-6-hyperv neutron-server[105202]: DEBUG neutron.api.rpc.handlers.l3_rpc [None req-c98d0b50-067e-44d9-92c2-42a521b70e25 None None] The sync data for ids ['9ad74152-490a-4e29-9e08-88080147a5ea'] in dv-neutron-839671-6-hyperv is: [] {{(pid=105202) sync_routers /opt/stack/neutron/neutron/api/rpc/handlers/l3_rpc.py:137}}
May 23 17:36:43.679139 dv-neutron-839671-6-hyperv neutron-server[105200]: DEBUG neutron_lib.callbacks.manager [None req-11b47ff7-0871-4d1e-af20-de759fca24b0 tempest-ExternalNetworksTestJSON-1443837330 tempest-ExternalNetworksTestJSON-1443837330-project] Publish callbacks ['neutron.plugins.ml2.db._prevent_segment_delete_with_port_bound-8734979958640', 'neutron.services.segments.plugin.Plugin._prevent_segment_delete_with_subnet_associated-26446114'] for segment (b0e1f7c2-c677-444f-990f-95c7e7c0ff31), before_delete {{(pid=105200) _notify_loop /usr/local/lib/python3.8/dist-packages/neutron_lib/callbacks/manager.py:176}}
May 23 17:36:43.723154 dv-neutron-839671-6-hyperv neutron-server[105200]: DEBUG neutron.pecan_wsgi.hooks.quota_enforcement [None req-b1a19888-9345-4d33-907a-79ae35417e30 tempest-FloatingIPNegativeTestJSON-1068780701 tempest-FloatingIPNegativeTestJSON-1068780701-project] Made reservation on behalf of 6ab2d2d2bbf54b38a8c36f2e90e15790 for: {'port': 1} {{(pid=105200) before /opt/stack/neutron/neutron/pecan_wsgi/hooks/quota_enforcement.py:53}}
May 23 17:36:43.726563 dv-neutron-839671-6-hyperv neutron-server[105200]: DEBUG neutron_lib.callbacks.manager [None req-b1a19888-9345-4d33-907a-79ae35417e30 tempest-FloatingIPNegativeTestJSON-1068780701 tempest-FloatingIPNegativeTestJSON-1068780701-project] Publish callbacks ['neutron.plugins.ml2.plugin.SecurityGroupDbMixin._ensure_default_security_group_handler-586958'] for port (None), before_create {{(pid=105200) _notify_loop /usr/local/lib/python3.8/dist-packages/neutron_lib/callbacks/manager.py:176}}
May 23 17:36:43.752981 dv-neutron-839671-6-hyperv neutron-server[105200]: DEBUG neutron_lib.callbacks.manager [None req-11b47ff7-0871-4d1e-af20-de759fca24b0 tempest-ExternalNetworksTestJSON-1443837330 tempest-ExternalNetworksTestJSON-1443837330-project] Publish callbacks ['neutron.plugins.ml2.plugin.Ml2Plugin._handle_segment_change-3606952'] for segment (b0e1f7c2-c677-444f-990f-95c7e7c0ff31), precommit_delete {{(pid=105200) _notify_loop /usr/local/lib/python3.8/dist-packages/neutron_lib/callbacks/manager.py:176}}
May 23 17:36:43.759252 dv-neutron-839671-6-hyperv neutron-server[105200]: DEBUG neutron_lib.callbacks.manager [None req-77ce3a5a-d26f-4f1b-8448-5b9608f36060 tempest-RoutersTestDVR-1715307085 tempest-RoutersTestDVR-1715307085-project-admin] Publish callbacks ['neutron.services.l3_router.l3_router_plugin.L3_HA_NAT_db_mixin._before_router_create_handler-3777858', 'neutron.services.l3_router.service_providers.driver_controller.DriverController._check_router_request-7693'] for router (6088fbca-bcab-4e9e-80aa-a0e8c743676d), before_create {{(pid=105200) _notify_loop /usr/local/lib/python3.8/dist-packages/neutron_lib/callbacks/manager.py:176}}
May 23 17:36:43.760414 dv-neutron-839671-6-hyperv neutron-server[105200]: DEBUG neutron_lib.callbacks.manager [None req-77ce3a5a-d26f-4f1b-8448-5b9608f36060 tempest-RoutersTestDVR-1715307085 tempest-RoutersTestDVR-1715307085-project-admin] Publish callbacks ['neutron.services.l3_router.l3_router_plugin.L3_HA_NAT_db_mixin._precommit_router_create-3774674', 'neutron.services.l3_router.l3_router_plugin.DVRResourceOperationHandler._set_distributed_flag-3779394', 'neutron.services.l3_router.l3_router_plugin.RouterAvailabilityZoneMixin._process_az_request-300088', 'neutron.services.l3_router.service_providers.driver_controller.DriverController._set_router_provider-7686'] for router (6088fbca-bcab-4e9e-80aa-a0e8c743676d), precommit_create {{(pid=105200) _notify_loop /usr/local/lib/python3.8/dist-packages/neutron_lib/callbacks/manager.py:176}}
May 23 17:36:43.772729 dv-neutron-839671-6-hyperv neutron-server[105200]: DEBUG neutron.plugins.ml2.drivers.type_vlan [None req-11b47ff7-0871-4d1e-af20-de759fca24b0 tempest-ExternalNetworksTestJSON-1443837330 tempest-ExternalNetworksTestJSON-1443837330-project] Releasing vlan 352 on physical network physnet1 to pool {{(pid=105200) release_segment /opt/stack/neutron/neutron/plugins/ml2/drivers/type_vlan.py:304}}
May 23 17:36:43.773179 dv-neutron-839671-6-hyperv neutron-server[105200]: DEBUG neutron_lib.callbacks.manager [None req-11b47ff7-0871-4d1e-af20-de759fca24b0 tempest-ExternalNetworksTestJSON-1443837330 tempest-ExternalNetworksTestJSON-1443837330-project] Publish callbacks ['neutron.plugins.ml2.plugin.Ml2Plugin._handle_segment_change-3606952', 'neutron.services.segments.plugin.NovaSegmentNotifier._notify_segment_deleted-26200039'] for segment (b0e1f7c2-c677-444f-990f-95c7e7c0ff31), after_delete {{(pid=105200) _notify_loop /usr/local/lib/python3.8/dist-packages/neutron_lib/callbacks/manager.py:176}}
May 23 17:36:43.810627 dv-neutron-839671-6-hyperv neutron-server[105199]: DEBUG neutron_lib.callbacks.manager [req-f656a2b2-db0f-4082-8253-ee2b8e920e3d req-c27842b0-e064-45be-abe3-97e6c2719d57 tempest-ServersTestJSON-471157744 tempest-ServersTestJSON-471157744-project] Publish callbacks ['neutron.plugins.ml2.plugin.SecurityGroupServerNotifierRpcMixin._notify_sg_on_port_change-583796', 'neutron.plugins.ml2.ovo_rpc._ObjectChangeHandler.handle_event-4143200', 'neutron.api.rpc.agentnotifiers.dhcp_rpc_agent_api.DhcpAgentNotifyAPI._native_event_send_dhcp_notification-4080887', 'neutron.db.l3_dvrscheduler_db._notify_l3_agent_new_port-8734979479592', 'neutron.services.segments.plugin.NovaSegmentNotifier._notify_port_created_or_deleted-26136391'] for port (e2af0099-ba56-4c6f-85b1-09521c5c2fa8), after_create {{(pid=105199) _notify_loop /usr/local/lib/python3.8/dist-packages/neutron_lib/callbacks/manager.py:176}}
May 23 17:36:43.855789 dv-neutron-839671-6-hyperv neutron-server[105200]: INFO neutron.services.segments.plugin [-] Segment b0e1f7c2-c677-444f-990f-95c7e7c0ff31 resource provider aggregate not found
May 23 17:36:43.861511 dv-neutron-839671-6-hyperv neutron-server[105200]: DEBUG neutron.notifiers.nova [None req-b1a19888-9345-4d33-907a-79ae35417e30 tempest-FloatingIPNegativeTestJSON-1068780701 tempest-FloatingIPNegativeTestJSON-1068780701-project] device_id is not set on port ad0ab856-17f4-4d02-ab55-8a73317ab23d yet. {{(pid=105200) _can_notify /opt/stack/neutron/neutron/notifiers/nova.py:199}}
May 23 17:36:43.888329 dv-neutron-839671-6-hyperv neutron-server[105199]: DEBUG neutron.api.rpc.handlers.resources_rpc [None req-1633cdb3-9e7f-4f1f-9929-b4271072e8b5 tempest-FloatingIPAdminTestJSON-86389060 tempest-FloatingIPAdminTestJSON-86389060-project] Pushing event updated for resources: {'Port': ['ID=aeb74774-ad63-4c8d-a5f8-e4a17942cb10,revision_number=1']} {{(pid=105199) push /opt/stack/neutron/neutron/api/rpc/handlers/resources_rpc.py:237}}
May 23 17:36:43.932125 dv-neutron-839671-6-hyperv neutron-server[105200]: DEBUG neutron.wsgi [-] (105200) accepted ('10.222.0.35', 54949) {{(pid=105200) server /usr/local/lib/python3.8/dist-packages/eventlet/wsgi.py:1004}}
May 23 17:36:43.954476 dv-neutron-839671-6-hyperv neutron-server[105200]: INFO neutron.services.segments.plugin [-] Segment b0e1f7c2-c677-444f-990f-95c7e7c0ff31 resource provider not found; error: Placement Client Error (4xx): {"errors": [{"status": 404, "title": "Not Found", "detail": "The resource could not be found.\n\n No resource provider with uuid b0e1f7c2-c677-444f-990f-95c7e7c0ff31 found for delete ", "request_id": "req-8791d59a-4b88-415d-8a34-7d19a91b2b81"}]}
May 23 17:36:43.970133 dv-neutron-839671-6-hyperv neutron-server[105199]: DEBUG neutron.scheduler.dhcp_agent_scheduler [req-f656a2b2-db0f-4082-8253-ee2b8e920e3d req-c27842b0-e064-45be-abe3-97e6c2719d57 tempest-ServersTestJSON-471157744 tempest-ServersTestJSON-471157744-project] Network d132d104-c878-479d-9dbc-19f540abbfa3 is already hosted by enough agents. {{(pid=105199) _get_dhcp_agents_hosting_network /opt/stack/neutron/neutron/scheduler/dhcp_agent_scheduler.py:275}}
May 23 17:36:43.978185 dv-neutron-839671-6-hyperv neutron-server[105199]: DEBUG neutron.scheduler.dhcp_agent_scheduler [None req-1633cdb3-9e7f-4f1f-9929-b4271072e8b5 tempest-FloatingIPAdminTestJSON-86389060 tempest-FloatingIPAdminTestJSON-86389060-project] Network 095d61c7-d21e-45ff-9931-6dd4811dec84 is already hosted by enough agents. {{(pid=105199) _get_dhcp_agents_hosting_network /opt/stack/neutron/neutron/scheduler/dhcp_agent_scheduler.py:275}}
May 23 17:36:43.982819 dv-neutron-839671-6-hyperv neutron-server[105199]: DEBUG neutron.scheduler.base_scheduler [req-f656a2b2-db0f-4082-8253-ee2b8e920e3d req-c27842b0-e064-45be-abe3-97e6c2719d57 tempest-ServersTestJSON-471157744 tempest-ServersTestJSON-471157744-project] Resources bound (agent type, host, resource id): {{(pid=105199) schedule /opt/stack/neutron/neutron/scheduler/base_scheduler.py:57}}
May 23 17:36:43.985491 dv-neutron-839671-6-hyperv neutron-server[105199]: DEBUG neutron.api.rpc.handlers.resources_rpc [None req-c27842b0-e064-45be-abe3-97e6c2719d57 tempest-ServersTestJSON-471157744 tempest-ServersTestJSON-471157744-project] Pushing event updated for resources: {'Port': ['ID=e2af0099-ba56-4c6f-85b1-09521c5c2fa8,revision_number=1']} {{(pid=105199) push /opt/stack/neutron/neutron/api/rpc/handlers/resources_rpc.py:237}}
May 23 17:36:43.987838 dv-neutron-839671-6-hyperv neutron-server[105199]: DEBUG neutron.db.l3_dvrscheduler_db [req-f656a2b2-db0f-4082-8253-ee2b8e920e3d req-c27842b0-e064-45be-abe3-97e6c2719d57 tempest-ServersTestJSON-471157744 tempest-ServersTestJSON-471157744-project] Received port after_create {{(pid=105199) _notify_l3_agent_new_port /opt/stack/neutron/neutron/db/l3_dvrscheduler_db.py:536}}
May 23 17:36:43.994672 dv-neutron-839671-6-hyperv neutron-server[105199]: DEBUG neutron.scheduler.base_scheduler [None req-1633cdb3-9e7f-4f1f-9929-b4271072e8b5 tempest-FloatingIPAdminTestJSON-86389060 tempest-FloatingIPAdminTestJSON-86389060-project] Resources bound (agent type, host, resource id): {{(pid=105199) schedule /opt/stack/neutron/neutron/scheduler/base_scheduler.py:57}}
May 23 17:36:44.002269 dv-neutron-839671-6-hyperv neutron-server[105199]: DEBUG neutron.db.l3_dvrscheduler_db [None req-1633cdb3-9e7f-4f1f-9929-b4271072e8b5 tempest-FloatingIPAdminTestJSON-86389060 tempest-FloatingIPAdminTestJSON-86389060-project] Received port after_create {{(pid=105199) _notify_l3_agent_new_port /opt/stack/neutron/neutron/db/l3_dvrscheduler_db.py:536}}
May 23 17:36:44.183363 dv-neutron-839671-6-hyperv neutron-server[105199]: DEBUG dbcounter [-] [105199] Writing DB stats neutron:SELECT=96,neutron:DELETE=2,neutron:UPDATE=2 {{(pid=105199) stat_writer /usr/local/lib/python3.8/dist-packages/dbcounter.py:114}}
May 23 17:36:44.198303 dv-neutron-839671-6-hyperv neutron-server[105199]: DEBUG neutron.pecan_wsgi.hooks.policy_enforcement [req-f656a2b2-db0f-4082-8253-ee2b8e920e3d req-c27842b0-e064-45be-abe3-97e6c2719d57 tempest-ServersTestJSON-471157744 tempest-ServersTestJSON-471157744-project] Attributes excluded by policy engine: ['standard_attr_id', 'binding:profile', 'binding:host_id', 'binding:vif_type', 'binding:vif_details', 'network'] {{(pid=105199) _exclude_attributes_by_policy /opt/stack/neutron/neutron/pecan_wsgi/hooks/policy_enforcement.py:259}}
May 23 17:36:44.198974 dv-neutron-839671-6-hyperv neutron-server[105199]: DEBUG neutron_lib.callbacks.manager [req-f656a2b2-db0f-4082-8253-ee2b8e920e3d req-c27842b0-e064-45be-abe3-97e6c2719d57 tempest-ServersTestJSON-471157744 tempest-ServersTestJSON-471157744-project] Publish callbacks ['neutron.notifiers.nova.Notifier._send_nova_notification-806'] for port (None), before_response {{(pid=105199) _notify_loop /usr/local/lib/python3.8/dist-packages/neutron_lib/callbacks/manager.py:176}}
May 23 17:36:44.229776 dv-neutron-839671-6-hyperv neutron-server[105199]: DEBUG neutron.pecan_wsgi.hooks.policy_enforcement [req-4362ba70-ef7e-4ada-afcb-4b1312d05414 req-39689dcc-6cc3-475e-a78a-54bf30c3aa2c tempest-ServerActionsTestJSON-1503843257 tempest-ServerActionsTestJSON-1503843257-project] Attributes excluded by policy engine: ['standard_attr_id', 'vlan_transparent', 'provider:network_type', 'provider:physical_network', 'provider:segmentation_id'] {{(pid=105199) _exclude_attributes_by_policy /opt/stack/neutron/neutron/pecan_wsgi/hooks/policy_enforcement.py:259}}
May 23 17:36:44.237397 dv-neutron-839671-6-hyperv neutron-server[105199]: INFO neutron.wsgi [req-4362ba70-ef7e-4ada-afcb-4b1312d05414 req-39689dcc-6cc3-475e-a78a-54bf30c3aa2c tempest-ServerActionsTestJSON-1503843257 tempest-ServerActionsTestJSON-1503843257-project] 10.222.0.35 "GET /v2.0/networks?id=c374cbae-0622-48de-beca-87d2a9784456 HTTP/1.1" status: 200 len: 812 time: 0.5414555
May 23 17:36:44.294930 dv-neutron-839671-6-hyperv neutron-server[105199]: DEBUG neutron.pecan_wsgi.hooks.policy_enforcement [None req-1633cdb3-9e7f-4f1f-9929-b4271072e8b5 tempest-FloatingIPAdminTestJSON-86389060 tempest-FloatingIPAdminTestJSON-86389060-project] Attributes excluded by policy engine: ['standard_attr_id', 'binding:profile', 'binding:host_id', 'binding:vif_type', 'binding:vif_details', 'network'] {{(pid=105199) _exclude_attributes_by_policy /opt/stack/neutron/neutron/pecan_wsgi/hooks/policy_enforcement.py:259}}
May 23 17:36:44.295149 dv-neutron-839671-6-hyperv neutron-server[105200]: DEBUG neutron_lib.callbacks.manager [None req-11b47ff7-0871-4d1e-af20-de759fca24b0 tempest-ExternalNetworksTestJSON-1443837330 tempest-ExternalNetworksTestJSON-1443837330-project] Publish callbacks ['neutron.plugins.ml2.plugin.Ml2Plugin._network_delete_after_delete_handler-3606325', 'neutron.plugins.ml2.ovo_rpc._ObjectChangeHandler.handle_event-3742676', 'neutron.api.rpc.agentnotifiers.dhcp_rpc_agent_api.DhcpAgentNotifyAPI._native_event_send_dhcp_notification-4080887', 'neutron.services.l3_router.l3_router_plugin.DVRResourceOperationHandler.delete_fip_namespaces_for_ext_net-3780059'] for network (3ca96be2-cbfe-4310-870d-f1e42669d979), after_delete {{(pid=105200) _notify_loop /usr/local/lib/python3.8/dist-packages/neutron_lib/callbacks/manager.py:176}}
May 23 17:36:44.296783 dv-neutron-839671-6-hyperv neutron-server[105199]: DEBUG neutron_lib.callbacks.manager [None req-1633cdb3-9e7f-4f1f-9929-b4271072e8b5 tempest-FloatingIPAdminTestJSON-86389060 tempest-FloatingIPAdminTestJSON-86389060-project] Publish callbacks ['neutron.notifiers.nova.Notifier._send_nova_notification-806'] for port (None), before_response {{(pid=105199) _notify_loop /usr/local/lib/python3.8/dist-packages/neutron_lib/callbacks/manager.py:176}}
May 23 17:36:44.398383 dv-neutron-839671-6-hyperv neutron-server[105200]: DEBUG dbcounter [-] [105200] Writing DB stats neutron:SELECT=83,neutron:DELETE=7,neutron:INSERT=6,neutron:UPDATE=4 {{(pid=105200) stat_writer /usr/local/lib/python3.8/dist-packages/dbcounter.py:114}}
May 23 17:36:44.434080 dv-neutron-839671-6-hyperv neutron-server[105199]: INFO neutron.wsgi [None req-1633cdb3-9e7f-4f1f-9929-b4271072e8b5 tempest-FloatingIPAdminTestJSON-86389060 tempest-FloatingIPAdminTestJSON-86389060-project] 10.222.0.43 "POST /v2.0/ports HTTP/1.1" status: 201 len: 933 time: 4.5100799
May 23 17:36:44.436804 dv-neutron-839671-6-hyperv neutron-server[105199]: DEBUG neutron.wsgi [-] (105199) accepted ('10.222.0.43', 55760) {{(pid=105199) server /usr/local/lib/python3.8/dist-packages/eventlet/wsgi.py:1004}}
May 23 17:36:44.472954 dv-neutron-839671-6-hyperv neutron-server[105200]: DEBUG neutron_lib.callbacks.manager [None req-11b47ff7-0871-4d1e-af20-de759fca24b0 tempest-ExternalNetworksTestJSON-1443837330 tempest-ExternalNetworksTestJSON-1443837330-project] Publish callbacks [] for network (None), before_response {{(pid=105200) _notify_loop /usr/local/lib/python3.8/dist-packages/neutron_lib/callbacks/manager.py:176}}
May 23 17:36:44.476208 dv-neutron-839671-6-hyperv neutron-server[105200]: INFO neutron.wsgi [None req-11b47ff7-0871-4d1e-af20-de759fca24b0 tempest-ExternalNetworksTestJSON-1443837330 tempest-ExternalNetworksTestJSON-1443837330-project] 10.222.0.43 "DELETE /v2.0/networks/3ca96be2-cbfe-4310-870d-f1e42669d979 HTTP/1.1" status: 204 len: 168 time: 1.7450817
May 23 17:36:44.483755 dv-neutron-839671-6-hyperv neutron-server[105199]: INFO neutron.wsgi [req-f656a2b2-db0f-4082-8253-ee2b8e920e3d req-c27842b0-e064-45be-abe3-97e6c2719d57 tempest-ServersTestJSON-471157744 tempest-ServersTestJSON-471157744-project] 10.222.0.35 "POST /v2.0/ports HTTP/1.1" status: 201 len: 934 time: 3.5044594
May 23 17:36:44.520757 dv-neutron-839671-6-hyperv neutron-server[105199]: DEBUG neutron.wsgi [req-f656a2b2-db0f-4082-8253-ee2b8e920e3d req-2fb22fe9-fd1c-4472-b8a6-722b137b5f63 tempest-ServersTestJSON-471157744 tempest-ServersTestJSON-471157744-project] http://10.222.0.43:9696/v2.0/extensions returned with HTTP 200 {{(pid=105199) __call__ /opt/stack/neutron/neutron/wsgi.py:730}}
May 23 17:36:44.522096 dv-neutron-839671-6-hyperv neutron-server[105199]: INFO neutron.wsgi [req-f656a2b2-db0f-4082-8253-ee2b8e920e3d req-2fb22fe9-fd1c-4472-b8a6-722b137b5f63 tempest-ServersTestJSON-471157744 tempest-ServersTestJSON-471157744-project] 10.222.0.35 "GET /v2.0/extensions HTTP/1.1" status: 200 len: 14320 time: 0.0059607
May 23 17:36:44.536349 dv-neutron-839671-6-hyperv neutron-server[105199]: DEBUG dbcounter [-] [105199] Writing DB stats neutron:SELECT=100 {{(pid=105199) stat_writer /usr/local/lib/python3.8/dist-packages/dbcounter.py:114}}
May 23 17:36:44.563862 dv-neutron-839671-6-hyperv neutron-server[105200]: DEBUG neutron_lib.callbacks.manager [None req-35dea321-8b2a-40a6-bf17-b34b50c467b6 tempest-PortsAdminExtendedAttrsTestJSON-373200640 tempest-PortsAdminExtendedAttrsTestJSON-373200640-project-admin] Publish callbacks [] for port (a1559df4-63ce-4817-9ad8-da5848359cbb), precommit_create {{(pid=105200) _notify_loop /usr/local/lib/python3.8/dist-packages/neutron_lib/callbacks/manager.py:176}}
May 23 17:36:44.581582 dv-neutron-839671-6-hyperv neutron-server[105201]: DEBUG neutron.db.provisioning_blocks [None req-f5f5bc6f-c800-4554-b2ab-6ef8df20900f None None] Provisioning complete for port e2af0099-ba56-4c6f-85b1-09521c5c2fa8 triggered by entity DHCP. {{(pid=105201) provisioning_complete /opt/stack/neutron/neutron/db/provisioning_blocks.py:145}}
May 23 17:36:44.582577 dv-neutron-839671-6-hyperv neutron-server[105201]: DEBUG neutron_lib.callbacks.manager [None req-f5f5bc6f-c800-4554-b2ab-6ef8df20900f None None] Publish callbacks ['neutron.plugins.ml2.plugin.Ml2Plugin._port_provisioned-638811'] for port (e2af0099-ba56-4c6f-85b1-09521c5c2fa8), provisioning_complete {{(pid=105201) _notify_loop /usr/local/lib/python3.8/dist-packages/neutron_lib/callbacks/manager.py:176}}
May 23 17:36:44.590866 dv-neutron-839671-6-hyperv neutron-server[105200]: INFO neutron.wsgi [req-49fd41c8-4d16-4278-9e4a-538fd3c52ca7 req-5d8b8675-f182-4bc7-882c-f548d5b066a8 tempest-ServersTestManualDisk-1488067835 tempest-ServersTestManualDisk-1488067835-project] 10.222.0.43 "GET /v2.0/ports?device_id=6af5b567-9b88-4874-a8db-e6a44a3902b1 HTTP/1.1" status: 200 len: 210 time: 0.2992327
May 23 17:36:44.627904 dv-neutron-839671-6-hyperv neutron-server[105200]: DEBUG neutron.api.rpc.handlers.resources_rpc [None req-11b47ff7-0871-4d1e-af20-de759fca24b0 tempest-ExternalNetworksTestJSON-1443837330 tempest-ExternalNetworksTestJSON-1443837330-project] Pushing event deleted for resources: {'Network': ['ID=3ca96be2-cbfe-4310-870d-f1e42669d979,revision_number=None']} {{(pid=105200) push /opt/stack/neutron/neutron/api/rpc/handlers/resources_rpc.py:237}}
May 23 17:36:44.633191 dv-neutron-839671-6-hyperv neutron-server[105199]: INFO neutron.wsgi [req-4362ba70-ef7e-4ada-afcb-4b1312d05414 req-44613992-6605-4c66-84f7-e45f59868558 tempest-ServerActionsTestJSON-1503843257 tempest-ServerActionsTestJSON-1503843257-project] 10.222.0.35 "GET /v2.0/security-groups?fields=id&fields=name&tenant_id=d5c2a0c9385a4b22b07d2c14df182ed0 HTTP/1.1" status: 200 len: 380 time: 0.2885218
May 23 17:36:44.634150 dv-neutron-839671-6-hyperv neutron-server[105200]: DEBUG neutron_lib.callbacks.manager [None req-77ce3a5a-d26f-4f1b-8448-5b9608f36060 tempest-RoutersTestDVR-1715307085 tempest-RoutersTestDVR-1715307085-project-admin] Publish callbacks [] for router_controller (6088fbca-bcab-4e9e-80aa-a0e8c743676d), precommit_add_association {{(pid=105200) _notify_loop /usr/local/lib/python3.8/dist-packages/neutron_lib/callbacks/manager.py:176}}
May 23 17:36:44.657773 dv-neutron-839671-6-hyperv neutron-server[105199]: DEBUG neutron.pecan_wsgi.hooks.policy_enforcement [req-71dc02b9-bb74-4129-bcbd-02cc6fc01f74 req-d00c33f7-aec3-470c-8da2-5cbe5da3f1b0 tempest-ServersTestJSON-471157744 tempest-ServersTestJSON-471157744-project] Attributes excluded by policy engine: ['standard_attr_id', 'binding:profile', 'binding:host_id', 'binding:vif_type', 'binding:vif_details'] {{(pid=105199) _exclude_attributes_by_policy /opt/stack/neutron/neutron/pecan_wsgi/hooks/policy_enforcement.py:259}}
May 23 17:36:44.662883 dv-neutron-839671-6-hyperv neutron-server[105201]: DEBUG neutron.plugins.ml2.plugin [None req-f5f5bc6f-c800-4554-b2ab-6ef8df20900f None None] Port e2af0099-ba56-4c6f-85b1-09521c5c2fa8 cannot update to ACTIVE because it is not bound. {{(pid=105201) _port_provisioned /opt/stack/neutron/neutron/plugins/ml2/plugin.py:352}}
May 23 17:36:44.663916 dv-neutron-839671-6-hyperv neutron-server[105199]: INFO neutron.wsgi [req-71dc02b9-bb74-4129-bcbd-02cc6fc01f74 req-d00c33f7-aec3-470c-8da2-5cbe5da3f1b0 tempest-ServersTestJSON-471157744 tempest-ServersTestJSON-471157744-project] 10.222.0.43 "GET /v2.0/ports?device_id=4a487ba5-7ac8-451f-bda3-ff417064a0ac HTTP/1.1" status: 200 len: 932 time: 0.2049980
May 23 17:36:44.729327 dv-neutron-839671-6-hyperv neutron-server[105200]: DEBUG neutron_lib.callbacks.manager [None req-77ce3a5a-d26f-4f1b-8448-5b9608f36060 tempest-RoutersTestDVR-1715307085 tempest-RoutersTestDVR-1715307085-project-admin] Publish callbacks ['neutron.services.l3_router.l3_router_plugin.L3_HA_NAT_db_mixin._after_router_create-3774683', 'neutron.services.l3_router.l3_router_plugin.DVRResourceOperationHandler._create_snat_interfaces_after_change-3779351'] for router (6088fbca-bcab-4e9e-80aa-a0e8c743676d), after_create {{(pid=105200) _notify_loop /usr/local/lib/python3.8/dist-packages/neutron_lib/callbacks/manager.py:176}}
May 23 17:36:44.781083 dv-neutron-839671-6-hyperv neutron-server[105199]: DEBUG neutron.api.v2.base [req-4362ba70-ef7e-4ada-afcb-4b1312d05414 req-89126c6b-4552-4351-ab81-f577b36b3701 tempest-ServerActionsTestJSON-1503843257 tempest-ServerActionsTestJSON-1503843257-project] Request body: {'port': {'device_id': '8af61a01-9742-4fa8-8822-7f8139a26b89', 'network_id': 'c374cbae-0622-48de-beca-87d2a9784456', 'admin_state_up': True, 'tenant_id': 'd5c2a0c9385a4b22b07d2c14df182ed0', 'security_groups': ['1ac538b7-45dd-4ef4-9b99-364f6ac8dacb']}} {{(pid=105199) prepare_request_body /opt/stack/neutron/neutron/api/v2/base.py:730}}
May 23 17:36:44.794097 dv-neutron-839671-6-hyperv neutron-server[105201]: DEBUG neutron.db.provisioning_blocks [None req-daac6a2d-5652-4dfe-a4ba-6253ea1bb251 None None] Provisioning complete for port aeb74774-ad63-4c8d-a5f8-e4a17942cb10 triggered by entity DHCP. {{(pid=105201) provisioning_complete /opt/stack/neutron/neutron/db/provisioning_blocks.py:145}}
May 23 17:36:44.794805 dv-neutron-839671-6-hyperv neutron-server[105201]: DEBUG neutron_lib.callbacks.manager [None req-daac6a2d-5652-4dfe-a4ba-6253ea1bb251 None None] Publish callbacks ['neutron.plugins.ml2.plugin.Ml2Plugin._port_provisioned-638811'] for port (aeb74774-ad63-4c8d-a5f8-e4a17942cb10), provisioning_complete {{(pid=105201) _notify_loop /usr/local/lib/python3.8/dist-packages/neutron_lib/callbacks/manager.py:176}}
May 23 17:36:44.799113 dv-neutron-839671-6-hyperv neutron-server[105199]: DEBUG neutron.api.v2.base [None req-5550d1d4-fad7-4004-9598-d89e814d0da6 tempest-FloatingIPAdminTestJSON-1197818608 tempest-FloatingIPAdminTestJSON-1197818608-project-admin] Request body: {'floatingip': {'floating_network_id': 'e8e2b830-3292-4e2c-b840-c9bb9697ac9c', 'project_id': 'b01c0f9d7a804cf0ac390165fb8c0a45', 'port_id': 'aeb74774-ad63-4c8d-a5f8-e4a17942cb10'}} {{(pid=105199) prepare_request_body /opt/stack/neutron/neutron/api/v2/base.py:730}}
May 23 17:36:44.822790 dv-neutron-839671-6-hyperv neutron-server[105200]: DEBUG neutron.pecan_wsgi.hooks.policy_enforcement [req-faee3594-29ad-4a59-a05b-98e76cd9c81b req-0fac55bb-bded-4f0c-9e09-cac27dfe0c7b tempest-ServersTestManualDisk-1488067835 tempest-ServersTestManualDisk-1488067835-project] Attributes excluded by policy engine: ['standard_attr_id', 'vlan_transparent', 'provider:network_type', 'provider:physical_network', 'provider:segmentation_id'] {{(pid=105200) _exclude_attributes_by_policy /opt/stack/neutron/neutron/pecan_wsgi/hooks/policy_enforcement.py:259}}
May 23 17:36:44.824741 dv-neutron-839671-6-hyperv neutron-server[105200]: INFO neutron.wsgi [req-faee3594-29ad-4a59-a05b-98e76cd9c81b req-0fac55bb-bded-4f0c-9e09-cac27dfe0c7b tempest-ServersTestManualDisk-1488067835 tempest-ServersTestManualDisk-1488067835-project] 10.222.0.35 "GET /v2.0/networks?id=846a5f6b-ecc2-4aba-947f-145dfff2abeb HTTP/1.1" status: 200 len: 810 time: 0.8792138
May 23 17:36:44.859515 dv-neutron-839671-6-hyperv neutron-server[105200]: DEBUG neutron.db.db_base_plugin_common [None req-b1a19888-9345-4d33-907a-79ae35417e30 tempest-FloatingIPNegativeTestJSON-1068780701 tempest-FloatingIPNegativeTestJSON-1068780701-project] Allocated IP 172.20.0.6 (c0b8e658-bd27-4116-a55d-27a874228d47/7bf0f67b-b80b-4cf0-b075-3478fd6b2a6a/ad0ab856-17f4-4d02-ab55-8a73317ab23d) {{(pid=105200) _store_ip_allocation /opt/stack/neutron/neutron/db/db_base_plugin_common.py:131}}
May 23 17:36:44.862047 dv-neutron-839671-6-hyperv neutron-server[105199]: INFO neutron.wsgi [req-71dc02b9-bb74-4129-bcbd-02cc6fc01f74 req-8f517697-4eef-44f5-8771-6916ef7efded tempest-ServersTestJSON-471157744 tempest-ServersTestJSON-471157744-project] 10.222.0.43 "GET /v2.0/security-groups?id=b1a87e12-5dda-440c-b72b-92d66f099f4a&fields=id&fields=name HTTP/1.1" status: 200 len: 313 time: 0.1915922
May 23 17:36:44.912094 dv-neutron-839671-6-hyperv neutron-server[105200]: INFO neutron.wsgi [req-6e097e13-c4a9-44e4-b544-3f2d05208c5d req-d54f5bdb-00c6-425c-bc17-f5b9b2bd4a50 tempest-ServerActionsTestJSON-1503843257 tempest-ServerActionsTestJSON-1503843257-project] 10.222.0.43 "GET /v2.0/ports?device_id=8af61a01-9742-4fa8-8822-7f8139a26b89 HTTP/1.1" status: 200 len: 210 time: 0.0864973
May 23 17:36:44.912523 dv-neutron-839671-6-hyperv neutron-server[105201]: DEBUG neutron.plugins.ml2.plugin [None req-daac6a2d-5652-4dfe-a4ba-6253ea1bb251 None None] Port aeb74774-ad63-4c8d-a5f8-e4a17942cb10 cannot update to ACTIVE because it is not bound. {{(pid=105201) _port_provisioned /opt/stack/neutron/neutron/plugins/ml2/plugin.py:352}}
May 23 17:36:44.925110 dv-neutron-839671-6-hyperv neutron-server[105199]: DEBUG dbcounter [-] [105199] Writing DB stats neutron:SELECT=97,neutron:DELETE=2,neutron:INSERT=1 {{(pid=105199) stat_writer /usr/local/lib/python3.8/dist-packages/dbcounter.py:114}}
May 23 17:36:44.994934 dv-neutron-839671-6-hyperv neutron-server[105199]: DEBUG neutron.api.v2.base [req-f656a2b2-db0f-4082-8253-ee2b8e920e3d req-259b7a26-4e9f-4c6d-9b37-7bc9f7cd2c70 service neutron] Request body: {'port': {'device_id': '4a487ba5-7ac8-451f-bda3-ff417064a0ac', 'device_owner': 'compute:nova', 'binding:host_id': 'hv-neutron-8396'}} {{(pid=105199) prepare_request_body /opt/stack/neutron/neutron/api/v2/base.py:730}}
May 23 17:36:45.018537 dv-neutron-839671-6-hyperv neutron-server[105200]: INFO neutron.wsgi [req-faee3594-29ad-4a59-a05b-98e76cd9c81b req-b5351939-a3d0-4624-9237-8da293287e91 tempest-ServersTestManualDisk-1488067835 tempest-ServersTestManualDisk-1488067835-project] 10.222.0.35 "GET /v2.0/security-groups?fields=id&fields=name&tenant_id=4bd829944fca42f583ed43f984462dcd HTTP/1.1" status: 200 len: 380 time: 0.1538711
May 23 17:36:45.052447 dv-neutron-839671-6-hyperv neutron-server[105200]: DEBUG neutron_lib.callbacks.manager [None req-77ce3a5a-d26f-4f1b-8448-5b9608f36060 tempest-RoutersTestDVR-1715307085 tempest-RoutersTestDVR-1715307085-project-admin] Publish callbacks [] for router (None), before_response {{(pid=105200) _notify_loop /usr/local/lib/python3.8/dist-packages/neutron_lib/callbacks/manager.py:176}}
May 23 17:36:45.053992 dv-neutron-839671-6-hyperv neutron-server[105200]: INFO neutron.wsgi [None req-77ce3a5a-d26f-4f1b-8448-5b9608f36060 tempest-RoutersTestDVR-1715307085 tempest-RoutersTestDVR-1715307085-project-admin] 10.222.0.43 "POST /v2.0/routers HTTP/1.1" status: 201 len: 728 time: 1.9707866
May 23 17:36:45.056584 dv-neutron-839671-6-hyperv neutron-server[105199]: DEBUG neutron.wsgi [-] (105199) accepted ('10.222.0.43', 55772) {{(pid=105199) server /usr/local/lib/python3.8/dist-packages/eventlet/wsgi.py:1004}}
May 23 17:36:45.082582 dv-neutron-839671-6-hyperv neutron-server[105200]: DEBUG neutron_lib.callbacks.manager [None req-35dea321-8b2a-40a6-bf17-b34b50c467b6 tempest-PortsAdminExtendedAttrsTestJSON-373200640 tempest-PortsAdminExtendedAttrsTestJSON-373200640-project-admin] Publish callbacks ['neutron.plugins.ml2.plugin.SecurityGroupServerNotifierRpcMixin._notify_sg_on_port_change-583796', 'neutron.plugins.ml2.ovo_rpc._ObjectChangeHandler.handle_event-4143200', 'neutron.api.rpc.agentnotifiers.dhcp_rpc_agent_api.DhcpAgentNotifyAPI._native_event_send_dhcp_notification-4080887', 'neutron.db.l3_dvrscheduler_db._notify_l3_agent_new_port-8734979479592', 'neutron.services.segments.plugin.NovaSegmentNotifier._notify_port_created_or_deleted-26200018'] for port (a1559df4-63ce-4817-9ad8-da5848359cbb), after_create {{(pid=105200) _notify_loop /usr/local/lib/python3.8/dist-packages/neutron_lib/callbacks/manager.py:176}}
May 23 17:36:45.127592 dv-neutron-839671-6-hyperv neutron-server[105200]: DEBUG neutron.api.v2.base [req-faee3594-29ad-4a59-a05b-98e76cd9c81b req-846c0c21-3c0d-49e9-b213-f860197aeaf0 tempest-ServersTestManualDisk-1488067835 tempest-ServersTestManualDisk-1488067835-project] Request body: {'port': {'device_id': '6af5b567-9b88-4874-a8db-e6a44a3902b1', 'network_id': '846a5f6b-ecc2-4aba-947f-145dfff2abeb', 'admin_state_up': True, 'tenant_id': '4bd829944fca42f583ed43f984462dcd', 'security_groups': ['90f6650f-b6d7-4605-b024-0c2c1e1cfd30']}} {{(pid=105200) prepare_request_body /opt/stack/neutron/neutron/api/v2/base.py:730}}
May 23 17:36:45.144696 dv-neutron-839671-6-hyperv neutron-server[105199]: DEBUG neutron_lib.callbacks.manager [None req-5550d1d4-fad7-4004-9598-d89e814d0da6 tempest-FloatingIPAdminTestJSON-1197818608 tempest-FloatingIPAdminTestJSON-1197818608-project-admin] Publish callbacks [] for floatingip (None), before_create {{(pid=105199) _notify_loop /usr/local/lib/python3.8/dist-packages/neutron_lib/callbacks/manager.py:176}}
May 23 17:36:45.228559 dv-neutron-839671-6-hyperv neutron-server[105200]: DEBUG neutron.scheduler.dhcp_agent_scheduler [None req-35dea321-8b2a-40a6-bf17-b34b50c467b6 tempest-PortsAdminExtendedAttrsTestJSON-373200640 tempest-PortsAdminExtendedAttrsTestJSON-373200640-project-admin] Network 23cbc8c1-591f-46f0-8d94-936fe3a1c5ab is already hosted by enough agents. {{(pid=105200) _get_dhcp_agents_hosting_network /opt/stack/neutron/neutron/scheduler/dhcp_agent_scheduler.py:275}}
May 23 17:36:45.232450 dv-neutron-839671-6-hyperv neutron-server[105199]: DEBUG neutron_lib.callbacks.manager [req-f656a2b2-db0f-4082-8253-ee2b8e920e3d req-259b7a26-4e9f-4c6d-9b37-7bc9f7cd2c70 service neutron] Publish callbacks ['neutron.plugins.ml2.plugin.SecurityGroupDbMixin._ensure_default_security_group_handler-586958'] for port (e2af0099-ba56-4c6f-85b1-09521c5c2fa8), before_update {{(pid=105199) _notify_loop /usr/local/lib/python3.8/dist-packages/neutron_lib/callbacks/manager.py:176}}
