May 23 17:36:25.128810 dv-neutron-839671-6-hyperv neutron-server[105202]: DEBUG neutron.db.l3_hamode_db [None req-7870072c-3422-4198-8803-4f07c793849e None None] neutron.services.l3_router.l3_router_plugin.L3RouterPlugin method _process_sync_ha_data called with arguments (, [{'id': 'c21430d9-06a2-497c-98e6-c54bed8e6a67', 'name': 'tempest-ServersTestManualDisk-74706680-router', 'tenant_id': '4bd829944fca42f583ed43f984462dcd', 'admin_state_up': True, 'status': 'ACTIVE', 'external_gateway_info': {'network_id': 'e8e2b830-3292-4e2c-b840-c9bb9697ac9c', 'external_fixed_ips': [{'subnet_id': '5985401f-4283-42b7-afb8-5812c18120ba', 'ip_address': '172.26.5.85'}], 'enable_snat': True}, 'gw_port_id': '8c43552d-71ea-457f-9caf-9710c44403d3', 'description': '', 'availability_zones': ['nova'], 'distributed': False, 'ha': False, 'ha_vr_id': 0, 'availability_zone_hints': [], 'routes': [], 'flavor_id': None, 'tags': [], 'created_at': '2022-05-23T17:36:09Z', 'updated_at': '2022-05-23T17:36:19Z', 'revision_number': 4, 'project_id': '4bd829944fca42f583ed43f984462dcd', 'gw_port': {'id': '8c43552d-71ea-457f-9caf-9710c44403d3', 'name': '', 'network_id': 'e8e2b830-3292-4e2c-b840-c9bb9697ac9c', 'tenant_id': '', 'mac_address': 'fa:16:3e:8e:81:e0', 'admin_state_up': True, 'status': 'ACTIVE', 'device_id': 'c21430d9-06a2-497c-98e6-c54bed8e6a67', 'device_owner': 'network:router_gateway', 'standard_attr_id': 60, 'fixed_ips': [{'subnet_id': '5985401f-4283-42b7-afb8-5812c18120ba', 'ip_address': '172.26.5.85', 'prefixlen': 24}], 'allowed_address_pairs': [], 'extra_dhcp_opts': [], 'security_groups': [], 'description': '', 'binding:vnic_type': 'normal', 'binding:profile': {}, 'binding:host_id': 'dv-neutron-839671-6-hyperv', 'binding:vif_type': 'ovs', 'binding:vif_details': {'connectivity': 'l2', 'port_filter': True, 'ovs_hybrid_plug': False, 'datapath_type': 'system', 'bridge_name': 'br-int', 'bound_drivers': {'0': 'openvswitch'}}, 'port_security_enabled': False, 'tags': [], 'created_at': '2022-05-23T17:36:10Z', 'updated_at': '2022-05-23T17:36:22Z', 'revision_number': 4, 'project_id': '', 'subnets': [{'id': '5985401f-4283-42b7-afb8-5812c18120ba', 'cidr': '172.26.5.0/24', 'gateway_ip': '172.26.5.1', 'dns_nameservers': [], 'ipv6_ra_mode': None, 'subnetpool_id': None}], 'extra_subnets': [], 'address_scopes': {4: None, 6: None}, 'mtu': 1500}, 'enable_snat': True, 'gw_port_host': 'dv-neutron-839671-6-hyperv', '_interfaces': [{'id': '1ae5d72d-c4ca-4664-8e2f-0f31165b6ef2', 'name': '', 'network_id': '846a5f6b-ecc2-4aba-947f-145dfff2abeb', 'tenant_id': '4bd829944fca42f583ed43f984462dcd', 'mac_address': 'fa:16:3e:aa:ae:a3', 'admin_state_up': True, 'status': 'DOWN', 'device_id': 'c21430d9-06a2-497c-98e6-c54bed8e6a67', 'device_owner': 'network:router_interface', 'standard_attr_id': 101, 'fixed_ips': [{'subnet_id': 'a54176c5-5411-4f97-9925-419f6ed60170', 'ip_address': '172.20.0.1', 'prefixlen': 28}], 'allowed_address_pairs': [], 'extra_dhcp_opts': [], 'security_groups': [], 'description': '', 'binding:vnic_type': 'normal', 'binding:profile': {}, 'binding:host_id': '', 'binding:vif_type': 'unbound', 'binding:vif_details': {}, 'port_security_enabled': False, 'tags': [], 'created_at': '2022-05-23T17:36:16Z', 'updated_at': '2022-05-23T17:36:20Z', 'revision_number': 2, 'project_id': '4bd829944fca42f583ed43f984462dcd', 'subnets': [{'id': 'a54176c5-5411-4f97-9925-419f6ed60170', 'cidr': '172.20.0.0/28', 'gateway_ip': '172.20.0.1', 'dns_nameservers': [], 'ipv6_ra_mode': None, 'subnetpool_id': None}], 'extra_subnets': [], 'address_scopes': {4: None, 6: None}, 'mtu': 1500}]}], 'dv-neutron-839671-6-hyperv', False) {} {{(pid=105202) wrapper /usr/local/lib/python3.8/dist-packages/oslo_log/helpers.py:65}}
May 23 17:36:25.148661 dv-neutron-839671-6-hyperv neutron-server[105199]: DEBUG neutron.api.rpc.handlers.resources_rpc [None req-08005c11-978e-4b98-bcfd-cc20a54f68b6 tempest-ServersTestJSON-471157744 tempest-ServersTestJSON-471157744-project] Pushing event updated for resources: {'SecurityGroupRule': ['ID=ff2fcd86-5739-4303-86d1-e0524bd96fa3,revision_number=0']} {{(pid=105199) push /opt/stack/neutron/neutron/api/rpc/handlers/resources_rpc.py:237}}
May 23 17:36:25.201744 dv-neutron-839671-6-hyperv neutron-server[105199]: DEBUG neutron_lib.callbacks.manager [None req-b7026789-5233-4a02-af2a-725eda9d8127 admin admin] Publish callbacks ['neutron.plugins.ml2.ovo_rpc._ObjectChangeHandler.handle_event-3742471'] for security_group (196a4058-bdd9-460b-ab67-59dea6b57a49), after_create {{(pid=105199) _notify_loop /usr/local/lib/python3.8/dist-packages/neutron_lib/callbacks/manager.py:176}}
May 23 17:36:25.202142 dv-neutron-839671-6-hyperv neutron-server[105202]: DEBUG neutron.api.rpc.handlers.l3_rpc [None req-7870072c-3422-4198-8803-4f07c793849e None None] Checking router: c21430d9-06a2-497c-98e6-c54bed8e6a67 for host: dv-neutron-839671-6-hyperv {{(pid=105202) _ensure_host_set_on_ports /opt/stack/neutron/neutron/api/rpc/handlers/l3_rpc.py:155}}
May 23 17:36:25.202492 dv-neutron-839671-6-hyperv neutron-server[105202]: DEBUG neutron.api.rpc.handlers.l3_rpc [None req-7870072c-3422-4198-8803-4f07c793849e None None] Updating router c21430d9-06a2-497c-98e6-c54bed8e6a67 port 1ae5d72d-c4ca-4664-8e2f-0f31165b6ef2 binding host dv-neutron-839671-6-hyperv {{(pid=105202) _ensure_host_set_on_port /opt/stack/neutron/neutron/api/rpc/handlers/l3_rpc.py:205}}
May 23 17:36:25.278429 dv-neutron-839671-6-hyperv neutron-server[105199]: INFO neutron.wsgi [None req-b7026789-5233-4a02-af2a-725eda9d8127 admin admin] 10.222.0.43 "GET /v2.0/security-groups?tenant_id=76bf741cd6ea47088fcd53115f9e4c25&name=default HTTP/1.1" status: 200 len: 2996 time: 0.7264063
May 23 17:36:25.279084 dv-neutron-839671-6-hyperv neutron-server[105200]: DEBUG neutron.wsgi [-] (105200) accepted ('10.222.0.43', 55264) {{(pid=105200) server /usr/local/lib/python3.8/dist-packages/eventlet/wsgi.py:1004}}
May 23 17:36:25.286419 dv-neutron-839671-6-hyperv neutron-server[105199]: DEBUG neutron.api.rpc.handlers.resources_rpc [None req-b7026789-5233-4a02-af2a-725eda9d8127 admin admin] Pushing event updated for resources: {'SecurityGroup': ['ID=196a4058-bdd9-460b-ab67-59dea6b57a49,revision_number=1']} {{(pid=105199) push /opt/stack/neutron/neutron/api/rpc/handlers/resources_rpc.py:237}}
May 23 17:36:25.306343 dv-neutron-839671-6-hyperv neutron-server[105202]: DEBUG neutron_lib.callbacks.manager [None req-7870072c-3422-4198-8803-4f07c793849e None None] Publish callbacks ['neutron.plugins.ml2.plugin.SecurityGroupDbMixin._ensure_default_security_group_handler-586958'] for port (1ae5d72d-c4ca-4664-8e2f-0f31165b6ef2), before_update {{(pid=105202) _notify_loop /usr/local/lib/python3.8/dist-packages/neutron_lib/callbacks/manager.py:176}}
May 23 17:36:25.314854 dv-neutron-839671-6-hyperv neutron-server[105199]: DEBUG neutron_lib.callbacks.manager [None req-08005c11-978e-4b98-bcfd-cc20a54f68b6 tempest-ServersTestJSON-471157744 tempest-ServersTestJSON-471157744-project] Publish callbacks [] for security_group_rule (None), before_response {{(pid=105199) _notify_loop /usr/local/lib/python3.8/dist-packages/neutron_lib/callbacks/manager.py:176}}
May 23 17:36:25.320856 dv-neutron-839671-6-hyperv neutron-server[105199]: INFO neutron.wsgi [None req-08005c11-978e-4b98-bcfd-cc20a54f68b6 tempest-ServersTestJSON-471157744 tempest-ServersTestJSON-471157744-project] 10.222.0.43 "POST /v2.0/security-group-rules HTTP/1.1" status: 201 len: 769 time: 1.0660255
May 23 17:36:25.322538 dv-neutron-839671-6-hyperv neutron-server[105199]: DEBUG neutron.wsgi [-] (105199) accepted ('10.222.0.43', 55266) {{(pid=105199) server /usr/local/lib/python3.8/dist-packages/eventlet/wsgi.py:1004}}
May 23 17:36:25.328865 dv-neutron-839671-6-hyperv neutron-server[105199]: DEBUG neutron.api.v2.base [None req-e1e0e5ac-7b46-4d0f-a1dc-712a4a1007ae tempest-ServersTestJSON-471157744 tempest-ServersTestJSON-471157744-project] Request body: {'floatingip': {'floating_network_id': 'e8e2b830-3292-4e2c-b840-c9bb9697ac9c'}} {{(pid=105199) prepare_request_body /opt/stack/neutron/neutron/api/v2/base.py:730}}
May 23 17:36:25.353019 dv-neutron-839671-6-hyperv neutron-server[105200]: INFO neutron.wsgi [None req-e9b466eb-ce20-44e9-af48-657263a76272 tempest-FloatingIPAdminTestJSON-86389060 tempest-FloatingIPAdminTestJSON-86389060-project] 10.222.0.43 "POST /v2.0/subnets HTTP/1.1" status: 201 len: 801 time: 2.8551011
May 23 17:36:25.361485 dv-neutron-839671-6-hyperv neutron-server[105199]: DEBUG neutron.wsgi [-] (105199) accepted ('10.222.0.43', 55268) {{(pid=105199) server /usr/local/lib/python3.8/dist-packages/eventlet/wsgi.py:1004}}
May 23 17:36:25.377785 dv-neutron-839671-6-hyperv neutron-server[105199]: DEBUG neutron.api.v2.base [None req-475573f2-5b46-4ab5-89fe-d6f9e0a9d1a4 tempest-FloatingIPAdminTestJSON-86389060 tempest-FloatingIPAdminTestJSON-86389060-project] Request body: {'router': {'name': 'tempest-FloatingIPAdminTestJSON-router-482598249', 'external_gateway_info': {'network_id': 'e8e2b830-3292-4e2c-b840-c9bb9697ac9c'}, 'admin_state_up': False}} {{(pid=105199) prepare_request_body /opt/stack/neutron/neutron/api/v2/base.py:730}}
May 23 17:36:25.412627 dv-neutron-839671-6-hyperv neutron-server[105200]: INFO neutron.wsgi [None req-8b4e597b-18df-4d9f-876b-a08091651bc5 tempest-DHCPAgentSchedulersTestJSON-1978385442 tempest-DHCPAgentSchedulersTestJSON-1978385442-project-admin] 10.222.0.43 "GET /v2.0/agents/d012fc33-e29a-46cb-b727-6cd4fde218f4/dhcp-networks HTTP/1.1" status: 200 len: 7245 time: 0.6394172
May 23 17:36:25.419936 dv-neutron-839671-6-hyperv neutron-server[105200]: DEBUG neutron.wsgi [-] (105200) accepted ('10.222.0.43', 55270) {{(pid=105200) server /usr/local/lib/python3.8/dist-packages/eventlet/wsgi.py:1004}}
May 23 17:36:25.450218 dv-neutron-839671-6-hyperv neutron-server[105200]: DEBUG neutron_lib.callbacks.manager [None req-983b24c9-8913-4d8b-96ff-c2b3d1334ff1 tempest-ExternalNetworksTestJSON-1653253579 tempest-ExternalNetworksTestJSON-1653253579-project-admin] Publish callbacks ['neutron.plugins.ml2.plugin.SecurityGroupServerNotifierRpcMixin._notify_sg_on_port_change-583796', 'neutron.plugins.ml2.ovo_rpc._ObjectChangeHandler.handle_event-4143200', 'neutron.api.rpc.agentnotifiers.dhcp_rpc_agent_api.DhcpAgentNotifyAPI._native_event_send_dhcp_notification-4080887', 'neutron.db.l3_dvrscheduler_db._notify_l3_agent_new_port-8734979479592', 'neutron.services.segments.plugin.NovaSegmentNotifier._notify_port_created_or_deleted-26200018'] for port (ad5a30fc-3a3d-4df7-ab03-c606addb7a16), after_create {{(pid=105200) _notify_loop /usr/local/lib/python3.8/dist-packages/neutron_lib/callbacks/manager.py:176}}
May 23 17:36:25.496032 dv-neutron-839671-6-hyperv neutron-server[105200]: DEBUG neutron.scheduler.dhcp_agent_scheduler [None req-8bb43cc2-96d1-45b7-9a3b-d6d77214297e admin admin] Network c374cbae-0622-48de-beca-87d2a9784456 is already hosted by enough agents. {{(pid=105200) _get_dhcp_agents_hosting_network /opt/stack/neutron/neutron/scheduler/dhcp_agent_scheduler.py:275}}
May 23 17:36:25.496330 dv-neutron-839671-6-hyperv neutron-server[105201]: DEBUG neutron.plugins.ml2.plugin [None req-ffc9bad2-5a80-4561-bd7a-f3e4a2035eef None None] Current status of the port 13a1e625-b908-4554-a3cd-92107fb3c007 is: ACTIVE; New status is: ACTIVE {{(pid=105201) _update_individual_port_db_status /opt/stack/neutron/neutron/plugins/ml2/plugin.py:2296}}
May 23 17:36:25.502591 dv-neutron-839671-6-hyperv neutron-server[105201]: DEBUG neutron.api.rpc.handlers.dhcp_rpc [None req-8215c601-53f9-43a4-aae4-0346d0f1449b None None] Create dhcp port {'port': {'name': '', 'admin_state_up': True, 'device_id': 'dhcpa1a998e1-abcd-5952-9825-4e4a6ac9ba4a-095d61c7-d21e-45ff-9931-6dd4811dec84', 'network_id': '095d61c7-d21e-45ff-9931-6dd4811dec84', 'project_id': 'b01c0f9d7a804cf0ac390165fb8c0a45', 'fixed_ips': [{'subnet_id': 'cd6788c6-a29a-4ff2-8af8-5feb826801ba'}]}} from dv-neutron-839671-6-hyperv. {{(pid=105201) create_dhcp_port /opt/stack/neutron/neutron/api/rpc/handlers/dhcp_rpc.py:268}}
May 23 17:36:25.504839 dv-neutron-839671-6-hyperv neutron-server[105201]: DEBUG neutron_lib.callbacks.manager [None req-8215c601-53f9-43a4-aae4-0346d0f1449b None None] Publish callbacks ['neutron.plugins.ml2.plugin.SecurityGroupDbMixin._ensure_default_security_group_handler-586958'] for port (None), before_create {{(pid=105201) _notify_loop /usr/local/lib/python3.8/dist-packages/neutron_lib/callbacks/manager.py:176}}
May 23 17:36:25.506831 dv-neutron-839671-6-hyperv neutron-server[105200]: DEBUG neutron.scheduler.base_scheduler [None req-8bb43cc2-96d1-45b7-9a3b-d6d77214297e admin admin] Resources bound (agent type, host, resource id): {{(pid=105200) schedule /opt/stack/neutron/neutron/scheduler/base_scheduler.py:57}}
May 23 17:36:25.508222 dv-neutron-839671-6-hyperv neutron-server[105199]: DEBUG neutron_lib.callbacks.manager [None req-475573f2-5b46-4ab5-89fe-d6f9e0a9d1a4 tempest-FloatingIPAdminTestJSON-86389060 tempest-FloatingIPAdminTestJSON-86389060-project] Publish callbacks ['neutron.services.l3_router.l3_router_plugin.L3_HA_NAT_db_mixin._before_router_create_handler-3777858', 'neutron.services.l3_router.service_providers.driver_controller.DriverController._check_router_request-7693'] for router (1ee3175a-1ea9-45ce-9783-4301ec037a06), before_create {{(pid=105199) _notify_loop /usr/local/lib/python3.8/dist-packages/neutron_lib/callbacks/manager.py:176}}
May 23 17:36:25.510449 dv-neutron-839671-6-hyperv neutron-server[105199]: DEBUG neutron_lib.callbacks.manager [None req-475573f2-5b46-4ab5-89fe-d6f9e0a9d1a4 tempest-FloatingIPAdminTestJSON-86389060 tempest-FloatingIPAdminTestJSON-86389060-project] Publish callbacks ['neutron.services.l3_router.l3_router_plugin.L3_HA_NAT_db_mixin._precommit_router_create-3774674', 'neutron.services.l3_router.l3_router_plugin.DVRResourceOperationHandler._set_distributed_flag-3779394', 'neutron.services.l3_router.l3_router_plugin.RouterAvailabilityZoneMixin._process_az_request-300088', 'neutron.services.l3_router.service_providers.driver_controller.DriverController._set_router_provider-7686'] for router (1ee3175a-1ea9-45ce-9783-4301ec037a06), precommit_create {{(pid=105199) _notify_loop /usr/local/lib/python3.8/dist-packages/neutron_lib/callbacks/manager.py:176}}
May 23 17:36:25.528616 dv-neutron-839671-6-hyperv neutron-server[105200]: DEBUG neutron.scheduler.dhcp_agent_scheduler [None req-983b24c9-8913-4d8b-96ff-c2b3d1334ff1 tempest-ExternalNetworksTestJSON-1653253579 tempest-ExternalNetworksTestJSON-1653253579-project-admin] Network 6a0d62ea-73cf-4ff5-bfcd-84d34497214e is already hosted by enough agents. {{(pid=105200) _get_dhcp_agents_hosting_network /opt/stack/neutron/neutron/scheduler/dhcp_agent_scheduler.py:275}}
May 23 17:36:25.546614 dv-neutron-839671-6-hyperv neutron-server[105200]: DEBUG neutron.scheduler.base_scheduler [None req-983b24c9-8913-4d8b-96ff-c2b3d1334ff1 tempest-ExternalNetworksTestJSON-1653253579 tempest-ExternalNetworksTestJSON-1653253579-project-admin] Resources bound (agent type, host, resource id): {{(pid=105200) schedule /opt/stack/neutron/neutron/scheduler/base_scheduler.py:57}}
May 23 17:36:25.553634 dv-neutron-839671-6-hyperv neutron-server[105200]: INFO neutron.wsgi [None req-41259f45-1005-4815-8c02-ff354c5d1d8c tempest-DHCPAgentSchedulersTestJSON-1978385442 tempest-DHCPAgentSchedulersTestJSON-1978385442-project-admin] 10.222.0.43 "GET /v2.0/networks/d303ad3a-d8b3-4c1e-b64b-9bfae160829b/dhcp-agents HTTP/1.1" status: 200 len: 809 time: 0.1296146
May 23 17:36:25.559968 dv-neutron-839671-6-hyperv neutron-server[105200]: DEBUG neutron.db.l3_dvrscheduler_db [None req-983b24c9-8913-4d8b-96ff-c2b3d1334ff1 tempest-ExternalNetworksTestJSON-1653253579 tempest-ExternalNetworksTestJSON-1653253579-project-admin] Received port after_create {{(pid=105200) _notify_l3_agent_new_port /opt/stack/neutron/neutron/db/l3_dvrscheduler_db.py:536}}
May 23 17:36:25.563684 dv-neutron-839671-6-hyperv neutron-server[105200]: DEBUG neutron.wsgi [-] (105200) accepted ('10.222.0.43', 55272) {{(pid=105200) server /usr/local/lib/python3.8/dist-packages/eventlet/wsgi.py:1004}}
May 23 17:36:25.600011 dv-neutron-839671-6-hyperv neutron-server[105200]: DEBUG neutron.api.rpc.handlers.resources_rpc [None req-983b24c9-8913-4d8b-96ff-c2b3d1334ff1 tempest-ExternalNetworksTestJSON-1653253579 tempest-ExternalNetworksTestJSON-1653253579-project-admin] Pushing event updated for resources: {'Port': ['ID=ad5a30fc-3a3d-4df7-ab03-c606addb7a16,revision_number=1']} {{(pid=105200) push /opt/stack/neutron/neutron/api/rpc/handlers/resources_rpc.py:237}}
May 23 17:36:25.623604 dv-neutron-839671-6-hyperv neutron-server[105200]: DEBUG neutron_lib.callbacks.manager [None req-c0daf305-ba2f-40d1-ae2c-481aa2e9088c admin admin] Publish callbacks [] for security_group (196a4058-bdd9-460b-ab67-59dea6b57a49), before_delete {{(pid=105200) _notify_loop /usr/local/lib/python3.8/dist-packages/neutron_lib/callbacks/manager.py:176}}
May 23 17:36:25.654851 dv-neutron-839671-6-hyperv neutron-server[105199]: DEBUG neutron_lib.callbacks.manager [None req-475573f2-5b46-4ab5-89fe-d6f9e0a9d1a4 tempest-FloatingIPAdminTestJSON-86389060 tempest-FloatingIPAdminTestJSON-86389060-project] Publish callbacks [] for router_controller (1ee3175a-1ea9-45ce-9783-4301ec037a06), precommit_add_association {{(pid=105199) _notify_loop /usr/local/lib/python3.8/dist-packages/neutron_lib/callbacks/manager.py:176}}
May 23 17:36:25.657370 dv-neutron-839671-6-hyperv neutron-server[105199]: DEBUG neutron_lib.callbacks.manager [None req-e1e0e5ac-7b46-4d0f-a1dc-712a4a1007ae tempest-ServersTestJSON-471157744 tempest-ServersTestJSON-471157744-project] Publish callbacks [] for floatingip (None), before_create {{(pid=105199) _notify_loop /usr/local/lib/python3.8/dist-packages/neutron_lib/callbacks/manager.py:176}}
May 23 17:36:25.794104 dv-neutron-839671-6-hyperv neutron-server[105200]: INFO neutron.wsgi [None req-7733bcc7-359a-4198-a631-5ce887518f03 tempest-DHCPAgentSchedulersTestJSON-1978385442 tempest-DHCPAgentSchedulersTestJSON-1978385442-project-admin] 10.222.0.43 "GET /v2.0/networks/d303ad3a-d8b3-4c1e-b64b-9bfae160829b/dhcp-agents HTTP/1.1" status: 200 len: 809 time: 0.2285342
May 23 17:36:25.805546 dv-neutron-839671-6-hyperv neutron-server[105199]: DEBUG neutron.wsgi [-] (105199) accepted ('10.222.0.43', 55274) {{(pid=105199) server /usr/local/lib/python3.8/dist-packages/eventlet/wsgi.py:1004}}
May 23 17:36:25.853259 dv-neutron-839671-6-hyperv neutron-server[105201]: DEBUG neutron.db.db_base_plugin_common [None req-8215c601-53f9-43a4-aae4-0346d0f1449b None None] Allocated IP 172.20.0.2 (095d61c7-d21e-45ff-9931-6dd4811dec84/cd6788c6-a29a-4ff2-8af8-5feb826801ba/b5a984c1-fd43-4cd5-b7f3-1a4d7f161c7b) {{(pid=105201) _store_ip_allocation /opt/stack/neutron/neutron/db/db_base_plugin_common.py:131}}
May 23 17:36:25.855374 dv-neutron-839671-6-hyperv neutron-server[105201]: DEBUG dbcounter [-] [105201] Writing DB stats neutron:SELECT=95,neutron:INSERT=4,neutron:UPDATE=1 {{(pid=105201) stat_writer /usr/local/lib/python3.8/dist-packages/dbcounter.py:114}}
May 23 17:36:25.876843 dv-neutron-839671-6-hyperv neutron-server[105200]: DEBUG neutron_lib.callbacks.manager [None req-c0daf305-ba2f-40d1-ae2c-481aa2e9088c admin admin] Publish callbacks [] for security_group (196a4058-bdd9-460b-ab67-59dea6b57a49), precommit_delete {{(pid=105200) _notify_loop /usr/local/lib/python3.8/dist-packages/neutron_lib/callbacks/manager.py:176}}
May 23 17:36:25.938315 dv-neutron-839671-6-hyperv neutron-server[105200]: DEBUG neutron.wsgi [-] (105200) accepted ('10.222.0.43', 55276) {{(pid=105200) server /usr/local/lib/python3.8/dist-packages/eventlet/wsgi.py:1004}}
May 23 17:36:25.976523 dv-neutron-839671-6-hyperv neutron-server[105200]: DEBUG neutron_lib.callbacks.manager [None req-a4b888e3-9975-4bd1-b130-aa99e7bbbc69 admin admin] Publish callbacks [] for security_group (None), before_create {{(pid=105200) _notify_loop /usr/local/lib/python3.8/dist-packages/neutron_lib/callbacks/manager.py:176}}
May 23 17:36:25.984288 dv-neutron-839671-6-hyperv neutron-server[105200]: DEBUG neutron_lib.callbacks.manager [None req-983b24c9-8913-4d8b-96ff-c2b3d1334ff1 tempest-ExternalNetworksTestJSON-1653253579 tempest-ExternalNetworksTestJSON-1653253579-project-admin] Publish callbacks [] for floatingip (30d5d12e-5d9e-4f57-926c-cef775b40c63), precommit_create {{(pid=105200) _notify_loop /usr/local/lib/python3.8/dist-packages/neutron_lib/callbacks/manager.py:176}}
May 23 17:36:26.005064 dv-neutron-839671-6-hyperv neutron-server[105200]: DEBUG neutron.scheduler.l3_agent_scheduler [None req-8bb43cc2-96d1-45b7-9a3b-d6d77214297e admin admin] Router 86e80625-3ae7-4352-8b9c-94f3a5b9350c has already been hosted by L3 agent efa4a71d-455a-4666-8fb5-e1c69d035fdd {{(pid=105200) _get_candidates /opt/stack/neutron/neutron/scheduler/l3_agent_scheduler.py:126}}
May 23 17:36:26.054262 dv-neutron-839671-6-hyperv neutron-server[105202]: DEBUG neutron_lib.callbacks.manager [None req-7870072c-3422-4198-8803-4f07c793849e None None] Publish callbacks [] for port (1ae5d72d-c4ca-4664-8e2f-0f31165b6ef2), precommit_update {{(pid=105202) _notify_loop /usr/local/lib/python3.8/dist-packages/neutron_lib/callbacks/manager.py:176}}
May 23 17:36:26.111053 dv-neutron-839671-6-hyperv neutron-server[105201]: DEBUG neutron.db.provisioning_blocks [None req-f6d6eacf-56d7-4b69-a604-cb243b13a54e None None] Provisioning complete for port 7cd55425-449c-4081-9786-efe51280389c triggered by entity DHCP. {{(pid=105201) provisioning_complete /opt/stack/neutron/neutron/db/provisioning_blocks.py:145}}
May 23 17:36:26.112318 dv-neutron-839671-6-hyperv neutron-server[105201]: DEBUG neutron_lib.callbacks.manager [None req-f6d6eacf-56d7-4b69-a604-cb243b13a54e None None] Publish callbacks ['neutron.plugins.ml2.plugin.Ml2Plugin._port_provisioned-638811'] for port (7cd55425-449c-4081-9786-efe51280389c), provisioning_complete {{(pid=105201) _notify_loop /usr/local/lib/python3.8/dist-packages/neutron_lib/callbacks/manager.py:176}}
May 23 17:36:26.115067 dv-neutron-839671-6-hyperv neutron-server[105201]: DEBUG neutron_lib.callbacks.manager [None req-8215c601-53f9-43a4-aae4-0346d0f1449b None None] Publish callbacks [] for port (b5a984c1-fd43-4cd5-b7f3-1a4d7f161c7b), precommit_create {{(pid=105201) _notify_loop /usr/local/lib/python3.8/dist-packages/neutron_lib/callbacks/manager.py:176}}
May 23 17:36:26.140624 dv-neutron-839671-6-hyperv neutron-server[105199]: DEBUG neutron_lib.callbacks.manager [None req-e1e0e5ac-7b46-4d0f-a1dc-712a4a1007ae tempest-ServersTestJSON-471157744 tempest-ServersTestJSON-471157744-project] Publish callbacks ['neutron.plugins.ml2.plugin.SecurityGroupDbMixin._ensure_default_security_group_handler-586958'] for port (None), before_create {{(pid=105199) _notify_loop /usr/local/lib/python3.8/dist-packages/neutron_lib/callbacks/manager.py:176}}
May 23 17:36:26.143509 dv-neutron-839671-6-hyperv neutron-server[105202]: DEBUG neutron_lib.callbacks.manager [None req-7870072c-3422-4198-8803-4f07c793849e None None] Publish callbacks ['neutron.plugins.ml2.plugin.SecurityGroupServerNotifierRpcMixin._notify_sg_on_port_change-583796', 'neutron.plugins.ml2.ovo_rpc._ObjectChangeHandler.handle_event-4143200', 'neutron.api.rpc.agentnotifiers.dhcp_rpc_agent_api.DhcpAgentNotifyAPI._native_event_send_dhcp_notification-4080887', 'neutron.db.l3_db.L3RpcNotifierMixin._notify_gateway_port_ip_changed-8734979953098', 'neutron.db.l3_dvrscheduler_db._notify_l3_agent_port_update-8734979479610', 'neutron.db.l3_hascheduler_db._notify_l3_agent_ha_port_update-8734979479628'] for port (1ae5d72d-c4ca-4664-8e2f-0f31165b6ef2), after_update {{(pid=105202) _notify_loop /usr/local/lib/python3.8/dist-packages/neutron_lib/callbacks/manager.py:176}}
May 23 17:36:26.157112 dv-neutron-839671-6-hyperv neutron-server[105201]: DEBUG neutron.plugins.ml2.plugin [None req-f6d6eacf-56d7-4b69-a604-cb243b13a54e None None] Port 7cd55425-449c-4081-9786-efe51280389c cannot update to ACTIVE because it is not bound. {{(pid=105201) _port_provisioned /opt/stack/neutron/neutron/plugins/ml2/plugin.py:352}}
May 23 17:36:26.158143 dv-neutron-839671-6-hyperv neutron-server[105200]: DEBUG neutron_lib.callbacks.manager [None req-c0daf305-ba2f-40d1-ae2c-481aa2e9088c admin admin] Publish callbacks ['neutron.plugins.ml2.ovo_rpc._ObjectChangeHandler.handle_event-3742471'] for security_group (196a4058-bdd9-460b-ab67-59dea6b57a49), after_delete {{(pid=105200) _notify_loop /usr/local/lib/python3.8/dist-packages/neutron_lib/callbacks/manager.py:176}}
May 23 17:36:26.161057 dv-neutron-839671-6-hyperv neutron-server[105200]: DEBUG neutron_lib.callbacks.manager [None req-c0daf305-ba2f-40d1-ae2c-481aa2e9088c admin admin] Publish callbacks [] for security_group (None), before_response {{(pid=105200) _notify_loop /usr/local/lib/python3.8/dist-packages/neutron_lib/callbacks/manager.py:176}}
May 23 17:36:26.165325 dv-neutron-839671-6-hyperv neutron-server[105200]: INFO neutron.wsgi [None req-c0daf305-ba2f-40d1-ae2c-481aa2e9088c admin admin] 10.222.0.43 "DELETE /v2.0/security-groups/196a4058-bdd9-460b-ab67-59dea6b57a49 HTTP/1.1" status: 204 len: 168 time: 0.8702655
May 23 17:36:26.201162 dv-neutron-839671-6-hyperv neutron-server[105201]: DEBUG neutron_lib.callbacks.manager [None req-8215c601-53f9-43a4-aae4-0346d0f1449b None None] Publish callbacks ['neutron.plugins.ml2.plugin.SecurityGroupServerNotifierRpcMixin._notify_sg_on_port_change-583796', 'neutron.plugins.ml2.ovo_rpc._ObjectChangeHandler.handle_event-4143200', 'neutron.api.rpc.agentnotifiers.dhcp_rpc_agent_api.DhcpAgentNotifyAPI._native_event_send_dhcp_notification-4080887', 'neutron.db.l3_dvrscheduler_db._notify_l3_agent_new_port-8734979479592'] for port (b5a984c1-fd43-4cd5-b7f3-1a4d7f161c7b), after_create {{(pid=105201) _notify_loop /usr/local/lib/python3.8/dist-packages/neutron_lib/callbacks/manager.py:176}}
May 23 17:36:26.211056 dv-neutron-839671-6-hyperv neutron-server[105200]: DEBUG neutron.api.rpc.handlers.resources_rpc [None req-c0daf305-ba2f-40d1-ae2c-481aa2e9088c admin admin] Pushing event deleted for resources: {'SecurityGroup': ['ID=196a4058-bdd9-460b-ab67-59dea6b57a49,revision_number=None']} {{(pid=105200) push /opt/stack/neutron/neutron/api/rpc/handlers/resources_rpc.py:237}}
May 23 17:36:26.244208 dv-neutron-839671-6-hyperv neutron-server[105200]: DEBUG neutron.wsgi [-] (105200) accepted ('10.222.0.43', 55282) {{(pid=105200) server /usr/local/lib/python3.8/dist-packages/eventlet/wsgi.py:1004}}
May 23 17:36:26.255294 dv-neutron-839671-6-hyperv neutron-server[105200]: DEBUG neutron.api.v2.base [None req-3f9d95e7-e314-4384-a384-124dfa6309c1 tempest-ServersTestManualDisk-1488067835 tempest-ServersTestManualDisk-1488067835-project] Request body: {'security_group': {'name': 'tempest-securitygroup--2073076676', 'description': 'tempest-description--1764168389'}} {{(pid=105200) prepare_request_body /opt/stack/neutron/neutron/api/v2/base.py:730}}
May 23 17:36:26.267911 dv-neutron-839671-6-hyperv neutron-server[105201]: DEBUG neutron.scheduler.dhcp_agent_scheduler [None req-8215c601-53f9-43a4-aae4-0346d0f1449b None None] Network 095d61c7-d21e-45ff-9931-6dd4811dec84 is already hosted by enough agents. {{(pid=105201) _get_dhcp_agents_hosting_network /opt/stack/neutron/neutron/scheduler/dhcp_agent_scheduler.py:275}}
May 23 17:36:26.272582 dv-neutron-839671-6-hyperv neutron-server[105200]: DEBUG neutron.api.rpc.agentnotifiers.l3_rpc_agent_api [None req-8bb43cc2-96d1-45b7-9a3b-d6d77214297e admin admin] Notify agent at l3_agent.dv-neutron-839671-6-hyperv the message routers_updated {{(pid=105200) _agent_notification /opt/stack/neutron/neutron/api/rpc/agentnotifiers/l3_rpc_agent_api.py:65}}
May 23 17:36:26.272828 dv-neutron-839671-6-hyperv neutron-server[105201]: DEBUG neutron.scheduler.base_scheduler [None req-8215c601-53f9-43a4-aae4-0346d0f1449b None None] Resources bound (agent type, host, resource id): {{(pid=105201) schedule /opt/stack/neutron/neutron/scheduler/base_scheduler.py:57}}
May 23 17:36:26.288862 dv-neutron-839671-6-hyperv neutron-server[105201]: DEBUG neutron.api.rpc.handlers.l3_rpc [None req-f4748d1a-da80-47c1-9953-962d38e1d73d None None] Sync routers for ids ['86e80625-3ae7-4352-8b9c-94f3a5b9350c'] in dv-neutron-839671-6-hyperv {{(pid=105201) sync_routers /opt/stack/neutron/neutron/api/rpc/handlers/l3_rpc.py:125}}
May 23 17:36:26.291886 dv-neutron-839671-6-hyperv neutron-server[105201]: DEBUG neutron.db.l3_dvrscheduler_db [None req-8215c601-53f9-43a4-aae4-0346d0f1449b None None] Received port after_create {{(pid=105201) _notify_l3_agent_new_port /opt/stack/neutron/neutron/db/l3_dvrscheduler_db.py:536}}
May 23 17:36:26.297292 dv-neutron-839671-6-hyperv neutron-server[105200]: INFO neutron.wsgi [None req-8bb43cc2-96d1-45b7-9a3b-d6d77214297e admin admin] 10.222.0.43 "PUT /v2.0/routers/86e80625-3ae7-4352-8b9c-94f3a5b9350c/add_router_interface HTTP/1.1" status: 200 len: 503 time: 8.3784125
May 23 17:36:26.298243 dv-neutron-839671-6-hyperv neutron-server[105200]: DEBUG neutron_lib.callbacks.manager [None req-983b24c9-8913-4d8b-96ff-c2b3d1334ff1 tempest-ExternalNetworksTestJSON-1653253579 tempest-ExternalNetworksTestJSON-1653253579-project-admin] Publish callbacks ['neutron.plugins.ml2.plugin.SecurityGroupDbMixin._ensure_default_security_group_handler-586958'] for port (ad5a30fc-3a3d-4df7-ab03-c606addb7a16), before_update {{(pid=105200) _notify_loop /usr/local/lib/python3.8/dist-packages/neutron_lib/callbacks/manager.py:176}}
May 23 17:36:26.301465 dv-neutron-839671-6-hyperv neutron-server[105201]: DEBUG neutron.api.rpc.handlers.resources_rpc [None req-8215c601-53f9-43a4-aae4-0346d0f1449b None None] Pushing event updated for resources: {'Port': ['ID=b5a984c1-fd43-4cd5-b7f3-1a4d7f161c7b,revision_number=1']} {{(pid=105201) push /opt/stack/neutron/neutron/api/rpc/handlers/resources_rpc.py:237}}
May 23 17:36:26.320072 dv-neutron-839671-6-hyperv neutron-server[105201]: DEBUG neutron.db.l3_dvrscheduler_db [None req-f4748d1a-da80-47c1-9953-962d38e1d73d None None] Routers {'86e80625-3ae7-4352-8b9c-94f3a5b9350c'} bound to L3 agent in host dv-neutron-839671-6-hyperv {{(pid=105201) _get_router_ids_for_agent /opt/stack/neutron/neutron/db/l3_dvrscheduler_db.py:421}}
May 23 17:36:26.322041 dv-neutron-839671-6-hyperv neutron-server[105201]: DEBUG neutron.db.l3_hamode_db [None req-f4748d1a-da80-47c1-9953-962d38e1d73d None None] neutron.services.l3_router.l3_router_plugin.L3RouterPlugin method get_ha_sync_data_for_host called with arguments (, 'dv-neutron-839671-6-hyperv', Agent(admin_state_up=True,agent_type='L3 agent',availability_zone='nova',binary='neutron-l3-agent',configurations={"agent_mode": "legacy", "ex_gw_ports": 1, "extensions": [], "floating_ips": 0, "handle_internal_only_routers": true, "interface_driver": "openvswitch", "interfaces": 1, "log_agent_heartbeats": false, "routers": 1},created_at=2022-05-23T17:27:56Z,description=,heartbeat_timestamp=2022-05-23T17:35:56Z,host='dv-neutron-839671-6-hyperv',id=efa4a71d-455a-4666-8fb5-e1c69d035fdd,load=0,resource_versions=,resources_synced=,started_at=2022-05-23T17:27:57Z,topic='l3_agent')) {'router_ids': ['86e80625-3ae7-4352-8b9c-94f3a5b9350c'], 'active': True} {{(pid=105201) wrapper /usr/local/lib/python3.8/dist-packages/oslo_log/helpers.py:65}}
May 23 17:36:26.340234 dv-neutron-839671-6-hyperv neutron-server[105199]: DEBUG neutron_lib.callbacks.manager [None req-475573f2-5b46-4ab5-89fe-d6f9e0a9d1a4 tempest-FloatingIPAdminTestJSON-86389060 tempest-FloatingIPAdminTestJSON-86389060-project] Publish callbacks [] for router_gateway (1ee3175a-1ea9-45ce-9783-4301ec037a06), precommit_update {{(pid=105199) _notify_loop /usr/local/lib/python3.8/dist-packages/neutron_lib/callbacks/manager.py:176}}
May 23 17:36:26.349396 dv-neutron-839671-6-hyperv neutron-server[105202]: DEBUG neutron.api.rpc.handlers.resources_rpc [None req-d9c72ccf-d67f-4cd0-beed-52808ad86dca None None] Pushing event updated for resources: {'Port': ['ID=1ae5d72d-c4ca-4664-8e2f-0f31165b6ef2,revision_number=3']} {{(pid=105202) push /opt/stack/neutron/neutron/api/rpc/handlers/resources_rpc.py:237}}
May 23 17:36:26.413111 dv-neutron-839671-6-hyperv neutron-server[105200]: DEBUG neutron_lib.callbacks.manager [None req-a4b888e3-9975-4bd1-b130-aa99e7bbbc69 admin admin] Publish callbacks [] for security_group (fcf67401-c34e-4928-a863-293a6c418742), precommit_create {{(pid=105200) _notify_loop /usr/local/lib/python3.8/dist-packages/neutron_lib/callbacks/manager.py:176}}
May 23 17:36:26.495718 dv-neutron-839671-6-hyperv neutron-server[105200]: DEBUG neutron_lib.callbacks.manager [None req-3f9d95e7-e314-4384-a384-124dfa6309c1 tempest-ServersTestManualDisk-1488067835 tempest-ServersTestManualDisk-1488067835-project] Publish callbacks [] for security_group (None), before_create {{(pid=105200) _notify_loop /usr/local/lib/python3.8/dist-packages/neutron_lib/callbacks/manager.py:176}}
May 23 17:36:26.527974 dv-neutron-839671-6-hyperv neutron-server[105199]: INFO neutron.wsgi [None req-7cc69013-f8e3-45f6-aa1a-105d21842053 tempest-DHCPAgentSchedulersTestJSON-1978385442 tempest-DHCPAgentSchedulersTestJSON-1978385442-project-admin] 10.222.0.43 "GET /v2.0/agents/d012fc33-e29a-46cb-b727-6cd4fde218f4/dhcp-networks HTTP/1.1" status: 200 len: 7245 time: 0.7162058
May 23 17:36:26.584893 dv-neutron-839671-6-hyperv neutron-server[105199]: DEBUG neutron.wsgi [-] (105199) accepted ('10.222.0.43', 55286) {{(pid=105199) server /usr/local/lib/python3.8/dist-packages/eventlet/wsgi.py:1004}}
May 23 17:36:26.603880 dv-neutron-839671-6-hyperv neutron-server[105201]: DEBUG dbcounter [-] [105201] Writing DB stats neutron:UPDATE=5,neutron:SELECT=93,neutron:INSERT=2 {{(pid=105201) stat_writer /usr/local/lib/python3.8/dist-packages/dbcounter.py:114}}
May 23 17:36:26.623672 dv-neutron-839671-6-hyperv neutron-server[105201]: DEBUG neutron.plugins.ml2.managers [None req-8215c601-53f9-43a4-aae4-0346d0f1449b None None] Attempting to bind port b5a984c1-fd43-4cd5-b7f3-1a4d7f161c7b on host dv-neutron-839671-6-hyperv for vnic_type normal with profile {{(pid=105201) bind_port /opt/stack/neutron/neutron/plugins/ml2/managers.py:795}}
May 23 17:36:26.624172 dv-neutron-839671-6-hyperv neutron-server[105201]: DEBUG neutron.plugins.ml2.managers [None req-8215c601-53f9-43a4-aae4-0346d0f1449b None None] Attempting to bind port b5a984c1-fd43-4cd5-b7f3-1a4d7f161c7b by drivers openvswitch,hyperv on host dv-neutron-839671-6-hyperv at level 0 using segments [{'id': 'af4ec55d-6e80-417d-b6bc-47683a74f3c5', 'network_type': 'vlan', 'physical_network': 'physnet1', 'segmentation_id': 362, 'network_id': '095d61c7-d21e-45ff-9931-6dd4811dec84'}] {{(pid=105201) _bind_port_level /opt/stack/neutron/neutron/plugins/ml2/managers.py:820}}
May 23 17:36:26.625981 dv-neutron-839671-6-hyperv neutron-server[105201]: DEBUG neutron.plugins.ml2.drivers.mech_agent [None req-8215c601-53f9-43a4-aae4-0346d0f1449b None None] Attempting to bind port b5a984c1-fd43-4cd5-b7f3-1a4d7f161c7b on network 095d61c7-d21e-45ff-9931-6dd4811dec84 {{(pid=105201) bind_port /opt/stack/neutron/neutron/plugins/ml2/drivers/mech_agent.py:91}}
May 23 17:36:26.628008 dv-neutron-839671-6-hyperv neutron-server[105200]: DEBUG neutron_lib.callbacks.manager [None req-a4b888e3-9975-4bd1-b130-aa99e7bbbc69 admin admin] Publish callbacks ['neutron.plugins.ml2.ovo_rpc._ObjectChangeHandler.handle_event-3742471'] for security_group (fcf67401-c34e-4928-a863-293a6c418742), after_create {{(pid=105200) _notify_loop /usr/local/lib/python3.8/dist-packages/neutron_lib/callbacks/manager.py:176}}
May 23 17:36:26.645397 dv-neutron-839671-6-hyperv neutron-server[105201]: DEBUG neutron.plugins.ml2.drivers.mech_agent [None req-8215c601-53f9-43a4-aae4-0346d0f1449b None None] Checking agent: {'id': '1273beac-3b80-4ad5-ad45-f4c393c99a16', 'agent_type': 'Open vSwitch agent', 'binary': 'neutron-openvswitch-agent', 'topic': 'N/A', 'host': 'dv-neutron-839671-6-hyperv', 'admin_state_up': True, 'created_at': datetime.datetime(2022, 5, 23, 17, 28), 'started_at': datetime.datetime(2022, 5, 23, 17, 28, 30), 'heartbeat_timestamp': datetime.datetime(2022, 5, 23, 17, 36), 'description': None, 'resources_synced': None, 'availability_zone': None, 'alive': True, 'configurations': {'arp_responder_enabled': False, 'baremetal_smartnic': False, 'bridge_mappings': {'physnet1': 'br-data'}, 'datapath_type': 'system', 'devices': 0, 'enable_distributed_routing': False, 'extensions': [], 'in_distributed_mode': False, 'integration_bridge': 'br-int', 'l2_population': False, 'log_agent_heartbeats': False, 'ovs_capabilities': {'datapath_types': ['netdev', 'system'], 'iface_types': ['erspan', 'geneve', 'gre', 'internal', 'ip6erspan', 'ip6gre', 'lisp', 'patch', 'stt', 'system', 'tap', 'vxlan']}, 'ovs_hybrid_plug': False, 'resource_provider_bandwidths': {}, 'resource_provider_hypervisors': {'br-data': 'dv-neutron-839671-6-hyperv'}, 'resource_provider_inventory_defaults': {'allocation_ratio': 1.0, 'min_unit': 1, 'step_size': 1, 'reserved': 0}, 'resource_provider_packet_processing_inventory_defaults': {'allocation_ratio': 1.0, 'min_unit': 1, 'step_size': 1, 'reserved': 0}, 'resource_provider_packet_processing_with_direction': {}, 'resource_provider_packet_processing_without_direction': {}, 'tunnel_types': [], 'tunneling_ip': None, 'vhostuser_socket_dir': '/var/run/openvswitch'}, 'resource_versions': {'AddressGroup': '1.2', 'Agent': '1.1', 'ConntrackHelper': '1.0', 'LocalIPAssociation': '1.0', 'Log': '1.0', 'NDPProxy': '1.0', 'Network': '1.1', 'Port': '1.7', 'PortForwarding': '1.3', 'QosPolicy': '1.10', 'SecurityGroup': '1.5', 'SecurityGroupRule': '1.2', 'SubPort': '1.0', 'Subnet': '1.1', 'Trunk': '1.1'}} {{(pid=105201) bind_port /opt/stack/neutron/neutron/plugins/ml2/drivers/mech_agent.py:110}}
May 23 17:36:26.646152 dv-neutron-839671-6-hyperv neutron-server[105201]: DEBUG neutron.plugins.ml2.drivers.mech_agent [None req-8215c601-53f9-43a4-aae4-0346d0f1449b None None] Checking segment: {'id': 'af4ec55d-6e80-417d-b6bc-47683a74f3c5', 'network_type': 'vlan', 'physical_network': 'physnet1', 'segmentation_id': 362, 'network_id': '095d61c7-d21e-45ff-9931-6dd4811dec84'} for mappings: {'physnet1': 'br-data'} with network types: ['local', 'flat', 'vlan'] {{(pid=105201) check_segment_for_agent /opt/stack/neutron/neutron/plugins/ml2/drivers/mech_agent.py:373}}
May 23 17:36:26.646666 dv-neutron-839671-6-hyperv neutron-server[105201]: DEBUG neutron_lib.callbacks.manager [None req-8215c601-53f9-43a4-aae4-0346d0f1449b None None] Publish callbacks [] for ovs_bridge_name (None), before_read {{(pid=105201) _notify_loop /usr/local/lib/python3.8/dist-packages/neutron_lib/callbacks/manager.py:176}}
May 23 17:36:26.647152 dv-neutron-839671-6-hyperv neutron-server[105201]: DEBUG neutron.plugins.ml2.drivers.mech_agent [None req-8215c601-53f9-43a4-aae4-0346d0f1449b None None] Bound using segment: {'id': 'af4ec55d-6e80-417d-b6bc-47683a74f3c5', 'network_type': 'vlan', 'physical_network': 'physnet1', 'segmentation_id': 362, 'network_id': '095d61c7-d21e-45ff-9931-6dd4811dec84'} {{(pid=105201) bind_port /opt/stack/neutron/neutron/plugins/ml2/drivers/mech_agent.py:120}}
May 23 17:36:26.647723 dv-neutron-839671-6-hyperv neutron-server[105201]: DEBUG neutron.plugins.ml2.managers [None req-8215c601-53f9-43a4-aae4-0346d0f1449b None None] Bound port: b5a984c1-fd43-4cd5-b7f3-1a4d7f161c7b, host: dv-neutron-839671-6-hyperv, vif_type: ovs, vif_details: {"connectivity": "l2", "port_filter": true, "ovs_hybrid_plug": false, "datapath_type": "system", "bridge_name": "br-int"}, binding_levels: [{'bound_driver': 'openvswitch', 'bound_segment': {'id': 'af4ec55d-6e80-417d-b6bc-47683a74f3c5', 'network_type': 'vlan', 'physical_network': 'physnet1', 'segmentation_id': 362, 'network_id': '095d61c7-d21e-45ff-9931-6dd4811dec84'}}] {{(pid=105201) _bind_port_level /opt/stack/neutron/neutron/plugins/ml2/managers.py:932}}
May 23 17:36:26.648204 dv-neutron-839671-6-hyperv neutron-server[105201]: DEBUG neutron_lib.callbacks.manager [None req-8215c601-53f9-43a4-aae4-0346d0f1449b None None] Publish callbacks ['neutron.plugins.ml2.plugin.SecurityGroupDbMixin._ensure_default_security_group_handler-586958'] for port (b5a984c1-fd43-4cd5-b7f3-1a4d7f161c7b), before_update {{(pid=105201) _notify_loop /usr/local/lib/python3.8/dist-packages/neutron_lib/callbacks/manager.py:176}}
May 23 17:36:26.650610 dv-neutron-839671-6-hyperv neutron-server[105202]: DEBUG neutron.plugins.ml2.managers [None req-7870072c-3422-4198-8803-4f07c793849e None None] Attempting to bind port 1ae5d72d-c4ca-4664-8e2f-0f31165b6ef2 on host dv-neutron-839671-6-hyperv for vnic_type normal with profile {{(pid=105202) bind_port /opt/stack/neutron/neutron/plugins/ml2/managers.py:795}}
May 23 17:36:26.651022 dv-neutron-839671-6-hyperv neutron-server[105202]: DEBUG neutron.plugins.ml2.managers [None req-7870072c-3422-4198-8803-4f07c793849e None None] Attempting to bind port 1ae5d72d-c4ca-4664-8e2f-0f31165b6ef2 by drivers openvswitch,hyperv on host dv-neutron-839671-6-hyperv at level 0 using segments [{'id': 'a864eb9a-0433-4d8b-88d4-ebfc12142d40', 'network_type': 'vlan', 'physical_network': 'physnet1', 'segmentation_id': 358, 'network_id': '846a5f6b-ecc2-4aba-947f-145dfff2abeb'}] {{(pid=105202) _bind_port_level /opt/stack/neutron/neutron/plugins/ml2/managers.py:820}}
May 23 17:36:26.651421 dv-neutron-839671-6-hyperv neutron-server[105202]: DEBUG neutron.plugins.ml2.drivers.mech_agent [None req-7870072c-3422-4198-8803-4f07c793849e None None] Attempting to bind port 1ae5d72d-c4ca-4664-8e2f-0f31165b6ef2 on network 846a5f6b-ecc2-4aba-947f-145dfff2abeb {{(pid=105202) bind_port /opt/stack/neutron/neutron/plugins/ml2/drivers/mech_agent.py:91}}
May 23 17:36:26.666306 dv-neutron-839671-6-hyperv neutron-server[105202]: DEBUG neutron.plugins.ml2.drivers.mech_agent [None req-7870072c-3422-4198-8803-4f07c793849e None None] Checking agent: {'id': '1273beac-3b80-4ad5-ad45-f4c393c99a16', 'agent_type': 'Open vSwitch agent', 'binary': 'neutron-openvswitch-agent', 'topic': 'N/A', 'host': 'dv-neutron-839671-6-hyperv', 'admin_state_up': True, 'created_at': datetime.datetime(2022, 5, 23, 17, 28), 'started_at': datetime.datetime(2022, 5, 23, 17, 28, 30), 'heartbeat_timestamp': datetime.datetime(2022, 5, 23, 17, 36), 'description': None, 'resources_synced': None, 'availability_zone': None, 'alive': True, 'configurations': {'arp_responder_enabled': False, 'baremetal_smartnic': False, 'bridge_mappings': {'physnet1': 'br-data'}, 'datapath_type': 'system', 'devices': 0, 'enable_distributed_routing': False, 'extensions': [], 'in_distributed_mode': False, 'integration_bridge': 'br-int', 'l2_population': False, 'log_agent_heartbeats': False, 'ovs_capabilities': {'datapath_types': ['netdev', 'system'], 'iface_types': ['erspan', 'geneve', 'gre', 'internal', 'ip6erspan', 'ip6gre', 'lisp', 'patch', 'stt', 'system', 'tap', 'vxlan']}, 'ovs_hybrid_plug': False, 'resource_provider_bandwidths': {}, 'resource_provider_hypervisors': {'br-data': 'dv-neutron-839671-6-hyperv'}, 'resource_provider_inventory_defaults': {'allocation_ratio': 1.0, 'min_unit': 1, 'step_size': 1, 'reserved': 0}, 'resource_provider_packet_processing_inventory_defaults': {'allocation_ratio': 1.0, 'min_unit': 1, 'step_size': 1, 'reserved': 0}, 'resource_provider_packet_processing_with_direction': {}, 'resource_provider_packet_processing_without_direction': {}, 'tunnel_types': [], 'tunneling_ip': None, 'vhostuser_socket_dir': '/var/run/openvswitch'}, 'resource_versions': {'AddressGroup': '1.2', 'Agent': '1.1', 'ConntrackHelper': '1.0', 'LocalIPAssociation': '1.0', 'Log': '1.0', 'NDPProxy': '1.0', 'Network': '1.1', 'Port': '1.7', 'PortForwarding': '1.3', 'QosPolicy': '1.10', 'SecurityGroup': '1.5', 'SecurityGroupRule': '1.2', 'SubPort': '1.0', 'Subnet': '1.1', 'Trunk': '1.1'}} {{(pid=105202) bind_port /opt/stack/neutron/neutron/plugins/ml2/drivers/mech_agent.py:110}}
May 23 17:36:26.671890 dv-neutron-839671-6-hyperv neutron-server[105202]: DEBUG neutron.plugins.ml2.drivers.mech_agent [None req-7870072c-3422-4198-8803-4f07c793849e None None] Checking segment: {'id': 'a864eb9a-0433-4d8b-88d4-ebfc12142d40', 'network_type': 'vlan', 'physical_network': 'physnet1', 'segmentation_id': 358, 'network_id': '846a5f6b-ecc2-4aba-947f-145dfff2abeb'} for mappings: {'physnet1': 'br-data'} with network types: ['local', 'flat', 'vlan'] {{(pid=105202) check_segment_for_agent /opt/stack/neutron/neutron/plugins/ml2/drivers/mech_agent.py:373}}
May 23 17:36:26.672703 dv-neutron-839671-6-hyperv neutron-server[105202]: DEBUG neutron_lib.callbacks.manager [None req-7870072c-3422-4198-8803-4f07c793849e None None] Publish callbacks [] for ovs_bridge_name (None), before_read {{(pid=105202) _notify_loop /usr/local/lib/python3.8/dist-packages/neutron_lib/callbacks/manager.py:176}}
May 23 17:36:26.673103 dv-neutron-839671-6-hyperv neutron-server[105202]: DEBUG neutron.plugins.ml2.drivers.mech_agent [None req-7870072c-3422-4198-8803-4f07c793849e None None] Bound using segment: {'id': 'a864eb9a-0433-4d8b-88d4-ebfc12142d40', 'network_type': 'vlan', 'physical_network': 'physnet1', 'segmentation_id': 358, 'network_id': '846a5f6b-ecc2-4aba-947f-145dfff2abeb'} {{(pid=105202) bind_port /opt/stack/neutron/neutron/plugins/ml2/drivers/mech_agent.py:120}}
May 23 17:36:26.673701 dv-neutron-839671-6-hyperv neutron-server[105202]: DEBUG neutron.plugins.ml2.managers [None req-7870072c-3422-4198-8803-4f07c793849e None None] Bound port: 1ae5d72d-c4ca-4664-8e2f-0f31165b6ef2, host: dv-neutron-839671-6-hyperv, vif_type: ovs, vif_details: {"connectivity": "l2", "port_filter": true, "ovs_hybrid_plug": false, "datapath_type": "system", "bridge_name": "br-int"}, binding_levels: [{'bound_driver': 'openvswitch', 'bound_segment': {'id': 'a864eb9a-0433-4d8b-88d4-ebfc12142d40', 'network_type': 'vlan', 'physical_network': 'physnet1', 'segmentation_id': 358, 'network_id': '846a5f6b-ecc2-4aba-947f-145dfff2abeb'}}] {{(pid=105202) _bind_port_level /opt/stack/neutron/neutron/plugins/ml2/managers.py:932}}
May 23 17:36:26.674804 dv-neutron-839671-6-hyperv neutron-server[105202]: DEBUG neutron_lib.callbacks.manager [None req-7870072c-3422-4198-8803-4f07c793849e None None] Publish callbacks ['neutron.plugins.ml2.plugin.SecurityGroupDbMixin._ensure_default_security_group_handler-586958'] for port (1ae5d72d-c4ca-4664-8e2f-0f31165b6ef2), before_update {{(pid=105202) _notify_loop /usr/local/lib/python3.8/dist-packages/neutron_lib/callbacks/manager.py:176}}
May 23 17:36:26.705086 dv-neutron-839671-6-hyperv neutron-server[105201]: DEBUG neutron.db.l3_dvr_db [None req-f4748d1a-da80-47c1-9953-962d38e1d73d None None] Set router 86e80625-3ae7-4352-8b9c-94f3a5b9350c gateway port host: dv-neutron-839671-6-hyperv {{(pid=105201) _build_routers_list /opt/stack/neutron/neutron/db/l3_dvr_db.py:906}}
May 23 17:36:26.749988 dv-neutron-839671-6-hyperv neutron-server[105199]: DEBUG neutron.db.db_base_plugin_common [None req-e1e0e5ac-7b46-4d0f-a1dc-712a4a1007ae tempest-ServersTestJSON-471157744 tempest-ServersTestJSON-471157744-project] Allocated IP 172.26.5.45 (e8e2b830-3292-4e2c-b840-c9bb9697ac9c/5985401f-4283-42b7-afb8-5812c18120ba/f7d6ff46-b7af-4560-b8f3-205791a8e6e0) {{(pid=105199) _store_ip_allocation /opt/stack/neutron/neutron/db/db_base_plugin_common.py:131}}
May 23 17:36:26.754531 dv-neutron-839671-6-hyperv neutron-server[105201]: DEBUG neutron_lib.callbacks.manager [None req-7a7392e9-3c59-4daf-a688-f846a2b20680 None None] Publish callbacks ['neutron.services.segments.db._update_segment_host_mapping_for_agent-8734979958869', 'neutron.plugins.ml2.plugin.Ml2Plugin._retry_binding_revived_agents-638461'] for agent (efa4a71d-455a-4666-8fb5-e1c69d035fdd), after_update {{(pid=105201) _notify_loop /usr/local/lib/python3.8/dist-packages/neutron_lib/callbacks/manager.py:176}}
May 23 17:36:26.774335 dv-neutron-839671-6-hyperv neutron-server[105200]: INFO neutron.wsgi [None req-a4b888e3-9975-4bd1-b130-aa99e7bbbc69 admin admin] 10.222.0.43 "GET /v2.0/security-groups?tenant_id=345d2c92635c4ec89244d391a98396bb&name=default HTTP/1.1" status: 200 len: 2996 time: 0.8348870
May 23 17:36:26.792226 dv-neutron-839671-6-hyperv neutron-server[105202]: DEBUG dbcounter [-] [105202] Writing DB stats neutron:SELECT=99,neutron:UPDATE=1 {{(pid=105202) stat_writer /usr/local/lib/python3.8/dist-packages/dbcounter.py:114}}
May 23 17:36:26.801434 dv-neutron-839671-6-hyperv neutron-server[105200]: DEBUG neutron.wsgi [-] (105200) accepted ('10.222.0.43', 55292) {{(pid=105200) server /usr/local/lib/python3.8/dist-packages/eventlet/wsgi.py:1004}}
May 23 17:36:26.819574 dv-neutron-839671-6-hyperv neutron-server[105202]: DEBUG neutron.plugins.ml2.db [None req-7870072c-3422-4198-8803-4f07c793849e None None] For port 1ae5d72d-c4ca-4664-8e2f-0f31165b6ef2, host dv-neutron-839671-6-hyperv, cleared binding levels {{(pid=105202) clear_binding_levels /opt/stack/neutron/neutron/plugins/ml2/db.py:87}}
May 23 17:36:26.823969 dv-neutron-839671-6-hyperv neutron-server[105202]: DEBUG neutron.plugins.ml2.db [None req-7870072c-3422-4198-8803-4f07c793849e None None] For port 1ae5d72d-c4ca-4664-8e2f-0f31165b6ef2, host dv-neutron-839671-6-hyperv, set binding levels [PortBindingLevel(driver='openvswitch',host='dv-neutron-839671-6-hyperv',level=0,port_id=1ae5d72d-c4ca-4664-8e2f-0f31165b6ef2,segment=NetworkSegment(a864eb9a-0433-4d8b-88d4-ebfc12142d40),segment_id=a864eb9a-0433-4d8b-88d4-ebfc12142d40)] {{(pid=105202) set_binding_levels /opt/stack/neutron/neutron/plugins/ml2/db.py:59}}
May 23 17:36:26.865596 dv-neutron-839671-6-hyperv neutron-server[105200]: DEBUG dbcounter [-] [105200] Writing DB stats neutron:SELECT=91,neutron:INSERT=4,neutron:UPDATE=3,neutron:DELETE=2 {{(pid=105200) stat_writer /usr/local/lib/python3.8/dist-packages/dbcounter.py:114}}
