May 04 10:11:14.804383 dv-neutron-839523-7-hyperv neutron-server[104431]: DEBUG neutron.wsgi [-] (104431) accepted ('10.222.0.35', 54454) {{(pid=104431) server /usr/local/lib/python3.8/dist-packages/eventlet/wsgi.py:1004}}
May 04 10:11:14.804464 dv-neutron-839523-7-hyperv neutron-server[104433]: DEBUG neutron.plugins.ml2.drivers.mech_agent [None req-2a5cac7d-8311-4897-8472-b05dfc7db017 None None] Checking agent: {'id': 'aae7b8aa-6efb-49e5-a036-993ac35461d2', 'agent_type': 'Open vSwitch agent', 'binary': 'neutron-openvswitch-agent', 'topic': 'N/A', 'host': 'dv-neutron-839523-7-hyperv', 'admin_state_up': True, 'created_at': datetime.datetime(2022, 5, 4, 10, 3, 8), 'started_at': datetime.datetime(2022, 5, 4, 10, 3, 38), 'heartbeat_timestamp': datetime.datetime(2022, 5, 4, 10, 11, 8), 'description': None, 'resources_synced': None, 'availability_zone': None, 'alive': True, 'configurations': {'arp_responder_enabled': False, 'baremetal_smartnic': False, 'bridge_mappings': {'physnet1': 'br-data'}, 'datapath_type': 'system', 'devices': 0, 'enable_distributed_routing': False, 'extensions': [], 'in_distributed_mode': False, 'integration_bridge': 'br-int', 'l2_population': False, 'log_agent_heartbeats': False, 'ovs_capabilities': {'datapath_types': ['netdev', 'system'], 'iface_types': ['erspan', 'geneve', 'gre', 'internal', 'ip6erspan', 'ip6gre', 'lisp', 'patch', 'stt', 'system', 'tap', 'vxlan']}, 'ovs_hybrid_plug': False, 'resource_provider_bandwidths': {}, 'resource_provider_hypervisors': {'br-data': 'dv-neutron-839523-7-hyperv'}, 'resource_provider_inventory_defaults': {'allocation_ratio': 1.0, 'min_unit': 1, 'step_size': 1, 'reserved': 0}, 'resource_provider_packet_processing_inventory_defaults': {'allocation_ratio': 1.0, 'min_unit': 1, 'step_size': 1, 'reserved': 0}, 'resource_provider_packet_processing_with_direction': {}, 'resource_provider_packet_processing_without_direction': {}, 'tunnel_types': [], 'tunneling_ip': None, 'vhostuser_socket_dir': '/var/run/openvswitch'}, 'resource_versions': {'AddressGroup': '1.2', 'Agent': '1.1', 'ConntrackHelper': '1.0', 'LocalIPAssociation': '1.0', 'Log': '1.0', 'NDPProxy': '1.0', 'Network': '1.1', 'Port': '1.7', 'PortForwarding': '1.3', 'QosPolicy': '1.10', 'SecurityGroup': '1.5', 'SecurityGroupRule': '1.2', 'SubPort': '1.0', 'Subnet': '1.1', 'Trunk': '1.1'}} {{(pid=104433) bind_port /opt/stack/neutron/neutron/plugins/ml2/drivers/mech_agent.py:110}}
May 04 10:11:14.805215 dv-neutron-839523-7-hyperv neutron-server[104433]: DEBUG neutron.plugins.ml2.drivers.mech_agent [None req-2a5cac7d-8311-4897-8472-b05dfc7db017 None None] Checking segment: {'id': '0ac2e76c-c309-468d-8bee-72db197dc57e', 'network_type': 'vlan', 'physical_network': 'physnet1', 'segmentation_id': 271, 'network_id': 'b697fcf2-210b-40d9-a162-014647beadb2'} for mappings: {'physnet1': 'br-data'} with network types: ['local', 'flat', 'vlan'] {{(pid=104433) check_segment_for_agent /opt/stack/neutron/neutron/plugins/ml2/drivers/mech_agent.py:373}}
May 04 10:11:14.805215 dv-neutron-839523-7-hyperv neutron-server[104433]: DEBUG neutron_lib.callbacks.manager [None req-2a5cac7d-8311-4897-8472-b05dfc7db017 None None] Publish callbacks [] for ovs_bridge_name (None), before_read {{(pid=104433) _notify_loop /usr/local/lib/python3.8/dist-packages/neutron_lib/callbacks/manager.py:176}}
May 04 10:11:14.805569 dv-neutron-839523-7-hyperv neutron-server[104433]: DEBUG neutron.plugins.ml2.drivers.mech_agent [None req-2a5cac7d-8311-4897-8472-b05dfc7db017 None None] Bound using segment: {'id': '0ac2e76c-c309-468d-8bee-72db197dc57e', 'network_type': 'vlan', 'physical_network': 'physnet1', 'segmentation_id': 271, 'network_id': 'b697fcf2-210b-40d9-a162-014647beadb2'} {{(pid=104433) bind_port /opt/stack/neutron/neutron/plugins/ml2/drivers/mech_agent.py:120}}
May 04 10:11:14.806061 dv-neutron-839523-7-hyperv neutron-server[104433]: DEBUG neutron.plugins.ml2.managers [None req-2a5cac7d-8311-4897-8472-b05dfc7db017 None None] Bound port: 48014749-8362-46e5-bef0-e4733dfa9431, host: dv-neutron-839523-7-hyperv, vif_type: ovs, vif_details: {"connectivity": "l2", "port_filter": true, "ovs_hybrid_plug": false, "datapath_type": "system", "bridge_name": "br-int"}, binding_levels: [{'bound_driver': 'openvswitch', 'bound_segment': {'id': '0ac2e76c-c309-468d-8bee-72db197dc57e', 'network_type': 'vlan', 'physical_network': 'physnet1', 'segmentation_id': 271, 'network_id': 'b697fcf2-210b-40d9-a162-014647beadb2'}}] {{(pid=104433) _bind_port_level /opt/stack/neutron/neutron/plugins/ml2/managers.py:932}}
May 04 10:11:14.806404 dv-neutron-839523-7-hyperv neutron-server[104432]: DEBUG neutron_lib.callbacks.manager [None req-acf3e05b-8277-4c6c-ae3f-679e67377a9f admin admin] Publish callbacks ['neutron.plugins.ml2.plugin.SecurityGroupDbMixin._ensure_default_security_group_handler-673974'] for port (None), before_create {{(pid=104432) _notify_loop /usr/local/lib/python3.8/dist-packages/neutron_lib/callbacks/manager.py:176}}
May 04 10:11:14.806505 dv-neutron-839523-7-hyperv neutron-server[104433]: DEBUG neutron_lib.callbacks.manager [None req-2a5cac7d-8311-4897-8472-b05dfc7db017 None None] Publish callbacks ['neutron.plugins.ml2.plugin.SecurityGroupDbMixin._ensure_default_security_group_handler-673974'] for port (48014749-8362-46e5-bef0-e4733dfa9431), before_update {{(pid=104433) _notify_loop /usr/local/lib/python3.8/dist-packages/neutron_lib/callbacks/manager.py:176}}
May 04 10:11:14.808760 dv-neutron-839523-7-hyperv neutron-server[104432]: DEBUG neutron.wsgi [-] (104432) accepted ('10.222.0.35', 54456) {{(pid=104432) server /usr/local/lib/python3.8/dist-packages/eventlet/wsgi.py:1004}}
May 04 10:11:14.821326 dv-neutron-839523-7-hyperv neutron-server[104432]: DEBUG neutron_lib.callbacks.manager [None req-5ab10b42-794c-4bc5-97db-76461fad187e admin admin] Publish callbacks [] for router_gateway (d30c5691-1cc4-47dc-af2c-609415db8256), before_create {{(pid=104432) _notify_loop /usr/local/lib/python3.8/dist-packages/neutron_lib/callbacks/manager.py:176}}
May 04 10:11:14.821468 dv-neutron-839523-7-hyperv neutron-server[104431]: DEBUG neutron.api.rpc.agentnotifiers.l3_rpc_agent_api [None req-b4ba1af0-f602-4c3d-8c48-c3e73b8fe015 admin admin] Notify agent at l3_agent.dv-neutron-839523-7-hyperv the message routers_updated {{(pid=104431) _agent_notification /opt/stack/neutron/neutron/api/rpc/agentnotifiers/l3_rpc_agent_api.py:65}}
May 04 10:11:14.830439 dv-neutron-839523-7-hyperv neutron-server[104433]: DEBUG neutron.plugins.ml2.plugin [None req-cbd56657-fad9-4ffb-92cc-ef0dc397c7a5 None None] Current status of the port 6f23a973-2be0-4205-98a1-84d3116c43e2 is: ACTIVE; New status is: ACTIVE {{(pid=104433) _update_individual_port_db_status /opt/stack/neutron/neutron/plugins/ml2/plugin.py:2297}}
May 04 10:11:14.840374 dv-neutron-839523-7-hyperv neutron-server[104434]: DEBUG neutron.api.rpc.handlers.l3_rpc [None req-48456c70-e337-4fd9-914e-5fd6fad09c3c None None] Sync routers for ids ['2a156c97-0666-4304-b051-9f50fb4540cd'] in dv-neutron-839523-7-hyperv {{(pid=104434) sync_routers /opt/stack/neutron/neutron/api/rpc/handlers/l3_rpc.py:125}}
May 04 10:11:14.843266 dv-neutron-839523-7-hyperv neutron-server[104433]: DEBUG neutron.scheduler.dhcp_agent_scheduler [None req-39472b40-77c1-4b30-930d-7f510f9ff1c2 None None] Network 70463039-6d41-4755-ac53-0eda72886775 is already hosted by enough agents. {{(pid=104433) _get_dhcp_agents_hosting_network /opt/stack/neutron/neutron/scheduler/dhcp_agent_scheduler.py:275}}
May 04 10:11:14.851272 dv-neutron-839523-7-hyperv neutron-server[104433]: DEBUG neutron.scheduler.base_scheduler [None req-39472b40-77c1-4b30-930d-7f510f9ff1c2 None None] Resources bound (agent type, host, resource id): {{(pid=104433) schedule /opt/stack/neutron/neutron/scheduler/base_scheduler.py:57}}
May 04 10:11:14.853181 dv-neutron-839523-7-hyperv neutron-server[104433]: DEBUG neutron.api.rpc.handlers.resources_rpc [None req-39472b40-77c1-4b30-930d-7f510f9ff1c2 None None] Pushing event updated for resources: {'Port': ['ID=c9457496-2eaf-4edf-b3b1-81704198f7af,revision_number=1']} {{(pid=104433) push /opt/stack/neutron/neutron/api/rpc/handlers/resources_rpc.py:237}}
May 04 10:11:14.858467 dv-neutron-839523-7-hyperv neutron-server[104434]: DEBUG neutron.db.l3_dvrscheduler_db [None req-48456c70-e337-4fd9-914e-5fd6fad09c3c None None] Routers {'2a156c97-0666-4304-b051-9f50fb4540cd'} bound to L3 agent in host dv-neutron-839523-7-hyperv {{(pid=104434) _get_router_ids_for_agent /opt/stack/neutron/neutron/db/l3_dvrscheduler_db.py:421}}
May 04 10:11:14.860520 dv-neutron-839523-7-hyperv neutron-server[104434]: DEBUG neutron.db.l3_hamode_db [None req-48456c70-e337-4fd9-914e-5fd6fad09c3c None None] neutron.services.l3_router.l3_router_plugin.L3RouterPlugin method get_ha_sync_data_for_host called with arguments (, 'dv-neutron-839523-7-hyperv', Agent(admin_state_up=True,agent_type='L3 agent',availability_zone='nova',binary='neutron-l3-agent',configurations={"agent_mode": "legacy", "ex_gw_ports": 1, "extensions": [], "floating_ips": 0, "handle_internal_only_routers": true, "interface_driver": "openvswitch", "interfaces": 1, "log_agent_heartbeats": false, "routers": 1},created_at=2022-05-04T10:03:04Z,description=,heartbeat_timestamp=2022-05-04T10:11:04Z,host='dv-neutron-839523-7-hyperv',id=5e1ff54a-0ed0-4c22-844b-921341345e30,load=0,resource_versions=,resources_synced=,started_at=2022-05-04T10:03:04Z,topic='l3_agent')) {'router_ids': ['2a156c97-0666-4304-b051-9f50fb4540cd'], 'active': True} {{(pid=104434) wrapper /usr/local/lib/python3.8/dist-packages/oslo_log/helpers.py:65}}
May 04 10:11:14.875171 dv-neutron-839523-7-hyperv neutron-server[104432]: DEBUG neutron_lib.callbacks.manager [None req-bc152742-194c-420a-b88f-6c4396a01d03 tempest-DHCPAgentSchedulersTestJSON-103792430 tempest-DHCPAgentSchedulersTestJSON-103792430-project] Publish callbacks ['neutron.plugins.ml2.plugin.Ml2Plugin._handle_segment_change-756834'] for segment (594c51ba-4b1f-47fc-942e-6c8a2f1b801b), precommit_create {{(pid=104432) _notify_loop /usr/local/lib/python3.8/dist-packages/neutron_lib/callbacks/manager.py:176}}
May 04 10:11:14.875511 dv-neutron-839523-7-hyperv neutron-server[104432]: INFO neutron.db.segments_db [None req-bc152742-194c-420a-b88f-6c4396a01d03 tempest-DHCPAgentSchedulersTestJSON-103792430 tempest-DHCPAgentSchedulersTestJSON-103792430-project] Added segment 594c51ba-4b1f-47fc-942e-6c8a2f1b801b of type vlan for network 1917642e-2459-4265-822f-d5a9f6f05e21
May 04 10:11:14.877949 dv-neutron-839523-7-hyperv neutron-server[104433]: DEBUG neutron.db.l3_dvrscheduler_db [None req-39472b40-77c1-4b30-930d-7f510f9ff1c2 None None] Received port after_create {{(pid=104433) _notify_l3_agent_new_port /opt/stack/neutron/neutron/db/l3_dvrscheduler_db.py:536}}
May 04 10:11:14.888378 dv-neutron-839523-7-hyperv neutron-server[104432]: DEBUG neutron_lib.callbacks.manager [None req-5ab10b42-794c-4bc5-97db-76461fad187e admin admin] Publish callbacks ['neutron.plugins.ml2.plugin.SecurityGroupDbMixin._ensure_default_security_group_handler-673974'] for port (None), before_create {{(pid=104432) _notify_loop /usr/local/lib/python3.8/dist-packages/neutron_lib/callbacks/manager.py:176}}
May 04 10:11:14.963355 dv-neutron-839523-7-hyperv neutron-server[104432]: INFO neutron.wsgi [None req-da38a0c0-de04-43fb-b3f6-b955a449b32e tempest-MeteringTestJSON-1466100978 tempest-MeteringTestJSON-1466100978-project-admin] 10.222.0.35 "GET /v2.0/metering/metering-label-rules?id=b1c51149-dcb2-4303-a9db-1fa5d63ffcaa HTTP/1.1" status: 200 len: 464 time: 0.1472549
May 04 10:11:14.964419 dv-neutron-839523-7-hyperv neutron-server[104433]: DEBUG neutron.plugins.ml2.managers [None req-39472b40-77c1-4b30-930d-7f510f9ff1c2 None None] Attempting to bind port c9457496-2eaf-4edf-b3b1-81704198f7af on host dv-neutron-839523-7-hyperv for vnic_type normal with profile {{(pid=104433) bind_port /opt/stack/neutron/neutron/plugins/ml2/managers.py:795}}
May 04 10:11:14.964419 dv-neutron-839523-7-hyperv neutron-server[104433]: DEBUG neutron.plugins.ml2.managers [None req-39472b40-77c1-4b30-930d-7f510f9ff1c2 None None] Attempting to bind port c9457496-2eaf-4edf-b3b1-81704198f7af by drivers openvswitch,hyperv on host dv-neutron-839523-7-hyperv at level 0 using segments [{'id': '08b0cb0b-f4d5-43a2-9c7d-bccc40a0fdca', 'network_type': 'vlan', 'physical_network': 'physnet1', 'segmentation_id': 255, 'network_id': '70463039-6d41-4755-ac53-0eda72886775'}] {{(pid=104433) _bind_port_level /opt/stack/neutron/neutron/plugins/ml2/managers.py:820}}
May 04 10:11:14.964419 dv-neutron-839523-7-hyperv neutron-server[104433]: DEBUG neutron.plugins.ml2.drivers.mech_agent [None req-39472b40-77c1-4b30-930d-7f510f9ff1c2 None None] Attempting to bind port c9457496-2eaf-4edf-b3b1-81704198f7af on network 70463039-6d41-4755-ac53-0eda72886775 {{(pid=104433) bind_port /opt/stack/neutron/neutron/plugins/ml2/drivers/mech_agent.py:91}}
May 04 10:11:14.968041 dv-neutron-839523-7-hyperv neutron-server[104431]: INFO neutron.wsgi [None req-ff792c1c-7506-44c6-a0b7-35efc70a9f3d tempest-QuotasTest-317609693 tempest-QuotasTest-317609693-project-admin] 10.222.0.35 "DELETE /v2.0/quotas/0249af727ee9416f99fc6ec2cd19d7a6 HTTP/1.1" status: 204 len: 168 time: 0.1570542
May 04 10:11:14.970418 dv-neutron-839523-7-hyperv neutron-server[104433]: DEBUG neutron.plugins.ml2.db [None req-2a5cac7d-8311-4897-8472-b05dfc7db017 None None] For port 48014749-8362-46e5-bef0-e4733dfa9431, host dv-neutron-839523-7-hyperv, cleared binding levels {{(pid=104433) clear_binding_levels /opt/stack/neutron/neutron/plugins/ml2/db.py:87}}
May 04 10:11:14.971047 dv-neutron-839523-7-hyperv neutron-server[104432]: DEBUG neutron.api.v2.base [None req-f95e18c0-5f8e-4149-90e2-f2986f7168e0 tempest-FloatingIPAdminTestJSON-988688775 tempest-FloatingIPAdminTestJSON-988688775-project] Request body: {'floatingip': {'floating_network_id': 'eefbd48f-0e6b-47f0-a47f-09f04f22ed86'}} {{(pid=104432) prepare_request_body /opt/stack/neutron/neutron/api/v2/base.py:730}}
May 04 10:11:14.972223 dv-neutron-839523-7-hyperv neutron-server[104431]: DEBUG neutron.wsgi [-] (104431) accepted ('10.222.0.35', 54458) {{(pid=104431) server /usr/local/lib/python3.8/dist-packages/eventlet/wsgi.py:1004}}
May 04 10:11:14.972223 dv-neutron-839523-7-hyperv neutron-server[104431]: DEBUG neutron.wsgi [-] (104431) accepted ('10.222.0.35', 54460) {{(pid=104431) server /usr/local/lib/python3.8/dist-packages/eventlet/wsgi.py:1004}}
May 04 10:11:14.976954 dv-neutron-839523-7-hyperv neutron-server[104433]: DEBUG neutron.plugins.ml2.drivers.mech_agent [None req-39472b40-77c1-4b30-930d-7f510f9ff1c2 None None] Checking agent: {'id': 'aae7b8aa-6efb-49e5-a036-993ac35461d2', 'agent_type': 'Open vSwitch agent', 'binary': 'neutron-openvswitch-agent', 'topic': 'N/A', 'host': 'dv-neutron-839523-7-hyperv', 'admin_state_up': True, 'created_at': datetime.datetime(2022, 5, 4, 10, 3, 8), 'started_at': datetime.datetime(2022, 5, 4, 10, 3, 38), 'heartbeat_timestamp': datetime.datetime(2022, 5, 4, 10, 11, 8), 'description': None, 'resources_synced': None, 'availability_zone': None, 'alive': True, 'configurations': {'arp_responder_enabled': False, 'baremetal_smartnic': False, 'bridge_mappings': {'physnet1': 'br-data'}, 'datapath_type': 'system', 'devices': 0, 'enable_distributed_routing': False, 'extensions': [], 'in_distributed_mode': False, 'integration_bridge': 'br-int', 'l2_population': False, 'log_agent_heartbeats': False, 'ovs_capabilities': {'datapath_types': ['netdev', 'system'], 'iface_types': ['erspan', 'geneve', 'gre', 'internal', 'ip6erspan', 'ip6gre', 'lisp', 'patch', 'stt', 'system', 'tap', 'vxlan']}, 'ovs_hybrid_plug': False, 'resource_provider_bandwidths': {}, 'resource_provider_hypervisors': {'br-data': 'dv-neutron-839523-7-hyperv'}, 'resource_provider_inventory_defaults': {'allocation_ratio': 1.0, 'min_unit': 1, 'step_size': 1, 'reserved': 0}, 'resource_provider_packet_processing_inventory_defaults': {'allocation_ratio': 1.0, 'min_unit': 1, 'step_size': 1, 'reserved': 0}, 'resource_provider_packet_processing_with_direction': {}, 'resource_provider_packet_processing_without_direction': {}, 'tunnel_types': [], 'tunneling_ip': None, 'vhostuser_socket_dir': '/var/run/openvswitch'}, 'resource_versions': {'AddressGroup': '1.2', 'Agent': '1.1', 'ConntrackHelper': '1.0', 'LocalIPAssociation': '1.0', 'Log': '1.0', 'NDPProxy': '1.0', 'Network': '1.1', 'Port': '1.7', 'PortForwarding': '1.3', 'QosPolicy': '1.10', 'SecurityGroup': '1.5', 'SecurityGroupRule': '1.2', 'SubPort': '1.0', 'Subnet': '1.1', 'Trunk': '1.1'}} {{(pid=104433) bind_port /opt/stack/neutron/neutron/plugins/ml2/drivers/mech_agent.py:110}}
May 04 10:11:14.977191 dv-neutron-839523-7-hyperv neutron-server[104433]: DEBUG neutron.plugins.ml2.drivers.mech_agent [None req-39472b40-77c1-4b30-930d-7f510f9ff1c2 None None] Checking segment: {'id': '08b0cb0b-f4d5-43a2-9c7d-bccc40a0fdca', 'network_type': 'vlan', 'physical_network': 'physnet1', 'segmentation_id': 255, 'network_id': '70463039-6d41-4755-ac53-0eda72886775'} for mappings: {'physnet1': 'br-data'} with network types: ['local', 'flat', 'vlan'] {{(pid=104433) check_segment_for_agent /opt/stack/neutron/neutron/plugins/ml2/drivers/mech_agent.py:373}}
May 04 10:11:14.985175 dv-neutron-839523-7-hyperv neutron-server[104433]: DEBUG neutron_lib.callbacks.manager [None req-39472b40-77c1-4b30-930d-7f510f9ff1c2 None None] Publish callbacks [] for ovs_bridge_name (None), before_read {{(pid=104433) _notify_loop /usr/local/lib/python3.8/dist-packages/neutron_lib/callbacks/manager.py:176}}
May 04 10:11:14.985175 dv-neutron-839523-7-hyperv neutron-server[104433]: DEBUG neutron.plugins.ml2.drivers.mech_agent [None req-39472b40-77c1-4b30-930d-7f510f9ff1c2 None None] Bound using segment: {'id': '08b0cb0b-f4d5-43a2-9c7d-bccc40a0fdca', 'network_type': 'vlan', 'physical_network': 'physnet1', 'segmentation_id': 255, 'network_id': '70463039-6d41-4755-ac53-0eda72886775'} {{(pid=104433) bind_port /opt/stack/neutron/neutron/plugins/ml2/drivers/mech_agent.py:120}}
May 04 10:11:14.985175 dv-neutron-839523-7-hyperv neutron-server[104433]: DEBUG neutron.plugins.ml2.managers [None req-39472b40-77c1-4b30-930d-7f510f9ff1c2 None None] Bound port: c9457496-2eaf-4edf-b3b1-81704198f7af, host: dv-neutron-839523-7-hyperv, vif_type: ovs, vif_details: {"connectivity": "l2", "port_filter": true, "ovs_hybrid_plug": false, "datapath_type": "system", "bridge_name": "br-int"}, binding_levels: [{'bound_driver': 'openvswitch', 'bound_segment': {'id': '08b0cb0b-f4d5-43a2-9c7d-bccc40a0fdca', 'network_type': 'vlan', 'physical_network': 'physnet1', 'segmentation_id': 255, 'network_id': '70463039-6d41-4755-ac53-0eda72886775'}}] {{(pid=104433) _bind_port_level /opt/stack/neutron/neutron/plugins/ml2/managers.py:932}}
May 04 10:11:14.985175 dv-neutron-839523-7-hyperv neutron-server[104433]: DEBUG neutron_lib.callbacks.manager [None req-39472b40-77c1-4b30-930d-7f510f9ff1c2 None None] Publish callbacks ['neutron.plugins.ml2.plugin.SecurityGroupDbMixin._ensure_default_security_group_handler-673974'] for port (c9457496-2eaf-4edf-b3b1-81704198f7af), before_update {{(pid=104433) _notify_loop /usr/local/lib/python3.8/dist-packages/neutron_lib/callbacks/manager.py:176}}
May 04 10:11:14.996525 dv-neutron-839523-7-hyperv neutron-server[104433]: DEBUG neutron.plugins.ml2.db [None req-2a5cac7d-8311-4897-8472-b05dfc7db017 None None] For port 48014749-8362-46e5-bef0-e4733dfa9431, host dv-neutron-839523-7-hyperv, set binding levels [PortBindingLevel(driver='openvswitch',host='dv-neutron-839523-7-hyperv',level=0,port_id=48014749-8362-46e5-bef0-e4733dfa9431,segment=NetworkSegment(0ac2e76c-c309-468d-8bee-72db197dc57e),segment_id=0ac2e76c-c309-468d-8bee-72db197dc57e)] {{(pid=104433) set_binding_levels /opt/stack/neutron/neutron/plugins/ml2/db.py:59}}
May 04 10:11:15.015375 dv-neutron-839523-7-hyperv neutron-server[104431]: INFO neutron.wsgi [None req-7fec3da9-2523-4c21-ad81-b92d19bcce1a tempest-QuotasTest-317609693 tempest-QuotasTest-317609693-project-admin] 10.222.0.35 "GET /v2.0/quotas HTTP/1.1" status: 200 len: 207 time: 0.0299172
May 04 10:11:15.017919 dv-neutron-839523-7-hyperv neutron-server[104431]: DEBUG neutron.wsgi [-] (104431) accepted ('10.222.0.35', 54466) {{(pid=104431) server /usr/local/lib/python3.8/dist-packages/eventlet/wsgi.py:1004}}
May 04 10:11:15.024516 dv-neutron-839523-7-hyperv neutron-server[104431]: DEBUG neutron_lib.callbacks.manager [None req-b4ba1af0-f602-4c3d-8c48-c3e73b8fe015 admin admin] Publish callbacks [] for router (None), before_response {{(pid=104431) _notify_loop /usr/local/lib/python3.8/dist-packages/neutron_lib/callbacks/manager.py:176}}
May 04 10:11:15.028614 dv-neutron-839523-7-hyperv neutron-server[104431]: INFO neutron.wsgi [None req-b4ba1af0-f602-4c3d-8c48-c3e73b8fe015 admin admin] 10.222.0.35 "POST /v2.0/routers HTTP/1.1" status: 201 len: 918 time: 4.3380880
May 04 10:11:15.057184 dv-neutron-839523-7-hyperv neutron-server[104431]: DEBUG neutron.wsgi [-] (104431) accepted ('10.222.0.35', 54468) {{(pid=104431) server /usr/local/lib/python3.8/dist-packages/eventlet/wsgi.py:1004}}
May 04 10:11:15.066866 dv-neutron-839523-7-hyperv neutron-server[104431]: INFO neutron.wsgi [None req-fc3a1823-759b-42d1-b105-8982bd92a41d tempest-QuotasTest-317609693 tempest-QuotasTest-317609693-project-admin] 10.222.0.35 "GET /v2.0/quotas/0249af727ee9416f99fc6ec2cd19d7a6 HTTP/1.1" status: 200 len: 370 time: 0.0439038
May 04 10:11:15.071427 dv-neutron-839523-7-hyperv neutron-server[104431]: DEBUG neutron.wsgi [-] (104431) accepted ('10.222.0.35', 54470) {{(pid=104431) server /usr/local/lib/python3.8/dist-packages/eventlet/wsgi.py:1004}}
May 04 10:11:15.088671 dv-neutron-839523-7-hyperv neutron-server[104431]: INFO neutron.wsgi [None req-023fcb3f-76eb-4e44-9ba6-020cb636d09f tempest-QuotasTest-317609693 tempest-QuotasTest-317609693-project-admin] 10.222.0.35 "GET /v2.0/quotas/0249af727ee9416f99fc6ec2cd19d7a6/default HTTP/1.1" status: 200 len: 370 time: 0.0075767
May 04 10:11:15.088842 dv-neutron-839523-7-hyperv neutron-server[104433]: DEBUG neutron_lib.callbacks.manager [None req-2a5cac7d-8311-4897-8472-b05dfc7db017 None None] Publish callbacks ['neutron.plugins.ml2.plugin.SecurityGroupServerNotifierRpcMixin._notify_sg_on_port_change-674010', 'neutron.plugins.ml2.ovo_rpc._ObjectChangeHandler.handle_event-196302', 'neutron.api.rpc.agentnotifiers.dhcp_rpc_agent_api.DhcpAgentNotifyAPI._native_event_send_dhcp_notification-1695807', 'neutron.db.l3_db.L3RpcNotifierMixin._notify_gateway_port_ip_changed-8772943991233', 'neutron.db.l3_dvrscheduler_db._notify_l3_agent_port_update-8772943513784', 'neutron.db.l3_hascheduler_db._notify_l3_agent_ha_port_update-8772943513802'] for port (48014749-8362-46e5-bef0-e4733dfa9431), after_update {{(pid=104433) _notify_loop /usr/local/lib/python3.8/dist-packages/neutron_lib/callbacks/manager.py:176}}
May 04 10:11:15.096622 dv-neutron-839523-7-hyperv neutron-server[104433]: DEBUG neutron.plugins.ml2.db [None req-39472b40-77c1-4b30-930d-7f510f9ff1c2 None None] For port c9457496-2eaf-4edf-b3b1-81704198f7af, host dv-neutron-839523-7-hyperv, cleared binding levels {{(pid=104433) clear_binding_levels /opt/stack/neutron/neutron/plugins/ml2/db.py:87}}
May 04 10:11:15.103691 dv-neutron-839523-7-hyperv neutron-server[104432]: DEBUG neutron.db.db_base_plugin_common [None req-acf3e05b-8277-4c6c-ae3f-679e67377a9f admin admin] Allocated IP 172.26.4.106 (eefbd48f-0e6b-47f0-a47f-09f04f22ed86/3e77a273-245e-4a57-b05a-647b4b55d7dc/d61d22d7-714c-48e9-a77a-6e1ca3424a0f) {{(pid=104432) _store_ip_allocation /opt/stack/neutron/neutron/db/db_base_plugin_common.py:131}}
May 04 10:11:15.114618 dv-neutron-839523-7-hyperv neutron-server[104434]: DEBUG neutron.db.l3_dvr_db [None req-48456c70-e337-4fd9-914e-5fd6fad09c3c None None] Set router 2a156c97-0666-4304-b051-9f50fb4540cd gateway port host: dv-neutron-839523-7-hyperv {{(pid=104434) _build_routers_list /opt/stack/neutron/neutron/db/l3_dvr_db.py:906}}
May 04 10:11:15.118217 dv-neutron-839523-7-hyperv neutron-server[104431]: DEBUG neutron.wsgi [-] (104431) accepted ('10.222.0.35', 54472) {{(pid=104431) server /usr/local/lib/python3.8/dist-packages/eventlet/wsgi.py:1004}}
May 04 10:11:15.132441 dv-neutron-839523-7-hyperv neutron-server[104431]: INFO neutron.api.v2.resource [None req-8d2507cb-e60a-4a9d-87bc-a802678290cc tempest-QuotasTest-317609693 tempest-QuotasTest-317609693-project-admin] delete failed (client error): The resource could not be found.
May 04 10:11:15.136001 dv-neutron-839523-7-hyperv neutron-server[104431]: INFO neutron.wsgi [None req-8d2507cb-e60a-4a9d-87bc-a802678290cc tempest-QuotasTest-317609693 tempest-QuotasTest-317609693-project-admin] 10.222.0.35 "DELETE /v2.0/quotas/0249af727ee9416f99fc6ec2cd19d7a6 HTTP/1.1" status: 404 len: 348 time: 0.0124464
May 04 10:11:15.150767 dv-neutron-839523-7-hyperv neutron-server[104433]: DEBUG neutron.plugins.ml2.db [None req-39472b40-77c1-4b30-930d-7f510f9ff1c2 None None] For port c9457496-2eaf-4edf-b3b1-81704198f7af, host dv-neutron-839523-7-hyperv, set binding levels [PortBindingLevel(driver='openvswitch',host='dv-neutron-839523-7-hyperv',level=0,port_id=c9457496-2eaf-4edf-b3b1-81704198f7af,segment=NetworkSegment(08b0cb0b-f4d5-43a2-9c7d-bccc40a0fdca),segment_id=08b0cb0b-f4d5-43a2-9c7d-bccc40a0fdca)] {{(pid=104433) set_binding_levels /opt/stack/neutron/neutron/plugins/ml2/db.py:59}}
May 04 10:11:15.160281 dv-neutron-839523-7-hyperv neutron-server[104433]: DEBUG neutron.plugins.ml2.plugin [None req-5af80e21-e785-4d9e-b085-56995e71bc7a None None] Current status of the port 6f23a973-2be0-4205-98a1-84d3116c43e2 is: ACTIVE; New status is: ACTIVE {{(pid=104433) _update_individual_port_db_status /opt/stack/neutron/neutron/plugins/ml2/plugin.py:2297}}
May 04 10:11:15.202101 dv-neutron-839523-7-hyperv neutron-server[104433]: DEBUG neutron.api.rpc.handlers.resources_rpc [None req-2a5cac7d-8311-4897-8472-b05dfc7db017 None None] Pushing event updated for resources: {'Port': ['ID=48014749-8362-46e5-bef0-e4733dfa9431,revision_number=2']} {{(pid=104433) push /opt/stack/neutron/neutron/api/rpc/handlers/resources_rpc.py:237}}
May 04 10:11:15.247429 dv-neutron-839523-7-hyperv neutron-server[104433]: DEBUG neutron_lib.callbacks.manager [None req-39472b40-77c1-4b30-930d-7f510f9ff1c2 None None] Publish callbacks ['neutron.plugins.ml2.plugin.SecurityGroupServerNotifierRpcMixin._notify_sg_on_port_change-674010', 'neutron.plugins.ml2.ovo_rpc._ObjectChangeHandler.handle_event-196302', 'neutron.api.rpc.agentnotifiers.dhcp_rpc_agent_api.DhcpAgentNotifyAPI._native_event_send_dhcp_notification-1695807', 'neutron.db.l3_db.L3RpcNotifierMixin._notify_gateway_port_ip_changed-8772943991233', 'neutron.db.l3_dvrscheduler_db._notify_l3_agent_port_update-8772943513784', 'neutron.db.l3_hascheduler_db._notify_l3_agent_ha_port_update-8772943513802'] for port (c9457496-2eaf-4edf-b3b1-81704198f7af), after_update {{(pid=104433) _notify_loop /usr/local/lib/python3.8/dist-packages/neutron_lib/callbacks/manager.py:176}}
May 04 10:11:15.331752 dv-neutron-839523-7-hyperv neutron-server[104432]: DEBUG neutron_lib.callbacks.manager [None req-bc152742-194c-420a-b88f-6c4396a01d03 tempest-DHCPAgentSchedulersTestJSON-103792430 tempest-DHCPAgentSchedulersTestJSON-103792430-project] Publish callbacks ['neutron.services.auto_allocate.db._ensure_external_network_default_value_callback-8772943501267'] for network (1917642e-2459-4265-822f-d5a9f6f05e21), precommit_create {{(pid=104432) _notify_loop /usr/local/lib/python3.8/dist-packages/neutron_lib/callbacks/manager.py:176}}
May 04 10:11:15.400498 dv-neutron-839523-7-hyperv neutron-server[104433]: DEBUG neutron.api.rpc.handlers.resources_rpc [None req-39472b40-77c1-4b30-930d-7f510f9ff1c2 None None] Pushing event updated for resources: {'Port': ['ID=c9457496-2eaf-4edf-b3b1-81704198f7af,revision_number=2']} {{(pid=104433) push /opt/stack/neutron/neutron/api/rpc/handlers/resources_rpc.py:237}}
May 04 10:11:15.405513 dv-neutron-839523-7-hyperv neutron-server[104431]: DEBUG neutron_lib.callbacks.manager [None req-8269607f-0dc8-46fa-9574-82f1c03fc042 tempest-MeteringTestJSON-1466100978 tempest-MeteringTestJSON-1466100978-project-admin] Publish callbacks [] for metering_label_rule (None), before_response {{(pid=104431) _notify_loop /usr/local/lib/python3.8/dist-packages/neutron_lib/callbacks/manager.py:176}}
May 04 10:11:15.406669 dv-neutron-839523-7-hyperv neutron-server[104431]: INFO neutron.wsgi [None req-8269607f-0dc8-46fa-9574-82f1c03fc042 tempest-MeteringTestJSON-1466100978 tempest-MeteringTestJSON-1466100978-project-admin] 10.222.0.35 "DELETE /v2.0/metering/metering-label-rules/b1c51149-dcb2-4303-a9db-1fa5d63ffcaa HTTP/1.1" status: 204 len: 168 time: 0.4253273
May 04 10:11:15.424003 dv-neutron-839523-7-hyperv neutron-server[104431]: DEBUG neutron.wsgi [-] (104431) accepted ('10.222.0.35', 54476) {{(pid=104431) server /usr/local/lib/python3.8/dist-packages/eventlet/wsgi.py:1004}}
May 04 10:11:15.424003 dv-neutron-839523-7-hyperv neutron-server[104431]: DEBUG neutron.objects.ports [None req-62493ca8-5af9-4e30-b4c1-7a5a86c97369 tempest-RoutersAdminTest-1018836896 tempest-RoutersAdminTest-1018836896-project-admin] Time-cost: Fetching 0 ports in 0 security groups {{(pid=104431) get_objects /opt/stack/neutron/neutron/objects/ports.py:463}}
May 04 10:11:15.424003 dv-neutron-839523-7-hyperv neutron-server[104431]: DEBUG neutron_lib.callbacks.manager [None req-62493ca8-5af9-4e30-b4c1-7a5a86c97369 tempest-RoutersAdminTest-1018836896 tempest-RoutersAdminTest-1018836896-project-admin] Publish callbacks ['neutron.plugins.ml2.ovo_rpc._ObjectChangeHandler.handle_event-1644054', 'neutron.api.rpc.agentnotifiers.dhcp_rpc_agent_api.DhcpAgentNotifyAPI._native_event_send_dhcp_notification-1695807'] for subnet (8bec683c-fda2-49da-8b3d-ec7592daa3ba), after_create {{(pid=104431) _notify_loop /usr/local/lib/python3.8/dist-packages/neutron_lib/callbacks/manager.py:176}}
May 04 10:11:15.433724 dv-neutron-839523-7-hyperv neutron-server[104433]: DEBUG neutron.plugins.ml2.rpc [None req-5af80e21-e785-4d9e-b085-56995e71bc7a None None] Device 6f23a973-2be0-4205-98a1-84d3116c43e2 up at agent ovs-agent-dv-neutron-839523-7-hyperv {{(pid=104433) update_device_up /opt/stack/neutron/neutron/plugins/ml2/rpc.py:296}}
May 04 10:11:15.490968 dv-neutron-839523-7-hyperv neutron-server[104432]: DEBUG neutron_lib.callbacks.manager [None req-f95e18c0-5f8e-4149-90e2-f2986f7168e0 tempest-FloatingIPAdminTestJSON-988688775 tempest-FloatingIPAdminTestJSON-988688775-project] Publish callbacks [] for floatingip (None), before_create {{(pid=104432) _notify_loop /usr/local/lib/python3.8/dist-packages/neutron_lib/callbacks/manager.py:176}}
May 04 10:11:15.524696 dv-neutron-839523-7-hyperv neutron-server[104434]: DEBUG neutron.db.l3_hamode_db [None req-48456c70-e337-4fd9-914e-5fd6fad09c3c None None] neutron.services.l3_router.l3_router_plugin.L3RouterPlugin method _process_sync_ha_data called with arguments (, [{'id': '2a156c97-0666-4304-b051-9f50fb4540cd', 'name': 'tempest-ServersTestJSON-1647965222-router', 'tenant_id': '91e29bc8edef4c90bae8f3164881d716', 'admin_state_up': True, 'status': 'ACTIVE', 'external_gateway_info': {'network_id': 'eefbd48f-0e6b-47f0-a47f-09f04f22ed86', 'external_fixed_ips': [{'subnet_id': '3e77a273-245e-4a57-b05a-647b4b55d7dc', 'ip_address': '172.26.4.197'}], 'enable_snat': True}, 'gw_port_id': 'fa501bb6-235f-478a-ae1e-3714ee41f53f', 'description': '', 'availability_zones': ['nova'], 'distributed': False, 'ha': False, 'ha_vr_id': 0, 'availability_zone_hints': [], 'routes': [], 'flavor_id': None, 'tags': [], 'created_at': '2022-05-04T10:11:10Z', 'updated_at': '2022-05-04T10:11:12Z', 'revision_number': 3, 'project_id': '91e29bc8edef4c90bae8f3164881d716', 'gw_port': {'id': 'fa501bb6-235f-478a-ae1e-3714ee41f53f', 'name': '', 'network_id': 'eefbd48f-0e6b-47f0-a47f-09f04f22ed86', 'tenant_id': '', 'mac_address': 'fa:16:3e:c4:08:c0', 'admin_state_up': True, 'status': 'DOWN', 'device_id': '2a156c97-0666-4304-b051-9f50fb4540cd', 'device_owner': 'network:router_gateway', 'standard_attr_id': 57, 'fixed_ips': [{'subnet_id': '3e77a273-245e-4a57-b05a-647b4b55d7dc', 'ip_address': '172.26.4.197', 'prefixlen': 24}], 'allowed_address_pairs': [], 'extra_dhcp_opts': [], 'security_groups': [], 'description': '', 'binding:vnic_type': 'normal', 'binding:profile': {}, 'binding:host_id': '', 'binding:vif_type': 'unbound', 'binding:vif_details': {}, 'port_security_enabled': False, 'tags': [], 'created_at': '2022-05-04T10:11:11Z', 'updated_at': '2022-05-04T10:11:12Z', 'revision_number': 1, 'project_id': '', 'subnets': [{'id': '3e77a273-245e-4a57-b05a-647b4b55d7dc', 'cidr': '172.26.4.0/24', 'gateway_ip': '172.26.4.1', 'dns_nameservers': [], 'ipv6_ra_mode': None, 'subnetpool_id': None}], 'extra_subnets': [], 'address_scopes': {4: None, 6: None}, 'mtu': 1500}, 'enable_snat': True, 'gw_port_host': 'dv-neutron-839523-7-hyperv'}], 'dv-neutron-839523-7-hyperv', False) {} {{(pid=104434) wrapper /usr/local/lib/python3.8/dist-packages/oslo_log/helpers.py:65}}
May 04 10:11:15.544800 dv-neutron-839523-7-hyperv neutron-server[104433]: DEBUG neutron.db.provisioning_blocks [None req-5af80e21-e785-4d9e-b085-56995e71bc7a None None] Provisioning complete for port 6f23a973-2be0-4205-98a1-84d3116c43e2 triggered by entity L2. {{(pid=104433) provisioning_complete /opt/stack/neutron/neutron/db/provisioning_blocks.py:145}}
May 04 10:11:15.544800 dv-neutron-839523-7-hyperv neutron-server[104433]: DEBUG neutron_lib.callbacks.manager [None req-5af80e21-e785-4d9e-b085-56995e71bc7a None None] Publish callbacks ['neutron.plugins.ml2.plugin.Ml2Plugin._port_provisioned-856169'] for port (6f23a973-2be0-4205-98a1-84d3116c43e2), provisioning_complete {{(pid=104433) _notify_loop /usr/local/lib/python3.8/dist-packages/neutron_lib/callbacks/manager.py:176}}
May 04 10:11:15.578538 dv-neutron-839523-7-hyperv neutron-server[104434]: DEBUG neutron.api.rpc.handlers.l3_rpc [None req-48456c70-e337-4fd9-914e-5fd6fad09c3c None None] Checking router: 2a156c97-0666-4304-b051-9f50fb4540cd for host: dv-neutron-839523-7-hyperv {{(pid=104434) _ensure_host_set_on_ports /opt/stack/neutron/neutron/api/rpc/handlers/l3_rpc.py:155}}
May 04 10:11:15.578893 dv-neutron-839523-7-hyperv neutron-server[104434]: DEBUG neutron.api.rpc.handlers.l3_rpc [None req-48456c70-e337-4fd9-914e-5fd6fad09c3c None None] Updating router 2a156c97-0666-4304-b051-9f50fb4540cd port fa501bb6-235f-478a-ae1e-3714ee41f53f binding host dv-neutron-839523-7-hyperv {{(pid=104434) _ensure_host_set_on_port /opt/stack/neutron/neutron/api/rpc/handlers/l3_rpc.py:205}}
May 04 10:11:15.608833 dv-neutron-839523-7-hyperv neutron-server[104434]: DEBUG neutron_lib.callbacks.manager [None req-48456c70-e337-4fd9-914e-5fd6fad09c3c None None] Publish callbacks ['neutron.plugins.ml2.plugin.SecurityGroupDbMixin._ensure_default_security_group_handler-673974'] for port (fa501bb6-235f-478a-ae1e-3714ee41f53f), before_update {{(pid=104434) _notify_loop /usr/local/lib/python3.8/dist-packages/neutron_lib/callbacks/manager.py:176}}
May 04 10:11:15.611171 dv-neutron-839523-7-hyperv neutron-server[104432]: DEBUG neutron_lib.callbacks.manager [None req-acf3e05b-8277-4c6c-ae3f-679e67377a9f admin admin] Publish callbacks [] for port (d61d22d7-714c-48e9-a77a-6e1ca3424a0f), precommit_create {{(pid=104432) _notify_loop /usr/local/lib/python3.8/dist-packages/neutron_lib/callbacks/manager.py:176}}
May 04 10:11:15.663329 dv-neutron-839523-7-hyperv neutron-server[104431]: INFO neutron.wsgi [None req-42d286c6-e1d8-4682-9c21-dd7b19644d34 tempest-MeteringTestJSON-1466100978 tempest-MeteringTestJSON-1466100978-project-admin] 10.222.0.35 "GET /v2.0/metering/metering-label-rules?id=b1c51149-dcb2-4303-a9db-1fa5d63ffcaa HTTP/1.1" status: 200 len: 221 time: 0.2513833
May 04 10:11:15.664107 dv-neutron-839523-7-hyperv neutron-server[104431]: DEBUG neutron.api.rpc.handlers.resources_rpc [None req-62493ca8-5af9-4e30-b4c1-7a5a86c97369 tempest-RoutersAdminTest-1018836896 tempest-RoutersAdminTest-1018836896-project-admin] Pushing event updated for resources: {'Subnet': ['ID=8bec683c-fda2-49da-8b3d-ec7592daa3ba,revision_number=0']} {{(pid=104431) push /opt/stack/neutron/neutron/api/rpc/handlers/resources_rpc.py:237}}
May 04 10:11:15.681222 dv-neutron-839523-7-hyperv neutron-server[104431]: DEBUG neutron.wsgi [-] (104431) accepted ('10.222.0.35', 54478) {{(pid=104431) server /usr/local/lib/python3.8/dist-packages/eventlet/wsgi.py:1004}}
May 04 10:11:15.704147 dv-neutron-839523-7-hyperv neutron-server[104431]: DEBUG neutron.api.v2.base [None req-1bebe3c0-7592-41e2-85c3-3c9794d8b0ad tempest-MeteringTestJSON-1466100978 tempest-MeteringTestJSON-1466100978-project-admin] Request body: {'metering_label': {'name': 'tempest-metering-label--1111638163', 'description': 'label created by tempest'}} {{(pid=104431) prepare_request_body /opt/stack/neutron/neutron/api/v2/base.py:730}}
May 04 10:11:15.704848 dv-neutron-839523-7-hyperv neutron-server[104431]: DEBUG neutron.api.v2.base [None req-1bebe3c0-7592-41e2-85c3-3c9794d8b0ad tempest-MeteringTestJSON-1466100978 tempest-MeteringTestJSON-1466100978-project-admin] Unknown quota resources ['metering_label']. {{(pid=104431) _create /opt/stack/neutron/neutron/api/v2/base.py:497}}
May 04 10:11:15.766081 dv-neutron-839523-7-hyperv neutron-server[104432]: DEBUG neutron_lib.callbacks.manager [None req-bc152742-194c-420a-b88f-6c4396a01d03 tempest-DHCPAgentSchedulersTestJSON-103792430 tempest-DHCPAgentSchedulersTestJSON-103792430-project] Publish callbacks ['neutron.plugins.ml2.ovo_rpc._ObjectChangeHandler.handle_event-1648102', 'neutron.api.rpc.agentnotifiers.dhcp_rpc_agent_api.DhcpAgentNotifyAPI._native_event_send_dhcp_notification-1695807'] for network (1917642e-2459-4265-822f-d5a9f6f05e21), after_create {{(pid=104432) _notify_loop /usr/local/lib/python3.8/dist-packages/neutron_lib/callbacks/manager.py:176}}
May 04 10:11:15.771967 dv-neutron-839523-7-hyperv neutron-server[104432]: DEBUG neutron.pecan_wsgi.hooks.policy_enforcement [None req-bc152742-194c-420a-b88f-6c4396a01d03 tempest-DHCPAgentSchedulersTestJSON-103792430 tempest-DHCPAgentSchedulersTestJSON-103792430-project] Attributes excluded by policy engine: ['standard_attr_id', 'provider:network_type', 'provider:physical_network', 'provider:segmentation_id', 'vlan_transparent'] {{(pid=104432) _exclude_attributes_by_policy /opt/stack/neutron/neutron/pecan_wsgi/hooks/policy_enforcement.py:259}}
May 04 10:11:15.772564 dv-neutron-839523-7-hyperv neutron-server[104432]: DEBUG neutron_lib.callbacks.manager [None req-bc152742-194c-420a-b88f-6c4396a01d03 tempest-DHCPAgentSchedulersTestJSON-103792430 tempest-DHCPAgentSchedulersTestJSON-103792430-project] Publish callbacks ['neutron.api.rpc.agentnotifiers.dhcp_rpc_agent_api.DhcpAgentNotifyAPI._send_dhcp_notification-1695757'] for network (None), before_response {{(pid=104432) _notify_loop /usr/local/lib/python3.8/dist-packages/neutron_lib/callbacks/manager.py:176}}
May 04 10:11:15.780950 dv-neutron-839523-7-hyperv neutron-server[104431]: DEBUG neutron.wsgi [-] (104431) accepted ('10.222.0.35', 54480) {{(pid=104431) server /usr/local/lib/python3.8/dist-packages/eventlet/wsgi.py:1004}}
May 04 10:11:15.804535 dv-neutron-839523-7-hyperv neutron-server[104433]: DEBUG neutron.plugins.ml2.plugin [None req-5af80e21-e785-4d9e-b085-56995e71bc7a None None] Current status of the port 6f23a973-2be0-4205-98a1-84d3116c43e2 is: ACTIVE; New status is: ACTIVE {{(pid=104433) _update_individual_port_db_status /opt/stack/neutron/neutron/plugins/ml2/plugin.py:2297}}
May 04 10:11:15.882860 dv-neutron-839523-7-hyperv neutron-server[104431]: DEBUG neutron.quota.resource [None req-0018c074-2758-40cb-babc-53dca12d2fe7 tempest-QuotasTest-317609693 tempest-QuotasTest-317609693-project-admin] Usage tracker for resource:network and project:487f7ec06fe441c580daf1224d8326e4 is out of sync, need to count used quota {{(pid=104431) count_used /opt/stack/neutron/neutron/quota/resource.py:292}}
May 04 10:11:15.897920 dv-neutron-839523-7-hyperv neutron-server[104431]: DEBUG neutron.quota.resource [None req-0018c074-2758-40cb-babc-53dca12d2fe7 tempest-QuotasTest-317609693 tempest-QuotasTest-317609693-project-admin] Quota usage for network was recalculated. Used quota:0. {{(pid=104431) count_used /opt/stack/neutron/neutron/quota/resource.py:313}}
May 04 10:11:15.915244 dv-neutron-839523-7-hyperv neutron-server[104432]: INFO neutron.wsgi [None req-bc152742-194c-420a-b88f-6c4396a01d03 tempest-DHCPAgentSchedulersTestJSON-103792430 tempest-DHCPAgentSchedulersTestJSON-103792430-project] 10.222.0.35 "POST /v2.0/networks HTTP/1.1" status: 201 len: 795 time: 3.5083904
May 04 10:11:15.921019 dv-neutron-839523-7-hyperv neutron-server[104432]: DEBUG neutron.wsgi [-] (104432) accepted ('10.222.0.35', 54482) {{(pid=104432) server /usr/local/lib/python3.8/dist-packages/eventlet/wsgi.py:1004}}
May 04 10:11:15.930964 dv-neutron-839523-7-hyperv neutron-server[104431]: DEBUG neutron.plugins.ml2.drivers.mech_agent [None req-62493ca8-5af9-4e30-b4c1-7a5a86c97369 tempest-RoutersAdminTest-1018836896 tempest-RoutersAdminTest-1018836896-project-admin] Checking segment: {'id': '5563198f-ceb6-4646-a27c-35becb31b693', 'network_type': 'vlan', 'physical_network': 'physnet1', 'segmentation_id': 290, 'network_id': '5d3b7d29-3d19-4425-aa1c-0ab4064cfd62'} for mappings: {'physnet1': 'br-data'} with network types: ['local', 'flat', 'vlan'] {{(pid=104431) check_segment_for_agent /opt/stack/neutron/neutron/plugins/ml2/drivers/mech_agent.py:373}}
May 04 10:11:15.931354 dv-neutron-839523-7-hyperv neutron-server[104431]: DEBUG neutron.scheduler.dhcp_agent_scheduler [None req-62493ca8-5af9-4e30-b4c1-7a5a86c97369 tempest-RoutersAdminTest-1018836896 tempest-RoutersAdminTest-1018836896-project-admin] Network hostable DHCP agents. Network: 5d3b7d29-3d19-4425-aa1c-0ab4064cfd62, hostable agents: ['170b4bfb-3e07-4948-bf17-bdb54fe8eaac'], hosted agents: [] {{(pid=104431) _get_network_hostable_dhcp_agents /opt/stack/neutron/neutron/scheduler/dhcp_agent_scheduler.py:329}}
May 04 10:11:15.945474 dv-neutron-839523-7-hyperv neutron-server[104431]: DEBUG neutron.quota.resource [None req-0018c074-2758-40cb-babc-53dca12d2fe7 tempest-QuotasTest-317609693 tempest-QuotasTest-317609693-project-admin] Usage tracker for resource:subnet and project:487f7ec06fe441c580daf1224d8326e4 is out of sync, need to count used quota {{(pid=104431) count_used /opt/stack/neutron/neutron/quota/resource.py:292}}
May 04 10:11:15.951990 dv-neutron-839523-7-hyperv neutron-server[104432]: DEBUG neutron.api.v2.base [None req-03e2ca89-e328-40dd-82d6-d733b4894e7e tempest-DHCPAgentSchedulersTestJSON-103792430 tempest-DHCPAgentSchedulersTestJSON-103792430-project] Request body: {'subnet': {'network_id': '1917642e-2459-4265-822f-d5a9f6f05e21', 'cidr': '172.20.0.0/28', 'ip_version': 4, 'gateway_ip': '172.20.0.1'}} {{(pid=104432) prepare_request_body /opt/stack/neutron/neutron/api/v2/base.py:730}}
May 04 10:11:15.961124 dv-neutron-839523-7-hyperv neutron-server[104432]: DEBUG neutron_lib.callbacks.manager [None req-f95e18c0-5f8e-4149-90e2-f2986f7168e0 tempest-FloatingIPAdminTestJSON-988688775 tempest-FloatingIPAdminTestJSON-988688775-project] Publish callbacks ['neutron.plugins.ml2.plugin.SecurityGroupDbMixin._ensure_default_security_group_handler-673974'] for port (None), before_create {{(pid=104432) _notify_loop /usr/local/lib/python3.8/dist-packages/neutron_lib/callbacks/manager.py:176}}
May 04 10:11:15.961538 dv-neutron-839523-7-hyperv neutron-server[104431]: DEBUG neutron.quota.resource [None req-0018c074-2758-40cb-babc-53dca12d2fe7 tempest-QuotasTest-317609693 tempest-QuotasTest-317609693-project-admin] Quota usage for subnet was recalculated. Used quota:0. {{(pid=104431) count_used /opt/stack/neutron/neutron/quota/resource.py:313}}
May 04 10:11:15.978111 dv-neutron-839523-7-hyperv neutron-server[104432]: DEBUG neutron.api.rpc.handlers.resources_rpc [None req-bc152742-194c-420a-b88f-6c4396a01d03 tempest-DHCPAgentSchedulersTestJSON-103792430 tempest-DHCPAgentSchedulersTestJSON-103792430-project] Pushing event updated for resources: {'Network': ['ID=1917642e-2459-4265-822f-d5a9f6f05e21,revision_number=1']} {{(pid=104432) push /opt/stack/neutron/neutron/api/rpc/handlers/resources_rpc.py:237}}
May 04 10:11:15.989148 dv-neutron-839523-7-hyperv neutron-server[104433]: DEBUG neutron.plugins.ml2.rpc [None req-5af80e21-e785-4d9e-b085-56995e71bc7a None None] Network 1917642e-2459-4265-822f-d5a9f6f05e21 details requested by agent ovs-agent-dv-neutron-839523-7-hyperv with host dv-neutron-839523-7-hyperv {{(pid=104433) get_network_details /opt/stack/neutron/neutron/plugins/ml2/rpc.py:248}}
May 04 10:11:16.018767 dv-neutron-839523-7-hyperv neutron-server[104431]: DEBUG neutron.quota.resource [None req-0018c074-2758-40cb-babc-53dca12d2fe7 tempest-QuotasTest-317609693 tempest-QuotasTest-317609693-project-admin] Usage tracker for resource:subnetpool and project:487f7ec06fe441c580daf1224d8326e4 is out of sync, need to count used quota {{(pid=104431) count_used /opt/stack/neutron/neutron/quota/resource.py:292}}
May 04 10:11:16.090176 dv-neutron-839523-7-hyperv neutron-server[104431]: DEBUG neutron.quota.resource [None req-0018c074-2758-40cb-babc-53dca12d2fe7 tempest-QuotasTest-317609693 tempest-QuotasTest-317609693-project-admin] Quota usage for subnetpool was recalculated. Used quota:0. {{(pid=104431) count_used /opt/stack/neutron/neutron/quota/resource.py:313}}
May 04 10:11:16.105024 dv-neutron-839523-7-hyperv neutron-server[104431]: DEBUG neutron.quota.resource [None req-0018c074-2758-40cb-babc-53dca12d2fe7 tempest-QuotasTest-317609693 tempest-QuotasTest-317609693-project-admin] Usage tracker for resource:port and project:487f7ec06fe441c580daf1224d8326e4 is out of sync, need to count used quota {{(pid=104431) count_used /opt/stack/neutron/neutron/quota/resource.py:292}}
May 04 10:11:16.140463 dv-neutron-839523-7-hyperv neutron-server[104431]: DEBUG neutron.quota.resource [None req-0018c074-2758-40cb-babc-53dca12d2fe7 tempest-QuotasTest-317609693 tempest-QuotasTest-317609693-project-admin] Quota usage for port was recalculated. Used quota:0. {{(pid=104431) count_used /opt/stack/neutron/neutron/quota/resource.py:313}}
May 04 10:11:16.144763 dv-neutron-839523-7-hyperv neutron-server[104431]: DEBUG neutron_lib.callbacks.manager [None req-1bebe3c0-7592-41e2-85c3-3c9794d8b0ad tempest-MeteringTestJSON-1466100978 tempest-MeteringTestJSON-1466100978-project-admin] Publish callbacks [] for metering_label (None), before_response {{(pid=104431) _notify_loop /usr/local/lib/python3.8/dist-packages/neutron_lib/callbacks/manager.py:176}}
May 04 10:11:16.146143 dv-neutron-839523-7-hyperv neutron-server[104431]: INFO neutron.wsgi [None req-1bebe3c0-7592-41e2-85c3-3c9794d8b0ad tempest-MeteringTestJSON-1466100978 tempest-MeteringTestJSON-1466100978-project-admin] 10.222.0.35 "POST /v2.0/metering/metering-labels HTTP/1.1" status: 201 len: 470 time: 0.4457192
May 04 10:11:16.152847 dv-neutron-839523-7-hyperv neutron-server[104431]: DEBUG neutron.wsgi [-] (104431) accepted ('10.222.0.35', 54484) {{(pid=104431) server /usr/local/lib/python3.8/dist-packages/eventlet/wsgi.py:1004}}
May 04 10:11:16.166879 dv-neutron-839523-7-hyperv neutron-server[104431]: DEBUG neutron.scheduler.dhcp_agent_scheduler [None req-62493ca8-5af9-4e30-b4c1-7a5a86c97369 tempest-RoutersAdminTest-1018836896 tempest-RoutersAdminTest-1018836896-project-admin] Network 5d3b7d29-3d19-4425-aa1c-0ab4064cfd62 is scheduled to be hosted by DHCP agent 170b4bfb-3e07-4948-bf17-bdb54fe8eaac with binding_index 1 {{(pid=104431) bind /opt/stack/neutron/neutron/scheduler/dhcp_agent_scheduler.py:227}}
May 04 10:11:16.169132 dv-neutron-839523-7-hyperv neutron-server[104431]: DEBUG neutron.quota.resource [None req-0018c074-2758-40cb-babc-53dca12d2fe7 tempest-QuotasTest-317609693 tempest-QuotasTest-317609693-project-admin] Usage tracker for resource:router and project:487f7ec06fe441c580daf1224d8326e4 is out of sync, need to count used quota {{(pid=104431) count_used /opt/stack/neutron/neutron/quota/resource.py:292}}
May 04 10:11:16.197334 dv-neutron-839523-7-hyperv neutron-server[104431]: DEBUG neutron.quota.resource [None req-0018c074-2758-40cb-babc-53dca12d2fe7 tempest-QuotasTest-317609693 tempest-QuotasTest-317609693-project-admin] Quota usage for router was recalculated. Used quota:0. {{(pid=104431) count_used /opt/stack/neutron/neutron/quota/resource.py:313}}
May 04 10:11:16.263478 dv-neutron-839523-7-hyperv neutron-server[104432]: DEBUG neutron_lib.callbacks.manager [None req-acf3e05b-8277-4c6c-ae3f-679e67377a9f admin admin] Publish callbacks ['neutron.plugins.ml2.plugin.SecurityGroupServerNotifierRpcMixin._notify_sg_on_port_change-674010', 'neutron.plugins.ml2.ovo_rpc._ObjectChangeHandler.handle_event-196302', 'neutron.api.rpc.agentnotifiers.dhcp_rpc_agent_api.DhcpAgentNotifyAPI._native_event_send_dhcp_notification-1695807', 'neutron.db.l3_dvrscheduler_db._notify_l3_agent_new_port-8772943513766'] for port (d61d22d7-714c-48e9-a77a-6e1ca3424a0f), after_create {{(pid=104432) _notify_loop /usr/local/lib/python3.8/dist-packages/neutron_lib/callbacks/manager.py:176}}
May 04 10:11:16.283936 dv-neutron-839523-7-hyperv neutron-server[104431]: INFO neutron.wsgi [None req-b1f2a439-15f4-48f1-a100-71f085b0a199 tempest-MeteringTestJSON-1466100978 tempest-MeteringTestJSON-1466100978-project-admin] 10.222.0.35 "GET /v2.0/metering/metering-labels?id=1932a1e9-e6d6-4f6e-8877-7daa3b4bfb4c HTTP/1.1" status: 200 len: 468 time: 0.1277084
May 04 10:11:16.286457 dv-neutron-839523-7-hyperv neutron-server[104431]: DEBUG neutron.wsgi [-] (104431) accepted ('10.222.0.35', 54486) {{(pid=104431) server /usr/local/lib/python3.8/dist-packages/eventlet/wsgi.py:1004}}
