Jun 17 07:54:34.291963 dv-neutron-839479-8-hyperv devstack@keystone.service[80703]: DEBUG keystone.server.flask.request_processing.middleware.auth_context [None req-eb990226-4436-4608-a16a-896d91594df4 None admin] Authenticating user token {{(pid=80703) process_request /usr/local/lib/python3.8/dist-packages/keystonemiddleware/auth_token/__init__.py:407}}
Jun 17 07:54:34.292041 dv-neutron-839479-8-hyperv devstack@keystone.service[80704]: DEBUG keystone.common.rbac_enforcer.enforcer [None req-672300fa-d44c-40eb-9ba5-3e0ec4af54f4 None admin] RBAC: Authorization granted {{(pid=80704) enforce_call /opt/stack/keystone/keystone/common/rbac_enforcer/enforcer.py:457}}
Jun 17 07:54:34.388712 dv-neutron-839479-8-hyperv devstack@keystone.service[80704]: [pid: 80704|app: 0|req: 41/80] 10.222.0.65 () {58 vars in 1282 bytes} [Fri Jun 17 07:54:34 2022] GET /identity/v3/auth/tokens => generated 799 bytes in 310 msecs (HTTP/1.1 200) 6 headers in 358 bytes (1 switches on core 0)
Jun 17 07:54:34.389485 dv-neutron-839479-8-hyperv devstack@keystone.service[80704]: DEBUG keystone.server.flask.request_processing.middleware.auth_context [None req-672300fa-d44c-40eb-9ba5-3e0ec4af54f4 None admin] Authenticating user token {{(pid=80704) process_request /usr/local/lib/python3.8/dist-packages/keystonemiddleware/auth_token/__init__.py:407}}
Jun 17 07:54:34.400254 dv-neutron-839479-8-hyperv devstack@keystone.service[80703]: DEBUG keystone.server.flask.request_processing.middleware.auth_context [None req-eb990226-4436-4608-a16a-896d91594df4 None admin] Validating token access rules against request {{(pid=80703) validate_allowed_request /usr/local/lib/python3.8/dist-packages/keystonemiddleware/auth_token/__init__.py:545}}
Jun 17 07:54:34.423833 dv-neutron-839479-8-hyperv devstack@keystone.service[80704]: DEBUG dbcounter [-] [80704] Writing DB stats keystone:SELECT=100 {{(pid=80704) stat_writer /usr/local/lib/python3.8/dist-packages/dbcounter.py:114}}
Jun 17 07:54:34.435620 dv-neutron-839479-8-hyperv devstack@keystone.service[80703]: DEBUG keystone.server.flask.request_processing.middleware.auth_context [None req-140076d7-de4a-4c3f-aee9-f8271b6fd571 None admin] RBAC: auth_context: {'token': , 'domain_id': None, 'trust_id': None, 'trustor_id': None, 'trustee_id': None, 'domain_name': None, 'group_ids': [], 'user_id': 'a251c653212044b3b4b93f9d4f7e53dd', 'user_domain_id': 'default', 'system_scope': 'all', 'project_id': None, 'project_domain_id': None, 'roles': ['admin', 'member', 'reader'], 'is_admin_project': True, 'service_user_id': None, 'service_user_domain_id': None, 'service_project_id': None, 'service_project_domain_id': None, 'service_roles': []} {{(pid=80703) fill_context /opt/stack/keystone/keystone/server/flask/request_processing/middleware/auth_context.py:478}}
Jun 17 07:54:34.436417 dv-neutron-839479-8-hyperv devstack@keystone.service[80703]: DEBUG keystone.server.flask.request_processing.req_logging [None req-140076d7-de4a-4c3f-aee9-f8271b6fd571 None admin] REQUEST_METHOD: `GET` {{(pid=80703) log_request_info /opt/stack/keystone/keystone/server/flask/request_processing/req_logging.py:27}}
Jun 17 07:54:34.437425 dv-neutron-839479-8-hyperv devstack@keystone.service[80703]: DEBUG keystone.server.flask.request_processing.req_logging [None req-140076d7-de4a-4c3f-aee9-f8271b6fd571 None admin] SCRIPT_NAME: `/identity` {{(pid=80703) log_request_info /opt/stack/keystone/keystone/server/flask/request_processing/req_logging.py:28}}
Jun 17 07:54:34.437425 dv-neutron-839479-8-hyperv devstack@keystone.service[80703]: DEBUG keystone.server.flask.request_processing.req_logging [None req-140076d7-de4a-4c3f-aee9-f8271b6fd571 None admin] PATH_INFO: `/v3/domains/default` {{(pid=80703) log_request_info /opt/stack/keystone/keystone/server/flask/request_processing/req_logging.py:29}}
Jun 17 07:54:34.438288 dv-neutron-839479-8-hyperv devstack@keystone.service[80703]: DEBUG keystone.common.rbac_enforcer.enforcer [None req-140076d7-de4a-4c3f-aee9-f8271b6fd571 None admin] RBAC: Authorizing `identity:get_domain(domain_id=default)` {{(pid=80703) enforce_call /opt/stack/keystone/keystone/common/rbac_enforcer/enforcer.py:449}}
Jun 17 07:54:34.439780 dv-neutron-839479-8-hyperv devstack@keystone.service[80703]: DEBUG keystone.common.rbac_enforcer.enforcer [None req-140076d7-de4a-4c3f-aee9-f8271b6fd571 None admin] RBAC: Authorization granted {{(pid=80703) enforce_call /opt/stack/keystone/keystone/common/rbac_enforcer/enforcer.py:457}}
Jun 17 07:54:34.441413 dv-neutron-839479-8-hyperv devstack@keystone.service[80703]: [pid: 80703|app: 0|req: 40/81] 10.222.0.65 () {56 vars in 1108 bytes} [Fri Jun 17 07:54:34 2022] GET /identity/v3/domains/default => generated 199 bytes in 153 msecs (HTTP/1.1 200) 5 headers in 177 bytes (1 switches on core 0)
Jun 17 07:54:34.442204 dv-neutron-839479-8-hyperv devstack@keystone.service[80703]: DEBUG keystone.server.flask.request_processing.middleware.auth_context [None req-140076d7-de4a-4c3f-aee9-f8271b6fd571 None admin] Authenticating user token {{(pid=80703) process_request /usr/local/lib/python3.8/dist-packages/keystonemiddleware/auth_token/__init__.py:407}}
Jun 17 07:54:34.488845 dv-neutron-839479-8-hyperv devstack@keystone.service[80704]: DEBUG keystone.server.flask.request_processing.middleware.auth_context [None req-672300fa-d44c-40eb-9ba5-3e0ec4af54f4 None admin] Validating token access rules against request {{(pid=80704) validate_allowed_request /usr/local/lib/python3.8/dist-packages/keystonemiddleware/auth_token/__init__.py:545}}
Jun 17 07:54:34.498562 dv-neutron-839479-8-hyperv devstack@keystone.service[80703]: DEBUG dbcounter [-] [80703] Writing DB stats keystone:SELECT=100 {{(pid=80703) stat_writer /usr/local/lib/python3.8/dist-packages/dbcounter.py:114}}
Jun 17 07:54:34.526259 dv-neutron-839479-8-hyperv devstack@keystone.service[80704]: DEBUG keystone.server.flask.request_processing.middleware.auth_context [None req-f3444a82-c14d-4cd1-a62c-3333f482360c None admin] RBAC: auth_context: {'token': , 'domain_id': None, 'trust_id': None, 'trustor_id': None, 'trustee_id': None, 'domain_name': None, 'group_ids': [], 'user_id': 'a251c653212044b3b4b93f9d4f7e53dd', 'user_domain_id': 'default', 'system_scope': 'all', 'project_id': None, 'project_domain_id': None, 'roles': ['admin', 'member', 'reader'], 'is_admin_project': True, 'service_user_id': None, 'service_user_domain_id': None, 'service_project_id': None, 'service_project_domain_id': None, 'service_roles': []} {{(pid=80704) fill_context /opt/stack/keystone/keystone/server/flask/request_processing/middleware/auth_context.py:478}}
Jun 17 07:54:34.527063 dv-neutron-839479-8-hyperv devstack@keystone.service[80704]: DEBUG keystone.server.flask.request_processing.req_logging [None req-f3444a82-c14d-4cd1-a62c-3333f482360c None admin] REQUEST_METHOD: `GET` {{(pid=80704) log_request_info /opt/stack/keystone/keystone/server/flask/request_processing/req_logging.py:27}}
Jun 17 07:54:34.527349 dv-neutron-839479-8-hyperv devstack@keystone.service[80704]: DEBUG keystone.server.flask.request_processing.req_logging [None req-f3444a82-c14d-4cd1-a62c-3333f482360c None admin] SCRIPT_NAME: `/identity` {{(pid=80704) log_request_info /opt/stack/keystone/keystone/server/flask/request_processing/req_logging.py:28}}
Jun 17 07:54:34.527630 dv-neutron-839479-8-hyperv devstack@keystone.service[80704]: DEBUG keystone.server.flask.request_processing.req_logging [None req-f3444a82-c14d-4cd1-a62c-3333f482360c None admin] PATH_INFO: `/v3/roles/member` {{(pid=80704) log_request_info /opt/stack/keystone/keystone/server/flask/request_processing/req_logging.py:29}}
Jun 17 07:54:34.538828 dv-neutron-839479-8-hyperv devstack@keystone.service[80704]: DEBUG keystone.common.rbac_enforcer.enforcer [None req-f3444a82-c14d-4cd1-a62c-3333f482360c None admin] Extracting inferred target data resulted in "NOT FOUND (404)". {{(pid=80704) enforce_call /opt/stack/keystone/keystone/common/rbac_enforcer/enforcer.py:409}}
Jun 17 07:54:34.546452 dv-neutron-839479-8-hyperv devstack@keystone.service[80704]: ERROR keystone.server.flask.application [None req-f3444a82-c14d-4cd1-a62c-3333f482360c None admin] Could not find role: member.: keystone.exception.RoleNotFound: Could not find role: member.
Jun 17 07:54:34.546452 dv-neutron-839479-8-hyperv devstack@keystone.service[80704]: ERROR keystone.server.flask.application
Traceback (most recent call last):
Jun 17 07:54:34.546452 dv-neutron-839479-8-hyperv devstack@keystone.service[80704]: ERROR keystone.server.flask.application
File "/usr/local/lib/python3.8/dist-packages/flask/app.py", line 1523, in full_dispatch_request
Jun 17 07:54:34.546452 dv-neutron-839479-8-hyperv devstack@keystone.service[80704]: ERROR keystone.server.flask.application rv = self.dispatch_request()
Jun 17 07:54:34.546452 dv-neutron-839479-8-hyperv devstack@keystone.service[80704]: ERROR keystone.server.flask.application
File "/usr/local/lib/python3.8/dist-packages/flask/app.py", line 1509, in dispatch_request
Jun 17 07:54:34.546452 dv-neutron-839479-8-hyperv devstack@keystone.service[80704]: ERROR keystone.server.flask.application return self.ensure_sync(self.view_functions[rule.endpoint])(**req.view_args)
Jun 17 07:54:34.546452 dv-neutron-839479-8-hyperv devstack@keystone.service[80704]: ERROR keystone.server.flask.application
File "/usr/local/lib/python3.8/dist-packages/flask_restful/__init__.py", line 467, in wrapper
Jun 17 07:54:34.546452 dv-neutron-839479-8-hyperv devstack@keystone.service[80704]: ERROR keystone.server.flask.application resp = resource(*args, **kwargs)
Jun 17 07:54:34.546452 dv-neutron-839479-8-hyperv devstack@keystone.service[80704]: ERROR keystone.server.flask.application
File "/usr/local/lib/python3.8/dist-packages/flask/views.py", line 84, in view
Jun 17 07:54:34.546452 dv-neutron-839479-8-hyperv devstack@keystone.service[80704]: ERROR keystone.server.flask.application return current_app.ensure_sync(self.dispatch_request)(*args, **kwargs)
Jun 17 07:54:34.546452 dv-neutron-839479-8-hyperv devstack@keystone.service[80704]: ERROR keystone.server.flask.application
File "/usr/local/lib/python3.8/dist-packages/flask_restful/__init__.py", line 582, in dispatch_request
Jun 17 07:54:34.546452 dv-neutron-839479-8-hyperv devstack@keystone.service[80704]: ERROR keystone.server.flask.application resp = meth(*args, **kwargs)
Jun 17 07:54:34.546452 dv-neutron-839479-8-hyperv devstack@keystone.service[80704]: ERROR keystone.server.flask.application
File "/opt/stack/keystone/keystone/api/roles.py", line 50, in get
Jun 17 07:54:34.546452 dv-neutron-839479-8-hyperv devstack@keystone.service[80704]: ERROR keystone.server.flask.application return self._get_role(role_id)
Jun 17 07:54:34.546452 dv-neutron-839479-8-hyperv devstack@keystone.service[80704]: ERROR keystone.server.flask.application
File "/opt/stack/keystone/keystone/api/roles.py", line 70, in _get_role
Jun 17 07:54:34.546452 dv-neutron-839479-8-hyperv devstack@keystone.service[80704]: ERROR keystone.server.flask.application ENFORCER.enforce_call(action='identity:get_role')
Jun 17 07:54:34.547612 dv-neutron-839479-8-hyperv devstack@keystone.service[80704]: ERROR keystone.server.flask.application
File "/opt/stack/keystone/keystone/common/rbac_enforcer/enforcer.py", line 402, in enforce_call
Jun 17 07:54:34.547612 dv-neutron-839479-8-hyperv devstack@keystone.service[80704]: ERROR keystone.server.flask.application policy_dict.update(cls._extract_member_target_data(
Jun 17 07:54:34.547612 dv-neutron-839479-8-hyperv devstack@keystone.service[80704]: ERROR keystone.server.flask.application
File "/opt/stack/keystone/keystone/common/rbac_enforcer/enforcer.py", line 234, in _extract_member_target_data
Jun 17 07:54:34.547612 dv-neutron-839479-8-hyperv devstack@keystone.service[80704]: ERROR keystone.server.flask.application member_name: func(flask.request.view_args[key])
Jun 17 07:54:34.547612 dv-neutron-839479-8-hyperv devstack@keystone.service[80704]: ERROR keystone.server.flask.application
File "/opt/stack/keystone/keystone/common/manager.py", line 115, in wrapped
Jun 17 07:54:34.547612 dv-neutron-839479-8-hyperv devstack@keystone.service[80704]: ERROR keystone.server.flask.application __ret_val = __f(*args, **kwargs)
Jun 17 07:54:34.547612 dv-neutron-839479-8-hyperv devstack@keystone.service[80704]: ERROR keystone.server.flask.application
File "/usr/local/lib/python3.8/dist-packages/decorator.py", line 232, in fun
Jun 17 07:54:34.547612 dv-neutron-839479-8-hyperv devstack@keystone.service[80704]: ERROR keystone.server.flask.application return caller(func, *(extras + args), **kw)
Jun 17 07:54:34.547612 dv-neutron-839479-8-hyperv devstack@keystone.service[80704]: ERROR keystone.server.flask.application
File "/usr/local/lib/python3.8/dist-packages/dogpile/cache/region.py", line 1577, in get_or_create_for_user_func
Jun 17 07:54:34.547612 dv-neutron-839479-8-hyperv devstack@keystone.service[80704]: ERROR keystone.server.flask.application return self.get_or_create(
Jun 17 07:54:34.547612 dv-neutron-839479-8-hyperv devstack@keystone.service[80704]: ERROR keystone.server.flask.application
File "/usr/local/lib/python3.8/dist-packages/dogpile/cache/region.py", line 1042, in get_or_create
Jun 17 07:54:34.547612 dv-neutron-839479-8-hyperv devstack@keystone.service[80704]: ERROR keystone.server.flask.application with Lock(
Jun 17 07:54:34.547612 dv-neutron-839479-8-hyperv devstack@keystone.service[80704]: ERROR keystone.server.flask.application
File "/usr/local/lib/python3.8/dist-packages/dogpile/lock.py", line 185, in __enter__
Jun 17 07:54:34.547612 dv-neutron-839479-8-hyperv devstack@keystone.service[80704]: ERROR keystone.server.flask.application return self._enter()
Jun 17 07:54:34.547612 dv-neutron-839479-8-hyperv devstack@keystone.service[80704]: ERROR keystone.server.flask.application
File "/usr/local/lib/python3.8/dist-packages/dogpile/lock.py", line 94, in _enter
Jun 17 07:54:34.547612 dv-neutron-839479-8-hyperv devstack@keystone.service[80704]: ERROR keystone.server.flask.application generated = self._enter_create(value, createdtime)
Jun 17 07:54:34.549347 dv-neutron-839479-8-hyperv devstack@keystone.service[80704]: ERROR keystone.server.flask.application
File "/usr/local/lib/python3.8/dist-packages/dogpile/lock.py", line 178, in _enter_create
Jun 17 07:54:34.549347 dv-neutron-839479-8-hyperv devstack@keystone.service[80704]: ERROR keystone.server.flask.application return self.creator()
Jun 17 07:54:34.549347 dv-neutron-839479-8-hyperv devstack@keystone.service[80704]: ERROR keystone.server.flask.application
File "/usr/local/lib/python3.8/dist-packages/dogpile/cache/region.py", line 995, in gen_value
Jun 17 07:54:34.549347 dv-neutron-839479-8-hyperv devstack@keystone.service[80704]: ERROR keystone.server.flask.application created_value = creator(
Jun 17 07:54:34.549347 dv-neutron-839479-8-hyperv devstack@keystone.service[80704]: ERROR keystone.server.flask.application
File "/opt/stack/keystone/keystone/assignment/core.py", line 1276, in get_role
Jun 17 07:54:34.549347 dv-neutron-839479-8-hyperv devstack@keystone.service[80704]: ERROR keystone.server.flask.application return self.driver.get_role(role_id)
Jun 17 07:54:34.549347 dv-neutron-839479-8-hyperv devstack@keystone.service[80704]: ERROR keystone.server.flask.application
File "/opt/stack/keystone/keystone/assignment/role_backends/sql.py", line 70, in get_role
Jun 17 07:54:34.549347 dv-neutron-839479-8-hyperv devstack@keystone.service[80704]: ERROR keystone.server.flask.application return self._get_role(session, role_id).to_dict()
Jun 17 07:54:34.549347 dv-neutron-839479-8-hyperv devstack@keystone.service[80704]: ERROR keystone.server.flask.application
File "/opt/stack/keystone/keystone/assignment/role_backends/sql.py", line 65, in _get_role
Jun 17 07:54:34.549347 dv-neutron-839479-8-hyperv devstack@keystone.service[80704]: ERROR keystone.server.flask.application raise exception.RoleNotFound(role_id=role_id)
Jun 17 07:54:34.549347 dv-neutron-839479-8-hyperv devstack@keystone.service[80704]: ERROR keystone.server.flask.application keystone.exception.RoleNotFound: Could not find role: member.
Jun 17 07:54:34.549347 dv-neutron-839479-8-hyperv devstack@keystone.service[80704]: ERROR keystone.server.flask.application
Jun 17 07:54:34.549347 dv-neutron-839479-8-hyperv devstack@keystone.service[80704]: [pid: 80704|app: 0|req: 42/82] 10.222.0.65 () {56 vars in 1099 bytes} [Fri Jun 17 07:54:34 2022] GET /identity/v3/roles/member => generated 84 bytes in 159 msecs (HTTP/1.1 404) 5 headers in 183 bytes (1 switches on core 0)
Jun 17 07:54:34.550112 dv-neutron-839479-8-hyperv devstack@keystone.service[80704]: DEBUG keystone.server.flask.request_processing.middleware.auth_context [None req-f3444a82-c14d-4cd1-a62c-3333f482360c None admin] Authenticating user token {{(pid=80704) process_request /usr/local/lib/python3.8/dist-packages/keystonemiddleware/auth_token/__init__.py:407}}
Jun 17 07:54:34.554446 dv-neutron-839479-8-hyperv devstack@keystone.service[80703]: DEBUG keystone.server.flask.request_processing.middleware.auth_context [None req-140076d7-de4a-4c3f-aee9-f8271b6fd571 None admin] Validating token access rules against request {{(pid=80703) validate_allowed_request /usr/local/lib/python3.8/dist-packages/keystonemiddleware/auth_token/__init__.py:545}}
Jun 17 07:54:34.588691 dv-neutron-839479-8-hyperv devstack@keystone.service[80703]: DEBUG keystone.server.flask.request_processing.middleware.auth_context [None req-3367cd92-5c8b-4ea5-903e-b00ab1293741 None admin] RBAC: auth_context: {'token': , 'domain_id': None, 'trust_id': None, 'trustor_id': None, 'trustee_id': None, 'domain_name': None, 'group_ids': [], 'user_id': 'a251c653212044b3b4b93f9d4f7e53dd', 'user_domain_id': 'default', 'system_scope': 'all', 'project_id': None, 'project_domain_id': None, 'roles': ['admin', 'member', 'reader'], 'is_admin_project': True, 'service_user_id': None, 'service_user_domain_id': None, 'service_project_id': None, 'service_project_domain_id': None, 'service_roles': []} {{(pid=80703) fill_context /opt/stack/keystone/keystone/server/flask/request_processing/middleware/auth_context.py:478}}
Jun 17 07:54:34.589564 dv-neutron-839479-8-hyperv devstack@keystone.service[80703]: DEBUG keystone.server.flask.request_processing.req_logging [None req-3367cd92-5c8b-4ea5-903e-b00ab1293741 None admin] REQUEST_METHOD: `GET` {{(pid=80703) log_request_info /opt/stack/keystone/keystone/server/flask/request_processing/req_logging.py:27}}
Jun 17 07:54:34.589871 dv-neutron-839479-8-hyperv devstack@keystone.service[80703]: DEBUG keystone.server.flask.request_processing.req_logging [None req-3367cd92-5c8b-4ea5-903e-b00ab1293741 None admin] SCRIPT_NAME: `/identity` {{(pid=80703) log_request_info /opt/stack/keystone/keystone/server/flask/request_processing/req_logging.py:28}}
Jun 17 07:54:34.590169 dv-neutron-839479-8-hyperv devstack@keystone.service[80703]: DEBUG keystone.server.flask.request_processing.req_logging [None req-3367cd92-5c8b-4ea5-903e-b00ab1293741 None admin] PATH_INFO: `/v3/users/ae0c79a468154848bd49a6c1456c1119` {{(pid=80703) log_request_info /opt/stack/keystone/keystone/server/flask/request_processing/req_logging.py:29}}
Jun 17 07:54:34.591400 dv-neutron-839479-8-hyperv devstack@keystone.service[80703]: DEBUG keystone.common.rbac_enforcer.enforcer [None req-3367cd92-5c8b-4ea5-903e-b00ab1293741 None admin] RBAC: Authorizing `identity:get_user(user_id=ae0c79a468154848bd49a6c1456c1119)` {{(pid=80703) enforce_call /opt/stack/keystone/keystone/common/rbac_enforcer/enforcer.py:449}}
Jun 17 07:54:34.592853 dv-neutron-839479-8-hyperv devstack@keystone.service[80703]: DEBUG keystone.common.rbac_enforcer.enforcer [None req-3367cd92-5c8b-4ea5-903e-b00ab1293741 None admin] RBAC: Authorization granted {{(pid=80703) enforce_call /opt/stack/keystone/keystone/common/rbac_enforcer/enforcer.py:457}}
Jun 17 07:54:34.594515 dv-neutron-839479-8-hyperv devstack@keystone.service[80703]: [pid: 80703|app: 0|req: 41/83] 10.222.0.65 () {56 vars in 1177 bytes} [Fri Jun 17 07:54:34 2022] GET /identity/v3/users/ae0c79a468154848bd49a6c1456c1119 => generated 275 bytes in 153 msecs (HTTP/1.1 200) 5 headers in 177 bytes (1 switches on core 0)
Jun 17 07:54:34.596140 dv-neutron-839479-8-hyperv devstack@keystone.service[80703]: DEBUG keystone.server.flask.request_processing.middleware.auth_context [None req-3367cd92-5c8b-4ea5-903e-b00ab1293741 None admin] Authenticating user token {{(pid=80703) process_request /usr/local/lib/python3.8/dist-packages/keystonemiddleware/auth_token/__init__.py:407}}
Jun 17 07:54:34.647356 dv-neutron-839479-8-hyperv devstack@keystone.service[80704]: DEBUG dbcounter [-] [80704] Writing DB stats keystone:SELECT=100 {{(pid=80704) stat_writer /usr/local/lib/python3.8/dist-packages/dbcounter.py:114}}
Jun 17 07:54:34.652833 dv-neutron-839479-8-hyperv devstack@keystone.service[80704]: DEBUG keystone.server.flask.request_processing.middleware.auth_context [None req-f3444a82-c14d-4cd1-a62c-3333f482360c None admin] Validating token access rules against request {{(pid=80704) validate_allowed_request /usr/local/lib/python3.8/dist-packages/keystonemiddleware/auth_token/__init__.py:545}}
Jun 17 07:54:34.686687 dv-neutron-839479-8-hyperv devstack@keystone.service[80704]: DEBUG keystone.server.flask.request_processing.middleware.auth_context [None req-04f61c34-9a8e-4bf7-a6c7-7755500960a8 None admin] RBAC: auth_context: {'token': , 'domain_id': None, 'trust_id': None, 'trustor_id': None, 'trustee_id': None, 'domain_name': None, 'group_ids': [], 'user_id': 'a251c653212044b3b4b93f9d4f7e53dd', 'user_domain_id': 'default', 'system_scope': 'all', 'project_id': None, 'project_domain_id': None, 'roles': ['admin', 'member', 'reader'], 'is_admin_project': True, 'service_user_id': None, 'service_user_domain_id': None, 'service_project_id': None, 'service_project_domain_id': None, 'service_roles': []} {{(pid=80704) fill_context /opt/stack/keystone/keystone/server/flask/request_processing/middleware/auth_context.py:478}}
Jun 17 07:54:34.687359 dv-neutron-839479-8-hyperv devstack@keystone.service[80704]: DEBUG keystone.server.flask.request_processing.req_logging [None req-04f61c34-9a8e-4bf7-a6c7-7755500960a8 None admin] REQUEST_METHOD: `GET` {{(pid=80704) log_request_info /opt/stack/keystone/keystone/server/flask/request_processing/req_logging.py:27}}
Jun 17 07:54:34.687653 dv-neutron-839479-8-hyperv devstack@keystone.service[80704]: DEBUG keystone.server.flask.request_processing.req_logging [None req-04f61c34-9a8e-4bf7-a6c7-7755500960a8 None admin] SCRIPT_NAME: `/identity` {{(pid=80704) log_request_info /opt/stack/keystone/keystone/server/flask/request_processing/req_logging.py:28}}
Jun 17 07:54:34.687937 dv-neutron-839479-8-hyperv devstack@keystone.service[80704]: DEBUG keystone.server.flask.request_processing.req_logging [None req-04f61c34-9a8e-4bf7-a6c7-7755500960a8 None admin] PATH_INFO: `/v3/auth/tokens` {{(pid=80704) log_request_info /opt/stack/keystone/keystone/server/flask/request_processing/req_logging.py:29}}
Jun 17 07:54:34.700636 dv-neutron-839479-8-hyperv devstack@keystone.service[80703]: DEBUG keystone.server.flask.request_processing.middleware.auth_context [None req-3367cd92-5c8b-4ea5-903e-b00ab1293741 None admin] Validating token access rules against request {{(pid=80703) validate_allowed_request /usr/local/lib/python3.8/dist-packages/keystonemiddleware/auth_token/__init__.py:545}}
Jun 17 07:54:34.720877 dv-neutron-839479-8-hyperv devstack@keystone.service[80703]: DEBUG dbcounter [-] [80703] Writing DB stats keystone:SELECT=100 {{(pid=80703) stat_writer /usr/local/lib/python3.8/dist-packages/dbcounter.py:114}}
Jun 17 07:54:34.741162 dv-neutron-839479-8-hyperv devstack@keystone.service[80703]: DEBUG keystone.server.flask.request_processing.middleware.auth_context [None req-3fff820b-9231-4639-9c07-ddfa24fea9a0 None admin] RBAC: auth_context: {'token': , 'domain_id': None, 'trust_id': None, 'trustor_id': None, 'trustee_id': None, 'domain_name': None, 'group_ids': [], 'user_id': 'a251c653212044b3b4b93f9d4f7e53dd', 'user_domain_id': 'default', 'system_scope': 'all', 'project_id': None, 'project_domain_id': None, 'roles': ['admin', 'member', 'reader'], 'is_admin_project': True, 'service_user_id': None, 'service_user_domain_id': None, 'service_project_id': None, 'service_project_domain_id': None, 'service_roles': []} {{(pid=80703) fill_context /opt/stack/keystone/keystone/server/flask/request_processing/middleware/auth_context.py:478}}
Jun 17 07:54:34.742060 dv-neutron-839479-8-hyperv devstack@keystone.service[80703]: DEBUG keystone.server.flask.request_processing.req_logging [None req-3fff820b-9231-4639-9c07-ddfa24fea9a0 None admin] REQUEST_METHOD: `GET` {{(pid=80703) log_request_info /opt/stack/keystone/keystone/server/flask/request_processing/req_logging.py:27}}
Jun 17 07:54:34.742351 dv-neutron-839479-8-hyperv devstack@keystone.service[80703]: DEBUG keystone.server.flask.request_processing.req_logging [None req-3fff820b-9231-4639-9c07-ddfa24fea9a0 None admin] SCRIPT_NAME: `/identity` {{(pid=80703) log_request_info /opt/stack/keystone/keystone/server/flask/request_processing/req_logging.py:28}}
Jun 17 07:54:34.742638 dv-neutron-839479-8-hyperv devstack@keystone.service[80703]: DEBUG keystone.server.flask.request_processing.req_logging [None req-3fff820b-9231-4639-9c07-ddfa24fea9a0 None admin] PATH_INFO: `/v3/projects/c6e523293a584a439176e4e4b9cd0245` {{(pid=80703) log_request_info /opt/stack/keystone/keystone/server/flask/request_processing/req_logging.py:29}}
Jun 17 07:54:34.744127 dv-neutron-839479-8-hyperv devstack@keystone.service[80703]: DEBUG keystone.common.rbac_enforcer.enforcer [None req-3fff820b-9231-4639-9c07-ddfa24fea9a0 None admin] RBAC: Authorizing `identity:get_project(project_id=c6e523293a584a439176e4e4b9cd0245)` {{(pid=80703) enforce_call /opt/stack/keystone/keystone/common/rbac_enforcer/enforcer.py:449}}
Jun 17 07:54:34.745586 dv-neutron-839479-8-hyperv devstack@keystone.service[80703]: DEBUG keystone.common.rbac_enforcer.enforcer [None req-3fff820b-9231-4639-9c07-ddfa24fea9a0 None admin] RBAC: Authorization granted {{(pid=80703) enforce_call /opt/stack/keystone/keystone/common/rbac_enforcer/enforcer.py:457}}
Jun 17 07:54:34.747331 dv-neutron-839479-8-hyperv devstack@keystone.service[80703]: [pid: 80703|app: 0|req: 42/84] 10.222.0.65 () {56 vars in 1186 bytes} [Fri Jun 17 07:54:34 2022] GET /identity/v3/projects/c6e523293a584a439176e4e4b9cd0245 => generated 298 bytes in 152 msecs (HTTP/1.1 200) 5 headers in 177 bytes (1 switches on core 0)
Jun 17 07:54:34.748082 dv-neutron-839479-8-hyperv devstack@keystone.service[80703]: DEBUG keystone.server.flask.request_processing.middleware.auth_context [None req-3fff820b-9231-4639-9c07-ddfa24fea9a0 None admin] Authenticating user token {{(pid=80703) process_request /usr/local/lib/python3.8/dist-packages/keystonemiddleware/auth_token/__init__.py:407}}
Jun 17 07:54:34.757770 dv-neutron-839479-8-hyperv devstack@keystone.service[80704]: DEBUG keystone.common.rbac_enforcer.enforcer [None req-04f61c34-9a8e-4bf7-a6c7-7755500960a8 None admin] RBAC: Authorizing `identity:validate_token()` {{(pid=80704) enforce_call /opt/stack/keystone/keystone/common/rbac_enforcer/enforcer.py:449}}
Jun 17 07:54:34.759326 dv-neutron-839479-8-hyperv devstack@keystone.service[80704]: DEBUG keystone.common.rbac_enforcer.enforcer [None req-04f61c34-9a8e-4bf7-a6c7-7755500960a8 None admin] RBAC: Authorization granted {{(pid=80704) enforce_call /opt/stack/keystone/keystone/common/rbac_enforcer/enforcer.py:457}}
Jun 17 07:54:34.848571 dv-neutron-839479-8-hyperv devstack@keystone.service[80703]: DEBUG keystone.server.flask.request_processing.middleware.auth_context [None req-3fff820b-9231-4639-9c07-ddfa24fea9a0 None admin] Validating token access rules against request {{(pid=80703) validate_allowed_request /usr/local/lib/python3.8/dist-packages/keystonemiddleware/auth_token/__init__.py:545}}
Jun 17 07:54:34.852424 dv-neutron-839479-8-hyperv devstack@keystone.service[80704]: DEBUG dbcounter [-] [80704] Writing DB stats keystone:SELECT=100 {{(pid=80704) stat_writer /usr/local/lib/python3.8/dist-packages/dbcounter.py:114}}
Jun 17 07:54:34.858865 dv-neutron-839479-8-hyperv devstack@keystone.service[80704]: [pid: 80704|app: 0|req: 43/85] 10.222.0.65 () {58 vars in 1282 bytes} [Fri Jun 17 07:54:34 2022] GET /identity/v3/auth/tokens => generated 799 bytes in 310 msecs (HTTP/1.1 200) 6 headers in 358 bytes (1 switches on core 0)
Jun 17 07:54:34.859686 dv-neutron-839479-8-hyperv devstack@keystone.service[80704]: DEBUG keystone.server.flask.request_processing.middleware.auth_context [None req-04f61c34-9a8e-4bf7-a6c7-7755500960a8 None admin] Authenticating user token {{(pid=80704) process_request /usr/local/lib/python3.8/dist-packages/keystonemiddleware/auth_token/__init__.py:407}}
Jun 17 07:54:34.881880 dv-neutron-839479-8-hyperv devstack@keystone.service[80703]: DEBUG keystone.server.flask.request_processing.middleware.auth_context [None req-c1503531-be82-4079-a93b-69e9ad2cfeab None admin] RBAC: auth_context: {'token': , 'domain_id': None, 'trust_id': None, 'trustor_id': None, 'trustee_id': None, 'domain_name': None, 'group_ids': [], 'user_id': 'a251c653212044b3b4b93f9d4f7e53dd', 'user_domain_id': 'default', 'system_scope': 'all', 'project_id': None, 'project_domain_id': None, 'roles': ['admin', 'member', 'reader'], 'is_admin_project': True, 'service_user_id': None, 'service_user_domain_id': None, 'service_project_id': None, 'service_project_domain_id': None, 'service_roles': []} {{(pid=80703) fill_context /opt/stack/keystone/keystone/server/flask/request_processing/middleware/auth_context.py:478}}
Jun 17 07:54:34.882612 dv-neutron-839479-8-hyperv devstack@keystone.service[80703]: DEBUG keystone.server.flask.request_processing.req_logging [None req-c1503531-be82-4079-a93b-69e9ad2cfeab None admin] REQUEST_METHOD: `POST` {{(pid=80703) log_request_info /opt/stack/keystone/keystone/server/flask/request_processing/req_logging.py:27}}
Jun 17 07:54:34.882910 dv-neutron-839479-8-hyperv devstack@keystone.service[80703]: DEBUG keystone.server.flask.request_processing.req_logging [None req-c1503531-be82-4079-a93b-69e9ad2cfeab None admin] SCRIPT_NAME: `/identity` {{(pid=80703) log_request_info /opt/stack/keystone/keystone/server/flask/request_processing/req_logging.py:28}}
Jun 17 07:54:34.883199 dv-neutron-839479-8-hyperv devstack@keystone.service[80703]: DEBUG keystone.server.flask.request_processing.req_logging [None req-c1503531-be82-4079-a93b-69e9ad2cfeab None admin] PATH_INFO: `/v3/users` {{(pid=80703) log_request_info /opt/stack/keystone/keystone/server/flask/request_processing/req_logging.py:29}}
Jun 17 07:54:34.883925 dv-neutron-839479-8-hyperv devstack@keystone.service[80703]: DEBUG keystone.common.rbac_enforcer.enforcer [None req-c1503531-be82-4079-a93b-69e9ad2cfeab None admin] RBAC: Authorizing `identity:create_user()` {{(pid=80703) enforce_call /opt/stack/keystone/keystone/common/rbac_enforcer/enforcer.py:449}}
Jun 17 07:54:34.885380 dv-neutron-839479-8-hyperv devstack@keystone.service[80703]: DEBUG keystone.common.rbac_enforcer.enforcer [None req-c1503531-be82-4079-a93b-69e9ad2cfeab None admin] RBAC: Authorization granted {{(pid=80703) enforce_call /opt/stack/keystone/keystone/common/rbac_enforcer/enforcer.py:457}}
Jun 17 07:54:34.959139 dv-neutron-839479-8-hyperv devstack@keystone.service[80704]: DEBUG keystone.server.flask.request_processing.middleware.auth_context [None req-04f61c34-9a8e-4bf7-a6c7-7755500960a8 None admin] Validating token access rules against request {{(pid=80704) validate_allowed_request /usr/local/lib/python3.8/dist-packages/keystonemiddleware/auth_token/__init__.py:545}}
Jun 17 07:54:34.971274 dv-neutron-839479-8-hyperv devstack@keystone.service[80703]: [pid: 80703|app: 0|req: 43/86] 10.222.0.65 () {60 vars in 1132 bytes} [Fri Jun 17 07:54:34 2022] POST /identity/v3/users => generated 289 bytes in 223 msecs (HTTP/1.1 201) 5 headers in 182 bytes (1 switches on core 0)
Jun 17 07:54:34.972319 dv-neutron-839479-8-hyperv devstack@keystone.service[80703]: DEBUG keystone.server.flask.request_processing.middleware.auth_context [None req-c1503531-be82-4079-a93b-69e9ad2cfeab None admin] Authenticating user token {{(pid=80703) process_request /usr/local/lib/python3.8/dist-packages/keystonemiddleware/auth_token/__init__.py:407}}
Jun 17 07:54:34.999096 dv-neutron-839479-8-hyperv devstack@keystone.service[80704]: DEBUG keystone.server.flask.request_processing.middleware.auth_context [None req-e793b5c1-46aa-4306-b126-3f5e507c6143 None admin] RBAC: auth_context: {'token': , 'domain_id': None, 'trust_id': None, 'trustor_id': None, 'trustee_id': None, 'domain_name': None, 'group_ids': [], 'user_id': 'a251c653212044b3b4b93f9d4f7e53dd', 'user_domain_id': 'default', 'system_scope': 'all', 'project_id': None, 'project_domain_id': None, 'roles': ['admin', 'member', 'reader'], 'is_admin_project': True, 'service_user_id': None, 'service_user_domain_id': None, 'service_project_id': None, 'service_project_domain_id': None, 'service_roles': []} {{(pid=80704) fill_context /opt/stack/keystone/keystone/server/flask/request_processing/middleware/auth_context.py:478}}
Jun 17 07:54:35.000083 dv-neutron-839479-8-hyperv devstack@keystone.service[80704]: DEBUG keystone.server.flask.request_processing.req_logging [None req-e793b5c1-46aa-4306-b126-3f5e507c6143 None admin] REQUEST_METHOD: `GET` {{(pid=80704) log_request_info /opt/stack/keystone/keystone/server/flask/request_processing/req_logging.py:27}}
Jun 17 07:54:35.000527 dv-neutron-839479-8-hyperv devstack@keystone.service[80704]: DEBUG keystone.server.flask.request_processing.req_logging [None req-e793b5c1-46aa-4306-b126-3f5e507c6143 None admin] SCRIPT_NAME: `/identity` {{(pid=80704) log_request_info /opt/stack/keystone/keystone/server/flask/request_processing/req_logging.py:28}}
Jun 17 07:54:35.001651 dv-neutron-839479-8-hyperv devstack@keystone.service[80704]: DEBUG keystone.server.flask.request_processing.req_logging [None req-e793b5c1-46aa-4306-b126-3f5e507c6143 None admin] PATH_INFO: `/v3/roles` {{(pid=80704) log_request_info /opt/stack/keystone/keystone/server/flask/request_processing/req_logging.py:29}}
Jun 17 07:54:35.004158 dv-neutron-839479-8-hyperv devstack@keystone.service[80704]: DEBUG keystone.common.rbac_enforcer.enforcer [None req-e793b5c1-46aa-4306-b126-3f5e507c6143 None admin] RBAC: Adding query filter params (name=member) {{(pid=80704) _extract_filter_values /opt/stack/keystone/keystone/common/rbac_enforcer/enforcer.py:167}}
Jun 17 07:54:35.004479 dv-neutron-839479-8-hyperv devstack@keystone.service[80704]: DEBUG keystone.common.rbac_enforcer.enforcer [None req-e793b5c1-46aa-4306-b126-3f5e507c6143 None admin] RBAC: Authorizing `identity:list_roles()` {{(pid=80704) enforce_call /opt/stack/keystone/keystone/common/rbac_enforcer/enforcer.py:449}}
Jun 17 07:54:35.006197 dv-neutron-839479-8-hyperv devstack@keystone.service[80704]: DEBUG keystone.common.rbac_enforcer.enforcer [None req-e793b5c1-46aa-4306-b126-3f5e507c6143 None admin] RBAC: Authorization granted {{(pid=80704) enforce_call /opt/stack/keystone/keystone/common/rbac_enforcer/enforcer.py:457}}
Jun 17 07:54:35.024738 dv-neutron-839479-8-hyperv devstack@keystone.service[80704]: [pid: 80704|app: 0|req: 44/87] 10.222.0.65 () {56 vars in 1101 bytes} [Fri Jun 17 07:54:34 2022] GET /identity/v3/roles?name=member => generated 341 bytes in 161 msecs (HTTP/1.1 200) 5 headers in 177 bytes (1 switches on core 0)
Jun 17 07:54:35.024738 dv-neutron-839479-8-hyperv devstack@keystone.service[80704]: DEBUG keystone.server.flask.request_processing.middleware.auth_context [None req-e793b5c1-46aa-4306-b126-3f5e507c6143 None admin] Authenticating user token {{(pid=80704) process_request /usr/local/lib/python3.8/dist-packages/keystonemiddleware/auth_token/__init__.py:407}}
Jun 17 07:54:35.033916 dv-neutron-839479-8-hyperv devstack@keystone.service[80703]: DEBUG dbcounter [-] [80703] Writing DB stats keystone:SELECT=97,keystone:INSERT=3 {{(pid=80703) stat_writer /usr/local/lib/python3.8/dist-packages/dbcounter.py:114}}
Jun 17 07:54:35.092008 dv-neutron-839479-8-hyperv devstack@keystone.service[80704]: DEBUG dbcounter [-] [80704] Writing DB stats keystone:SELECT=100 {{(pid=80704) stat_writer /usr/local/lib/python3.8/dist-packages/dbcounter.py:114}}
Jun 17 07:54:35.096326 dv-neutron-839479-8-hyperv devstack@keystone.service[80703]: DEBUG keystone.server.flask.request_processing.middleware.auth_context [None req-c1503531-be82-4079-a93b-69e9ad2cfeab None admin] Validating token access rules against request {{(pid=80703) validate_allowed_request /usr/local/lib/python3.8/dist-packages/keystonemiddleware/auth_token/__init__.py:545}}
Jun 17 07:54:35.141463 dv-neutron-839479-8-hyperv devstack@keystone.service[80704]: DEBUG keystone.server.flask.request_processing.middleware.auth_context [None req-e793b5c1-46aa-4306-b126-3f5e507c6143 None admin] Validating token access rules against request {{(pid=80704) validate_allowed_request /usr/local/lib/python3.8/dist-packages/keystonemiddleware/auth_token/__init__.py:545}}
Jun 17 07:54:35.142625 dv-neutron-839479-8-hyperv devstack@keystone.service[80703]: DEBUG keystone.server.flask.request_processing.middleware.auth_context [None req-349debbe-8077-408c-89fb-1300d9326856 None admin] RBAC: auth_context: {'token': , 'domain_id': None, 'trust_id': None, 'trustor_id': None, 'trustee_id': None, 'domain_name': None, 'group_ids': [], 'user_id': 'a251c653212044b3b4b93f9d4f7e53dd', 'user_domain_id': 'default', 'system_scope': 'all', 'project_id': None, 'project_domain_id': None, 'roles': ['admin', 'member', 'reader'], 'is_admin_project': True, 'service_user_id': None, 'service_user_domain_id': None, 'service_project_id': None, 'service_project_domain_id': None, 'service_roles': []} {{(pid=80703) fill_context /opt/stack/keystone/keystone/server/flask/request_processing/middleware/auth_context.py:478}}
Jun 17 07:54:35.143306 dv-neutron-839479-8-hyperv devstack@keystone.service[80703]: DEBUG keystone.server.flask.request_processing.req_logging [None req-349debbe-8077-408c-89fb-1300d9326856 None admin] REQUEST_METHOD: `GET` {{(pid=80703) log_request_info /opt/stack/keystone/keystone/server/flask/request_processing/req_logging.py:27}}
Jun 17 07:54:35.143971 dv-neutron-839479-8-hyperv devstack@keystone.service[80703]: DEBUG keystone.server.flask.request_processing.req_logging [None req-349debbe-8077-408c-89fb-1300d9326856 None admin] SCRIPT_NAME: `/identity` {{(pid=80703) log_request_info /opt/stack/keystone/keystone/server/flask/request_processing/req_logging.py:28}}
Jun 17 07:54:35.144075 dv-neutron-839479-8-hyperv devstack@keystone.service[80703]: DEBUG keystone.server.flask.request_processing.req_logging [None req-349debbe-8077-408c-89fb-1300d9326856 None admin] PATH_INFO: `/v3/auth/tokens` {{(pid=80703) log_request_info /opt/stack/keystone/keystone/server/flask/request_processing/req_logging.py:29}}
Jun 17 07:54:35.189695 dv-neutron-839479-8-hyperv devstack@keystone.service[80704]: DEBUG keystone.server.flask.request_processing.middleware.auth_context [None req-793c736e-0b77-482d-b391-d04834466f6e None admin] RBAC: auth_context: {'token': , 'domain_id': None, 'trust_id': None, 'trustor_id': None, 'trustee_id': None, 'domain_name': None, 'group_ids': [], 'user_id': 'a251c653212044b3b4b93f9d4f7e53dd', 'user_domain_id': 'default', 'system_scope': 'all', 'project_id': None, 'project_domain_id': None, 'roles': ['admin', 'member', 'reader'], 'is_admin_project': True, 'service_user_id': None, 'service_user_domain_id': None, 'service_project_id': None, 'service_project_domain_id': None, 'service_roles': []} {{(pid=80704) fill_context /opt/stack/keystone/keystone/server/flask/request_processing/middleware/auth_context.py:478}}
Jun 17 07:54:35.190464 dv-neutron-839479-8-hyperv devstack@keystone.service[80704]: DEBUG keystone.server.flask.request_processing.req_logging [None req-793c736e-0b77-482d-b391-d04834466f6e None admin] REQUEST_METHOD: `GET` {{(pid=80704) log_request_info /opt/stack/keystone/keystone/server/flask/request_processing/req_logging.py:27}}
Jun 17 07:54:35.190760 dv-neutron-839479-8-hyperv devstack@keystone.service[80704]: DEBUG keystone.server.flask.request_processing.req_logging [None req-793c736e-0b77-482d-b391-d04834466f6e None admin] SCRIPT_NAME: `/identity` {{(pid=80704) log_request_info /opt/stack/keystone/keystone/server/flask/request_processing/req_logging.py:28}}
Jun 17 07:54:35.191051 dv-neutron-839479-8-hyperv devstack@keystone.service[80704]: DEBUG keystone.server.flask.request_processing.req_logging [None req-793c736e-0b77-482d-b391-d04834466f6e None admin] PATH_INFO: `/v3/role_assignments` {{(pid=80704) log_request_info /opt/stack/keystone/keystone/server/flask/request_processing/req_logging.py:29}}
Jun 17 07:54:35.191922 dv-neutron-839479-8-hyperv devstack@keystone.service[80704]: DEBUG keystone.common.rbac_enforcer.enforcer [None req-793c736e-0b77-482d-b391-d04834466f6e None admin] RBAC: Adding query filter params (role.id=effa1932fb35491bbd168d424f581032, scope.project.id=c6e523293a584a439176e4e4b9cd0245, user.id=ae0c79a468154848bd49a6c1456c1119) {{(pid=80704) _extract_filter_values /opt/stack/keystone/keystone/common/rbac_enforcer/enforcer.py:167}}
Jun 17 07:54:35.192249 dv-neutron-839479-8-hyperv devstack@keystone.service[80704]: DEBUG keystone.common.rbac_enforcer.enforcer [None req-793c736e-0b77-482d-b391-d04834466f6e None admin] RBAC: Authorizing `identity:list_role_assignments()` {{(pid=80704) enforce_call /opt/stack/keystone/keystone/common/rbac_enforcer/enforcer.py:449}}
Jun 17 07:54:35.193761 dv-neutron-839479-8-hyperv devstack@keystone.service[80704]: DEBUG keystone.common.rbac_enforcer.enforcer [None req-793c736e-0b77-482d-b391-d04834466f6e None admin] RBAC: Authorization granted {{(pid=80704) enforce_call /opt/stack/keystone/keystone/common/rbac_enforcer/enforcer.py:457}}
Jun 17 07:54:35.200872 dv-neutron-839479-8-hyperv devstack@keystone.service[80704]: [pid: 80704|app: 0|req: 45/88] 10.222.0.65 () {56 vars in 1374 bytes} [Fri Jun 17 07:54:35 2022] GET /identity/v3/role_assignments?user.id=ae0c79a468154848bd49a6c1456c1119&scope.project.id=c6e523293a584a439176e4e4b9cd0245&role.id=effa1932fb35491bbd168d424f581032 => generated 259 bytes in 180 msecs (HTTP/1.1 200) 5 headers in 177 bytes (1 switches on core 0)
Jun 17 07:54:35.201711 dv-neutron-839479-8-hyperv devstack@keystone.service[80704]: DEBUG keystone.server.flask.request_processing.middleware.auth_context [None req-793c736e-0b77-482d-b391-d04834466f6e None admin] Authenticating user token {{(pid=80704) process_request /usr/local/lib/python3.8/dist-packages/keystonemiddleware/auth_token/__init__.py:407}}
Jun 17 07:54:35.234856 dv-neutron-839479-8-hyperv devstack@keystone.service[80703]: DEBUG keystone.common.rbac_enforcer.enforcer [None req-349debbe-8077-408c-89fb-1300d9326856 None admin] RBAC: Authorizing `identity:validate_token()` {{(pid=80703) enforce_call /opt/stack/keystone/keystone/common/rbac_enforcer/enforcer.py:449}}
Jun 17 07:54:35.236812 dv-neutron-839479-8-hyperv devstack@keystone.service[80703]: DEBUG keystone.common.rbac_enforcer.enforcer [None req-349debbe-8077-408c-89fb-1300d9326856 None admin] RBAC: Authorization granted {{(pid=80703) enforce_call /opt/stack/keystone/keystone/common/rbac_enforcer/enforcer.py:457}}
Jun 17 07:54:35.312221 dv-neutron-839479-8-hyperv devstack@keystone.service[80703]: DEBUG dbcounter [-] [80703] Writing DB stats keystone:SELECT=100 {{(pid=80703) stat_writer /usr/local/lib/python3.8/dist-packages/dbcounter.py:114}}
Jun 17 07:54:35.345587 dv-neutron-839479-8-hyperv devstack@keystone.service[80704]: DEBUG keystone.server.flask.request_processing.middleware.auth_context [None req-793c736e-0b77-482d-b391-d04834466f6e None admin] Validating token access rules against request {{(pid=80704) validate_allowed_request /usr/local/lib/python3.8/dist-packages/keystonemiddleware/auth_token/__init__.py:545}}
Jun 17 07:54:35.375820 dv-neutron-839479-8-hyperv devstack@keystone.service[80704]: DEBUG dbcounter [-] [80704] Writing DB stats keystone:SELECT=100 {{(pid=80704) stat_writer /usr/local/lib/python3.8/dist-packages/dbcounter.py:114}}
Jun 17 07:54:35.389652 dv-neutron-839479-8-hyperv devstack@keystone.service[80703]: [pid: 80703|app: 0|req: 44/89] 10.222.0.65 () {58 vars in 1282 bytes} [Fri Jun 17 07:54:34 2022] GET /identity/v3/auth/tokens => generated 799 bytes in 418 msecs (HTTP/1.1 200) 6 headers in 358 bytes (1 switches on core 0)
Jun 17 07:54:35.396365 dv-neutron-839479-8-hyperv devstack@keystone.service[80703]: DEBUG keystone.server.flask.request_processing.middleware.auth_context [None req-349debbe-8077-408c-89fb-1300d9326856 None admin] Authenticating user token {{(pid=80703) process_request /usr/local/lib/python3.8/dist-packages/keystonemiddleware/auth_token/__init__.py:407}}
Jun 17 07:54:35.397279 dv-neutron-839479-8-hyperv devstack@keystone.service[80704]: DEBUG keystone.server.flask.request_processing.middleware.auth_context [None req-a42f2ac0-6b64-4b5a-b62f-4b3137af6320 None admin] RBAC: auth_context: {'token': , 'domain_id': None, 'trust_id': None, 'trustor_id': None, 'trustee_id': None, 'domain_name': None, 'group_ids': [], 'user_id': 'a251c653212044b3b4b93f9d4f7e53dd', 'user_domain_id': 'default', 'system_scope': 'all', 'project_id': None, 'project_domain_id': None, 'roles': ['admin', 'member', 'reader'], 'is_admin_project': True, 'service_user_id': None, 'service_user_domain_id': None, 'service_project_id': None, 'service_project_domain_id': None, 'service_roles': []} {{(pid=80704) fill_context /opt/stack/keystone/keystone/server/flask/request_processing/middleware/auth_context.py:478}}
Jun 17 07:54:35.398481 dv-neutron-839479-8-hyperv devstack@keystone.service[80704]: DEBUG keystone.server.flask.request_processing.req_logging [None req-a42f2ac0-6b64-4b5a-b62f-4b3137af6320 None admin] REQUEST_METHOD: `GET` {{(pid=80704) log_request_info /opt/stack/keystone/keystone/server/flask/request_processing/req_logging.py:27}}
Jun 17 07:54:35.400032 dv-neutron-839479-8-hyperv devstack@keystone.service[80704]: DEBUG keystone.server.flask.request_processing.req_logging [None req-a42f2ac0-6b64-4b5a-b62f-4b3137af6320 None admin] SCRIPT_NAME: `/identity` {{(pid=80704) log_request_info /opt/stack/keystone/keystone/server/flask/request_processing/req_logging.py:28}}
Jun 17 07:54:35.400627 dv-neutron-839479-8-hyperv devstack@keystone.service[80704]: DEBUG keystone.server.flask.request_processing.req_logging [None req-a42f2ac0-6b64-4b5a-b62f-4b3137af6320 None admin] PATH_INFO: `/v3/projects/c6e523293a584a439176e4e4b9cd0245` {{(pid=80704) log_request_info /opt/stack/keystone/keystone/server/flask/request_processing/req_logging.py:29}}
Jun 17 07:54:35.402231 dv-neutron-839479-8-hyperv devstack@keystone.service[80704]: DEBUG keystone.common.rbac_enforcer.enforcer [None req-a42f2ac0-6b64-4b5a-b62f-4b3137af6320 None admin] RBAC: Authorizing `identity:get_project(project_id=c6e523293a584a439176e4e4b9cd0245)` {{(pid=80704) enforce_call /opt/stack/keystone/keystone/common/rbac_enforcer/enforcer.py:449}}
Jun 17 07:54:35.404006 dv-neutron-839479-8-hyperv devstack@keystone.service[80704]: DEBUG keystone.common.rbac_enforcer.enforcer [None req-a42f2ac0-6b64-4b5a-b62f-4b3137af6320 None admin] RBAC: Authorization granted {{(pid=80704) enforce_call /opt/stack/keystone/keystone/common/rbac_enforcer/enforcer.py:457}}
Jun 17 07:54:35.406522 dv-neutron-839479-8-hyperv devstack@keystone.service[80704]: [pid: 80704|app: 0|req: 46/90] 10.222.0.65 () {56 vars in 1186 bytes} [Fri Jun 17 07:54:35 2022] GET /identity/v3/projects/c6e523293a584a439176e4e4b9cd0245 => generated 298 bytes in 205 msecs (HTTP/1.1 200) 5 headers in 177 bytes (1 switches on core 0)
Jun 17 07:54:35.408269 dv-neutron-839479-8-hyperv devstack@keystone.service[80704]: DEBUG keystone.server.flask.request_processing.middleware.auth_context [None req-a42f2ac0-6b64-4b5a-b62f-4b3137af6320 None admin] Authenticating user token {{(pid=80704) process_request /usr/local/lib/python3.8/dist-packages/keystonemiddleware/auth_token/__init__.py:407}}
Jun 17 07:54:35.544403 dv-neutron-839479-8-hyperv devstack@keystone.service[80703]: DEBUG keystone.server.flask.request_processing.middleware.auth_context [None req-349debbe-8077-408c-89fb-1300d9326856 None admin] Validating token access rules against request {{(pid=80703) validate_allowed_request /usr/local/lib/python3.8/dist-packages/keystonemiddleware/auth_token/__init__.py:545}}
Jun 17 07:54:35.584280 dv-neutron-839479-8-hyperv devstack@keystone.service[80704]: DEBUG keystone.server.flask.request_processing.middleware.auth_context [None req-a42f2ac0-6b64-4b5a-b62f-4b3137af6320 None admin] Validating token access rules against request {{(pid=80704) validate_allowed_request /usr/local/lib/python3.8/dist-packages/keystonemiddleware/auth_token/__init__.py:545}}
Jun 17 07:54:35.610147 dv-neutron-839479-8-hyperv devstack@keystone.service[80703]: DEBUG keystone.server.flask.request_processing.middleware.auth_context [None req-9354aae8-f61f-4bbb-9e94-88d027fd094e None admin] RBAC: auth_context: {'token': , 'domain_id': None, 'trust_id': None, 'trustor_id': None, 'trustee_id': None, 'domain_name': None, 'group_ids': [], 'user_id': 'a251c653212044b3b4b93f9d4f7e53dd', 'user_domain_id': 'default', 'system_scope': 'all', 'project_id': None, 'project_domain_id': None, 'roles': ['admin', 'member', 'reader'], 'is_admin_project': True, 'service_user_id': None, 'service_user_domain_id': None, 'service_project_id': None, 'service_project_domain_id': None, 'service_roles': []} {{(pid=80703) fill_context /opt/stack/keystone/keystone/server/flask/request_processing/middleware/auth_context.py:478}}
