May 23 10:56:23.283354 dv-neutron-839479-6-hyperv devstack@keystone.service[80526]: DEBUG keystone.server.flask.request_processing.req_logging [None req-c7d60fbb-f576-455e-8494-916b9ee8b840 None admin] SCRIPT_NAME: `/identity` {{(pid=80526) log_request_info /opt/stack/keystone/keystone/server/flask/request_processing/req_logging.py:28}}
May 23 10:56:23.283624 dv-neutron-839479-6-hyperv devstack@keystone.service[80526]: DEBUG keystone.server.flask.request_processing.req_logging [None req-c7d60fbb-f576-455e-8494-916b9ee8b840 None admin] PATH_INFO: `/v3/projects/0e72ef89b6f0401fa0ec8a4fcb88073c` {{(pid=80526) log_request_info /opt/stack/keystone/keystone/server/flask/request_processing/req_logging.py:29}}
May 23 10:56:23.284792 dv-neutron-839479-6-hyperv devstack@keystone.service[80526]: DEBUG keystone.common.rbac_enforcer.enforcer [None req-c7d60fbb-f576-455e-8494-916b9ee8b840 None admin] RBAC: Authorizing `identity:get_project(project_id=0e72ef89b6f0401fa0ec8a4fcb88073c)` {{(pid=80526) enforce_call /opt/stack/keystone/keystone/common/rbac_enforcer/enforcer.py:449}}
May 23 10:56:23.286241 dv-neutron-839479-6-hyperv devstack@keystone.service[80526]: DEBUG keystone.common.rbac_enforcer.enforcer [None req-c7d60fbb-f576-455e-8494-916b9ee8b840 None admin] RBAC: Authorization granted {{(pid=80526) enforce_call /opt/stack/keystone/keystone/common/rbac_enforcer/enforcer.py:457}}
May 23 10:56:23.292637 dv-neutron-839479-6-hyperv devstack@keystone.service[80526]: [pid: 80526|app: 0|req: 149/293] 10.222.0.69 () {56 vars in 1186 bytes} [Mon May 23 10:56:23 2022] GET /identity/v3/projects/0e72ef89b6f0401fa0ec8a4fcb88073c => generated 302 bytes in 171 msecs (HTTP/1.1 200) 5 headers in 177 bytes (1 switches on core 0)
May 23 10:56:23.294080 dv-neutron-839479-6-hyperv devstack@keystone.service[80525]: DEBUG keystone.server.flask.request_processing.middleware.auth_context [None req-91a63982-5bc3-4423-8777-f004686206ab None admin] Authenticating user token {{(pid=80525) process_request /usr/local/lib/python3.8/dist-packages/keystonemiddleware/auth_token/__init__.py:407}}
May 23 10:56:23.366124 dv-neutron-839479-6-hyperv devstack@keystone.service[80525]: DEBUG dbcounter [-] [80525] Writing DB stats keystone:SELECT=100 {{(pid=80525) stat_writer /usr/local/lib/python3.8/dist-packages/dbcounter.py:114}}
May 23 10:56:23.436750 dv-neutron-839479-6-hyperv devstack@keystone.service[80525]: DEBUG keystone.server.flask.request_processing.middleware.auth_context [None req-91a63982-5bc3-4423-8777-f004686206ab None admin] Validating token access rules against request {{(pid=80525) validate_allowed_request /usr/local/lib/python3.8/dist-packages/keystonemiddleware/auth_token/__init__.py:545}}
May 23 10:56:23.489575 dv-neutron-839479-6-hyperv devstack@keystone.service[80525]: DEBUG keystone.server.flask.request_processing.middleware.auth_context [None req-89159f2d-a72c-4f43-958c-0519e6b9f8cf None admin] RBAC: auth_context: {'token': , 'domain_id': None, 'trust_id': None, 'trustor_id': None, 'trustee_id': None, 'domain_name': None, 'group_ids': [], 'user_id': '7e48f6aa005a487caa9ba3036babe062', 'user_domain_id': 'default', 'system_scope': 'all', 'project_id': None, 'project_domain_id': None, 'roles': ['admin', 'member', 'reader'], 'is_admin_project': True, 'service_user_id': None, 'service_user_domain_id': None, 'service_project_id': None, 'service_project_domain_id': None, 'service_roles': []} {{(pid=80525) fill_context /opt/stack/keystone/keystone/server/flask/request_processing/middleware/auth_context.py:478}}
May 23 10:56:23.490265 dv-neutron-839479-6-hyperv devstack@keystone.service[80525]: DEBUG keystone.server.flask.request_processing.req_logging [None req-89159f2d-a72c-4f43-958c-0519e6b9f8cf None admin] REQUEST_METHOD: `GET` {{(pid=80525) log_request_info /opt/stack/keystone/keystone/server/flask/request_processing/req_logging.py:27}}
May 23 10:56:23.490552 dv-neutron-839479-6-hyperv devstack@keystone.service[80525]: DEBUG keystone.server.flask.request_processing.req_logging [None req-89159f2d-a72c-4f43-958c-0519e6b9f8cf None admin] SCRIPT_NAME: `/identity` {{(pid=80525) log_request_info /opt/stack/keystone/keystone/server/flask/request_processing/req_logging.py:28}}
May 23 10:56:23.490828 dv-neutron-839479-6-hyperv devstack@keystone.service[80525]: DEBUG keystone.server.flask.request_processing.req_logging [None req-89159f2d-a72c-4f43-958c-0519e6b9f8cf None admin] PATH_INFO: `/v3/role_assignments` {{(pid=80525) log_request_info /opt/stack/keystone/keystone/server/flask/request_processing/req_logging.py:29}}
May 23 10:56:23.491705 dv-neutron-839479-6-hyperv devstack@keystone.service[80525]: DEBUG keystone.common.rbac_enforcer.enforcer [None req-89159f2d-a72c-4f43-958c-0519e6b9f8cf None admin] RBAC: Adding query filter params (role.id=5bb7d671257249e2be29c53eec748448, scope.project.id=0e72ef89b6f0401fa0ec8a4fcb88073c, user.id=17637b9db9ba412f9ffca2a60f5d3c59) {{(pid=80525) _extract_filter_values /opt/stack/keystone/keystone/common/rbac_enforcer/enforcer.py:167}}
May 23 10:56:23.492019 dv-neutron-839479-6-hyperv devstack@keystone.service[80525]: DEBUG keystone.common.rbac_enforcer.enforcer [None req-89159f2d-a72c-4f43-958c-0519e6b9f8cf None admin] RBAC: Authorizing `identity:list_role_assignments()` {{(pid=80525) enforce_call /opt/stack/keystone/keystone/common/rbac_enforcer/enforcer.py:449}}
May 23 10:56:23.493608 dv-neutron-839479-6-hyperv devstack@keystone.service[80525]: DEBUG keystone.common.rbac_enforcer.enforcer [None req-89159f2d-a72c-4f43-958c-0519e6b9f8cf None admin] RBAC: Authorization granted {{(pid=80525) enforce_call /opt/stack/keystone/keystone/common/rbac_enforcer/enforcer.py:457}}
May 23 10:56:23.501251 dv-neutron-839479-6-hyperv devstack@keystone.service[80525]: [pid: 80525|app: 0|req: 145/294] 10.222.0.69 () {56 vars in 1374 bytes} [Mon May 23 10:56:23 2022] GET /identity/v3/role_assignments?user.id=17637b9db9ba412f9ffca2a60f5d3c59&scope.project.id=0e72ef89b6f0401fa0ec8a4fcb88073c&role.id=5bb7d671257249e2be29c53eec748448 => generated 608 bytes in 207 msecs (HTTP/1.1 200) 5 headers in 177 bytes (1 switches on core 0)
May 23 10:56:24.106431 dv-neutron-839479-6-hyperv devstack@keystone.service[80526]: DEBUG keystone.server.flask.request_processing.req_logging [None req-debbcfbf-eec5-41c2-8b67-76198e36a3c4 None None] REQUEST_METHOD: `GET` {{(pid=80526) log_request_info /opt/stack/keystone/keystone/server/flask/request_processing/req_logging.py:27}}
May 23 10:56:24.106932 dv-neutron-839479-6-hyperv devstack@keystone.service[80526]: DEBUG keystone.server.flask.request_processing.req_logging [None req-debbcfbf-eec5-41c2-8b67-76198e36a3c4 None None] SCRIPT_NAME: `/identity` {{(pid=80526) log_request_info /opt/stack/keystone/keystone/server/flask/request_processing/req_logging.py:28}}
May 23 10:56:24.107006 dv-neutron-839479-6-hyperv devstack@keystone.service[80526]: DEBUG keystone.server.flask.request_processing.req_logging [None req-debbcfbf-eec5-41c2-8b67-76198e36a3c4 None None] PATH_INFO: `/` {{(pid=80526) log_request_info /opt/stack/keystone/keystone/server/flask/request_processing/req_logging.py:29}}
May 23 10:56:24.108609 dv-neutron-839479-6-hyperv devstack@keystone.service[80526]: [pid: 80526|app: 0|req: 150/295] 10.222.0.69 () {54 vars in 926 bytes} [Mon May 23 10:56:24 2022] GET /identity => generated 270 bytes in 3 msecs (HTTP/1.1 300) 6 headers in 234 bytes (1 switches on core 0)
May 23 10:56:24.114398 dv-neutron-839479-6-hyperv devstack@keystone.service[80525]: DEBUG keystone.server.flask.request_processing.req_logging [None req-89ed5c04-37dc-400d-b45b-af6e7b0c26ed None None] REQUEST_METHOD: `POST` {{(pid=80525) log_request_info /opt/stack/keystone/keystone/server/flask/request_processing/req_logging.py:27}}
May 23 10:56:24.115214 dv-neutron-839479-6-hyperv devstack@keystone.service[80525]: DEBUG keystone.server.flask.request_processing.req_logging [None req-89ed5c04-37dc-400d-b45b-af6e7b0c26ed None None] SCRIPT_NAME: `/identity` {{(pid=80525) log_request_info /opt/stack/keystone/keystone/server/flask/request_processing/req_logging.py:28}}
May 23 10:56:24.115694 dv-neutron-839479-6-hyperv devstack@keystone.service[80525]: DEBUG keystone.server.flask.request_processing.req_logging [None req-89ed5c04-37dc-400d-b45b-af6e7b0c26ed None None] PATH_INFO: `/v3/auth/tokens` {{(pid=80525) log_request_info /opt/stack/keystone/keystone/server/flask/request_processing/req_logging.py:29}}
May 23 10:56:24.136557 dv-neutron-839479-6-hyperv devstack@keystone.service[80525]: DEBUG keystone.auth.core [None req-89ed5c04-37dc-400d-b45b-af6e7b0c26ed None None] MFA Rules not processed for user `7e48f6aa005a487caa9ba3036babe062`. Rule list: `[]` (Enabled: `True`). {{(pid=80525) check_auth_methods_against_rules /opt/stack/keystone/keystone/auth/core.py:438}}
May 23 10:56:24.138089 dv-neutron-839479-6-hyperv devstack@keystone.service[80525]: DEBUG keystone.common.fernet_utils [None req-89ed5c04-37dc-400d-b45b-af6e7b0c26ed None None] Loaded 2 Fernet keys from /etc/keystone/fernet-keys/, but `[fernet_tokens] max_active_keys = 3`; perhaps there have not been enough key rotations to reach `max_active_keys` yet? {{(pid=80525) load_keys /opt/stack/keystone/keystone/common/fernet_utils.py:286}}
May 23 10:56:24.224826 dv-neutron-839479-6-hyperv devstack@keystone.service[80525]: [pid: 80525|app: 0|req: 146/296] 10.222.0.69 () {58 vars in 1023 bytes} [Mon May 23 10:56:24 2022] POST /identity/v3/auth/tokens => generated 799 bytes in 111 msecs (HTTP/1.1 201) 6 headers in 363 bytes (1 switches on core 0)
May 23 10:56:24.251196 dv-neutron-839479-6-hyperv devstack@keystone.service[80526]: DEBUG keystone.server.flask.request_processing.middleware.auth_context [None req-debbcfbf-eec5-41c2-8b67-76198e36a3c4 None None] Authenticating user token {{(pid=80526) process_request /usr/local/lib/python3.8/dist-packages/keystonemiddleware/auth_token/__init__.py:407}}
May 23 10:56:24.366073 dv-neutron-839479-6-hyperv devstack@keystone.service[80526]: DEBUG keystone.server.flask.request_processing.middleware.auth_context [None req-debbcfbf-eec5-41c2-8b67-76198e36a3c4 None None] Validating token access rules against request {{(pid=80526) validate_allowed_request /usr/local/lib/python3.8/dist-packages/keystonemiddleware/auth_token/__init__.py:545}}
May 23 10:56:24.400797 dv-neutron-839479-6-hyperv devstack@keystone.service[80526]: DEBUG keystone.server.flask.request_processing.middleware.auth_context [None req-31728d24-e01d-4d46-9aa1-1e6a3e033183 None admin] RBAC: auth_context: {'token': , 'domain_id': None, 'trust_id': None, 'trustor_id': None, 'trustee_id': None, 'domain_name': None, 'group_ids': [], 'user_id': '7e48f6aa005a487caa9ba3036babe062', 'user_domain_id': 'default', 'system_scope': 'all', 'project_id': None, 'project_domain_id': None, 'roles': ['admin', 'member', 'reader'], 'is_admin_project': True, 'service_user_id': None, 'service_user_domain_id': None, 'service_project_id': None, 'service_project_domain_id': None, 'service_roles': []} {{(pid=80526) fill_context /opt/stack/keystone/keystone/server/flask/request_processing/middleware/auth_context.py:478}}
May 23 10:56:24.401621 dv-neutron-839479-6-hyperv devstack@keystone.service[80526]: DEBUG keystone.server.flask.request_processing.req_logging [None req-31728d24-e01d-4d46-9aa1-1e6a3e033183 None admin] REQUEST_METHOD: `GET` {{(pid=80526) log_request_info /opt/stack/keystone/keystone/server/flask/request_processing/req_logging.py:27}}
May 23 10:56:24.401903 dv-neutron-839479-6-hyperv devstack@keystone.service[80526]: DEBUG keystone.server.flask.request_processing.req_logging [None req-31728d24-e01d-4d46-9aa1-1e6a3e033183 None admin] SCRIPT_NAME: `/identity` {{(pid=80526) log_request_info /opt/stack/keystone/keystone/server/flask/request_processing/req_logging.py:28}}
May 23 10:56:24.402178 dv-neutron-839479-6-hyperv devstack@keystone.service[80526]: DEBUG keystone.server.flask.request_processing.req_logging [None req-31728d24-e01d-4d46-9aa1-1e6a3e033183 None admin] PATH_INFO: `/v3/roles/member` {{(pid=80526) log_request_info /opt/stack/keystone/keystone/server/flask/request_processing/req_logging.py:29}}
May 23 10:56:24.413353 dv-neutron-839479-6-hyperv devstack@keystone.service[80526]: DEBUG keystone.common.rbac_enforcer.enforcer [None req-31728d24-e01d-4d46-9aa1-1e6a3e033183 None admin] Extracting inferred target data resulted in "NOT FOUND (404)". {{(pid=80526) enforce_call /opt/stack/keystone/keystone/common/rbac_enforcer/enforcer.py:409}}
May 23 10:56:24.421390 dv-neutron-839479-6-hyperv devstack@keystone.service[80526]: ERROR keystone.server.flask.application [None req-31728d24-e01d-4d46-9aa1-1e6a3e033183 None admin] Could not find role: member.: keystone.exception.RoleNotFound: Could not find role: member.
May 23 10:56:24.421390 dv-neutron-839479-6-hyperv devstack@keystone.service[80526]: ERROR keystone.server.flask.application
Traceback (most recent call last):
May 23 10:56:24.421390 dv-neutron-839479-6-hyperv devstack@keystone.service[80526]: ERROR keystone.server.flask.application
File "/usr/local/lib/python3.8/dist-packages/flask/app.py", line 1523, in full_dispatch_request
May 23 10:56:24.421390 dv-neutron-839479-6-hyperv devstack@keystone.service[80526]: ERROR keystone.server.flask.application rv = self.dispatch_request()
May 23 10:56:24.421390 dv-neutron-839479-6-hyperv devstack@keystone.service[80526]: ERROR keystone.server.flask.application
File "/usr/local/lib/python3.8/dist-packages/flask/app.py", line 1509, in dispatch_request
May 23 10:56:24.421390 dv-neutron-839479-6-hyperv devstack@keystone.service[80526]: ERROR keystone.server.flask.application return self.ensure_sync(self.view_functions[rule.endpoint])(**req.view_args)
May 23 10:56:24.421390 dv-neutron-839479-6-hyperv devstack@keystone.service[80526]: ERROR keystone.server.flask.application
File "/usr/local/lib/python3.8/dist-packages/flask_restful/__init__.py", line 467, in wrapper
May 23 10:56:24.421390 dv-neutron-839479-6-hyperv devstack@keystone.service[80526]: ERROR keystone.server.flask.application resp = resource(*args, **kwargs)
May 23 10:56:24.421390 dv-neutron-839479-6-hyperv devstack@keystone.service[80526]: ERROR keystone.server.flask.application
File "/usr/local/lib/python3.8/dist-packages/flask/views.py", line 84, in view
May 23 10:56:24.421390 dv-neutron-839479-6-hyperv devstack@keystone.service[80526]: ERROR keystone.server.flask.application return current_app.ensure_sync(self.dispatch_request)(*args, **kwargs)
May 23 10:56:24.421390 dv-neutron-839479-6-hyperv devstack@keystone.service[80526]: ERROR keystone.server.flask.application
File "/usr/local/lib/python3.8/dist-packages/flask_restful/__init__.py", line 582, in dispatch_request
May 23 10:56:24.421390 dv-neutron-839479-6-hyperv devstack@keystone.service[80526]: ERROR keystone.server.flask.application resp = meth(*args, **kwargs)
May 23 10:56:24.421390 dv-neutron-839479-6-hyperv devstack@keystone.service[80526]: ERROR keystone.server.flask.application
File "/opt/stack/keystone/keystone/api/roles.py", line 50, in get
May 23 10:56:24.421390 dv-neutron-839479-6-hyperv devstack@keystone.service[80526]: ERROR keystone.server.flask.application return self._get_role(role_id)
May 23 10:56:24.421390 dv-neutron-839479-6-hyperv devstack@keystone.service[80526]: ERROR keystone.server.flask.application
File "/opt/stack/keystone/keystone/api/roles.py", line 70, in _get_role
May 23 10:56:24.421390 dv-neutron-839479-6-hyperv devstack@keystone.service[80526]: ERROR keystone.server.flask.application ENFORCER.enforce_call(action='identity:get_role')
May 23 10:56:24.422379 dv-neutron-839479-6-hyperv devstack@keystone.service[80526]: ERROR keystone.server.flask.application
File "/opt/stack/keystone/keystone/common/rbac_enforcer/enforcer.py", line 402, in enforce_call
May 23 10:56:24.422379 dv-neutron-839479-6-hyperv devstack@keystone.service[80526]: ERROR keystone.server.flask.application policy_dict.update(cls._extract_member_target_data(
May 23 10:56:24.422379 dv-neutron-839479-6-hyperv devstack@keystone.service[80526]: ERROR keystone.server.flask.application
File "/opt/stack/keystone/keystone/common/rbac_enforcer/enforcer.py", line 234, in _extract_member_target_data
May 23 10:56:24.422379 dv-neutron-839479-6-hyperv devstack@keystone.service[80526]: ERROR keystone.server.flask.application member_name: func(flask.request.view_args[key])
May 23 10:56:24.422379 dv-neutron-839479-6-hyperv devstack@keystone.service[80526]: ERROR keystone.server.flask.application
File "/opt/stack/keystone/keystone/common/manager.py", line 115, in wrapped
May 23 10:56:24.422379 dv-neutron-839479-6-hyperv devstack@keystone.service[80526]: ERROR keystone.server.flask.application __ret_val = __f(*args, **kwargs)
May 23 10:56:24.422379 dv-neutron-839479-6-hyperv devstack@keystone.service[80526]: ERROR keystone.server.flask.application
File "/usr/local/lib/python3.8/dist-packages/decorator.py", line 232, in fun
May 23 10:56:24.422379 dv-neutron-839479-6-hyperv devstack@keystone.service[80526]: ERROR keystone.server.flask.application return caller(func, *(extras + args), **kw)
May 23 10:56:24.422379 dv-neutron-839479-6-hyperv devstack@keystone.service[80526]: ERROR keystone.server.flask.application
File "/usr/local/lib/python3.8/dist-packages/dogpile/cache/region.py", line 1577, in get_or_create_for_user_func
May 23 10:56:24.422379 dv-neutron-839479-6-hyperv devstack@keystone.service[80526]: ERROR keystone.server.flask.application return self.get_or_create(
May 23 10:56:24.422379 dv-neutron-839479-6-hyperv devstack@keystone.service[80526]: ERROR keystone.server.flask.application
File "/usr/local/lib/python3.8/dist-packages/dogpile/cache/region.py", line 1042, in get_or_create
May 23 10:56:24.422379 dv-neutron-839479-6-hyperv devstack@keystone.service[80526]: ERROR keystone.server.flask.application with Lock(
May 23 10:56:24.422379 dv-neutron-839479-6-hyperv devstack@keystone.service[80526]: ERROR keystone.server.flask.application
File "/usr/local/lib/python3.8/dist-packages/dogpile/lock.py", line 185, in __enter__
May 23 10:56:24.422379 dv-neutron-839479-6-hyperv devstack@keystone.service[80526]: ERROR keystone.server.flask.application return self._enter()
May 23 10:56:24.422379 dv-neutron-839479-6-hyperv devstack@keystone.service[80526]: ERROR keystone.server.flask.application
File "/usr/local/lib/python3.8/dist-packages/dogpile/lock.py", line 94, in _enter
May 23 10:56:24.422379 dv-neutron-839479-6-hyperv devstack@keystone.service[80526]: ERROR keystone.server.flask.application generated = self._enter_create(value, createdtime)
May 23 10:56:24.423212 dv-neutron-839479-6-hyperv devstack@keystone.service[80526]: ERROR keystone.server.flask.application
File "/usr/local/lib/python3.8/dist-packages/dogpile/lock.py", line 178, in _enter_create
May 23 10:56:24.423212 dv-neutron-839479-6-hyperv devstack@keystone.service[80526]: ERROR keystone.server.flask.application return self.creator()
May 23 10:56:24.423212 dv-neutron-839479-6-hyperv devstack@keystone.service[80526]: ERROR keystone.server.flask.application
File "/usr/local/lib/python3.8/dist-packages/dogpile/cache/region.py", line 995, in gen_value
May 23 10:56:24.423212 dv-neutron-839479-6-hyperv devstack@keystone.service[80526]: ERROR keystone.server.flask.application created_value = creator(
May 23 10:56:24.423212 dv-neutron-839479-6-hyperv devstack@keystone.service[80526]: ERROR keystone.server.flask.application
File "/opt/stack/keystone/keystone/assignment/core.py", line 1276, in get_role
May 23 10:56:24.423212 dv-neutron-839479-6-hyperv devstack@keystone.service[80526]: ERROR keystone.server.flask.application return self.driver.get_role(role_id)
May 23 10:56:24.423212 dv-neutron-839479-6-hyperv devstack@keystone.service[80526]: ERROR keystone.server.flask.application
File "/opt/stack/keystone/keystone/assignment/role_backends/sql.py", line 70, in get_role
May 23 10:56:24.423212 dv-neutron-839479-6-hyperv devstack@keystone.service[80526]: ERROR keystone.server.flask.application return self._get_role(session, role_id).to_dict()
May 23 10:56:24.423212 dv-neutron-839479-6-hyperv devstack@keystone.service[80526]: ERROR keystone.server.flask.application
File "/opt/stack/keystone/keystone/assignment/role_backends/sql.py", line 65, in _get_role
May 23 10:56:24.423212 dv-neutron-839479-6-hyperv devstack@keystone.service[80526]: ERROR keystone.server.flask.application raise exception.RoleNotFound(role_id=role_id)
May 23 10:56:24.423212 dv-neutron-839479-6-hyperv devstack@keystone.service[80526]: ERROR keystone.server.flask.application keystone.exception.RoleNotFound: Could not find role: member.
May 23 10:56:24.423212 dv-neutron-839479-6-hyperv devstack@keystone.service[80526]: ERROR keystone.server.flask.application
May 23 10:56:24.423212 dv-neutron-839479-6-hyperv devstack@keystone.service[80526]: [pid: 80526|app: 0|req: 151/297] 10.222.0.69 () {56 vars in 1099 bytes} [Mon May 23 10:56:24 2022] GET /identity/v3/roles/member => generated 84 bytes in 172 msecs (HTTP/1.1 404) 5 headers in 183 bytes (1 switches on core 0)
May 23 10:56:24.429027 dv-neutron-839479-6-hyperv devstack@keystone.service[80525]: DEBUG keystone.server.flask.request_processing.middleware.auth_context [None req-89ed5c04-37dc-400d-b45b-af6e7b0c26ed None None] Authenticating user token {{(pid=80525) process_request /usr/local/lib/python3.8/dist-packages/keystonemiddleware/auth_token/__init__.py:407}}
May 23 10:56:24.477160 dv-neutron-839479-6-hyperv devstack@keystone.service[80525]: DEBUG dbcounter [-] [80525] Writing DB stats keystone:SELECT=100 {{(pid=80525) stat_writer /usr/local/lib/python3.8/dist-packages/dbcounter.py:114}}
May 23 10:56:24.536223 dv-neutron-839479-6-hyperv devstack@keystone.service[80525]: DEBUG keystone.server.flask.request_processing.middleware.auth_context [None req-89ed5c04-37dc-400d-b45b-af6e7b0c26ed None None] Validating token access rules against request {{(pid=80525) validate_allowed_request /usr/local/lib/python3.8/dist-packages/keystonemiddleware/auth_token/__init__.py:545}}
May 23 10:56:24.570413 dv-neutron-839479-6-hyperv devstack@keystone.service[80525]: DEBUG keystone.server.flask.request_processing.middleware.auth_context [None req-9e8d608f-2ed7-4c64-ae9e-43fc95680e31 None admin] RBAC: auth_context: {'token': , 'domain_id': None, 'trust_id': None, 'trustor_id': None, 'trustee_id': None, 'domain_name': None, 'group_ids': [], 'user_id': '7e48f6aa005a487caa9ba3036babe062', 'user_domain_id': 'default', 'system_scope': 'all', 'project_id': None, 'project_domain_id': None, 'roles': ['admin', 'member', 'reader'], 'is_admin_project': True, 'service_user_id': None, 'service_user_domain_id': None, 'service_project_id': None, 'service_project_domain_id': None, 'service_roles': []} {{(pid=80525) fill_context /opt/stack/keystone/keystone/server/flask/request_processing/middleware/auth_context.py:478}}
May 23 10:56:24.571084 dv-neutron-839479-6-hyperv devstack@keystone.service[80525]: DEBUG keystone.server.flask.request_processing.req_logging [None req-9e8d608f-2ed7-4c64-ae9e-43fc95680e31 None admin] REQUEST_METHOD: `GET` {{(pid=80525) log_request_info /opt/stack/keystone/keystone/server/flask/request_processing/req_logging.py:27}}
May 23 10:56:24.571362 dv-neutron-839479-6-hyperv devstack@keystone.service[80525]: DEBUG keystone.server.flask.request_processing.req_logging [None req-9e8d608f-2ed7-4c64-ae9e-43fc95680e31 None admin] SCRIPT_NAME: `/identity` {{(pid=80525) log_request_info /opt/stack/keystone/keystone/server/flask/request_processing/req_logging.py:28}}
May 23 10:56:24.571635 dv-neutron-839479-6-hyperv devstack@keystone.service[80525]: DEBUG keystone.server.flask.request_processing.req_logging [None req-9e8d608f-2ed7-4c64-ae9e-43fc95680e31 None admin] PATH_INFO: `/v3/roles` {{(pid=80525) log_request_info /opt/stack/keystone/keystone/server/flask/request_processing/req_logging.py:29}}
May 23 10:56:24.572381 dv-neutron-839479-6-hyperv devstack@keystone.service[80525]: DEBUG keystone.common.rbac_enforcer.enforcer [None req-9e8d608f-2ed7-4c64-ae9e-43fc95680e31 None admin] RBAC: Adding query filter params (name=member) {{(pid=80525) _extract_filter_values /opt/stack/keystone/keystone/common/rbac_enforcer/enforcer.py:167}}
May 23 10:56:24.572682 dv-neutron-839479-6-hyperv devstack@keystone.service[80525]: DEBUG keystone.common.rbac_enforcer.enforcer [None req-9e8d608f-2ed7-4c64-ae9e-43fc95680e31 None admin] RBAC: Authorizing `identity:list_roles()` {{(pid=80525) enforce_call /opt/stack/keystone/keystone/common/rbac_enforcer/enforcer.py:449}}
May 23 10:56:24.574109 dv-neutron-839479-6-hyperv devstack@keystone.service[80525]: DEBUG keystone.common.rbac_enforcer.enforcer [None req-9e8d608f-2ed7-4c64-ae9e-43fc95680e31 None admin] RBAC: Authorization granted {{(pid=80525) enforce_call /opt/stack/keystone/keystone/common/rbac_enforcer/enforcer.py:457}}
May 23 10:56:24.583776 dv-neutron-839479-6-hyperv devstack@keystone.service[80525]: [pid: 80525|app: 0|req: 147/298] 10.222.0.69 () {56 vars in 1101 bytes} [Mon May 23 10:56:24 2022] GET /identity/v3/roles?name=member => generated 341 bytes in 155 msecs (HTTP/1.1 200) 5 headers in 177 bytes (1 switches on core 0)
May 23 10:56:24.589477 dv-neutron-839479-6-hyperv devstack@keystone.service[80526]: DEBUG keystone.server.flask.request_processing.middleware.auth_context [None req-31728d24-e01d-4d46-9aa1-1e6a3e033183 None admin] Authenticating user token {{(pid=80526) process_request /usr/local/lib/python3.8/dist-packages/keystonemiddleware/auth_token/__init__.py:407}}
May 23 10:56:24.627059 dv-neutron-839479-6-hyperv devstack@keystone.service[80525]: DEBUG keystone.server.flask.request_processing.req_logging [None req-47f45436-f534-456e-82ab-c16b01cdff46 None None] REQUEST_METHOD: `GET` {{(pid=80525) log_request_info /opt/stack/keystone/keystone/server/flask/request_processing/req_logging.py:27}}
May 23 10:56:24.627364 dv-neutron-839479-6-hyperv devstack@keystone.service[80525]: DEBUG keystone.server.flask.request_processing.req_logging [None req-47f45436-f534-456e-82ab-c16b01cdff46 None None] SCRIPT_NAME: `/identity` {{(pid=80525) log_request_info /opt/stack/keystone/keystone/server/flask/request_processing/req_logging.py:28}}
May 23 10:56:24.627614 dv-neutron-839479-6-hyperv devstack@keystone.service[80525]: DEBUG keystone.server.flask.request_processing.req_logging [None req-47f45436-f534-456e-82ab-c16b01cdff46 None None] PATH_INFO: `/` {{(pid=80525) log_request_info /opt/stack/keystone/keystone/server/flask/request_processing/req_logging.py:29}}
May 23 10:56:24.630252 dv-neutron-839479-6-hyperv devstack@keystone.service[80525]: [pid: 80525|app: 0|req: 148/299] 10.222.0.69 () {54 vars in 926 bytes} [Mon May 23 10:56:24 2022] GET /identity => generated 270 bytes in 5 msecs (HTTP/1.1 300) 6 headers in 234 bytes (1 switches on core 0)
May 23 10:56:24.635318 dv-neutron-839479-6-hyperv devstack@keystone.service[80525]: DEBUG keystone.server.flask.request_processing.req_logging [None req-9302b0fa-984f-4c98-9edc-c59ac128acda None None] REQUEST_METHOD: `POST` {{(pid=80525) log_request_info /opt/stack/keystone/keystone/server/flask/request_processing/req_logging.py:27}}
May 23 10:56:24.635600 dv-neutron-839479-6-hyperv devstack@keystone.service[80525]: DEBUG keystone.server.flask.request_processing.req_logging [None req-9302b0fa-984f-4c98-9edc-c59ac128acda None None] SCRIPT_NAME: `/identity` {{(pid=80525) log_request_info /opt/stack/keystone/keystone/server/flask/request_processing/req_logging.py:28}}
May 23 10:56:24.635877 dv-neutron-839479-6-hyperv devstack@keystone.service[80525]: DEBUG keystone.server.flask.request_processing.req_logging [None req-9302b0fa-984f-4c98-9edc-c59ac128acda None None] PATH_INFO: `/v3/auth/tokens` {{(pid=80525) log_request_info /opt/stack/keystone/keystone/server/flask/request_processing/req_logging.py:29}}
May 23 10:56:24.637723 dv-neutron-839479-6-hyperv devstack@keystone.service[80526]: DEBUG dbcounter [-] [80526] Writing DB stats keystone:SELECT=100 {{(pid=80526) stat_writer /usr/local/lib/python3.8/dist-packages/dbcounter.py:114}}
May 23 10:56:24.654575 dv-neutron-839479-6-hyperv devstack@keystone.service[80525]: DEBUG keystone.auth.core [None req-9302b0fa-984f-4c98-9edc-c59ac128acda None None] MFA Rules not processed for user `7e48f6aa005a487caa9ba3036babe062`. Rule list: `[]` (Enabled: `True`). {{(pid=80525) check_auth_methods_against_rules /opt/stack/keystone/keystone/auth/core.py:438}}
May 23 10:56:24.655901 dv-neutron-839479-6-hyperv devstack@keystone.service[80525]: DEBUG keystone.common.fernet_utils [None req-9302b0fa-984f-4c98-9edc-c59ac128acda None None] Loaded 2 Fernet keys from /etc/keystone/fernet-keys/, but `[fernet_tokens] max_active_keys = 3`; perhaps there have not been enough key rotations to reach `max_active_keys` yet? {{(pid=80525) load_keys /opt/stack/keystone/keystone/common/fernet_utils.py:286}}
May 23 10:56:24.710767 dv-neutron-839479-6-hyperv devstack@keystone.service[80526]: DEBUG keystone.server.flask.request_processing.middleware.auth_context [None req-31728d24-e01d-4d46-9aa1-1e6a3e033183 None admin] Validating token access rules against request {{(pid=80526) validate_allowed_request /usr/local/lib/python3.8/dist-packages/keystonemiddleware/auth_token/__init__.py:545}}
May 23 10:56:24.735778 dv-neutron-839479-6-hyperv devstack@keystone.service[80525]: [pid: 80525|app: 0|req: 149/300] 10.222.0.69 () {58 vars in 1023 bytes} [Mon May 23 10:56:24 2022] POST /identity/v3/auth/tokens => generated 799 bytes in 100 msecs (HTTP/1.1 201) 6 headers in 363 bytes (2 switches on core 0)
May 23 10:56:24.758625 dv-neutron-839479-6-hyperv devstack@keystone.service[80525]: DEBUG keystone.server.flask.request_processing.middleware.auth_context [None req-9302b0fa-984f-4c98-9edc-c59ac128acda None None] Authenticating user token {{(pid=80525) process_request /usr/local/lib/python3.8/dist-packages/keystonemiddleware/auth_token/__init__.py:407}}
May 23 10:56:24.770840 dv-neutron-839479-6-hyperv devstack@keystone.service[80526]: DEBUG keystone.server.flask.request_processing.middleware.auth_context [None req-62ff23fe-007f-4f18-b697-c3610902993c None admin] RBAC: auth_context: {'token': , 'domain_id': None, 'trust_id': None, 'trustor_id': None, 'trustee_id': None, 'domain_name': None, 'group_ids': [], 'user_id': '7e48f6aa005a487caa9ba3036babe062', 'user_domain_id': 'default', 'system_scope': 'all', 'project_id': None, 'project_domain_id': None, 'roles': ['admin', 'member', 'reader'], 'is_admin_project': True, 'service_user_id': None, 'service_user_domain_id': None, 'service_project_id': None, 'service_project_domain_id': None, 'service_roles': []} {{(pid=80526) fill_context /opt/stack/keystone/keystone/server/flask/request_processing/middleware/auth_context.py:478}}
May 23 10:56:24.772025 dv-neutron-839479-6-hyperv devstack@keystone.service[80526]: DEBUG keystone.server.flask.request_processing.req_logging [None req-62ff23fe-007f-4f18-b697-c3610902993c None admin] REQUEST_METHOD: `GET` {{(pid=80526) log_request_info /opt/stack/keystone/keystone/server/flask/request_processing/req_logging.py:27}}
May 23 10:56:24.772499 dv-neutron-839479-6-hyperv devstack@keystone.service[80526]: DEBUG keystone.server.flask.request_processing.req_logging [None req-62ff23fe-007f-4f18-b697-c3610902993c None admin] SCRIPT_NAME: `/identity` {{(pid=80526) log_request_info /opt/stack/keystone/keystone/server/flask/request_processing/req_logging.py:28}}
May 23 10:56:24.772987 dv-neutron-839479-6-hyperv devstack@keystone.service[80526]: DEBUG keystone.server.flask.request_processing.req_logging [None req-62ff23fe-007f-4f18-b697-c3610902993c None admin] PATH_INFO: `/v3/users/74f586e0777a470499bde46637f64cbe` {{(pid=80526) log_request_info /opt/stack/keystone/keystone/server/flask/request_processing/req_logging.py:29}}
May 23 10:56:24.774402 dv-neutron-839479-6-hyperv devstack@keystone.service[80526]: DEBUG keystone.common.rbac_enforcer.enforcer [None req-62ff23fe-007f-4f18-b697-c3610902993c None admin] RBAC: Authorizing `identity:get_user(user_id=74f586e0777a470499bde46637f64cbe)` {{(pid=80526) enforce_call /opt/stack/keystone/keystone/common/rbac_enforcer/enforcer.py:449}}
May 23 10:56:24.776180 dv-neutron-839479-6-hyperv devstack@keystone.service[80526]: DEBUG keystone.common.rbac_enforcer.enforcer [None req-62ff23fe-007f-4f18-b697-c3610902993c None admin] RBAC: Authorization granted {{(pid=80526) enforce_call /opt/stack/keystone/keystone/common/rbac_enforcer/enforcer.py:457}}
May 23 10:56:24.783472 dv-neutron-839479-6-hyperv devstack@keystone.service[80526]: [pid: 80526|app: 0|req: 152/301] 10.222.0.69 () {56 vars in 1177 bytes} [Mon May 23 10:56:24 2022] GET /identity/v3/users/74f586e0777a470499bde46637f64cbe => generated 293 bytes in 194 msecs (HTTP/1.1 200) 5 headers in 177 bytes (1 switches on core 0)
May 23 10:56:24.784536 dv-neutron-839479-6-hyperv devstack@keystone.service[80526]: DEBUG keystone.server.flask.request_processing.middleware.auth_context [None req-62ff23fe-007f-4f18-b697-c3610902993c None admin] Authenticating user token {{(pid=80526) process_request /usr/local/lib/python3.8/dist-packages/keystonemiddleware/auth_token/__init__.py:407}}
May 23 10:56:24.793626 dv-neutron-839479-6-hyperv devstack@keystone.service[80525]: DEBUG dbcounter [-] [80525] Writing DB stats keystone:SELECT=100 {{(pid=80525) stat_writer /usr/local/lib/python3.8/dist-packages/dbcounter.py:114}}
May 23 10:56:24.885074 dv-neutron-839479-6-hyperv devstack@keystone.service[80525]: DEBUG keystone.server.flask.request_processing.middleware.auth_context [None req-9302b0fa-984f-4c98-9edc-c59ac128acda None None] Validating token access rules against request {{(pid=80525) validate_allowed_request /usr/local/lib/python3.8/dist-packages/keystonemiddleware/auth_token/__init__.py:545}}
May 23 10:56:24.900174 dv-neutron-839479-6-hyperv devstack@keystone.service[80526]: DEBUG keystone.server.flask.request_processing.middleware.auth_context [None req-62ff23fe-007f-4f18-b697-c3610902993c None admin] Validating token access rules against request {{(pid=80526) validate_allowed_request /usr/local/lib/python3.8/dist-packages/keystonemiddleware/auth_token/__init__.py:545}}
May 23 10:56:24.911775 dv-neutron-839479-6-hyperv devstack@keystone.service[80526]: DEBUG dbcounter [-] [80526] Writing DB stats keystone:SELECT=100 {{(pid=80526) stat_writer /usr/local/lib/python3.8/dist-packages/dbcounter.py:114}}
May 23 10:56:24.931395 dv-neutron-839479-6-hyperv devstack@keystone.service[80525]: DEBUG keystone.server.flask.request_processing.middleware.auth_context [None req-1b8da97f-5991-4b19-ba42-7a2670a6ffa2 None admin] RBAC: auth_context: {'token': , 'domain_id': None, 'trust_id': None, 'trustor_id': None, 'trustee_id': None, 'domain_name': None, 'group_ids': [], 'user_id': '7e48f6aa005a487caa9ba3036babe062', 'user_domain_id': 'default', 'system_scope': 'all', 'project_id': None, 'project_domain_id': None, 'roles': ['admin', 'member', 'reader'], 'is_admin_project': True, 'service_user_id': None, 'service_user_domain_id': None, 'service_project_id': None, 'service_project_domain_id': None, 'service_roles': []} {{(pid=80525) fill_context /opt/stack/keystone/keystone/server/flask/request_processing/middleware/auth_context.py:478}}
May 23 10:56:24.932189 dv-neutron-839479-6-hyperv devstack@keystone.service[80525]: DEBUG keystone.server.flask.request_processing.req_logging [None req-1b8da97f-5991-4b19-ba42-7a2670a6ffa2 None admin] REQUEST_METHOD: `GET` {{(pid=80525) log_request_info /opt/stack/keystone/keystone/server/flask/request_processing/req_logging.py:27}}
May 23 10:56:24.932472 dv-neutron-839479-6-hyperv devstack@keystone.service[80525]: DEBUG keystone.server.flask.request_processing.req_logging [None req-1b8da97f-5991-4b19-ba42-7a2670a6ffa2 None admin] SCRIPT_NAME: `/identity` {{(pid=80525) log_request_info /opt/stack/keystone/keystone/server/flask/request_processing/req_logging.py:28}}
May 23 10:56:24.932742 dv-neutron-839479-6-hyperv devstack@keystone.service[80525]: DEBUG keystone.server.flask.request_processing.req_logging [None req-1b8da97f-5991-4b19-ba42-7a2670a6ffa2 None admin] PATH_INFO: `/v3/domains/default` {{(pid=80525) log_request_info /opt/stack/keystone/keystone/server/flask/request_processing/req_logging.py:29}}
May 23 10:56:24.933934 dv-neutron-839479-6-hyperv devstack@keystone.service[80525]: DEBUG keystone.common.rbac_enforcer.enforcer [None req-1b8da97f-5991-4b19-ba42-7a2670a6ffa2 None admin] RBAC: Authorizing `identity:get_domain(domain_id=default)` {{(pid=80525) enforce_call /opt/stack/keystone/keystone/common/rbac_enforcer/enforcer.py:449}}
May 23 10:56:24.935392 dv-neutron-839479-6-hyperv devstack@keystone.service[80525]: DEBUG keystone.common.rbac_enforcer.enforcer [None req-1b8da97f-5991-4b19-ba42-7a2670a6ffa2 None admin] RBAC: Authorization granted {{(pid=80525) enforce_call /opt/stack/keystone/keystone/common/rbac_enforcer/enforcer.py:457}}
May 23 10:56:24.937027 dv-neutron-839479-6-hyperv devstack@keystone.service[80525]: [pid: 80525|app: 0|req: 150/302] 10.222.0.69 () {56 vars in 1108 bytes} [Mon May 23 10:56:24 2022] GET /identity/v3/domains/default => generated 199 bytes in 179 msecs (HTTP/1.1 200) 5 headers in 177 bytes (1 switches on core 0)
May 23 10:56:24.939116 dv-neutron-839479-6-hyperv devstack@keystone.service[80526]: DEBUG keystone.server.flask.request_processing.middleware.auth_context [None req-6fe60ea9-576e-4f99-b90b-b3e2831df940 None admin] RBAC: auth_context: {'token': , 'domain_id': None, 'trust_id': None, 'trustor_id': None, 'trustee_id': None, 'domain_name': None, 'group_ids': [], 'user_id': '7e48f6aa005a487caa9ba3036babe062', 'user_domain_id': 'default', 'system_scope': 'all', 'project_id': None, 'project_domain_id': None, 'roles': ['admin', 'member', 'reader'], 'is_admin_project': True, 'service_user_id': None, 'service_user_domain_id': None, 'service_project_id': None, 'service_project_domain_id': None, 'service_roles': []} {{(pid=80526) fill_context /opt/stack/keystone/keystone/server/flask/request_processing/middleware/auth_context.py:478}}
May 23 10:56:24.939466 dv-neutron-839479-6-hyperv devstack@keystone.service[80525]: DEBUG keystone.server.flask.request_processing.req_logging [None req-6be40915-ee11-4892-a967-bd324a510a7f None None] REQUEST_METHOD: `GET` {{(pid=80525) log_request_info /opt/stack/keystone/keystone/server/flask/request_processing/req_logging.py:27}}
May 23 10:56:24.939759 dv-neutron-839479-6-hyperv devstack@keystone.service[80525]: DEBUG keystone.server.flask.request_processing.req_logging [None req-6be40915-ee11-4892-a967-bd324a510a7f None None] SCRIPT_NAME: `/identity` {{(pid=80525) log_request_info /opt/stack/keystone/keystone/server/flask/request_processing/req_logging.py:28}}
May 23 10:56:24.940037 dv-neutron-839479-6-hyperv devstack@keystone.service[80525]: DEBUG keystone.server.flask.request_processing.req_logging [None req-6be40915-ee11-4892-a967-bd324a510a7f None None] PATH_INFO: `/` {{(pid=80525) log_request_info /opt/stack/keystone/keystone/server/flask/request_processing/req_logging.py:29}}
May 23 10:56:24.940947 dv-neutron-839479-6-hyperv devstack@keystone.service[80526]: DEBUG keystone.server.flask.request_processing.req_logging [None req-6fe60ea9-576e-4f99-b90b-b3e2831df940 None admin] REQUEST_METHOD: `PUT` {{(pid=80526) log_request_info /opt/stack/keystone/keystone/server/flask/request_processing/req_logging.py:27}}
May 23 10:56:24.941432 dv-neutron-839479-6-hyperv devstack@keystone.service[80526]: DEBUG keystone.server.flask.request_processing.req_logging [None req-6fe60ea9-576e-4f99-b90b-b3e2831df940 None admin] SCRIPT_NAME: `/identity` {{(pid=80526) log_request_info /opt/stack/keystone/keystone/server/flask/request_processing/req_logging.py:28}}
May 23 10:56:24.942209 dv-neutron-839479-6-hyperv devstack@keystone.service[80526]: DEBUG keystone.server.flask.request_processing.req_logging [None req-6fe60ea9-576e-4f99-b90b-b3e2831df940 None admin] PATH_INFO: `/v3/system/users/74f586e0777a470499bde46637f64cbe/roles/5bb7d671257249e2be29c53eec748448` {{(pid=80526) log_request_info /opt/stack/keystone/keystone/server/flask/request_processing/req_logging.py:29}}
May 23 10:56:24.943733 dv-neutron-839479-6-hyperv devstack@keystone.service[80526]: DEBUG keystone.common.rbac_enforcer.enforcer [None req-6fe60ea9-576e-4f99-b90b-b3e2831df940 None admin] RBAC: Authorizing `identity:create_system_grant_for_user(user_id=74f586e0777a470499bde46637f64cbe, role_id=5bb7d671257249e2be29c53eec748448)` {{(pid=80526) enforce_call /opt/stack/keystone/keystone/common/rbac_enforcer/enforcer.py:449}}
May 23 10:56:24.945188 dv-neutron-839479-6-hyperv devstack@keystone.service[80525]: [pid: 80525|app: 0|req: 151/303] 10.222.0.69 () {54 vars in 926 bytes} [Mon May 23 10:56:24 2022] GET /identity => generated 270 bytes in 7 msecs (HTTP/1.1 300) 6 headers in 234 bytes (1 switches on core 0)
May 23 10:56:24.945300 dv-neutron-839479-6-hyperv devstack@keystone.service[80526]: DEBUG keystone.common.rbac_enforcer.enforcer [None req-6fe60ea9-576e-4f99-b90b-b3e2831df940 None admin] RBAC: Authorization granted {{(pid=80526) enforce_call /opt/stack/keystone/keystone/common/rbac_enforcer/enforcer.py:457}}
May 23 10:56:24.946173 dv-neutron-839479-6-hyperv devstack@keystone.service[80525]: DEBUG keystone.server.flask.request_processing.middleware.auth_context [None req-6be40915-ee11-4892-a967-bd324a510a7f None None] Authenticating user token {{(pid=80525) process_request /usr/local/lib/python3.8/dist-packages/keystonemiddleware/auth_token/__init__.py:407}}
May 23 10:56:24.960920 dv-neutron-839479-6-hyperv devstack@keystone.service[80526]: [pid: 80526|app: 0|req: 153/304] 10.222.0.69 () {58 vars in 1334 bytes} [Mon May 23 10:56:24 2022] PUT /identity/v3/system/users/74f586e0777a470499bde46637f64cbe/roles/5bb7d671257249e2be29c53eec748448 => generated 0 bytes in 172 msecs (HTTP/1.1 204) 3 headers in 132 bytes (0 switches on core 0)
May 23 10:56:24.960920 dv-neutron-839479-6-hyperv devstack@keystone.service[80526]: DEBUG keystone.server.flask.request_processing.req_logging [None req-b3d7c50a-11b0-4168-a8b4-9387c02ed56a None None] REQUEST_METHOD: `POST` {{(pid=80526) log_request_info /opt/stack/keystone/keystone/server/flask/request_processing/req_logging.py:27}}
May 23 10:56:24.960920 dv-neutron-839479-6-hyperv devstack@keystone.service[80526]: DEBUG keystone.server.flask.request_processing.req_logging [None req-b3d7c50a-11b0-4168-a8b4-9387c02ed56a None None] SCRIPT_NAME: `/identity` {{(pid=80526) log_request_info /opt/stack/keystone/keystone/server/flask/request_processing/req_logging.py:28}}
May 23 10:56:24.960920 dv-neutron-839479-6-hyperv devstack@keystone.service[80526]: DEBUG keystone.server.flask.request_processing.req_logging [None req-b3d7c50a-11b0-4168-a8b4-9387c02ed56a None None] PATH_INFO: `/v3/auth/tokens` {{(pid=80526) log_request_info /opt/stack/keystone/keystone/server/flask/request_processing/req_logging.py:29}}
May 23 10:56:24.982579 dv-neutron-839479-6-hyperv devstack@keystone.service[80526]: DEBUG keystone.auth.core [None req-b3d7c50a-11b0-4168-a8b4-9387c02ed56a None None] MFA Rules not processed for user `7e48f6aa005a487caa9ba3036babe062`. Rule list: `[]` (Enabled: `True`). {{(pid=80526) check_auth_methods_against_rules /opt/stack/keystone/keystone/auth/core.py:438}}
May 23 10:56:24.983871 dv-neutron-839479-6-hyperv devstack@keystone.service[80526]: DEBUG keystone.common.fernet_utils [None req-b3d7c50a-11b0-4168-a8b4-9387c02ed56a None None] Loaded 2 Fernet keys from /etc/keystone/fernet-keys/, but `[fernet_tokens] max_active_keys = 3`; perhaps there have not been enough key rotations to reach `max_active_keys` yet? {{(pid=80526) load_keys /opt/stack/keystone/keystone/common/fernet_utils.py:286}}
May 23 10:56:25.069339 dv-neutron-839479-6-hyperv devstack@keystone.service[80526]: [pid: 80526|app: 0|req: 154/305] 10.222.0.69 () {58 vars in 1023 bytes} [Mon May 23 10:56:24 2022] POST /identity/v3/auth/tokens => generated 799 bytes in 113 msecs (HTTP/1.1 201) 6 headers in 363 bytes (1 switches on core 0)
May 23 10:56:25.091068 dv-neutron-839479-6-hyperv devstack@keystone.service[80525]: DEBUG dbcounter [-] [80525] Writing DB stats keystone:SELECT=100 {{(pid=80525) stat_writer /usr/local/lib/python3.8/dist-packages/dbcounter.py:114}}
May 23 10:56:25.093831 dv-neutron-839479-6-hyperv devstack@keystone.service[80526]: DEBUG keystone.server.flask.request_processing.middleware.auth_context [None req-b3d7c50a-11b0-4168-a8b4-9387c02ed56a None None] Authenticating user token {{(pid=80526) process_request /usr/local/lib/python3.8/dist-packages/keystonemiddleware/auth_token/__init__.py:407}}
May 23 10:56:25.101733 dv-neutron-839479-6-hyperv devstack@keystone.service[80525]: DEBUG keystone.server.flask.request_processing.middleware.auth_context [None req-6be40915-ee11-4892-a967-bd324a510a7f None None] Validating token access rules against request {{(pid=80525) validate_allowed_request /usr/local/lib/python3.8/dist-packages/keystonemiddleware/auth_token/__init__.py:545}}
May 23 10:56:25.144407 dv-neutron-839479-6-hyperv devstack@keystone.service[80525]: DEBUG keystone.server.flask.request_processing.middleware.auth_context [None req-2f0e829d-0f21-49a0-adf2-ea34f2cb9331 None admin] RBAC: auth_context: {'token': , 'domain_id': None, 'trust_id': None, 'trustor_id': None, 'trustee_id': None, 'domain_name': None, 'group_ids': [], 'user_id': '7e48f6aa005a487caa9ba3036babe062', 'user_domain_id': 'default', 'system_scope': 'all', 'project_id': None, 'project_domain_id': None, 'roles': ['admin', 'member', 'reader'], 'is_admin_project': True, 'service_user_id': None, 'service_user_domain_id': None, 'service_project_id': None, 'service_project_domain_id': None, 'service_roles': []} {{(pid=80525) fill_context /opt/stack/keystone/keystone/server/flask/request_processing/middleware/auth_context.py:478}}
May 23 10:56:25.146723 dv-neutron-839479-6-hyperv devstack@keystone.service[80525]: DEBUG keystone.server.flask.request_processing.req_logging [None req-2f0e829d-0f21-49a0-adf2-ea34f2cb9331 None admin] REQUEST_METHOD: `POST` {{(pid=80525) log_request_info /opt/stack/keystone/keystone/server/flask/request_processing/req_logging.py:27}}
May 23 10:56:25.147239 dv-neutron-839479-6-hyperv devstack@keystone.service[80525]: DEBUG keystone.server.flask.request_processing.req_logging [None req-2f0e829d-0f21-49a0-adf2-ea34f2cb9331 None admin] SCRIPT_NAME: `/identity` {{(pid=80525) log_request_info /opt/stack/keystone/keystone/server/flask/request_processing/req_logging.py:28}}
May 23 10:56:25.147714 dv-neutron-839479-6-hyperv devstack@keystone.service[80525]: DEBUG keystone.server.flask.request_processing.req_logging [None req-2f0e829d-0f21-49a0-adf2-ea34f2cb9331 None admin] PATH_INFO: `/v3/groups` {{(pid=80525) log_request_info /opt/stack/keystone/keystone/server/flask/request_processing/req_logging.py:29}}
May 23 10:56:25.148643 dv-neutron-839479-6-hyperv devstack@keystone.service[80525]: DEBUG keystone.common.rbac_enforcer.enforcer [None req-2f0e829d-0f21-49a0-adf2-ea34f2cb9331 None admin] RBAC: Authorizing `identity:create_group()` {{(pid=80525) enforce_call /opt/stack/keystone/keystone/common/rbac_enforcer/enforcer.py:449}}
May 23 10:56:25.150505 dv-neutron-839479-6-hyperv devstack@keystone.service[80525]: DEBUG keystone.common.rbac_enforcer.enforcer [None req-2f0e829d-0f21-49a0-adf2-ea34f2cb9331 None admin] RBAC: Authorization granted {{(pid=80525) enforce_call /opt/stack/keystone/keystone/common/rbac_enforcer/enforcer.py:457}}
May 23 10:56:25.168310 dv-neutron-839479-6-hyperv devstack@keystone.service[80525]: [pid: 80525|app: 0|req: 152/306] 10.222.0.69 () {60 vars in 1134 bytes} [Mon May 23 10:56:24 2022] POST /identity/v3/groups => generated 229 bytes in 222 msecs (HTTP/1.1 201) 5 headers in 182 bytes (1 switches on core 0)
May 23 10:56:25.219002 dv-neutron-839479-6-hyperv devstack@keystone.service[80526]: DEBUG keystone.server.flask.request_processing.middleware.auth_context [None req-b3d7c50a-11b0-4168-a8b4-9387c02ed56a None None] Validating token access rules against request {{(pid=80526) validate_allowed_request /usr/local/lib/python3.8/dist-packages/keystonemiddleware/auth_token/__init__.py:545}}
May 23 10:56:25.222220 dv-neutron-839479-6-hyperv devstack@keystone.service[80526]: DEBUG dbcounter [-] [80526] Writing DB stats keystone:SELECT=99,keystone:INSERT=1 {{(pid=80526) stat_writer /usr/local/lib/python3.8/dist-packages/dbcounter.py:114}}
May 23 10:56:25.259817 dv-neutron-839479-6-hyperv devstack@keystone.service[80526]: DEBUG keystone.server.flask.request_processing.middleware.auth_context [None req-7b60e39d-5e9a-487c-be6d-813ef67ead64 None admin] RBAC: auth_context: {'token': , 'domain_id': None, 'trust_id': None, 'trustor_id': None, 'trustee_id': None, 'domain_name': None, 'group_ids': [], 'user_id': '7e48f6aa005a487caa9ba3036babe062', 'user_domain_id': 'default', 'system_scope': 'all', 'project_id': None, 'project_domain_id': None, 'roles': ['admin', 'member', 'reader'], 'is_admin_project': True, 'service_user_id': None, 'service_user_domain_id': None, 'service_project_id': None, 'service_project_domain_id': None, 'service_roles': []} {{(pid=80526) fill_context /opt/stack/keystone/keystone/server/flask/request_processing/middleware/auth_context.py:478}}
May 23 10:56:25.260618 dv-neutron-839479-6-hyperv devstack@keystone.service[80526]: DEBUG keystone.server.flask.request_processing.req_logging [None req-7b60e39d-5e9a-487c-be6d-813ef67ead64 None admin] REQUEST_METHOD: `GET` {{(pid=80526) log_request_info /opt/stack/keystone/keystone/server/flask/request_processing/req_logging.py:27}}
May 23 10:56:25.260916 dv-neutron-839479-6-hyperv devstack@keystone.service[80526]: DEBUG keystone.server.flask.request_processing.req_logging [None req-7b60e39d-5e9a-487c-be6d-813ef67ead64 None admin] SCRIPT_NAME: `/identity` {{(pid=80526) log_request_info /opt/stack/keystone/keystone/server/flask/request_processing/req_logging.py:28}}
