Jul 18 10:23:19.858775 dv-neutron-839479-17-hyperv devstack@keystone.service[80527]: [pid: 80527|app: 0|req: 128/256] 10.222.0.69 () {56 vars in 1099 bytes} [Mon Jul 18 10:23:19 2022] GET /identity/v3/roles?name=admin => generated 339 bytes in 261 msecs (HTTP/1.1 200) 5 headers in 177 bytes (1 switches on core 0)
Jul 18 10:23:19.862742 dv-neutron-839479-17-hyperv devstack@keystone.service[80526]: DEBUG keystone.server.flask.request_processing.middleware.auth_context [None req-85a3df93-60c8-430f-960f-79ecfd591d3f None admin] RBAC: auth_context: {'token': , 'domain_id': None, 'trust_id': None, 'trustor_id': None, 'trustee_id': None, 'domain_name': None, 'group_ids': [], 'user_id': 'ab47e9279e724c03922c84a57935dbd4', 'user_domain_id': 'default', 'system_scope': 'all', 'project_id': None, 'project_domain_id': None, 'roles': ['admin', 'member', 'reader'], 'is_admin_project': True, 'service_user_id': None, 'service_user_domain_id': None, 'service_project_id': None, 'service_project_domain_id': None, 'service_roles': []} {{(pid=80526) fill_context /opt/stack/keystone/keystone/server/flask/request_processing/middleware/auth_context.py:478}}
Jul 18 10:23:19.863646 dv-neutron-839479-17-hyperv devstack@keystone.service[80526]: DEBUG keystone.server.flask.request_processing.req_logging [None req-85a3df93-60c8-430f-960f-79ecfd591d3f None admin] REQUEST_METHOD: `PUT` {{(pid=80526) log_request_info /opt/stack/keystone/keystone/server/flask/request_processing/req_logging.py:27}}
Jul 18 10:23:19.863923 dv-neutron-839479-17-hyperv devstack@keystone.service[80526]: DEBUG keystone.server.flask.request_processing.req_logging [None req-85a3df93-60c8-430f-960f-79ecfd591d3f None admin] SCRIPT_NAME: `/identity` {{(pid=80526) log_request_info /opt/stack/keystone/keystone/server/flask/request_processing/req_logging.py:28}}
Jul 18 10:23:19.864196 dv-neutron-839479-17-hyperv devstack@keystone.service[80526]: DEBUG keystone.server.flask.request_processing.req_logging [None req-85a3df93-60c8-430f-960f-79ecfd591d3f None admin] PATH_INFO: `/v3/projects/1be6f8f91e754d6a849e1be2a783bf85/users/77555e8ec4d04e68a215dadde37405a0/roles/9903c840a9d44553a1847981c1c60834` {{(pid=80526) log_request_info /opt/stack/keystone/keystone/server/flask/request_processing/req_logging.py:29}}
Jul 18 10:23:19.865915 dv-neutron-839479-17-hyperv devstack@keystone.service[80527]: DEBUG keystone.server.flask.request_processing.middleware.auth_context [None req-e92dfeb0-0170-4f54-93fa-7b7597b5262c None admin] Authenticating user token {{(pid=80527) process_request /usr/local/lib/python3.8/dist-packages/keystonemiddleware/auth_token/__init__.py:407}}
Jul 18 10:23:19.870821 dv-neutron-839479-17-hyperv devstack@keystone.service[80526]: DEBUG keystone.common.rbac_enforcer.enforcer [None req-85a3df93-60c8-430f-960f-79ecfd591d3f None admin] RBAC: Authorizing `identity:create_grant(project_id=1be6f8f91e754d6a849e1be2a783bf85, user_id=77555e8ec4d04e68a215dadde37405a0, role_id=9903c840a9d44553a1847981c1c60834)` {{(pid=80526) enforce_call /opt/stack/keystone/keystone/common/rbac_enforcer/enforcer.py:449}}
Jul 18 10:23:19.872185 dv-neutron-839479-17-hyperv devstack@keystone.service[80526]: DEBUG keystone.common.rbac_enforcer.enforcer [None req-85a3df93-60c8-430f-960f-79ecfd591d3f None admin] RBAC: Authorization granted {{(pid=80526) enforce_call /opt/stack/keystone/keystone/common/rbac_enforcer/enforcer.py:457}}
Jul 18 10:23:19.898497 dv-neutron-839479-17-hyperv devstack@keystone.service[80526]: [pid: 80526|app: 0|req: 129/257] 10.222.0.69 () {58 vars in 1439 bytes} [Mon Jul 18 10:23:19 2022] PUT /identity/v3/projects/1be6f8f91e754d6a849e1be2a783bf85/users/77555e8ec4d04e68a215dadde37405a0/roles/9903c840a9d44553a1847981c1c60834 => generated 0 bytes in 349 msecs (HTTP/1.1 204) 3 headers in 132 bytes (0 switches on core 0)
Jul 18 10:23:20.027516 dv-neutron-839479-17-hyperv devstack@keystone.service[80527]: DEBUG dbcounter [-] [80527] Writing DB stats keystone:SELECT=100 {{(pid=80527) stat_writer /usr/local/lib/python3.8/dist-packages/dbcounter.py:114}}
Jul 18 10:23:20.035687 dv-neutron-839479-17-hyperv devstack@keystone.service[80527]: DEBUG keystone.server.flask.request_processing.middleware.auth_context [None req-e92dfeb0-0170-4f54-93fa-7b7597b5262c None admin] Validating token access rules against request {{(pid=80527) validate_allowed_request /usr/local/lib/python3.8/dist-packages/keystonemiddleware/auth_token/__init__.py:545}}
Jul 18 10:23:20.084035 dv-neutron-839479-17-hyperv devstack@keystone.service[80526]: DEBUG keystone.server.flask.request_processing.req_logging [None req-53b9f9f6-dc93-4f06-8c4c-7e256542f097 None None] REQUEST_METHOD: `GET` {{(pid=80526) log_request_info /opt/stack/keystone/keystone/server/flask/request_processing/req_logging.py:27}}
Jul 18 10:23:20.084413 dv-neutron-839479-17-hyperv devstack@keystone.service[80526]: DEBUG keystone.server.flask.request_processing.req_logging [None req-53b9f9f6-dc93-4f06-8c4c-7e256542f097 None None] SCRIPT_NAME: `/identity` {{(pid=80526) log_request_info /opt/stack/keystone/keystone/server/flask/request_processing/req_logging.py:28}}
Jul 18 10:23:20.084690 dv-neutron-839479-17-hyperv devstack@keystone.service[80526]: DEBUG keystone.server.flask.request_processing.req_logging [None req-53b9f9f6-dc93-4f06-8c4c-7e256542f097 None None] PATH_INFO: `/` {{(pid=80526) log_request_info /opt/stack/keystone/keystone/server/flask/request_processing/req_logging.py:29}}
Jul 18 10:23:20.086399 dv-neutron-839479-17-hyperv devstack@keystone.service[80527]: DEBUG keystone.server.flask.request_processing.middleware.auth_context [None req-3de5b270-e09f-4e8c-9c31-fba0bf230a2b None admin] RBAC: auth_context: {'token': , 'domain_id': None, 'trust_id': None, 'trustor_id': None, 'trustee_id': None, 'domain_name': None, 'group_ids': [], 'user_id': 'ab47e9279e724c03922c84a57935dbd4', 'user_domain_id': 'default', 'system_scope': 'all', 'project_id': None, 'project_domain_id': None, 'roles': ['admin', 'member', 'reader'], 'is_admin_project': True, 'service_user_id': None, 'service_user_domain_id': None, 'service_project_id': None, 'service_project_domain_id': None, 'service_roles': []} {{(pid=80527) fill_context /opt/stack/keystone/keystone/server/flask/request_processing/middleware/auth_context.py:478}}
Jul 18 10:23:20.086605 dv-neutron-839479-17-hyperv devstack@keystone.service[80526]: [pid: 80526|app: 0|req: 130/258] 10.222.0.69 () {54 vars in 926 bytes} [Mon Jul 18 10:23:20 2022] GET /identity => generated 270 bytes in 4 msecs (HTTP/1.1 300) 6 headers in 234 bytes (1 switches on core 0)
Jul 18 10:23:20.087324 dv-neutron-839479-17-hyperv devstack@keystone.service[80527]: DEBUG keystone.server.flask.request_processing.req_logging [None req-3de5b270-e09f-4e8c-9c31-fba0bf230a2b None admin] REQUEST_METHOD: `GET` {{(pid=80527) log_request_info /opt/stack/keystone/keystone/server/flask/request_processing/req_logging.py:27}}
Jul 18 10:23:20.087610 dv-neutron-839479-17-hyperv devstack@keystone.service[80527]: DEBUG keystone.server.flask.request_processing.req_logging [None req-3de5b270-e09f-4e8c-9c31-fba0bf230a2b None admin] SCRIPT_NAME: `/identity` {{(pid=80527) log_request_info /opt/stack/keystone/keystone/server/flask/request_processing/req_logging.py:28}}
Jul 18 10:23:20.087884 dv-neutron-839479-17-hyperv devstack@keystone.service[80527]: DEBUG keystone.server.flask.request_processing.req_logging [None req-3de5b270-e09f-4e8c-9c31-fba0bf230a2b None admin] PATH_INFO: `/v3/users/b1d35ff52e094abfbb3c31bb7d34de83` {{(pid=80527) log_request_info /opt/stack/keystone/keystone/server/flask/request_processing/req_logging.py:29}}
Jul 18 10:23:20.090986 dv-neutron-839479-17-hyperv devstack@keystone.service[80527]: DEBUG keystone.common.rbac_enforcer.enforcer [None req-3de5b270-e09f-4e8c-9c31-fba0bf230a2b None admin] RBAC: Authorizing `identity:get_user(user_id=b1d35ff52e094abfbb3c31bb7d34de83)` {{(pid=80527) enforce_call /opt/stack/keystone/keystone/common/rbac_enforcer/enforcer.py:449}}
Jul 18 10:23:20.092615 dv-neutron-839479-17-hyperv devstack@keystone.service[80527]: DEBUG keystone.common.rbac_enforcer.enforcer [None req-3de5b270-e09f-4e8c-9c31-fba0bf230a2b None admin] RBAC: Authorization granted {{(pid=80527) enforce_call /opt/stack/keystone/keystone/common/rbac_enforcer/enforcer.py:457}}
Jul 18 10:23:20.094430 dv-neutron-839479-17-hyperv devstack@keystone.service[80527]: [pid: 80527|app: 0|req: 129/259] 10.222.0.69 () {56 vars in 1177 bytes} [Mon Jul 18 10:23:19 2022] GET /identity/v3/users/b1d35ff52e094abfbb3c31bb7d34de83 => generated 283 bytes in 229 msecs (HTTP/1.1 200) 5 headers in 177 bytes (1 switches on core 0)
Jul 18 10:23:20.095926 dv-neutron-839479-17-hyperv devstack@keystone.service[80526]: DEBUG keystone.server.flask.request_processing.req_logging [None req-042604be-152b-4876-913e-4583aee6dbfc None None] REQUEST_METHOD: `POST` {{(pid=80526) log_request_info /opt/stack/keystone/keystone/server/flask/request_processing/req_logging.py:27}}
Jul 18 10:23:20.096401 dv-neutron-839479-17-hyperv devstack@keystone.service[80526]: DEBUG keystone.server.flask.request_processing.req_logging [None req-042604be-152b-4876-913e-4583aee6dbfc None None] SCRIPT_NAME: `/identity` {{(pid=80526) log_request_info /opt/stack/keystone/keystone/server/flask/request_processing/req_logging.py:28}}
Jul 18 10:23:20.096718 dv-neutron-839479-17-hyperv devstack@keystone.service[80526]: DEBUG keystone.server.flask.request_processing.req_logging [None req-042604be-152b-4876-913e-4583aee6dbfc None None] PATH_INFO: `/v3/auth/tokens` {{(pid=80526) log_request_info /opt/stack/keystone/keystone/server/flask/request_processing/req_logging.py:29}}
Jul 18 10:23:20.100373 dv-neutron-839479-17-hyperv devstack@keystone.service[80527]: DEBUG keystone.server.flask.request_processing.middleware.auth_context [None req-3de5b270-e09f-4e8c-9c31-fba0bf230a2b None admin] Authenticating user token {{(pid=80527) process_request /usr/local/lib/python3.8/dist-packages/keystonemiddleware/auth_token/__init__.py:407}}
Jul 18 10:23:20.130992 dv-neutron-839479-17-hyperv devstack@keystone.service[80526]: DEBUG keystone.auth.core [None req-042604be-152b-4876-913e-4583aee6dbfc None None] MFA Rules not processed for user `ab47e9279e724c03922c84a57935dbd4`. Rule list: `[]` (Enabled: `True`). {{(pid=80526) check_auth_methods_against_rules /opt/stack/keystone/keystone/auth/core.py:438}}
Jul 18 10:23:20.132286 dv-neutron-839479-17-hyperv devstack@keystone.service[80526]: DEBUG keystone.common.fernet_utils [None req-042604be-152b-4876-913e-4583aee6dbfc None None] Loaded 2 Fernet keys from /etc/keystone/fernet-keys/, but `[fernet_tokens] max_active_keys = 3`; perhaps there have not been enough key rotations to reach `max_active_keys` yet? {{(pid=80526) load_keys /opt/stack/keystone/keystone/common/fernet_utils.py:286}}
Jul 18 10:23:20.225752 dv-neutron-839479-17-hyperv devstack@keystone.service[80526]: [pid: 80526|app: 0|req: 131/260] 10.222.0.69 () {58 vars in 1023 bytes} [Mon Jul 18 10:23:20 2022] POST /identity/v3/auth/tokens => generated 799 bytes in 131 msecs (HTTP/1.1 201) 6 headers in 363 bytes (1 switches on core 0)
Jul 18 10:23:20.252739 dv-neutron-839479-17-hyperv devstack@keystone.service[80526]: DEBUG keystone.server.flask.request_processing.middleware.auth_context [None req-042604be-152b-4876-913e-4583aee6dbfc None None] Authenticating user token {{(pid=80526) process_request /usr/local/lib/python3.8/dist-packages/keystonemiddleware/auth_token/__init__.py:407}}
Jul 18 10:23:20.304622 dv-neutron-839479-17-hyperv devstack@keystone.service[80526]: DEBUG dbcounter [-] [80526] Writing DB stats keystone:SELECT=99,keystone:INSERT=1 {{(pid=80526) stat_writer /usr/local/lib/python3.8/dist-packages/dbcounter.py:114}}
Jul 18 10:23:20.306588 dv-neutron-839479-17-hyperv devstack@keystone.service[80527]: DEBUG keystone.server.flask.request_processing.middleware.auth_context [None req-3de5b270-e09f-4e8c-9c31-fba0bf230a2b None admin] Validating token access rules against request {{(pid=80527) validate_allowed_request /usr/local/lib/python3.8/dist-packages/keystonemiddleware/auth_token/__init__.py:545}}
Jul 18 10:23:20.390075 dv-neutron-839479-17-hyperv devstack@keystone.service[80526]: DEBUG keystone.server.flask.request_processing.middleware.auth_context [None req-042604be-152b-4876-913e-4583aee6dbfc None None] Validating token access rules against request {{(pid=80526) validate_allowed_request /usr/local/lib/python3.8/dist-packages/keystonemiddleware/auth_token/__init__.py:545}}
Jul 18 10:23:20.391479 dv-neutron-839479-17-hyperv devstack@keystone.service[80527]: DEBUG keystone.server.flask.request_processing.middleware.auth_context [None req-323e5c28-3ef7-419d-b5ad-94ee5d67a9ba None admin] RBAC: auth_context: {'token': , 'domain_id': None, 'trust_id': None, 'trustor_id': None, 'trustee_id': None, 'domain_name': None, 'group_ids': [], 'user_id': 'ab47e9279e724c03922c84a57935dbd4', 'user_domain_id': 'default', 'system_scope': 'all', 'project_id': None, 'project_domain_id': None, 'roles': ['admin', 'member', 'reader'], 'is_admin_project': True, 'service_user_id': None, 'service_user_domain_id': None, 'service_project_id': None, 'service_project_domain_id': None, 'service_roles': []} {{(pid=80527) fill_context /opt/stack/keystone/keystone/server/flask/request_processing/middleware/auth_context.py:478}}
Jul 18 10:23:20.392161 dv-neutron-839479-17-hyperv devstack@keystone.service[80527]: DEBUG keystone.server.flask.request_processing.req_logging [None req-323e5c28-3ef7-419d-b5ad-94ee5d67a9ba None admin] REQUEST_METHOD: `GET` {{(pid=80527) log_request_info /opt/stack/keystone/keystone/server/flask/request_processing/req_logging.py:27}}
Jul 18 10:23:20.392445 dv-neutron-839479-17-hyperv devstack@keystone.service[80527]: DEBUG keystone.server.flask.request_processing.req_logging [None req-323e5c28-3ef7-419d-b5ad-94ee5d67a9ba None admin] SCRIPT_NAME: `/identity` {{(pid=80527) log_request_info /opt/stack/keystone/keystone/server/flask/request_processing/req_logging.py:28}}
Jul 18 10:23:20.392724 dv-neutron-839479-17-hyperv devstack@keystone.service[80527]: DEBUG keystone.server.flask.request_processing.req_logging [None req-323e5c28-3ef7-419d-b5ad-94ee5d67a9ba None admin] PATH_INFO: `/v3/auth/tokens` {{(pid=80527) log_request_info /opt/stack/keystone/keystone/server/flask/request_processing/req_logging.py:29}}
Jul 18 10:23:20.445379 dv-neutron-839479-17-hyperv devstack@keystone.service[80526]: DEBUG keystone.server.flask.request_processing.middleware.auth_context [None req-55d7eebe-ca20-49e3-b701-d9c721627415 None admin] RBAC: auth_context: {'token': , 'domain_id': None, 'trust_id': None, 'trustor_id': None, 'trustee_id': None, 'domain_name': None, 'group_ids': [], 'user_id': 'ab47e9279e724c03922c84a57935dbd4', 'user_domain_id': 'default', 'system_scope': 'all', 'project_id': None, 'project_domain_id': None, 'roles': ['admin', 'member', 'reader'], 'is_admin_project': True, 'service_user_id': None, 'service_user_domain_id': None, 'service_project_id': None, 'service_project_domain_id': None, 'service_roles': []} {{(pid=80526) fill_context /opt/stack/keystone/keystone/server/flask/request_processing/middleware/auth_context.py:478}}
Jul 18 10:23:20.446238 dv-neutron-839479-17-hyperv devstack@keystone.service[80526]: DEBUG keystone.server.flask.request_processing.req_logging [None req-55d7eebe-ca20-49e3-b701-d9c721627415 None admin] REQUEST_METHOD: `GET` {{(pid=80526) log_request_info /opt/stack/keystone/keystone/server/flask/request_processing/req_logging.py:27}}
Jul 18 10:23:20.446519 dv-neutron-839479-17-hyperv devstack@keystone.service[80526]: DEBUG keystone.server.flask.request_processing.req_logging [None req-55d7eebe-ca20-49e3-b701-d9c721627415 None admin] SCRIPT_NAME: `/identity` {{(pid=80526) log_request_info /opt/stack/keystone/keystone/server/flask/request_processing/req_logging.py:28}}
Jul 18 10:23:20.446795 dv-neutron-839479-17-hyperv devstack@keystone.service[80526]: DEBUG keystone.server.flask.request_processing.req_logging [None req-55d7eebe-ca20-49e3-b701-d9c721627415 None admin] PATH_INFO: `/v3/roles/anotherrole` {{(pid=80526) log_request_info /opt/stack/keystone/keystone/server/flask/request_processing/req_logging.py:29}}
Jul 18 10:23:20.467610 dv-neutron-839479-17-hyperv devstack@keystone.service[80526]: DEBUG keystone.common.rbac_enforcer.enforcer [None req-55d7eebe-ca20-49e3-b701-d9c721627415 None admin] Extracting inferred target data resulted in "NOT FOUND (404)". {{(pid=80526) enforce_call /opt/stack/keystone/keystone/common/rbac_enforcer/enforcer.py:409}}
Jul 18 10:23:20.471132 dv-neutron-839479-17-hyperv devstack@keystone.service[80527]: DEBUG dbcounter [-] [80527] Writing DB stats keystone:SELECT=100 {{(pid=80527) stat_writer /usr/local/lib/python3.8/dist-packages/dbcounter.py:114}}
Jul 18 10:23:20.482945 dv-neutron-839479-17-hyperv devstack@keystone.service[80526]: ERROR keystone.server.flask.application [None req-55d7eebe-ca20-49e3-b701-d9c721627415 None admin] Could not find role: anotherrole.: keystone.exception.RoleNotFound: Could not find role: anotherrole.
Jul 18 10:23:20.482945 dv-neutron-839479-17-hyperv devstack@keystone.service[80526]: ERROR keystone.server.flask.application
Traceback (most recent call last):
Jul 18 10:23:20.482945 dv-neutron-839479-17-hyperv devstack@keystone.service[80526]: ERROR keystone.server.flask.application
File "/usr/local/lib/python3.8/dist-packages/flask/app.py", line 1523, in full_dispatch_request
Jul 18 10:23:20.482945 dv-neutron-839479-17-hyperv devstack@keystone.service[80526]: ERROR keystone.server.flask.application rv = self.dispatch_request()
Jul 18 10:23:20.482945 dv-neutron-839479-17-hyperv devstack@keystone.service[80526]: ERROR keystone.server.flask.application
File "/usr/local/lib/python3.8/dist-packages/flask/app.py", line 1509, in dispatch_request
Jul 18 10:23:20.482945 dv-neutron-839479-17-hyperv devstack@keystone.service[80526]: ERROR keystone.server.flask.application return self.ensure_sync(self.view_functions[rule.endpoint])(**req.view_args)
Jul 18 10:23:20.482945 dv-neutron-839479-17-hyperv devstack@keystone.service[80526]: ERROR keystone.server.flask.application
File "/usr/local/lib/python3.8/dist-packages/flask_restful/__init__.py", line 467, in wrapper
Jul 18 10:23:20.482945 dv-neutron-839479-17-hyperv devstack@keystone.service[80526]: ERROR keystone.server.flask.application resp = resource(*args, **kwargs)
Jul 18 10:23:20.482945 dv-neutron-839479-17-hyperv devstack@keystone.service[80526]: ERROR keystone.server.flask.application
File "/usr/local/lib/python3.8/dist-packages/flask/views.py", line 84, in view
Jul 18 10:23:20.482945 dv-neutron-839479-17-hyperv devstack@keystone.service[80526]: ERROR keystone.server.flask.application return current_app.ensure_sync(self.dispatch_request)(*args, **kwargs)
Jul 18 10:23:20.482945 dv-neutron-839479-17-hyperv devstack@keystone.service[80526]: ERROR keystone.server.flask.application
File "/usr/local/lib/python3.8/dist-packages/flask_restful/__init__.py", line 582, in dispatch_request
Jul 18 10:23:20.482945 dv-neutron-839479-17-hyperv devstack@keystone.service[80526]: ERROR keystone.server.flask.application resp = meth(*args, **kwargs)
Jul 18 10:23:20.482945 dv-neutron-839479-17-hyperv devstack@keystone.service[80526]: ERROR keystone.server.flask.application
File "/opt/stack/keystone/keystone/api/roles.py", line 50, in get
Jul 18 10:23:20.482945 dv-neutron-839479-17-hyperv devstack@keystone.service[80526]: ERROR keystone.server.flask.application return self._get_role(role_id)
Jul 18 10:23:20.482945 dv-neutron-839479-17-hyperv devstack@keystone.service[80526]: ERROR keystone.server.flask.application
File "/opt/stack/keystone/keystone/api/roles.py", line 70, in _get_role
Jul 18 10:23:20.482945 dv-neutron-839479-17-hyperv devstack@keystone.service[80526]: ERROR keystone.server.flask.application ENFORCER.enforce_call(action='identity:get_role')
Jul 18 10:23:20.485492 dv-neutron-839479-17-hyperv devstack@keystone.service[80526]: ERROR keystone.server.flask.application
File "/opt/stack/keystone/keystone/common/rbac_enforcer/enforcer.py", line 402, in enforce_call
Jul 18 10:23:20.485492 dv-neutron-839479-17-hyperv devstack@keystone.service[80526]: ERROR keystone.server.flask.application policy_dict.update(cls._extract_member_target_data(
Jul 18 10:23:20.485492 dv-neutron-839479-17-hyperv devstack@keystone.service[80526]: ERROR keystone.server.flask.application
File "/opt/stack/keystone/keystone/common/rbac_enforcer/enforcer.py", line 234, in _extract_member_target_data
Jul 18 10:23:20.485492 dv-neutron-839479-17-hyperv devstack@keystone.service[80526]: ERROR keystone.server.flask.application member_name: func(flask.request.view_args[key])
Jul 18 10:23:20.485492 dv-neutron-839479-17-hyperv devstack@keystone.service[80526]: ERROR keystone.server.flask.application
File "/opt/stack/keystone/keystone/common/manager.py", line 115, in wrapped
Jul 18 10:23:20.485492 dv-neutron-839479-17-hyperv devstack@keystone.service[80526]: ERROR keystone.server.flask.application __ret_val = __f(*args, **kwargs)
Jul 18 10:23:20.485492 dv-neutron-839479-17-hyperv devstack@keystone.service[80526]: ERROR keystone.server.flask.application
File "/usr/local/lib/python3.8/dist-packages/decorator.py", line 232, in fun
Jul 18 10:23:20.485492 dv-neutron-839479-17-hyperv devstack@keystone.service[80526]: ERROR keystone.server.flask.application return caller(func, *(extras + args), **kw)
Jul 18 10:23:20.485492 dv-neutron-839479-17-hyperv devstack@keystone.service[80526]: ERROR keystone.server.flask.application
File "/usr/local/lib/python3.8/dist-packages/dogpile/cache/region.py", line 1577, in get_or_create_for_user_func
Jul 18 10:23:20.485492 dv-neutron-839479-17-hyperv devstack@keystone.service[80526]: ERROR keystone.server.flask.application return self.get_or_create(
Jul 18 10:23:20.485492 dv-neutron-839479-17-hyperv devstack@keystone.service[80526]: ERROR keystone.server.flask.application
File "/usr/local/lib/python3.8/dist-packages/dogpile/cache/region.py", line 1042, in get_or_create
Jul 18 10:23:20.485492 dv-neutron-839479-17-hyperv devstack@keystone.service[80526]: ERROR keystone.server.flask.application with Lock(
Jul 18 10:23:20.485492 dv-neutron-839479-17-hyperv devstack@keystone.service[80526]: ERROR keystone.server.flask.application
File "/usr/local/lib/python3.8/dist-packages/dogpile/lock.py", line 185, in __enter__
Jul 18 10:23:20.485492 dv-neutron-839479-17-hyperv devstack@keystone.service[80526]: ERROR keystone.server.flask.application return self._enter()
Jul 18 10:23:20.485492 dv-neutron-839479-17-hyperv devstack@keystone.service[80526]: ERROR keystone.server.flask.application
File "/usr/local/lib/python3.8/dist-packages/dogpile/lock.py", line 94, in _enter
Jul 18 10:23:20.485492 dv-neutron-839479-17-hyperv devstack@keystone.service[80526]: ERROR keystone.server.flask.application generated = self._enter_create(value, createdtime)
Jul 18 10:23:20.487452 dv-neutron-839479-17-hyperv devstack@keystone.service[80526]: ERROR keystone.server.flask.application
File "/usr/local/lib/python3.8/dist-packages/dogpile/lock.py", line 178, in _enter_create
Jul 18 10:23:20.487452 dv-neutron-839479-17-hyperv devstack@keystone.service[80526]: ERROR keystone.server.flask.application return self.creator()
Jul 18 10:23:20.487452 dv-neutron-839479-17-hyperv devstack@keystone.service[80526]: ERROR keystone.server.flask.application
File "/usr/local/lib/python3.8/dist-packages/dogpile/cache/region.py", line 995, in gen_value
Jul 18 10:23:20.487452 dv-neutron-839479-17-hyperv devstack@keystone.service[80526]: ERROR keystone.server.flask.application created_value = creator(
Jul 18 10:23:20.487452 dv-neutron-839479-17-hyperv devstack@keystone.service[80526]: ERROR keystone.server.flask.application
File "/opt/stack/keystone/keystone/assignment/core.py", line 1276, in get_role
Jul 18 10:23:20.487452 dv-neutron-839479-17-hyperv devstack@keystone.service[80526]: ERROR keystone.server.flask.application return self.driver.get_role(role_id)
Jul 18 10:23:20.487452 dv-neutron-839479-17-hyperv devstack@keystone.service[80526]: ERROR keystone.server.flask.application
File "/opt/stack/keystone/keystone/assignment/role_backends/sql.py", line 70, in get_role
Jul 18 10:23:20.487452 dv-neutron-839479-17-hyperv devstack@keystone.service[80526]: ERROR keystone.server.flask.application return self._get_role(session, role_id).to_dict()
Jul 18 10:23:20.487452 dv-neutron-839479-17-hyperv devstack@keystone.service[80526]: ERROR keystone.server.flask.application
File "/opt/stack/keystone/keystone/assignment/role_backends/sql.py", line 65, in _get_role
Jul 18 10:23:20.487452 dv-neutron-839479-17-hyperv devstack@keystone.service[80526]: ERROR keystone.server.flask.application raise exception.RoleNotFound(role_id=role_id)
Jul 18 10:23:20.487452 dv-neutron-839479-17-hyperv devstack@keystone.service[80526]: ERROR keystone.server.flask.application keystone.exception.RoleNotFound: Could not find role: anotherrole.
Jul 18 10:23:20.487452 dv-neutron-839479-17-hyperv devstack@keystone.service[80526]: ERROR keystone.server.flask.application
Jul 18 10:23:20.487452 dv-neutron-839479-17-hyperv devstack@keystone.service[80526]: [pid: 80526|app: 0|req: 132/261] 10.222.0.69 () {56 vars in 1114 bytes} [Mon Jul 18 10:23:20 2022] GET /identity/v3/roles/anotherrole => generated 89 bytes in 232 msecs (HTTP/1.1 404) 5 headers in 183 bytes (2 switches on core 0)
Jul 18 10:23:20.494930 dv-neutron-839479-17-hyperv devstack@keystone.service[80526]: DEBUG keystone.server.flask.request_processing.middleware.auth_context [None req-55d7eebe-ca20-49e3-b701-d9c721627415 None admin] Authenticating user token {{(pid=80526) process_request /usr/local/lib/python3.8/dist-packages/keystonemiddleware/auth_token/__init__.py:407}}
Jul 18 10:23:20.563348 dv-neutron-839479-17-hyperv devstack@keystone.service[80527]: DEBUG keystone.common.rbac_enforcer.enforcer [None req-323e5c28-3ef7-419d-b5ad-94ee5d67a9ba None admin] RBAC: Authorizing `identity:validate_token()` {{(pid=80527) enforce_call /opt/stack/keystone/keystone/common/rbac_enforcer/enforcer.py:449}}
Jul 18 10:23:20.564976 dv-neutron-839479-17-hyperv devstack@keystone.service[80527]: DEBUG keystone.common.rbac_enforcer.enforcer [None req-323e5c28-3ef7-419d-b5ad-94ee5d67a9ba None admin] RBAC: Authorization granted {{(pid=80527) enforce_call /opt/stack/keystone/keystone/common/rbac_enforcer/enforcer.py:457}}
Jul 18 10:23:20.654811 dv-neutron-839479-17-hyperv devstack@keystone.service[80526]: DEBUG keystone.server.flask.request_processing.middleware.auth_context [None req-55d7eebe-ca20-49e3-b701-d9c721627415 None admin] Validating token access rules against request {{(pid=80526) validate_allowed_request /usr/local/lib/python3.8/dist-packages/keystonemiddleware/auth_token/__init__.py:545}}
Jul 18 10:23:20.666617 dv-neutron-839479-17-hyperv devstack@keystone.service[80526]: DEBUG dbcounter [-] [80526] Writing DB stats keystone:SELECT=100 {{(pid=80526) stat_writer /usr/local/lib/python3.8/dist-packages/dbcounter.py:114}}
Jul 18 10:23:20.710883 dv-neutron-839479-17-hyperv devstack@keystone.service[80526]: DEBUG keystone.server.flask.request_processing.middleware.auth_context [None req-e9cec517-f34f-4719-b1c8-4246d7becf73 None admin] RBAC: auth_context: {'token': , 'domain_id': None, 'trust_id': None, 'trustor_id': None, 'trustee_id': None, 'domain_name': None, 'group_ids': [], 'user_id': 'ab47e9279e724c03922c84a57935dbd4', 'user_domain_id': 'default', 'system_scope': 'all', 'project_id': None, 'project_domain_id': None, 'roles': ['admin', 'member', 'reader'], 'is_admin_project': True, 'service_user_id': None, 'service_user_domain_id': None, 'service_project_id': None, 'service_project_domain_id': None, 'service_roles': []} {{(pid=80526) fill_context /opt/stack/keystone/keystone/server/flask/request_processing/middleware/auth_context.py:478}}
Jul 18 10:23:20.711573 dv-neutron-839479-17-hyperv devstack@keystone.service[80526]: DEBUG keystone.server.flask.request_processing.req_logging [None req-e9cec517-f34f-4719-b1c8-4246d7becf73 None admin] REQUEST_METHOD: `GET` {{(pid=80526) log_request_info /opt/stack/keystone/keystone/server/flask/request_processing/req_logging.py:27}}
Jul 18 10:23:20.711852 dv-neutron-839479-17-hyperv devstack@keystone.service[80526]: DEBUG keystone.server.flask.request_processing.req_logging [None req-e9cec517-f34f-4719-b1c8-4246d7becf73 None admin] SCRIPT_NAME: `/identity` {{(pid=80526) log_request_info /opt/stack/keystone/keystone/server/flask/request_processing/req_logging.py:28}}
Jul 18 10:23:20.712133 dv-neutron-839479-17-hyperv devstack@keystone.service[80526]: DEBUG keystone.server.flask.request_processing.req_logging [None req-e9cec517-f34f-4719-b1c8-4246d7becf73 None admin] PATH_INFO: `/v3/roles` {{(pid=80526) log_request_info /opt/stack/keystone/keystone/server/flask/request_processing/req_logging.py:29}}
Jul 18 10:23:20.712893 dv-neutron-839479-17-hyperv devstack@keystone.service[80526]: DEBUG keystone.common.rbac_enforcer.enforcer [None req-e9cec517-f34f-4719-b1c8-4246d7becf73 None admin] RBAC: Adding query filter params (name=anotherrole) {{(pid=80526) _extract_filter_values /opt/stack/keystone/keystone/common/rbac_enforcer/enforcer.py:167}}
Jul 18 10:23:20.713194 dv-neutron-839479-17-hyperv devstack@keystone.service[80526]: DEBUG keystone.common.rbac_enforcer.enforcer [None req-e9cec517-f34f-4719-b1c8-4246d7becf73 None admin] RBAC: Authorizing `identity:list_roles()` {{(pid=80526) enforce_call /opt/stack/keystone/keystone/common/rbac_enforcer/enforcer.py:449}}
Jul 18 10:23:20.714645 dv-neutron-839479-17-hyperv devstack@keystone.service[80526]: DEBUG keystone.common.rbac_enforcer.enforcer [None req-e9cec517-f34f-4719-b1c8-4246d7becf73 None admin] RBAC: Authorization granted {{(pid=80526) enforce_call /opt/stack/keystone/keystone/common/rbac_enforcer/enforcer.py:457}}
Jul 18 10:23:20.724256 dv-neutron-839479-17-hyperv devstack@keystone.service[80526]: [pid: 80526|app: 0|req: 133/262] 10.222.0.69 () {56 vars in 1111 bytes} [Mon Jul 18 10:23:20 2022] GET /identity/v3/roles?name=anotherrole => generated 334 bytes in 230 msecs (HTTP/1.1 200) 5 headers in 177 bytes (1 switches on core 0)
Jul 18 10:23:20.730734 dv-neutron-839479-17-hyperv devstack@keystone.service[80526]: DEBUG keystone.server.flask.request_processing.middleware.auth_context [None req-e9cec517-f34f-4719-b1c8-4246d7becf73 None admin] Authenticating user token {{(pid=80526) process_request /usr/local/lib/python3.8/dist-packages/keystonemiddleware/auth_token/__init__.py:407}}
Jul 18 10:23:20.812079 dv-neutron-839479-17-hyperv devstack@keystone.service[80527]: [pid: 80527|app: 0|req: 130/263] 10.222.0.69 () {58 vars in 1282 bytes} [Mon Jul 18 10:23:20 2022] GET /identity/v3/auth/tokens => generated 799 bytes in 712 msecs (HTTP/1.1 200) 6 headers in 358 bytes (2 switches on core 0)
Jul 18 10:23:20.817431 dv-neutron-839479-17-hyperv devstack@keystone.service[80527]: DEBUG keystone.server.flask.request_processing.middleware.auth_context [None req-323e5c28-3ef7-419d-b5ad-94ee5d67a9ba None admin] Authenticating user token {{(pid=80527) process_request /usr/local/lib/python3.8/dist-packages/keystonemiddleware/auth_token/__init__.py:407}}
Jul 18 10:23:20.886835 dv-neutron-839479-17-hyperv devstack@keystone.service[80526]: DEBUG keystone.server.flask.request_processing.middleware.auth_context [None req-e9cec517-f34f-4719-b1c8-4246d7becf73 None admin] Validating token access rules against request {{(pid=80526) validate_allowed_request /usr/local/lib/python3.8/dist-packages/keystonemiddleware/auth_token/__init__.py:545}}
Jul 18 10:23:20.934692 dv-neutron-839479-17-hyperv devstack@keystone.service[80527]: DEBUG dbcounter [-] [80527] Writing DB stats keystone:SELECT=100 {{(pid=80527) stat_writer /usr/local/lib/python3.8/dist-packages/dbcounter.py:114}}
Jul 18 10:23:20.945628 dv-neutron-839479-17-hyperv devstack@keystone.service[80526]: DEBUG keystone.server.flask.request_processing.middleware.auth_context [None req-7e96e10e-159b-4c0c-b3fe-01ed517785b8 None admin] RBAC: auth_context: {'token': , 'domain_id': None, 'trust_id': None, 'trustor_id': None, 'trustee_id': None, 'domain_name': None, 'group_ids': [], 'user_id': 'ab47e9279e724c03922c84a57935dbd4', 'user_domain_id': 'default', 'system_scope': 'all', 'project_id': None, 'project_domain_id': None, 'roles': ['admin', 'member', 'reader'], 'is_admin_project': True, 'service_user_id': None, 'service_user_domain_id': None, 'service_project_id': None, 'service_project_domain_id': None, 'service_roles': []} {{(pid=80526) fill_context /opt/stack/keystone/keystone/server/flask/request_processing/middleware/auth_context.py:478}}
Jul 18 10:23:20.946567 dv-neutron-839479-17-hyperv devstack@keystone.service[80526]: DEBUG keystone.server.flask.request_processing.req_logging [None req-7e96e10e-159b-4c0c-b3fe-01ed517785b8 None admin] REQUEST_METHOD: `GET` {{(pid=80526) log_request_info /opt/stack/keystone/keystone/server/flask/request_processing/req_logging.py:27}}
Jul 18 10:23:20.946845 dv-neutron-839479-17-hyperv devstack@keystone.service[80526]: DEBUG keystone.server.flask.request_processing.req_logging [None req-7e96e10e-159b-4c0c-b3fe-01ed517785b8 None admin] SCRIPT_NAME: `/identity` {{(pid=80526) log_request_info /opt/stack/keystone/keystone/server/flask/request_processing/req_logging.py:28}}
Jul 18 10:23:20.947114 dv-neutron-839479-17-hyperv devstack@keystone.service[80526]: DEBUG keystone.server.flask.request_processing.req_logging [None req-7e96e10e-159b-4c0c-b3fe-01ed517785b8 None admin] PATH_INFO: `/v3/users/b1d35ff52e094abfbb3c31bb7d34de83` {{(pid=80526) log_request_info /opt/stack/keystone/keystone/server/flask/request_processing/req_logging.py:29}}
Jul 18 10:23:20.949225 dv-neutron-839479-17-hyperv devstack@keystone.service[80526]: DEBUG keystone.common.rbac_enforcer.enforcer [None req-7e96e10e-159b-4c0c-b3fe-01ed517785b8 None admin] RBAC: Authorizing `identity:get_user(user_id=b1d35ff52e094abfbb3c31bb7d34de83)` {{(pid=80526) enforce_call /opt/stack/keystone/keystone/common/rbac_enforcer/enforcer.py:449}}
Jul 18 10:23:20.950724 dv-neutron-839479-17-hyperv devstack@keystone.service[80526]: DEBUG keystone.common.rbac_enforcer.enforcer [None req-7e96e10e-159b-4c0c-b3fe-01ed517785b8 None admin] RBAC: Authorization granted {{(pid=80526) enforce_call /opt/stack/keystone/keystone/common/rbac_enforcer/enforcer.py:457}}
Jul 18 10:23:20.952719 dv-neutron-839479-17-hyperv devstack@keystone.service[80526]: [pid: 80526|app: 0|req: 134/264] 10.222.0.69 () {56 vars in 1177 bytes} [Mon Jul 18 10:23:20 2022] GET /identity/v3/users/b1d35ff52e094abfbb3c31bb7d34de83 => generated 283 bytes in 223 msecs (HTTP/1.1 200) 5 headers in 177 bytes (2 switches on core 0)
Jul 18 10:23:20.958519 dv-neutron-839479-17-hyperv devstack@keystone.service[80526]: DEBUG keystone.server.flask.request_processing.middleware.auth_context [None req-7e96e10e-159b-4c0c-b3fe-01ed517785b8 None admin] Authenticating user token {{(pid=80526) process_request /usr/local/lib/python3.8/dist-packages/keystonemiddleware/auth_token/__init__.py:407}}
Jul 18 10:23:20.992642 dv-neutron-839479-17-hyperv devstack@keystone.service[80527]: DEBUG keystone.server.flask.request_processing.middleware.auth_context [None req-323e5c28-3ef7-419d-b5ad-94ee5d67a9ba None admin] Validating token access rules against request {{(pid=80527) validate_allowed_request /usr/local/lib/python3.8/dist-packages/keystonemiddleware/auth_token/__init__.py:545}}
Jul 18 10:23:21.019562 dv-neutron-839479-17-hyperv devstack@keystone.service[80526]: DEBUG dbcounter [-] [80526] Writing DB stats keystone:SELECT=100 {{(pid=80526) stat_writer /usr/local/lib/python3.8/dist-packages/dbcounter.py:114}}
Jul 18 10:23:21.066874 dv-neutron-839479-17-hyperv devstack@keystone.service[80527]: DEBUG keystone.server.flask.request_processing.middleware.auth_context [None req-5397dc6f-c208-455a-8db1-d1cb91b581ff None admin] RBAC: auth_context: {'token': , 'domain_id': None, 'trust_id': None, 'trustor_id': None, 'trustee_id': None, 'domain_name': None, 'group_ids': [], 'user_id': 'ab47e9279e724c03922c84a57935dbd4', 'user_domain_id': 'default', 'system_scope': 'all', 'project_id': None, 'project_domain_id': None, 'roles': ['admin', 'member', 'reader'], 'is_admin_project': True, 'service_user_id': None, 'service_user_domain_id': None, 'service_project_id': None, 'service_project_domain_id': None, 'service_roles': []} {{(pid=80527) fill_context /opt/stack/keystone/keystone/server/flask/request_processing/middleware/auth_context.py:478}}
Jul 18 10:23:21.067775 dv-neutron-839479-17-hyperv devstack@keystone.service[80527]: DEBUG keystone.server.flask.request_processing.req_logging [None req-5397dc6f-c208-455a-8db1-d1cb91b581ff None admin] REQUEST_METHOD: `GET` {{(pid=80527) log_request_info /opt/stack/keystone/keystone/server/flask/request_processing/req_logging.py:27}}
Jul 18 10:23:21.068054 dv-neutron-839479-17-hyperv devstack@keystone.service[80527]: DEBUG keystone.server.flask.request_processing.req_logging [None req-5397dc6f-c208-455a-8db1-d1cb91b581ff None admin] SCRIPT_NAME: `/identity` {{(pid=80527) log_request_info /opt/stack/keystone/keystone/server/flask/request_processing/req_logging.py:28}}
Jul 18 10:23:21.068329 dv-neutron-839479-17-hyperv devstack@keystone.service[80527]: DEBUG keystone.server.flask.request_processing.req_logging [None req-5397dc6f-c208-455a-8db1-d1cb91b581ff None admin] PATH_INFO: `/v3/projects/1be6f8f91e754d6a849e1be2a783bf85` {{(pid=80527) log_request_info /opt/stack/keystone/keystone/server/flask/request_processing/req_logging.py:29}}
Jul 18 10:23:21.079071 dv-neutron-839479-17-hyperv devstack@keystone.service[80527]: DEBUG keystone.common.rbac_enforcer.enforcer [None req-5397dc6f-c208-455a-8db1-d1cb91b581ff None admin] RBAC: Authorizing `identity:get_project(project_id=1be6f8f91e754d6a849e1be2a783bf85)` {{(pid=80527) enforce_call /opt/stack/keystone/keystone/common/rbac_enforcer/enforcer.py:449}}
Jul 18 10:23:21.080616 dv-neutron-839479-17-hyperv devstack@keystone.service[80527]: DEBUG keystone.common.rbac_enforcer.enforcer [None req-5397dc6f-c208-455a-8db1-d1cb91b581ff None admin] RBAC: Authorization granted {{(pid=80527) enforce_call /opt/stack/keystone/keystone/common/rbac_enforcer/enforcer.py:457}}
Jul 18 10:23:21.082531 dv-neutron-839479-17-hyperv devstack@keystone.service[80527]: [pid: 80527|app: 0|req: 131/265] 10.222.0.69 () {56 vars in 1186 bytes} [Mon Jul 18 10:23:20 2022] GET /identity/v3/projects/1be6f8f91e754d6a849e1be2a783bf85 => generated 302 bytes in 266 msecs (HTTP/1.1 200) 5 headers in 177 bytes (1 switches on core 0)
Jul 18 10:23:21.090168 dv-neutron-839479-17-hyperv devstack@keystone.service[80527]: DEBUG keystone.server.flask.request_processing.middleware.auth_context [None req-5397dc6f-c208-455a-8db1-d1cb91b581ff None admin] Authenticating user token {{(pid=80527) process_request /usr/local/lib/python3.8/dist-packages/keystonemiddleware/auth_token/__init__.py:407}}
Jul 18 10:23:21.146112 dv-neutron-839479-17-hyperv devstack@keystone.service[80526]: DEBUG keystone.server.flask.request_processing.middleware.auth_context [None req-7e96e10e-159b-4c0c-b3fe-01ed517785b8 None admin] Validating token access rules against request {{(pid=80526) validate_allowed_request /usr/local/lib/python3.8/dist-packages/keystonemiddleware/auth_token/__init__.py:545}}
Jul 18 10:23:21.229202 dv-neutron-839479-17-hyperv devstack@keystone.service[80526]: DEBUG keystone.server.flask.request_processing.middleware.auth_context [None req-871f69a0-cda3-42ab-ba6d-1b190ccd6610 None admin] RBAC: auth_context: {'token': , 'domain_id': None, 'trust_id': None, 'trustor_id': None, 'trustee_id': None, 'domain_name': None, 'group_ids': [], 'user_id': 'ab47e9279e724c03922c84a57935dbd4', 'user_domain_id': 'default', 'system_scope': 'all', 'project_id': None, 'project_domain_id': None, 'roles': ['admin', 'member', 'reader'], 'is_admin_project': True, 'service_user_id': None, 'service_user_domain_id': None, 'service_project_id': None, 'service_project_domain_id': None, 'service_roles': []} {{(pid=80526) fill_context /opt/stack/keystone/keystone/server/flask/request_processing/middleware/auth_context.py:478}}
Jul 18 10:23:21.230106 dv-neutron-839479-17-hyperv devstack@keystone.service[80526]: DEBUG keystone.server.flask.request_processing.req_logging [None req-871f69a0-cda3-42ab-ba6d-1b190ccd6610 None admin] REQUEST_METHOD: `GET` {{(pid=80526) log_request_info /opt/stack/keystone/keystone/server/flask/request_processing/req_logging.py:27}}
Jul 18 10:23:21.230549 dv-neutron-839479-17-hyperv devstack@keystone.service[80526]: DEBUG keystone.server.flask.request_processing.req_logging [None req-871f69a0-cda3-42ab-ba6d-1b190ccd6610 None admin] SCRIPT_NAME: `/identity` {{(pid=80526) log_request_info /opt/stack/keystone/keystone/server/flask/request_processing/req_logging.py:28}}
Jul 18 10:23:21.230965 dv-neutron-839479-17-hyperv devstack@keystone.service[80526]: DEBUG keystone.server.flask.request_processing.req_logging [None req-871f69a0-cda3-42ab-ba6d-1b190ccd6610 None admin] PATH_INFO: `/v3/auth/tokens` {{(pid=80526) log_request_info /opt/stack/keystone/keystone/server/flask/request_processing/req_logging.py:29}}
Jul 18 10:23:21.286056 dv-neutron-839479-17-hyperv devstack@keystone.service[80527]: DEBUG keystone.server.flask.request_processing.middleware.auth_context [None req-5397dc6f-c208-455a-8db1-d1cb91b581ff None admin] Validating token access rules against request {{(pid=80527) validate_allowed_request /usr/local/lib/python3.8/dist-packages/keystonemiddleware/auth_token/__init__.py:545}}
Jul 18 10:23:21.351557 dv-neutron-839479-17-hyperv devstack@keystone.service[80527]: DEBUG dbcounter [-] [80527] Writing DB stats keystone:SELECT=100 {{(pid=80527) stat_writer /usr/local/lib/python3.8/dist-packages/dbcounter.py:114}}
Jul 18 10:23:21.363822 dv-neutron-839479-17-hyperv devstack@keystone.service[80526]: DEBUG keystone.common.rbac_enforcer.enforcer [None req-871f69a0-cda3-42ab-ba6d-1b190ccd6610 None admin] RBAC: Authorizing `identity:validate_token()` {{(pid=80526) enforce_call /opt/stack/keystone/keystone/common/rbac_enforcer/enforcer.py:449}}
Jul 18 10:23:21.365573 dv-neutron-839479-17-hyperv devstack@keystone.service[80526]: DEBUG keystone.common.rbac_enforcer.enforcer [None req-871f69a0-cda3-42ab-ba6d-1b190ccd6610 None admin] RBAC: Authorization granted {{(pid=80526) enforce_call /opt/stack/keystone/keystone/common/rbac_enforcer/enforcer.py:457}}
Jul 18 10:23:21.366964 dv-neutron-839479-17-hyperv devstack@keystone.service[80527]: DEBUG keystone.server.flask.request_processing.middleware.auth_context [None req-5dfb311c-805f-44c1-adba-3c46ce8e3fc0 None admin] RBAC: auth_context: {'token': , 'domain_id': None, 'trust_id': None, 'trustor_id': None, 'trustee_id': None, 'domain_name': None, 'group_ids': [], 'user_id': 'ab47e9279e724c03922c84a57935dbd4', 'user_domain_id': 'default', 'system_scope': 'all', 'project_id': None, 'project_domain_id': None, 'roles': ['admin', 'member', 'reader'], 'is_admin_project': True, 'service_user_id': None, 'service_user_domain_id': None, 'service_project_id': None, 'service_project_domain_id': None, 'service_roles': []} {{(pid=80527) fill_context /opt/stack/keystone/keystone/server/flask/request_processing/middleware/auth_context.py:478}}
Jul 18 10:23:21.367990 dv-neutron-839479-17-hyperv devstack@keystone.service[80527]: DEBUG keystone.server.flask.request_processing.req_logging [None req-5dfb311c-805f-44c1-adba-3c46ce8e3fc0 None admin] REQUEST_METHOD: `GET` {{(pid=80527) log_request_info /opt/stack/keystone/keystone/server/flask/request_processing/req_logging.py:27}}
Jul 18 10:23:21.368434 dv-neutron-839479-17-hyperv devstack@keystone.service[80527]: DEBUG keystone.server.flask.request_processing.req_logging [None req-5dfb311c-805f-44c1-adba-3c46ce8e3fc0 None admin] SCRIPT_NAME: `/identity` {{(pid=80527) log_request_info /opt/stack/keystone/keystone/server/flask/request_processing/req_logging.py:28}}
Jul 18 10:23:21.368869 dv-neutron-839479-17-hyperv devstack@keystone.service[80527]: DEBUG keystone.server.flask.request_processing.req_logging [None req-5dfb311c-805f-44c1-adba-3c46ce8e3fc0 None admin] PATH_INFO: `/v3/role_assignments` {{(pid=80527) log_request_info /opt/stack/keystone/keystone/server/flask/request_processing/req_logging.py:29}}
Jul 18 10:23:21.374140 dv-neutron-839479-17-hyperv devstack@keystone.service[80527]: DEBUG keystone.common.rbac_enforcer.enforcer [None req-5dfb311c-805f-44c1-adba-3c46ce8e3fc0 None admin] RBAC: Adding query filter params (role.id=51ecdc0c0b3a40b69aa3e40947ede60f, scope.project.id=1be6f8f91e754d6a849e1be2a783bf85, user.id=b1d35ff52e094abfbb3c31bb7d34de83) {{(pid=80527) _extract_filter_values /opt/stack/keystone/keystone/common/rbac_enforcer/enforcer.py:167}}
Jul 18 10:23:21.374140 dv-neutron-839479-17-hyperv devstack@keystone.service[80527]: DEBUG keystone.common.rbac_enforcer.enforcer [None req-5dfb311c-805f-44c1-adba-3c46ce8e3fc0 None admin] RBAC: Authorizing `identity:list_role_assignments()` {{(pid=80527) enforce_call /opt/stack/keystone/keystone/common/rbac_enforcer/enforcer.py:449}}
Jul 18 10:23:21.374140 dv-neutron-839479-17-hyperv devstack@keystone.service[80527]: DEBUG keystone.common.rbac_enforcer.enforcer [None req-5dfb311c-805f-44c1-adba-3c46ce8e3fc0 None admin] RBAC: Authorization granted {{(pid=80527) enforce_call /opt/stack/keystone/keystone/common/rbac_enforcer/enforcer.py:457}}
Jul 18 10:23:21.386254 dv-neutron-839479-17-hyperv devstack@keystone.service[80527]: [pid: 80527|app: 0|req: 132/266] 10.222.0.69 () {56 vars in 1374 bytes} [Mon Jul 18 10:23:21 2022] GET /identity/v3/role_assignments?user.id=b1d35ff52e094abfbb3c31bb7d34de83&scope.project.id=1be6f8f91e754d6a849e1be2a783bf85&role.id=51ecdc0c0b3a40b69aa3e40947ede60f => generated 608 bytes in 293 msecs (HTTP/1.1 200) 5 headers in 177 bytes (1 switches on core 0)
Jul 18 10:23:21.439624 dv-neutron-839479-17-hyperv devstack@keystone.service[80526]: DEBUG dbcounter [-] [80526] Writing DB stats keystone:SELECT=100 {{(pid=80526) stat_writer /usr/local/lib/python3.8/dist-packages/dbcounter.py:114}}
Jul 18 10:23:21.526417 dv-neutron-839479-17-hyperv devstack@keystone.service[80526]: [pid: 80526|app: 0|req: 135/267] 10.222.0.69 () {58 vars in 1282 bytes} [Mon Jul 18 10:23:20 2022] GET /identity/v3/auth/tokens => generated 799 bytes in 568 msecs (HTTP/1.1 200) 6 headers in 358 bytes (1 switches on core 0)
Jul 18 10:23:21.533264 dv-neutron-839479-17-hyperv devstack@keystone.service[80527]: DEBUG keystone.server.flask.request_processing.middleware.auth_context [None req-5dfb311c-805f-44c1-adba-3c46ce8e3fc0 None admin] Authenticating user token {{(pid=80527) process_request /usr/local/lib/python3.8/dist-packages/keystonemiddleware/auth_token/__init__.py:407}}
Jul 18 10:23:21.695084 dv-neutron-839479-17-hyperv devstack@keystone.service[80527]: DEBUG keystone.server.flask.request_processing.middleware.auth_context [None req-5dfb311c-805f-44c1-adba-3c46ce8e3fc0 None admin] Validating token access rules against request {{(pid=80527) validate_allowed_request /usr/local/lib/python3.8/dist-packages/keystonemiddleware/auth_token/__init__.py:545}}
Jul 18 10:23:21.751859 dv-neutron-839479-17-hyperv devstack@keystone.service[80527]: DEBUG keystone.server.flask.request_processing.middleware.auth_context [None req-cd6aa83e-e60a-430d-ba5f-67c8fff75c9c None admin] RBAC: auth_context: {'token': , 'domain_id': None, 'trust_id': None, 'trustor_id': None, 'trustee_id': None, 'domain_name': None, 'group_ids': [], 'user_id': 'ab47e9279e724c03922c84a57935dbd4', 'user_domain_id': 'default', 'system_scope': 'all', 'project_id': None, 'project_domain_id': None, 'roles': ['admin', 'member', 'reader'], 'is_admin_project': True, 'service_user_id': None, 'service_user_domain_id': None, 'service_project_id': None, 'service_project_domain_id': None, 'service_roles': []} {{(pid=80527) fill_context /opt/stack/keystone/keystone/server/flask/request_processing/middleware/auth_context.py:478}}
Jul 18 10:23:21.752776 dv-neutron-839479-17-hyperv devstack@keystone.service[80527]: DEBUG keystone.server.flask.request_processing.req_logging [None req-cd6aa83e-e60a-430d-ba5f-67c8fff75c9c None admin] REQUEST_METHOD: `GET` {{(pid=80527) log_request_info /opt/stack/keystone/keystone/server/flask/request_processing/req_logging.py:27}}
Jul 18 10:23:21.753057 dv-neutron-839479-17-hyperv devstack@keystone.service[80527]: DEBUG keystone.server.flask.request_processing.req_logging [None req-cd6aa83e-e60a-430d-ba5f-67c8fff75c9c None admin] SCRIPT_NAME: `/identity` {{(pid=80527) log_request_info /opt/stack/keystone/keystone/server/flask/request_processing/req_logging.py:28}}
Jul 18 10:23:21.753336 dv-neutron-839479-17-hyperv devstack@keystone.service[80527]: DEBUG keystone.server.flask.request_processing.req_logging [None req-cd6aa83e-e60a-430d-ba5f-67c8fff75c9c None admin] PATH_INFO: `/v3/projects/1be6f8f91e754d6a849e1be2a783bf85` {{(pid=80527) log_request_info /opt/stack/keystone/keystone/server/flask/request_processing/req_logging.py:29}}
Jul 18 10:23:21.756261 dv-neutron-839479-17-hyperv devstack@keystone.service[80527]: DEBUG keystone.common.rbac_enforcer.enforcer [None req-cd6aa83e-e60a-430d-ba5f-67c8fff75c9c None admin] RBAC: Authorizing `identity:get_project(project_id=1be6f8f91e754d6a849e1be2a783bf85)` {{(pid=80527) enforce_call /opt/stack/keystone/keystone/common/rbac_enforcer/enforcer.py:449}}
Jul 18 10:23:21.757854 dv-neutron-839479-17-hyperv devstack@keystone.service[80527]: DEBUG keystone.common.rbac_enforcer.enforcer [None req-cd6aa83e-e60a-430d-ba5f-67c8fff75c9c None admin] RBAC: Authorization granted {{(pid=80527) enforce_call /opt/stack/keystone/keystone/common/rbac_enforcer/enforcer.py:457}}
