Jul 15 08:34:42.428019 dv-neutron-839479-16-hyperv neutron-server[105216]: DEBUG neutron_lib.callbacks.manager [None req-123cd030-bbcc-4c17-baf7-6533ab600aff tempest-ExternalNetworksTestJSON-1114529428 tempest-ExternalNetworksTestJSON-1114529428-project-admin] Subscribe: > subnet after_create 55550000 {{(pid=105216) subscribe /usr/local/lib/python3.8/dist-packages/neutron_lib/callbacks/manager.py:45}}
Jul 15 08:34:42.431660 dv-neutron-839479-16-hyperv neutron-server[105216]: DEBUG neutron_lib.callbacks.manager [None req-123cd030-bbcc-4c17-baf7-6533ab600aff tempest-ExternalNetworksTestJSON-1114529428 tempest-ExternalNetworksTestJSON-1114529428-project-admin] Subscribe: > subnet after_delete 55550000 {{(pid=105216) subscribe /usr/local/lib/python3.8/dist-packages/neutron_lib/callbacks/manager.py:45}}
Jul 15 08:34:42.432115 dv-neutron-839479-16-hyperv neutron-server[105216]: DEBUG neutron_lib.callbacks.manager [None req-123cd030-bbcc-4c17-baf7-6533ab600aff tempest-ExternalNetworksTestJSON-1114529428 tempest-ExternalNetworksTestJSON-1114529428-project-admin] Subscribe: > subnet before_create 55550000 {{(pid=105216) subscribe /usr/local/lib/python3.8/dist-packages/neutron_lib/callbacks/manager.py:45}}
Jul 15 08:34:42.432452 dv-neutron-839479-16-hyperv neutron-server[105216]: DEBUG neutron_lib.callbacks.manager [None req-123cd030-bbcc-4c17-baf7-6533ab600aff tempest-ExternalNetworksTestJSON-1114529428 tempest-ExternalNetworksTestJSON-1114529428-project-admin] Subscribe: > subnet before_update 55550000 {{(pid=105216) subscribe /usr/local/lib/python3.8/dist-packages/neutron_lib/callbacks/manager.py:45}}
Jul 15 08:34:42.432842 dv-neutron-839479-16-hyperv neutron-server[105216]: DEBUG neutron.services.segments.db [None req-123cd030-bbcc-4c17-baf7-6533ab600aff tempest-ExternalNetworksTestJSON-1114529428 tempest-ExternalNetworksTestJSON-1114529428-project-admin] neutron.services.segments.plugin.Plugin method get_segments called with arguments (,) {'filters': {'network_id': ['cd854723-a6b9-4560-bbd5-ae70222cbb69']}} {{(pid=105216) wrapper /usr/local/lib/python3.8/dist-packages/oslo_log/helpers.py:65}}
Jul 15 08:34:42.457375 dv-neutron-839479-16-hyperv neutron-server[105218]: DEBUG dbcounter [-] [105218] Writing DB stats neutron:SELECT=97,neutron:UPDATE=3 {{(pid=105218) stat_writer /usr/local/lib/python3.8/dist-packages/dbcounter.py:114}}
Jul 15 08:34:42.461979 dv-neutron-839479-16-hyperv neutron-server[105217]: DEBUG neutron_lib.callbacks.manager [None req-6ae2ecfd-3949-40e7-9ebe-e827c0ca725b admin admin] Publish callbacks [] for router (None), before_response {{(pid=105217) _notify_loop /usr/local/lib/python3.8/dist-packages/neutron_lib/callbacks/manager.py:176}}
Jul 15 08:34:42.463654 dv-neutron-839479-16-hyperv neutron-server[105217]: INFO neutron.wsgi [None req-6ae2ecfd-3949-40e7-9ebe-e827c0ca725b admin admin] 10.222.0.39 "POST /v2.0/routers HTTP/1.1" status: 201 len: 922 time: 5.9191473
Jul 15 08:34:42.466261 dv-neutron-839479-16-hyperv neutron-server[105217]: INFO neutron.plugins.ml2.plugin [None req-686ec872-a2ac-470a-b7db-3cbeec94d3e0 tempest-PortsAdminExtendedAttrsTestJSON-1403871020 tempest-PortsAdminExtendedAttrsTestJSON-1403871020-project-admin] Attempt 5 to bind port e83cedae-47d0-4c39-81bb-16a5e6cf4f20
Jul 15 08:34:42.469752 dv-neutron-839479-16-hyperv neutron-server[105217]: DEBUG neutron.api.rpc.handlers.resources_rpc [None req-9cf0c405-209e-47b1-9002-899662cb7e1b tempest-RoutersAdminTest-308443702 tempest-RoutersAdminTest-308443702-project-admin] Pushing event updated for resources: {'Port': ['ID=4dfe091a-410a-4ad2-a3e2-de3f0c34ab88,revision_number=1']} {{(pid=105217) push /opt/stack/neutron/neutron/api/rpc/handlers/resources_rpc.py:237}}
Jul 15 08:34:42.474629 dv-neutron-839479-16-hyperv neutron-server[105217]: DEBUG neutron.wsgi [-] (105217) accepted ('10.222.0.39', 37624) {{(pid=105217) server /usr/local/lib/python3.8/dist-packages/eventlet/wsgi.py:1004}}
Jul 15 08:34:42.476213 dv-neutron-839479-16-hyperv neutron-server[105216]: DEBUG neutron.services.segments.db [None req-123cd030-bbcc-4c17-baf7-6533ab600aff tempest-ExternalNetworksTestJSON-1114529428 tempest-ExternalNetworksTestJSON-1114529428-project-admin] neutron.services.segments.plugin.Plugin method delete_segment called with arguments (, '62594b5a-78c2-48a2-a179-b3a310aff9a5') {'for_net_delete': True} {{(pid=105216) wrapper /usr/local/lib/python3.8/dist-packages/oslo_log/helpers.py:65}}
Jul 15 08:34:42.476517 dv-neutron-839479-16-hyperv neutron-server[105216]: DEBUG neutron.services.segments.db [None req-123cd030-bbcc-4c17-baf7-6533ab600aff tempest-ExternalNetworksTestJSON-1114529428 tempest-ExternalNetworksTestJSON-1114529428-project-admin] neutron.services.segments.plugin.Plugin method get_segment called with arguments (, '62594b5a-78c2-48a2-a179-b3a310aff9a5') {} {{(pid=105216) wrapper /usr/local/lib/python3.8/dist-packages/oslo_log/helpers.py:65}}
Jul 15 08:34:42.488029 dv-neutron-839479-16-hyperv neutron-server[105217]: DEBUG neutron.scheduler.dhcp_agent_scheduler [None req-9cf0c405-209e-47b1-9002-899662cb7e1b tempest-RoutersAdminTest-308443702 tempest-RoutersAdminTest-308443702-project-admin] Network 77979885-d698-4a48-b869-85d4b581fb5d is already hosted by enough agents. {{(pid=105217) _get_dhcp_agents_hosting_network /opt/stack/neutron/neutron/scheduler/dhcp_agent_scheduler.py:275}}
Jul 15 08:34:42.534166 dv-neutron-839479-16-hyperv neutron-server[105218]: DEBUG neutron.plugins.ml2.plugin [None req-278ec6e7-a2ba-4bfb-95d4-c732ff66943a None None] Current status of the port 0495aea9-2563-46df-ac65-0b227cae078d is: ACTIVE; New status is: ACTIVE {{(pid=105218) _update_individual_port_db_status /opt/stack/neutron/neutron/plugins/ml2/plugin.py:2292}}
Jul 15 08:34:42.542185 dv-neutron-839479-16-hyperv neutron-server[105216]: DEBUG dbcounter [-] [105216] Writing DB stats neutron:SELECT=91,neutron:UPDATE=3,neutron:INSERT=5,neutron:DELETE=1 {{(pid=105216) stat_writer /usr/local/lib/python3.8/dist-packages/dbcounter.py:114}}
Jul 15 08:34:42.544603 dv-neutron-839479-16-hyperv neutron-server[105216]: DEBUG neutron_lib.callbacks.manager [None req-123cd030-bbcc-4c17-baf7-6533ab600aff tempest-ExternalNetworksTestJSON-1114529428 tempest-ExternalNetworksTestJSON-1114529428-project-admin] Publish callbacks ['neutron.plugins.ml2.db._prevent_segment_delete_with_port_bound-8769551158824', 'neutron.services.segments.plugin.Plugin._prevent_segment_delete_with_subnet_associated-3064720'] for segment (62594b5a-78c2-48a2-a179-b3a310aff9a5), before_delete {{(pid=105216) _notify_loop /usr/local/lib/python3.8/dist-packages/neutron_lib/callbacks/manager.py:176}}
Jul 15 08:34:42.574574 dv-neutron-839479-16-hyperv neutron-server[105217]: DEBUG neutron.scheduler.base_scheduler [None req-9cf0c405-209e-47b1-9002-899662cb7e1b tempest-RoutersAdminTest-308443702 tempest-RoutersAdminTest-308443702-project-admin] Resources bound (agent type, host, resource id): {{(pid=105217) schedule /opt/stack/neutron/neutron/scheduler/base_scheduler.py:57}}
Jul 15 08:34:42.576994 dv-neutron-839479-16-hyperv neutron-server[105218]: DEBUG neutron.plugins.ml2.rpc [None req-c07291e9-2421-4a48-b7cf-ec6e51af5fc3 None None] Device 0495aea9-2563-46df-ac65-0b227cae078d up at agent ovs-agent-dv-neutron-839479-16-hyperv {{(pid=105218) update_device_up /opt/stack/neutron/neutron/plugins/ml2/rpc.py:296}}
Jul 15 08:34:42.579458 dv-neutron-839479-16-hyperv neutron-server[105217]: DEBUG neutron.db.l3_dvrscheduler_db [None req-9cf0c405-209e-47b1-9002-899662cb7e1b tempest-RoutersAdminTest-308443702 tempest-RoutersAdminTest-308443702-project-admin] Received port after_create {{(pid=105217) _notify_l3_agent_new_port /opt/stack/neutron/neutron/db/l3_dvrscheduler_db.py:542}}
Jul 15 08:34:42.583841 dv-neutron-839479-16-hyperv neutron-server[105217]: DEBUG neutron.pecan_wsgi.hooks.policy_enforcement [None req-9cf0c405-209e-47b1-9002-899662cb7e1b tempest-RoutersAdminTest-308443702 tempest-RoutersAdminTest-308443702-project-admin] Attributes excluded by policy engine: ['standard_attr_id', 'network'] {{(pid=105217) _exclude_attributes_by_policy /opt/stack/neutron/neutron/pecan_wsgi/hooks/policy_enforcement.py:259}}
Jul 15 08:34:42.583841 dv-neutron-839479-16-hyperv neutron-server[105217]: DEBUG neutron_lib.callbacks.manager [None req-9cf0c405-209e-47b1-9002-899662cb7e1b tempest-RoutersAdminTest-308443702 tempest-RoutersAdminTest-308443702-project-admin] Publish callbacks ['neutron.notifiers.nova.Notifier._send_nova_notification-249606', 'neutron.api.rpc.agentnotifiers.dhcp_rpc_agent_api.DhcpAgentNotifyAPI._send_dhcp_notification-596685'] for port (None), before_response {{(pid=105217) _notify_loop /usr/local/lib/python3.8/dist-packages/neutron_lib/callbacks/manager.py:176}}
Jul 15 08:34:42.596304 dv-neutron-839479-16-hyperv neutron-server[105218]: DEBUG neutron.db.l3_dvr_db [None req-05813387-f4ba-4d07-9427-cb04735c33cb None None] Set router d8320853-3f87-4cf9-8b8d-8e40c6394b2c gateway port host: dv-neutron-839479-16-hyperv {{(pid=105218) _build_routers_list /opt/stack/neutron/neutron/db/l3_dvr_db.py:907}}
Jul 15 08:34:42.601401 dv-neutron-839479-16-hyperv neutron-server[105217]: DEBUG dbcounter [-] [105217] Writing DB stats neutron:SELECT=92,neutron:INSERT=5,neutron:UPDATE=1,neutron:DELETE=2 {{(pid=105217) stat_writer /usr/local/lib/python3.8/dist-packages/dbcounter.py:114}}
Jul 15 08:34:42.605499 dv-neutron-839479-16-hyperv neutron-server[105217]: DEBUG neutron.plugins.ml2.managers [None req-686ec872-a2ac-470a-b7db-3cbeec94d3e0 tempest-PortsAdminExtendedAttrsTestJSON-1403871020 tempest-PortsAdminExtendedAttrsTestJSON-1403871020-project-admin] Attempting to bind port e83cedae-47d0-4c39-81bb-16a5e6cf4f20 on host hv-neutron-8394 for vnic_type normal with profile {{(pid=105217) bind_port /opt/stack/neutron/neutron/plugins/ml2/managers.py:810}}
Jul 15 08:34:42.606419 dv-neutron-839479-16-hyperv neutron-server[105217]: DEBUG neutron.plugins.ml2.managers [None req-686ec872-a2ac-470a-b7db-3cbeec94d3e0 tempest-PortsAdminExtendedAttrsTestJSON-1403871020 tempest-PortsAdminExtendedAttrsTestJSON-1403871020-project-admin] Attempting to bind port e83cedae-47d0-4c39-81bb-16a5e6cf4f20 by drivers openvswitch,hyperv on host hv-neutron-8394 at level 0 using segments [{'id': 'a20a4f60-fc10-4bc5-a464-aef3214f9552', 'network_type': 'vlan', 'physical_network': 'physnet1', 'segmentation_id': 139, 'network_id': 'a25c1e99-1e87-4a0a-823a-aa25baa90de2'}] {{(pid=105217) _bind_port_level /opt/stack/neutron/neutron/plugins/ml2/managers.py:835}}
Jul 15 08:34:42.606893 dv-neutron-839479-16-hyperv neutron-server[105217]: DEBUG neutron.plugins.ml2.drivers.mech_agent [None req-686ec872-a2ac-470a-b7db-3cbeec94d3e0 tempest-PortsAdminExtendedAttrsTestJSON-1403871020 tempest-PortsAdminExtendedAttrsTestJSON-1403871020-project-admin] Attempting to bind port e83cedae-47d0-4c39-81bb-16a5e6cf4f20 on network a25c1e99-1e87-4a0a-823a-aa25baa90de2 {{(pid=105217) bind_port /opt/stack/neutron/neutron/plugins/ml2/drivers/mech_agent.py:91}}
Jul 15 08:34:42.646537 dv-neutron-839479-16-hyperv neutron-server[105217]: DEBUG neutron.plugins.ml2.drivers.mech_agent [None req-686ec872-a2ac-470a-b7db-3cbeec94d3e0 tempest-PortsAdminExtendedAttrsTestJSON-1403871020 tempest-PortsAdminExtendedAttrsTestJSON-1403871020-project-admin] Port e83cedae-47d0-4c39-81bb-16a5e6cf4f20 on network a25c1e99-1e87-4a0a-823a-aa25baa90de2 not bound, no agent of type Open vSwitch agent registered on host hv-neutron-8394 {{(pid=105217) bind_port /opt/stack/neutron/neutron/plugins/ml2/drivers/mech_agent.py:103}}
Jul 15 08:34:42.646537 dv-neutron-839479-16-hyperv neutron-server[105217]: ERROR neutron.plugins.ml2.managers [None req-686ec872-a2ac-470a-b7db-3cbeec94d3e0 tempest-PortsAdminExtendedAttrsTestJSON-1403871020 tempest-PortsAdminExtendedAttrsTestJSON-1403871020-project-admin] Failed to bind port e83cedae-47d0-4c39-81bb-16a5e6cf4f20 on host hv-neutron-8394 for vnic_type normal using segments [{'id': 'a20a4f60-fc10-4bc5-a464-aef3214f9552', 'network_type': 'vlan', 'physical_network': 'physnet1', 'segmentation_id': 139, 'network_id': 'a25c1e99-1e87-4a0a-823a-aa25baa90de2'}]
Jul 15 08:34:42.648614 dv-neutron-839479-16-hyperv neutron-server[105217]: INFO neutron.plugins.ml2.plugin [None req-686ec872-a2ac-470a-b7db-3cbeec94d3e0 tempest-PortsAdminExtendedAttrsTestJSON-1403871020 tempest-PortsAdminExtendedAttrsTestJSON-1403871020-project-admin] Attempt 6 to bind port e83cedae-47d0-4c39-81bb-16a5e6cf4f20
Jul 15 08:34:42.656411 dv-neutron-839479-16-hyperv neutron-server[105216]: DEBUG neutron_lib.callbacks.manager [None req-123cd030-bbcc-4c17-baf7-6533ab600aff tempest-ExternalNetworksTestJSON-1114529428 tempest-ExternalNetworksTestJSON-1114529428-project-admin] Publish callbacks ['neutron.plugins.ml2.plugin.Ml2Plugin._handle_segment_change-66912704'] for segment (62594b5a-78c2-48a2-a179-b3a310aff9a5), precommit_delete {{(pid=105216) _notify_loop /usr/local/lib/python3.8/dist-packages/neutron_lib/callbacks/manager.py:176}}
Jul 15 08:34:42.677295 dv-neutron-839479-16-hyperv neutron-server[105217]: INFO neutron.wsgi [None req-9cf0c405-209e-47b1-9002-899662cb7e1b tempest-RoutersAdminTest-308443702 tempest-RoutersAdminTest-308443702-project-admin] 10.222.0.39 "POST /v2.0/ports HTTP/1.1" status: 201 len: 1023 time: 1.7993808
Jul 15 08:34:42.677295 dv-neutron-839479-16-hyperv neutron-server[105217]: DEBUG neutron.plugins.ml2.managers [None req-686ec872-a2ac-470a-b7db-3cbeec94d3e0 tempest-PortsAdminExtendedAttrsTestJSON-1403871020 tempest-PortsAdminExtendedAttrsTestJSON-1403871020-project-admin] Attempting to bind port e83cedae-47d0-4c39-81bb-16a5e6cf4f20 on host hv-neutron-8394 for vnic_type normal with profile {{(pid=105217) bind_port /opt/stack/neutron/neutron/plugins/ml2/managers.py:810}}
Jul 15 08:34:42.677295 dv-neutron-839479-16-hyperv neutron-server[105217]: DEBUG neutron.plugins.ml2.managers [None req-686ec872-a2ac-470a-b7db-3cbeec94d3e0 tempest-PortsAdminExtendedAttrsTestJSON-1403871020 tempest-PortsAdminExtendedAttrsTestJSON-1403871020-project-admin] Attempting to bind port e83cedae-47d0-4c39-81bb-16a5e6cf4f20 by drivers openvswitch,hyperv on host hv-neutron-8394 at level 0 using segments [{'id': 'a20a4f60-fc10-4bc5-a464-aef3214f9552', 'network_type': 'vlan', 'physical_network': 'physnet1', 'segmentation_id': 139, 'network_id': 'a25c1e99-1e87-4a0a-823a-aa25baa90de2'}] {{(pid=105217) _bind_port_level /opt/stack/neutron/neutron/plugins/ml2/managers.py:835}}
Jul 15 08:34:42.677295 dv-neutron-839479-16-hyperv neutron-server[105217]: DEBUG neutron.plugins.ml2.drivers.mech_agent [None req-686ec872-a2ac-470a-b7db-3cbeec94d3e0 tempest-PortsAdminExtendedAttrsTestJSON-1403871020 tempest-PortsAdminExtendedAttrsTestJSON-1403871020-project-admin] Attempting to bind port e83cedae-47d0-4c39-81bb-16a5e6cf4f20 on network a25c1e99-1e87-4a0a-823a-aa25baa90de2 {{(pid=105217) bind_port /opt/stack/neutron/neutron/plugins/ml2/drivers/mech_agent.py:91}}
Jul 15 08:34:42.681242 dv-neutron-839479-16-hyperv neutron-server[105217]: DEBUG neutron.wsgi [-] (105217) accepted ('10.222.0.39', 37626) {{(pid=105217) server /usr/local/lib/python3.8/dist-packages/eventlet/wsgi.py:1004}}
Jul 15 08:34:42.699378 dv-neutron-839479-16-hyperv neutron-server[105217]: DEBUG neutron.plugins.ml2.drivers.mech_agent [None req-686ec872-a2ac-470a-b7db-3cbeec94d3e0 tempest-PortsAdminExtendedAttrsTestJSON-1403871020 tempest-PortsAdminExtendedAttrsTestJSON-1403871020-project-admin] Port e83cedae-47d0-4c39-81bb-16a5e6cf4f20 on network a25c1e99-1e87-4a0a-823a-aa25baa90de2 not bound, no agent of type Open vSwitch agent registered on host hv-neutron-8394 {{(pid=105217) bind_port /opt/stack/neutron/neutron/plugins/ml2/drivers/mech_agent.py:103}}
Jul 15 08:34:42.699729 dv-neutron-839479-16-hyperv neutron-server[105217]: ERROR neutron.plugins.ml2.managers [None req-686ec872-a2ac-470a-b7db-3cbeec94d3e0 tempest-PortsAdminExtendedAttrsTestJSON-1403871020 tempest-PortsAdminExtendedAttrsTestJSON-1403871020-project-admin] Failed to bind port e83cedae-47d0-4c39-81bb-16a5e6cf4f20 on host hv-neutron-8394 for vnic_type normal using segments [{'id': 'a20a4f60-fc10-4bc5-a464-aef3214f9552', 'network_type': 'vlan', 'physical_network': 'physnet1', 'segmentation_id': 139, 'network_id': 'a25c1e99-1e87-4a0a-823a-aa25baa90de2'}]
Jul 15 08:34:42.733298 dv-neutron-839479-16-hyperv neutron-server[105217]: INFO neutron.plugins.ml2.plugin [None req-686ec872-a2ac-470a-b7db-3cbeec94d3e0 tempest-PortsAdminExtendedAttrsTestJSON-1403871020 tempest-PortsAdminExtendedAttrsTestJSON-1403871020-project-admin] Attempt 7 to bind port e83cedae-47d0-4c39-81bb-16a5e6cf4f20
Jul 15 08:34:42.742604 dv-neutron-839479-16-hyperv neutron-server[105216]: DEBUG neutron.plugins.ml2.drivers.type_vlan [None req-123cd030-bbcc-4c17-baf7-6533ab600aff tempest-ExternalNetworksTestJSON-1114529428 tempest-ExternalNetworksTestJSON-1114529428-project-admin] Releasing vlan 102 on physical network physnet1 to pool {{(pid=105216) release_segment /opt/stack/neutron/neutron/plugins/ml2/drivers/type_vlan.py:304}}
Jul 15 08:34:42.743099 dv-neutron-839479-16-hyperv neutron-server[105216]: DEBUG neutron_lib.callbacks.manager [None req-123cd030-bbcc-4c17-baf7-6533ab600aff tempest-ExternalNetworksTestJSON-1114529428 tempest-ExternalNetworksTestJSON-1114529428-project-admin] Publish callbacks ['neutron.plugins.ml2.plugin.Ml2Plugin._handle_segment_change-66912704', 'neutron.services.segments.plugin.NovaSegmentNotifier._notify_segment_deleted-1264806'] for segment (62594b5a-78c2-48a2-a179-b3a310aff9a5), after_delete {{(pid=105216) _notify_loop /usr/local/lib/python3.8/dist-packages/neutron_lib/callbacks/manager.py:176}}
Jul 15 08:34:42.755346 dv-neutron-839479-16-hyperv neutron-server[105216]: DEBUG neutron_lib.callbacks.manager [None req-dd2e5bb2-673d-48bf-8127-7ba506fd2dfb tempest-MeteringIpV6TestJSON-279968516 tempest-MeteringIpV6TestJSON-279968516-project-admin] Publish callbacks [] for metering_label_rule (None), before_response {{(pid=105216) _notify_loop /usr/local/lib/python3.8/dist-packages/neutron_lib/callbacks/manager.py:176}}
Jul 15 08:34:42.759058 dv-neutron-839479-16-hyperv neutron-server[105216]: INFO neutron.wsgi [None req-dd2e5bb2-673d-48bf-8127-7ba506fd2dfb tempest-MeteringIpV6TestJSON-279968516 tempest-MeteringIpV6TestJSON-279968516-project-admin] 10.222.0.39 "DELETE /v2.0/metering/metering-label-rules/bb327339-5b6d-4c54-93f9-cc3aa5246e73 HTTP/1.1" status: 204 len: 168 time: 1.0454550
Jul 15 08:34:42.764317 dv-neutron-839479-16-hyperv neutron-server[105216]: DEBUG dbcounter [-] [105216] Writing DB stats neutron:SELECT=95,neutron:INSERT=2,neutron:DELETE=2,neutron:UPDATE=1 {{(pid=105216) stat_writer /usr/local/lib/python3.8/dist-packages/dbcounter.py:114}}
Jul 15 08:34:42.781700 dv-neutron-839479-16-hyperv neutron-server[105216]: DEBUG neutron.wsgi [-] (105216) accepted ('10.222.0.39', 37630) {{(pid=105216) server /usr/local/lib/python3.8/dist-packages/eventlet/wsgi.py:1004}}
Jul 15 08:34:42.793231 dv-neutron-839479-16-hyperv neutron-server[105218]: DEBUG neutron.db.provisioning_blocks [None req-4365db0d-d831-450c-a392-296a68165e2c None None] Provisioning complete for port 0495aea9-2563-46df-ac65-0b227cae078d triggered by entity DHCP. {{(pid=105218) provisioning_complete /opt/stack/neutron/neutron/db/provisioning_blocks.py:145}}
Jul 15 08:34:42.793872 dv-neutron-839479-16-hyperv neutron-server[105218]: DEBUG neutron_lib.callbacks.manager [None req-4365db0d-d831-450c-a392-296a68165e2c None None] Publish callbacks ['neutron.plugins.ml2.plugin.Ml2Plugin._port_provisioned-67006411'] for port (0495aea9-2563-46df-ac65-0b227cae078d), provisioning_complete {{(pid=105218) _notify_loop /usr/local/lib/python3.8/dist-packages/neutron_lib/callbacks/manager.py:176}}
Jul 15 08:34:42.837891 dv-neutron-839479-16-hyperv neutron-server[105216]: DEBUG neutron_lib.callbacks.manager [None req-fef8e015-fa7b-482e-8489-783c6267e122 admin admin] Publish callbacks [] for port (da6868fa-7171-46f7-89f0-7e0816979545), precommit_create {{(pid=105216) _notify_loop /usr/local/lib/python3.8/dist-packages/neutron_lib/callbacks/manager.py:176}}
Jul 15 08:34:42.861479 dv-neutron-839479-16-hyperv neutron-server[105218]: DEBUG neutron.db.provisioning_blocks [None req-c07291e9-2421-4a48-b7cf-ec6e51af5fc3 None None] Provisioning complete for port 0495aea9-2563-46df-ac65-0b227cae078d triggered by entity L2. {{(pid=105218) provisioning_complete /opt/stack/neutron/neutron/db/provisioning_blocks.py:145}}
Jul 15 08:34:42.862030 dv-neutron-839479-16-hyperv neutron-server[105218]: DEBUG neutron_lib.callbacks.manager [None req-c07291e9-2421-4a48-b7cf-ec6e51af5fc3 None None] Publish callbacks ['neutron.plugins.ml2.plugin.Ml2Plugin._port_provisioned-67006411'] for port (0495aea9-2563-46df-ac65-0b227cae078d), provisioning_complete {{(pid=105218) _notify_loop /usr/local/lib/python3.8/dist-packages/neutron_lib/callbacks/manager.py:176}}
Jul 15 08:34:42.970584 dv-neutron-839479-16-hyperv neutron-server[105216]: DEBUG neutron.db.db_base_plugin_common [None req-26a74c8d-5348-4fa1-abbe-3caff902f688 admin admin] Allocated IP 172.20.0.1 (38ca6fe1-2f67-4168-b758-71501669fcfe/29b9f8fa-2f7d-4cce-8a02-935f989a2c3c/25a99197-fdaf-4f44-bf54-19a4dd6e2e75) {{(pid=105216) _store_ip_allocation /opt/stack/neutron/neutron/db/db_base_plugin_common.py:131}}
Jul 15 08:34:42.975585 dv-neutron-839479-16-hyperv neutron-server[105217]: DEBUG neutron.plugins.ml2.managers [None req-686ec872-a2ac-470a-b7db-3cbeec94d3e0 tempest-PortsAdminExtendedAttrsTestJSON-1403871020 tempest-PortsAdminExtendedAttrsTestJSON-1403871020-project-admin] Attempting to bind port e83cedae-47d0-4c39-81bb-16a5e6cf4f20 on host hv-neutron-8394 for vnic_type normal with profile {{(pid=105217) bind_port /opt/stack/neutron/neutron/plugins/ml2/managers.py:810}}
Jul 15 08:34:42.976446 dv-neutron-839479-16-hyperv neutron-server[105217]: DEBUG neutron.plugins.ml2.managers [None req-686ec872-a2ac-470a-b7db-3cbeec94d3e0 tempest-PortsAdminExtendedAttrsTestJSON-1403871020 tempest-PortsAdminExtendedAttrsTestJSON-1403871020-project-admin] Attempting to bind port e83cedae-47d0-4c39-81bb-16a5e6cf4f20 by drivers openvswitch,hyperv on host hv-neutron-8394 at level 0 using segments [{'id': 'a20a4f60-fc10-4bc5-a464-aef3214f9552', 'network_type': 'vlan', 'physical_network': 'physnet1', 'segmentation_id': 139, 'network_id': 'a25c1e99-1e87-4a0a-823a-aa25baa90de2'}] {{(pid=105217) _bind_port_level /opt/stack/neutron/neutron/plugins/ml2/managers.py:835}}
Jul 15 08:34:42.977097 dv-neutron-839479-16-hyperv neutron-server[105217]: DEBUG neutron.plugins.ml2.drivers.mech_agent [None req-686ec872-a2ac-470a-b7db-3cbeec94d3e0 tempest-PortsAdminExtendedAttrsTestJSON-1403871020 tempest-PortsAdminExtendedAttrsTestJSON-1403871020-project-admin] Attempting to bind port e83cedae-47d0-4c39-81bb-16a5e6cf4f20 on network a25c1e99-1e87-4a0a-823a-aa25baa90de2 {{(pid=105217) bind_port /opt/stack/neutron/neutron/plugins/ml2/drivers/mech_agent.py:91}}
Jul 15 08:34:42.997225 dv-neutron-839479-16-hyperv neutron-server[105217]: DEBUG neutron.plugins.ml2.drivers.mech_agent [None req-686ec872-a2ac-470a-b7db-3cbeec94d3e0 tempest-PortsAdminExtendedAttrsTestJSON-1403871020 tempest-PortsAdminExtendedAttrsTestJSON-1403871020-project-admin] Port e83cedae-47d0-4c39-81bb-16a5e6cf4f20 on network a25c1e99-1e87-4a0a-823a-aa25baa90de2 not bound, no agent of type Open vSwitch agent registered on host hv-neutron-8394 {{(pid=105217) bind_port /opt/stack/neutron/neutron/plugins/ml2/drivers/mech_agent.py:103}}
Jul 15 08:34:42.997614 dv-neutron-839479-16-hyperv neutron-server[105217]: ERROR neutron.plugins.ml2.managers [None req-686ec872-a2ac-470a-b7db-3cbeec94d3e0 tempest-PortsAdminExtendedAttrsTestJSON-1403871020 tempest-PortsAdminExtendedAttrsTestJSON-1403871020-project-admin] Failed to bind port e83cedae-47d0-4c39-81bb-16a5e6cf4f20 on host hv-neutron-8394 for vnic_type normal using segments [{'id': 'a20a4f60-fc10-4bc5-a464-aef3214f9552', 'network_type': 'vlan', 'physical_network': 'physnet1', 'segmentation_id': 139, 'network_id': 'a25c1e99-1e87-4a0a-823a-aa25baa90de2'}]
Jul 15 08:34:43.003857 dv-neutron-839479-16-hyperv neutron-server[105217]: INFO neutron.plugins.ml2.plugin [None req-686ec872-a2ac-470a-b7db-3cbeec94d3e0 tempest-PortsAdminExtendedAttrsTestJSON-1403871020 tempest-PortsAdminExtendedAttrsTestJSON-1403871020-project-admin] Attempt 8 to bind port e83cedae-47d0-4c39-81bb-16a5e6cf4f20
Jul 15 08:34:43.108090 dv-neutron-839479-16-hyperv neutron-server[105217]: DEBUG neutron.plugins.ml2.managers [None req-686ec872-a2ac-470a-b7db-3cbeec94d3e0 tempest-PortsAdminExtendedAttrsTestJSON-1403871020 tempest-PortsAdminExtendedAttrsTestJSON-1403871020-project-admin] Attempting to bind port e83cedae-47d0-4c39-81bb-16a5e6cf4f20 on host hv-neutron-8394 for vnic_type normal with profile {{(pid=105217) bind_port /opt/stack/neutron/neutron/plugins/ml2/managers.py:810}}
Jul 15 08:34:43.108426 dv-neutron-839479-16-hyperv neutron-server[105217]: DEBUG neutron.plugins.ml2.managers [None req-686ec872-a2ac-470a-b7db-3cbeec94d3e0 tempest-PortsAdminExtendedAttrsTestJSON-1403871020 tempest-PortsAdminExtendedAttrsTestJSON-1403871020-project-admin] Attempting to bind port e83cedae-47d0-4c39-81bb-16a5e6cf4f20 by drivers openvswitch,hyperv on host hv-neutron-8394 at level 0 using segments [{'id': 'a20a4f60-fc10-4bc5-a464-aef3214f9552', 'network_type': 'vlan', 'physical_network': 'physnet1', 'segmentation_id': 139, 'network_id': 'a25c1e99-1e87-4a0a-823a-aa25baa90de2'}] {{(pid=105217) _bind_port_level /opt/stack/neutron/neutron/plugins/ml2/managers.py:835}}
Jul 15 08:34:43.108789 dv-neutron-839479-16-hyperv neutron-server[105217]: DEBUG neutron.plugins.ml2.drivers.mech_agent [None req-686ec872-a2ac-470a-b7db-3cbeec94d3e0 tempest-PortsAdminExtendedAttrsTestJSON-1403871020 tempest-PortsAdminExtendedAttrsTestJSON-1403871020-project-admin] Attempting to bind port e83cedae-47d0-4c39-81bb-16a5e6cf4f20 on network a25c1e99-1e87-4a0a-823a-aa25baa90de2 {{(pid=105217) bind_port /opt/stack/neutron/neutron/plugins/ml2/drivers/mech_agent.py:91}}
Jul 15 08:34:43.121501 dv-neutron-839479-16-hyperv neutron-server[105217]: DEBUG neutron.plugins.ml2.plugin [None req-93723c91-0b9d-4c65-9732-e74858670978 tempest-RoutersAdminTest-308443702 tempest-RoutersAdminTest-308443702-project-admin] Deleting port 4dfe091a-410a-4ad2-a3e2-de3f0c34ab88 {{(pid=105217) _pre_delete_port /opt/stack/neutron/neutron/plugins/ml2/plugin.py:2037}}
Jul 15 08:34:43.121845 dv-neutron-839479-16-hyperv neutron-server[105217]: DEBUG neutron_lib.callbacks.manager [None req-93723c91-0b9d-4c65-9732-e74858670978 tempest-RoutersAdminTest-308443702 tempest-RoutersAdminTest-308443702-project-admin] Publish callbacks ['neutron.db.l3_db.L3_NAT_dbonly_mixin._prevent_l3_port_delete_callback-8769551065869'] for port (4dfe091a-410a-4ad2-a3e2-de3f0c34ab88), before_delete {{(pid=105217) _notify_loop /usr/local/lib/python3.8/dist-packages/neutron_lib/callbacks/manager.py:176}}
Jul 15 08:34:43.126902 dv-neutron-839479-16-hyperv neutron-server[105217]: DEBUG neutron.plugins.ml2.drivers.mech_agent [None req-686ec872-a2ac-470a-b7db-3cbeec94d3e0 tempest-PortsAdminExtendedAttrsTestJSON-1403871020 tempest-PortsAdminExtendedAttrsTestJSON-1403871020-project-admin] Port e83cedae-47d0-4c39-81bb-16a5e6cf4f20 on network a25c1e99-1e87-4a0a-823a-aa25baa90de2 not bound, no agent of type Open vSwitch agent registered on host hv-neutron-8394 {{(pid=105217) bind_port /opt/stack/neutron/neutron/plugins/ml2/drivers/mech_agent.py:103}}
Jul 15 08:34:43.127319 dv-neutron-839479-16-hyperv neutron-server[105217]: ERROR neutron.plugins.ml2.managers [None req-686ec872-a2ac-470a-b7db-3cbeec94d3e0 tempest-PortsAdminExtendedAttrsTestJSON-1403871020 tempest-PortsAdminExtendedAttrsTestJSON-1403871020-project-admin] Failed to bind port e83cedae-47d0-4c39-81bb-16a5e6cf4f20 on host hv-neutron-8394 for vnic_type normal using segments [{'id': 'a20a4f60-fc10-4bc5-a464-aef3214f9552', 'network_type': 'vlan', 'physical_network': 'physnet1', 'segmentation_id': 139, 'network_id': 'a25c1e99-1e87-4a0a-823a-aa25baa90de2'}]
Jul 15 08:34:43.137918 dv-neutron-839479-16-hyperv neutron-server[105217]: INFO neutron.plugins.ml2.plugin [None req-686ec872-a2ac-470a-b7db-3cbeec94d3e0 tempest-PortsAdminExtendedAttrsTestJSON-1403871020 tempest-PortsAdminExtendedAttrsTestJSON-1403871020-project-admin] Attempt 9 to bind port e83cedae-47d0-4c39-81bb-16a5e6cf4f20
Jul 15 08:34:43.165557 dv-neutron-839479-16-hyperv neutron-server[105218]: DEBUG neutron.db.l3_hamode_db [None req-05813387-f4ba-4d07-9427-cb04735c33cb None None] neutron.services.l3_router.l3_router_plugin.L3RouterPlugin method _process_sync_ha_data called with arguments (, [{'id': 'd8320853-3f87-4cf9-8b8d-8e40c6394b2c', 'name': 'tempest-ServersTestManualDisk-960710070-router', 'tenant_id': '8ee8e686a72f44ab84dc40def8aad89e', 'admin_state_up': True, 'status': 'ACTIVE', 'external_gateway_info': {'network_id': 'a0b7c2df-9451-4e5e-bdd5-4265a831fd24', 'external_fixed_ips': [{'subnet_id': 'a089b511-3659-45a8-b02c-c3213cd6348c', 'ip_address': '172.26.2.47'}], 'enable_snat': True}, 'gw_port_id': '1fafbefb-ed8a-4131-91d2-042374f45092', 'description': '', 'availability_zones': ['nova'], 'distributed': False, 'ha': False, 'ha_vr_id': 0, 'availability_zone_hints': [], 'routes': [], 'flavor_id': None, 'tags': [], 'created_at': '2022-07-15T08:34:36Z', 'updated_at': '2022-07-15T08:34:39Z', 'revision_number': 3, 'project_id': '8ee8e686a72f44ab84dc40def8aad89e', 'gw_port': {'id': '1fafbefb-ed8a-4131-91d2-042374f45092', 'name': '', 'network_id': 'a0b7c2df-9451-4e5e-bdd5-4265a831fd24', 'tenant_id': '', 'mac_address': 'fa:16:3e:e5:61:2b', 'admin_state_up': True, 'status': 'DOWN', 'device_id': 'd8320853-3f87-4cf9-8b8d-8e40c6394b2c', 'device_owner': 'network:router_gateway', 'standard_attr_id': 84, 'fixed_ips': [{'subnet_id': 'a089b511-3659-45a8-b02c-c3213cd6348c', 'ip_address': '172.26.2.47', 'prefixlen': 24}], 'allowed_address_pairs': [], 'extra_dhcp_opts': [], 'security_groups': [], 'description': '', 'binding:vnic_type': 'normal', 'binding:profile': {}, 'binding:host_id': '', 'binding:vif_type': 'unbound', 'binding:vif_details': {}, 'port_security_enabled': False, 'tags': [], 'created_at': '2022-07-15T08:34:38Z', 'updated_at': '2022-07-15T08:34:38Z', 'revision_number': 1, 'project_id': '', 'subnets': [{'id': 'a089b511-3659-45a8-b02c-c3213cd6348c', 'cidr': '172.26.2.0/24', 'gateway_ip': '172.26.2.1', 'dns_nameservers': [], 'ipv6_ra_mode': None, 'subnetpool_id': None}], 'extra_subnets': [], 'address_scopes': {4: None, 6: None}, 'mtu': 1500}, 'enable_snat': True, 'gw_port_host': 'dv-neutron-839479-16-hyperv'}], 'dv-neutron-839479-16-hyperv', False) {} {{(pid=105218) wrapper /usr/local/lib/python3.8/dist-packages/oslo_log/helpers.py:65}}
Jul 15 08:34:43.178793 dv-neutron-839479-16-hyperv neutron-server[105216]: INFO neutron.services.segments.plugin [-] Segment 62594b5a-78c2-48a2-a179-b3a310aff9a5 resource provider aggregate not found
Jul 15 08:34:43.200058 dv-neutron-839479-16-hyperv neutron-server[105218]: DEBUG neutron.api.rpc.handlers.l3_rpc [None req-05813387-f4ba-4d07-9427-cb04735c33cb None None] Checking router: d8320853-3f87-4cf9-8b8d-8e40c6394b2c for host: dv-neutron-839479-16-hyperv {{(pid=105218) _ensure_host_set_on_ports /opt/stack/neutron/neutron/api/rpc/handlers/l3_rpc.py:155}}
Jul 15 08:34:43.200314 dv-neutron-839479-16-hyperv neutron-server[105218]: DEBUG neutron.api.rpc.handlers.l3_rpc [None req-05813387-f4ba-4d07-9427-cb04735c33cb None None] Updating router d8320853-3f87-4cf9-8b8d-8e40c6394b2c port 1fafbefb-ed8a-4131-91d2-042374f45092 binding host dv-neutron-839479-16-hyperv {{(pid=105218) _ensure_host_set_on_port /opt/stack/neutron/neutron/api/rpc/handlers/l3_rpc.py:205}}
Jul 15 08:34:43.207709 dv-neutron-839479-16-hyperv neutron-server[105218]: DEBUG dbcounter [-] [105218] Writing DB stats neutron:SELECT=100 {{(pid=105218) stat_writer /usr/local/lib/python3.8/dist-packages/dbcounter.py:114}}
Jul 15 08:34:43.220271 dv-neutron-839479-16-hyperv neutron-server[105216]: INFO neutron.services.segments.plugin [-] Segment 62594b5a-78c2-48a2-a179-b3a310aff9a5 resource provider not found; error: Placement Client Error (4xx): {"errors": [{"status": 404, "title": "Not Found", "detail": "The resource could not be found.\n\n No resource provider with uuid 62594b5a-78c2-48a2-a179-b3a310aff9a5 found for delete ", "request_id": "req-f83a6c3e-304f-4d85-8c46-71c4aeb4475e"}]}
Jul 15 08:34:43.226260 dv-neutron-839479-16-hyperv neutron-server[105216]: DEBUG neutron_lib.callbacks.manager [None req-123cd030-bbcc-4c17-baf7-6533ab600aff tempest-ExternalNetworksTestJSON-1114529428 tempest-ExternalNetworksTestJSON-1114529428-project-admin] Publish callbacks ['neutron.plugins.ml2.plugin.Ml2Plugin._network_delete_after_delete_handler-67080357', 'neutron.plugins.ml2.ovo_rpc._ObjectChangeHandler.handle_event-1018373', 'neutron.api.rpc.agentnotifiers.dhcp_rpc_agent_api.DhcpAgentNotifyAPI._native_event_send_dhcp_notification-596723', 'neutron.services.l3_router.l3_router_plugin.DVRResourceOperationHandler.delete_fip_namespaces_for_ext_net-915561'] for network (cd854723-a6b9-4560-bbd5-ae70222cbb69), after_delete {{(pid=105216) _notify_loop /usr/local/lib/python3.8/dist-packages/neutron_lib/callbacks/manager.py:176}}
Jul 15 08:34:43.240132 dv-neutron-839479-16-hyperv neutron-server[105216]: DEBUG neutron_lib.callbacks.manager [None req-94ab64eb-ef7a-41ed-9fe3-1bac8421848c tempest-ExternalNetworksAdminNegativeTestJSON-126616479 tempest-ExternalNetworksAdminNegativeTestJSON-126616479-project-admin] Publish callbacks [] for security_group (fb76d932-dbf7-4c82-84f8-7d1501eb2539), precommit_create {{(pid=105216) _notify_loop /usr/local/lib/python3.8/dist-packages/neutron_lib/callbacks/manager.py:176}}
Jul 15 08:34:43.259338 dv-neutron-839479-16-hyperv neutron-server[105217]: DEBUG neutron.plugins.ml2.managers [None req-686ec872-a2ac-470a-b7db-3cbeec94d3e0 tempest-PortsAdminExtendedAttrsTestJSON-1403871020 tempest-PortsAdminExtendedAttrsTestJSON-1403871020-project-admin] Attempting to bind port e83cedae-47d0-4c39-81bb-16a5e6cf4f20 on host hv-neutron-8394 for vnic_type normal with profile {{(pid=105217) bind_port /opt/stack/neutron/neutron/plugins/ml2/managers.py:810}}
Jul 15 08:34:43.260506 dv-neutron-839479-16-hyperv neutron-server[105217]: DEBUG neutron.plugins.ml2.managers [None req-686ec872-a2ac-470a-b7db-3cbeec94d3e0 tempest-PortsAdminExtendedAttrsTestJSON-1403871020 tempest-PortsAdminExtendedAttrsTestJSON-1403871020-project-admin] Attempting to bind port e83cedae-47d0-4c39-81bb-16a5e6cf4f20 by drivers openvswitch,hyperv on host hv-neutron-8394 at level 0 using segments [{'id': 'a20a4f60-fc10-4bc5-a464-aef3214f9552', 'network_type': 'vlan', 'physical_network': 'physnet1', 'segmentation_id': 139, 'network_id': 'a25c1e99-1e87-4a0a-823a-aa25baa90de2'}] {{(pid=105217) _bind_port_level /opt/stack/neutron/neutron/plugins/ml2/managers.py:835}}
Jul 15 08:34:43.260888 dv-neutron-839479-16-hyperv neutron-server[105217]: DEBUG neutron.plugins.ml2.drivers.mech_agent [None req-686ec872-a2ac-470a-b7db-3cbeec94d3e0 tempest-PortsAdminExtendedAttrsTestJSON-1403871020 tempest-PortsAdminExtendedAttrsTestJSON-1403871020-project-admin] Attempting to bind port e83cedae-47d0-4c39-81bb-16a5e6cf4f20 on network a25c1e99-1e87-4a0a-823a-aa25baa90de2 {{(pid=105217) bind_port /opt/stack/neutron/neutron/plugins/ml2/drivers/mech_agent.py:91}}
Jul 15 08:34:43.270782 dv-neutron-839479-16-hyperv neutron-server[105217]: DEBUG neutron.plugins.ml2.drivers.mech_agent [None req-686ec872-a2ac-470a-b7db-3cbeec94d3e0 tempest-PortsAdminExtendedAttrsTestJSON-1403871020 tempest-PortsAdminExtendedAttrsTestJSON-1403871020-project-admin] Port e83cedae-47d0-4c39-81bb-16a5e6cf4f20 on network a25c1e99-1e87-4a0a-823a-aa25baa90de2 not bound, no agent of type Open vSwitch agent registered on host hv-neutron-8394 {{(pid=105217) bind_port /opt/stack/neutron/neutron/plugins/ml2/drivers/mech_agent.py:103}}
Jul 15 08:34:43.271180 dv-neutron-839479-16-hyperv neutron-server[105217]: ERROR neutron.plugins.ml2.managers [None req-686ec872-a2ac-470a-b7db-3cbeec94d3e0 tempest-PortsAdminExtendedAttrsTestJSON-1403871020 tempest-PortsAdminExtendedAttrsTestJSON-1403871020-project-admin] Failed to bind port e83cedae-47d0-4c39-81bb-16a5e6cf4f20 on host hv-neutron-8394 for vnic_type normal using segments [{'id': 'a20a4f60-fc10-4bc5-a464-aef3214f9552', 'network_type': 'vlan', 'physical_network': 'physnet1', 'segmentation_id': 139, 'network_id': 'a25c1e99-1e87-4a0a-823a-aa25baa90de2'}]
Jul 15 08:34:43.272305 dv-neutron-839479-16-hyperv neutron-server[105217]: DEBUG dbcounter [-] [105217] Writing DB stats neutron:SELECT=91,neutron:INSERT=6,neutron:UPDATE=3 {{(pid=105217) stat_writer /usr/local/lib/python3.8/dist-packages/dbcounter.py:114}}
Jul 15 08:34:43.274402 dv-neutron-839479-16-hyperv neutron-server[105218]: DEBUG neutron_lib.callbacks.manager [None req-05813387-f4ba-4d07-9427-cb04735c33cb None None] Publish callbacks ['neutron.plugins.ml2.plugin.SecurityGroupDbMixin._ensure_default_security_group_handler-66990795'] for port (1fafbefb-ed8a-4131-91d2-042374f45092), before_update {{(pid=105218) _notify_loop /usr/local/lib/python3.8/dist-packages/neutron_lib/callbacks/manager.py:176}}
Jul 15 08:34:43.276734 dv-neutron-839479-16-hyperv neutron-server[105217]: INFO neutron.plugins.ml2.plugin [None req-686ec872-a2ac-470a-b7db-3cbeec94d3e0 tempest-PortsAdminExtendedAttrsTestJSON-1403871020 tempest-PortsAdminExtendedAttrsTestJSON-1403871020-project-admin] Attempt 10 to bind port e83cedae-47d0-4c39-81bb-16a5e6cf4f20
Jul 15 08:34:43.280452 dv-neutron-839479-16-hyperv neutron-server[105218]: DEBUG neutron.plugins.ml2.plugin [None req-4365db0d-d831-450c-a392-296a68165e2c None None] Current status of the port 0495aea9-2563-46df-ac65-0b227cae078d is: ACTIVE; New status is: ACTIVE {{(pid=105218) _update_individual_port_db_status /opt/stack/neutron/neutron/plugins/ml2/plugin.py:2292}}
Jul 15 08:34:43.309703 dv-neutron-839479-16-hyperv neutron-server[105216]: DEBUG neutron.api.rpc.agentnotifiers.l3_rpc_agent_api [None req-123cd030-bbcc-4c17-baf7-6533ab600aff tempest-ExternalNetworksTestJSON-1114529428 tempest-ExternalNetworksTestJSON-1114529428-project-admin] Fanout notify agent at l3_agent the message fipnamespace_delete_on_ext_net for external_network cd854723-a6b9-4560-bbd5-ae70222cbb69 {{(pid=105216) _notification_fanout /opt/stack/neutron/neutron/api/rpc/agentnotifiers/l3_rpc_agent_api.py:120}}
Jul 15 08:34:43.321146 dv-neutron-839479-16-hyperv neutron-server[105216]: DEBUG neutron_lib.callbacks.manager [None req-fef8e015-fa7b-482e-8489-783c6267e122 admin admin] Publish callbacks ['neutron.plugins.ml2.plugin.SecurityGroupServerNotifierRpcMixin._notify_sg_on_port_change-66990854', 'neutron.plugins.ml2.ovo_rpc._ObjectChangeHandler.handle_event-130570', 'neutron.api.rpc.agentnotifiers.dhcp_rpc_agent_api.DhcpAgentNotifyAPI._native_event_send_dhcp_notification-596723', 'neutron.db.l3_dvrscheduler_db._notify_l3_agent_new_port-8769550723054', 'neutron.services.segments.plugin.NovaSegmentNotifier._notify_port_created_or_deleted-1264787'] for port (da6868fa-7171-46f7-89f0-7e0816979545), after_create {{(pid=105216) _notify_loop /usr/local/lib/python3.8/dist-packages/neutron_lib/callbacks/manager.py:176}}
Jul 15 08:34:43.330664 dv-neutron-839479-16-hyperv neutron-server[105216]: DEBUG neutron.api.rpc.handlers.resources_rpc [None req-123cd030-bbcc-4c17-baf7-6533ab600aff tempest-ExternalNetworksTestJSON-1114529428 tempest-ExternalNetworksTestJSON-1114529428-project-admin] Pushing event deleted for resources: {'Network': ['ID=cd854723-a6b9-4560-bbd5-ae70222cbb69,revision_number=None']} {{(pid=105216) push /opt/stack/neutron/neutron/api/rpc/handlers/resources_rpc.py:237}}
Jul 15 08:34:43.340756 dv-neutron-839479-16-hyperv neutron-server[105216]: DEBUG neutron_lib.callbacks.manager [None req-123cd030-bbcc-4c17-baf7-6533ab600aff tempest-ExternalNetworksTestJSON-1114529428 tempest-ExternalNetworksTestJSON-1114529428-project-admin] Publish callbacks ['neutron.api.rpc.agentnotifiers.dhcp_rpc_agent_api.DhcpAgentNotifyAPI._send_dhcp_notification-596685'] for network (None), before_response {{(pid=105216) _notify_loop /usr/local/lib/python3.8/dist-packages/neutron_lib/callbacks/manager.py:176}}
Jul 15 08:34:43.348049 dv-neutron-839479-16-hyperv neutron-server[105216]: INFO neutron.wsgi [None req-123cd030-bbcc-4c17-baf7-6533ab600aff tempest-ExternalNetworksTestJSON-1114529428 tempest-ExternalNetworksTestJSON-1114529428-project-admin] 10.222.0.39 "DELETE /v2.0/networks/cd854723-a6b9-4560-bbd5-ae70222cbb69 HTTP/1.1" status: 204 len: 168 time: 2.0855503
Jul 15 08:34:43.352876 dv-neutron-839479-16-hyperv neutron-server[105217]: DEBUG neutron_lib.callbacks.manager [None req-93723c91-0b9d-4c65-9732-e74858670978 tempest-RoutersAdminTest-308443702 tempest-RoutersAdminTest-308443702-project-admin] Publish callbacks ['neutron.services.l3_router.l3_router_plugin.L3_NAT_dbonly_mixin._precommit_delete_port_callback-910980'] for port (4dfe091a-410a-4ad2-a3e2-de3f0c34ab88), precommit_delete {{(pid=105217) _notify_loop /usr/local/lib/python3.8/dist-packages/neutron_lib/callbacks/manager.py:176}}
Jul 15 08:34:43.353268 dv-neutron-839479-16-hyperv neutron-server[105216]: DEBUG neutron.wsgi [-] (105216) accepted ('10.222.0.39', 37646) {{(pid=105216) server /usr/local/lib/python3.8/dist-packages/eventlet/wsgi.py:1004}}
Jul 15 08:34:43.353957 dv-neutron-839479-16-hyperv neutron-server[105216]: DEBUG neutron_lib.callbacks.manager [None req-94ab64eb-ef7a-41ed-9fe3-1bac8421848c tempest-ExternalNetworksAdminNegativeTestJSON-126616479 tempest-ExternalNetworksAdminNegativeTestJSON-126616479-project-admin] Publish callbacks ['neutron.plugins.ml2.ovo_rpc._ObjectChangeHandler.handle_event-1018548'] for security_group (fb76d932-dbf7-4c82-84f8-7d1501eb2539), after_create {{(pid=105216) _notify_loop /usr/local/lib/python3.8/dist-packages/neutron_lib/callbacks/manager.py:176}}
Jul 15 08:34:43.359298 dv-neutron-839479-16-hyperv neutron-server[105217]: DEBUG neutron.plugins.ml2.managers [None req-686ec872-a2ac-470a-b7db-3cbeec94d3e0 tempest-PortsAdminExtendedAttrsTestJSON-1403871020 tempest-PortsAdminExtendedAttrsTestJSON-1403871020-project-admin] Attempting to bind port e83cedae-47d0-4c39-81bb-16a5e6cf4f20 on host hv-neutron-8394 for vnic_type normal with profile {{(pid=105217) bind_port /opt/stack/neutron/neutron/plugins/ml2/managers.py:810}}
Jul 15 08:34:43.359652 dv-neutron-839479-16-hyperv neutron-server[105217]: DEBUG neutron.plugins.ml2.managers [None req-686ec872-a2ac-470a-b7db-3cbeec94d3e0 tempest-PortsAdminExtendedAttrsTestJSON-1403871020 tempest-PortsAdminExtendedAttrsTestJSON-1403871020-project-admin] Attempting to bind port e83cedae-47d0-4c39-81bb-16a5e6cf4f20 by drivers openvswitch,hyperv on host hv-neutron-8394 at level 0 using segments [{'id': 'a20a4f60-fc10-4bc5-a464-aef3214f9552', 'network_type': 'vlan', 'physical_network': 'physnet1', 'segmentation_id': 139, 'network_id': 'a25c1e99-1e87-4a0a-823a-aa25baa90de2'}] {{(pid=105217) _bind_port_level /opt/stack/neutron/neutron/plugins/ml2/managers.py:835}}
Jul 15 08:34:43.359997 dv-neutron-839479-16-hyperv neutron-server[105217]: DEBUG neutron.plugins.ml2.drivers.mech_agent [None req-686ec872-a2ac-470a-b7db-3cbeec94d3e0 tempest-PortsAdminExtendedAttrsTestJSON-1403871020 tempest-PortsAdminExtendedAttrsTestJSON-1403871020-project-admin] Attempting to bind port e83cedae-47d0-4c39-81bb-16a5e6cf4f20 on network a25c1e99-1e87-4a0a-823a-aa25baa90de2 {{(pid=105217) bind_port /opt/stack/neutron/neutron/plugins/ml2/drivers/mech_agent.py:91}}
Jul 15 08:34:43.365267 dv-neutron-839479-16-hyperv neutron-server[105216]: DEBUG neutron.api.v2.base [None req-9c82f9fe-16c8-460b-804a-d059f331c1e0 tempest-ExternalNetworksTestJSON-1114529428 tempest-ExternalNetworksTestJSON-1114529428-project-admin] Request body: {'network': {'router:external': True}} {{(pid=105216) prepare_request_body /opt/stack/neutron/neutron/api/v2/base.py:730}}
Jul 15 08:34:43.376103 dv-neutron-839479-16-hyperv neutron-server[105218]: DEBUG neutron.plugins.ml2.plugin [None req-c07291e9-2421-4a48-b7cf-ec6e51af5fc3 None None] Current status of the port 0495aea9-2563-46df-ac65-0b227cae078d is: ACTIVE; New status is: ACTIVE {{(pid=105218) _update_individual_port_db_status /opt/stack/neutron/neutron/plugins/ml2/plugin.py:2292}}
Jul 15 08:34:43.376319 dv-neutron-839479-16-hyperv neutron-server[105217]: DEBUG neutron.plugins.ml2.drivers.mech_agent [None req-686ec872-a2ac-470a-b7db-3cbeec94d3e0 tempest-PortsAdminExtendedAttrsTestJSON-1403871020 tempest-PortsAdminExtendedAttrsTestJSON-1403871020-project-admin] Port e83cedae-47d0-4c39-81bb-16a5e6cf4f20 on network a25c1e99-1e87-4a0a-823a-aa25baa90de2 not bound, no agent of type Open vSwitch agent registered on host hv-neutron-8394 {{(pid=105217) bind_port /opt/stack/neutron/neutron/plugins/ml2/drivers/mech_agent.py:103}}
Jul 15 08:34:43.376409 dv-neutron-839479-16-hyperv neutron-server[105216]: DEBUG neutron.notifiers.nova [None req-94ab64eb-ef7a-41ed-9fe3-1bac8421848c tempest-ExternalNetworksAdminNegativeTestJSON-126616479 tempest-ExternalNetworksAdminNegativeTestJSON-126616479-project-admin] device_id is not set on port d65fa14d-fd92-41cf-9280-23aed6aea069 yet. {{(pid=105216) _can_notify /opt/stack/neutron/neutron/notifiers/nova.py:199}}
Jul 15 08:34:43.376741 dv-neutron-839479-16-hyperv neutron-server[105217]: ERROR neutron.plugins.ml2.managers [None req-686ec872-a2ac-470a-b7db-3cbeec94d3e0 tempest-PortsAdminExtendedAttrsTestJSON-1403871020 tempest-PortsAdminExtendedAttrsTestJSON-1403871020-project-admin] Failed to bind port e83cedae-47d0-4c39-81bb-16a5e6cf4f20 on host hv-neutron-8394 for vnic_type normal using segments [{'id': 'a20a4f60-fc10-4bc5-a464-aef3214f9552', 'network_type': 'vlan', 'physical_network': 'physnet1', 'segmentation_id': 139, 'network_id': 'a25c1e99-1e87-4a0a-823a-aa25baa90de2'}]
Jul 15 08:34:43.377138 dv-neutron-839479-16-hyperv neutron-server[105217]: DEBUG neutron_lib.callbacks.manager [None req-686ec872-a2ac-470a-b7db-3cbeec94d3e0 tempest-PortsAdminExtendedAttrsTestJSON-1403871020 tempest-PortsAdminExtendedAttrsTestJSON-1403871020-project-admin] Publish callbacks ['neutron.plugins.ml2.plugin.SecurityGroupDbMixin._ensure_default_security_group_handler-66990795'] for port (e83cedae-47d0-4c39-81bb-16a5e6cf4f20), before_update {{(pid=105217) _notify_loop /usr/local/lib/python3.8/dist-packages/neutron_lib/callbacks/manager.py:176}}
Jul 15 08:34:43.377465 dv-neutron-839479-16-hyperv neutron-server[105218]: DEBUG neutron.plugins.ml2.rpc [None req-c07291e9-2421-4a48-b7cf-ec6e51af5fc3 None None] Device 9a5eb97f-6147-43fa-80b9-2af7aadd5375 up at agent ovs-agent-dv-neutron-839479-16-hyperv {{(pid=105218) update_device_up /opt/stack/neutron/neutron/plugins/ml2/rpc.py:296}}
Jul 15 08:34:43.410008 dv-neutron-839479-16-hyperv neutron-server[105217]: DEBUG neutron.plugins.ml2.plugin [None req-93723c91-0b9d-4c65-9732-e74858670978 tempest-RoutersAdminTest-308443702 tempest-RoutersAdminTest-308443702-project-admin] Calling delete_port for 4dfe091a-410a-4ad2-a3e2-de3f0c34ab88 owned by {{(pid=105217) delete_port /opt/stack/neutron/neutron/plugins/ml2/plugin.py:2116}}
Jul 15 08:34:43.420626 dv-neutron-839479-16-hyperv neutron-server[105216]: DEBUG neutron.api.rpc.handlers.resources_rpc [None req-94ab64eb-ef7a-41ed-9fe3-1bac8421848c tempest-ExternalNetworksAdminNegativeTestJSON-126616479 tempest-ExternalNetworksAdminNegativeTestJSON-126616479-project-admin] Pushing event updated for resources: {'SecurityGroup': ['ID=fb76d932-dbf7-4c82-84f8-7d1501eb2539,revision_number=1']} {{(pid=105216) push /opt/stack/neutron/neutron/api/rpc/handlers/resources_rpc.py:237}}
Jul 15 08:34:43.475028 dv-neutron-839479-16-hyperv neutron-server[105216]: DEBUG neutron.scheduler.dhcp_agent_scheduler [None req-fef8e015-fa7b-482e-8489-783c6267e122 admin admin] Network a0b7c2df-9451-4e5e-bdd5-4265a831fd24 is already hosted by enough agents. {{(pid=105216) _get_dhcp_agents_hosting_network /opt/stack/neutron/neutron/scheduler/dhcp_agent_scheduler.py:275}}
Jul 15 08:34:43.497510 dv-neutron-839479-16-hyperv neutron-server[105216]: DEBUG neutron_lib.callbacks.manager [None req-26a74c8d-5348-4fa1-abbe-3caff902f688 admin admin] Publish callbacks [] for port (25a99197-fdaf-4f44-bf54-19a4dd6e2e75), precommit_create {{(pid=105216) _notify_loop /usr/local/lib/python3.8/dist-packages/neutron_lib/callbacks/manager.py:176}}
Jul 15 08:34:43.535348 dv-neutron-839479-16-hyperv neutron-server[105218]: DEBUG neutron.db.provisioning_blocks [None req-c07291e9-2421-4a48-b7cf-ec6e51af5fc3 None None] Provisioning complete for port 9a5eb97f-6147-43fa-80b9-2af7aadd5375 triggered by entity L2. {{(pid=105218) provisioning_complete /opt/stack/neutron/neutron/db/provisioning_blocks.py:145}}
Jul 15 08:34:43.535779 dv-neutron-839479-16-hyperv neutron-server[105218]: DEBUG neutron_lib.callbacks.manager [None req-c07291e9-2421-4a48-b7cf-ec6e51af5fc3 None None] Publish callbacks ['neutron.plugins.ml2.plugin.Ml2Plugin._port_provisioned-67006411'] for port (9a5eb97f-6147-43fa-80b9-2af7aadd5375), provisioning_complete {{(pid=105218) _notify_loop /usr/local/lib/python3.8/dist-packages/neutron_lib/callbacks/manager.py:176}}
Jul 15 08:34:43.546987 dv-neutron-839479-16-hyperv neutron-server[105216]: DEBUG neutron_lib.callbacks.manager [None req-d32b95da-fabc-463c-b189-6a3cbd882060 tempest-MeteringIpV6TestJSON-279968516 tempest-MeteringIpV6TestJSON-279968516-project-admin] Publish callbacks [] for metering_label (None), before_response {{(pid=105216) _notify_loop /usr/local/lib/python3.8/dist-packages/neutron_lib/callbacks/manager.py:176}}
