Jul 07 06:52:14.540678 dv-neutron-839479-13-hyperv neutron-server[111147]: DEBUG neutron_lib.callbacks.manager [None req-dc098f9a-dcf6-4faf-82ef-14b5aa58c61c None None] Publish callbacks ['neutron.plugins.ml2.plugin.SecurityGroupServerNotifierRpcMixin._notify_sg_on_port_change-541236', 'neutron.plugins.ml2.ovo_rpc._ObjectChangeHandler.handle_event-174853', 'neutron.api.rpc.agentnotifiers.dhcp_rpc_agent_api.DhcpAgentNotifyAPI._native_event_send_dhcp_notification-1829951', 'neutron.db.l3_db.L3RpcNotifierMixin._notify_gateway_port_ip_changed-8736392352229', 'neutron.db.l3_dvrscheduler_db._notify_l3_agent_port_update-8736391954598', 'neutron.db.l3_hascheduler_db._notify_l3_agent_ha_port_update-8736391954616'] for port (7ebef4e3-3cd8-41a1-a5cc-4a09460754ce), after_update {{(pid=111147) _notify_loop /usr/local/lib/python3.8/dist-packages/neutron_lib/callbacks/manager.py:176}}
Jul 07 06:52:14.570966 dv-neutron-839479-13-hyperv neutron-server[111146]: DEBUG neutron_lib.callbacks.manager [None req-4ec6a452-d54e-4a22-bfda-429f99417cc9 tempest-ServersTestJSON-852355507 tempest-ServersTestJSON-852355507-project] Publish callbacks [] for security_group_rule (None), before_response {{(pid=111146) _notify_loop /usr/local/lib/python3.8/dist-packages/neutron_lib/callbacks/manager.py:176}}
Jul 07 06:52:14.572600 dv-neutron-839479-13-hyperv neutron-server[111146]: INFO neutron.wsgi [None req-4ec6a452-d54e-4a22-bfda-429f99417cc9 tempest-ServersTestJSON-852355507 tempest-ServersTestJSON-852355507-project] 10.222.0.25 "POST /v2.0/security-group-rules HTTP/1.1" status: 201 len: 764 time: 0.7629619
Jul 07 06:52:14.575286 dv-neutron-839479-13-hyperv neutron-server[111148]: DEBUG neutron.api.rpc.handlers.l3_rpc [None req-add22333-38a9-48ba-927a-ff111f4585f4 None None] The sync data for ids ['e9cbd10c-89be-461f-a57c-26cbe5ccfb66'] in dv-neutron-839479-13-hyperv is: [{'id': 'e9cbd10c-89be-461f-a57c-26cbe5ccfb66', 'name': 'tempest-ServersTestManualDisk-1623990023-router', 'tenant_id': 'c0334d0a9dc04ee59da77d46f8633ae3', 'admin_state_up': True, 'status': 'ACTIVE', 'external_gateway_info': {'network_id': 'd231f240-105b-4809-96b2-ceb0e8696afe', 'external_fixed_ips': [{'subnet_id': '3a2f5aa7-3588-4727-80b5-f3b95675ce66', 'ip_address': '172.26.7.91'}], 'enable_snat': True}, 'gw_port_id': 'bebb9629-768f-48d9-a214-b53e5f60ba4d', 'description': '', 'availability_zones': ['nova'], 'distributed': False, 'ha': False, 'ha_vr_id': 0, 'availability_zone_hints': [], 'routes': [], 'flavor_id': None, 'tags': [], 'created_at': '2022-07-07T06:52:05Z', 'updated_at': '2022-07-07T06:52:09Z', 'revision_number': 3, 'project_id': 'c0334d0a9dc04ee59da77d46f8633ae3', 'gw_port': {'id': 'bebb9629-768f-48d9-a214-b53e5f60ba4d', 'name': '', 'network_id': 'd231f240-105b-4809-96b2-ceb0e8696afe', 'tenant_id': '', 'mac_address': 'fa:16:3e:40:95:94', 'admin_state_up': True, 'status': 'DOWN', 'device_id': 'e9cbd10c-89be-461f-a57c-26cbe5ccfb66', 'device_owner': 'network:router_gateway', 'standard_attr_id': 96, 'fixed_ips': [{'subnet_id': '3a2f5aa7-3588-4727-80b5-f3b95675ce66', 'ip_address': '172.26.7.91', 'prefixlen': 24}], 'allowed_address_pairs': [], 'extra_dhcp_opts': [], 'security_groups': [], 'description': '', 'binding:vnic_type': 'normal', 'binding:profile': {}, 'binding:host_id': 'dv-neutron-839479-13-hyperv', 'binding:vif_type': 'ovs', 'binding:vif_details': {'connectivity': 'l2', 'port_filter': True, 'ovs_hybrid_plug': False, 'datapath_type': 'system', 'bridge_name': 'br-int', 'bound_drivers': {'0': 'openvswitch'}}, 'port_security_enabled': False, 'tags': [], 'created_at': '2022-07-07T06:52:07Z', 'updated_at': '2022-07-07T06:52:13Z', 'revision_number': 3, 'project_id': '', 'subnets': [{'id': '3a2f5aa7-3588-4727-80b5-f3b95675ce66', 'cidr': '172.26.7.0/24', 'gateway_ip': '172.26.7.1', 'dns_nameservers': [], 'ipv6_ra_mode': None, 'subnetpool_id': None}], 'extra_subnets': [], 'address_scopes': {4: None, 6: None}, 'mtu': 1500}, 'enable_snat': True, 'gw_port_host': 'dv-neutron-839479-13-hyperv'}] {{(pid=111148) sync_routers /opt/stack/neutron/neutron/api/rpc/handlers/l3_rpc.py:137}}
Jul 07 06:52:14.590337 dv-neutron-839479-13-hyperv neutron-server[111146]: DEBUG neutron.wsgi [-] (111146) accepted ('10.222.0.25', 41588) {{(pid=111146) server /usr/local/lib/python3.8/dist-packages/eventlet/wsgi.py:1004}}
Jul 07 06:52:14.590769 dv-neutron-839479-13-hyperv neutron-server[111146]: DEBUG neutron.wsgi [-] (111146) accepted ('10.222.0.25', 41590) {{(pid=111146) server /usr/local/lib/python3.8/dist-packages/eventlet/wsgi.py:1004}}
Jul 07 06:52:14.613316 dv-neutron-839479-13-hyperv neutron-server[111146]: DEBUG neutron.api.v2.base [None req-7969c90e-7286-49ff-8494-f9484e0a4be1 tempest-ServersTestJSON-852355507 tempest-ServersTestJSON-852355507-project] Request body: {'security_group_rule': {'security_group_id': 'b4bd9336-36e3-434c-bb8b-ae0c7fd19030', 'protocol': 'icmp', 'ethertype': 'IPv4', 'direction': 'ingress'}} {{(pid=111146) prepare_request_body /opt/stack/neutron/neutron/api/v2/base.py:730}}
Jul 07 06:52:14.657666 dv-neutron-839479-13-hyperv neutron-server[111147]: DEBUG neutron.plugins.ml2.plugin [None req-515a1f56-c20e-44c5-acd7-e63496f1f479 None None] Current status of the port 1b6d8668-7bea-4eca-b740-ae97c520c20c is: ACTIVE; New status is: ACTIVE {{(pid=111147) _update_individual_port_db_status /opt/stack/neutron/neutron/plugins/ml2/plugin.py:2292}}
Jul 07 06:52:14.663261 dv-neutron-839479-13-hyperv neutron-server[111147]: DEBUG neutron.api.rpc.handlers.resources_rpc [None req-dc098f9a-dcf6-4faf-82ef-14b5aa58c61c None None] Pushing event updated for resources: {'Port': ['ID=7ebef4e3-3cd8-41a1-a5cc-4a09460754ce,revision_number=5']} {{(pid=111147) push /opt/stack/neutron/neutron/api/rpc/handlers/resources_rpc.py:237}}
Jul 07 06:52:14.692421 dv-neutron-839479-13-hyperv neutron-server[111146]: DEBUG neutron_lib.callbacks.manager [None req-b8ecd192-991d-4950-80ff-2c3c5ba09673 admin admin] Publish callbacks [] for security_group (None), before_create {{(pid=111146) _notify_loop /usr/local/lib/python3.8/dist-packages/neutron_lib/callbacks/manager.py:176}}
Jul 07 06:52:14.754916 dv-neutron-839479-13-hyperv neutron-server[111145]: DEBUG neutron_lib.callbacks.manager [None req-99597185-f363-4efb-9aeb-fd52a623a076 admin admin] Publish callbacks [] for security_group (47ee659d-efd3-4470-b9d6-ec6f7d57c846), before_delete {{(pid=111145) _notify_loop /usr/local/lib/python3.8/dist-packages/neutron_lib/callbacks/manager.py:176}}
Jul 07 06:52:14.809056 dv-neutron-839479-13-hyperv neutron-server[111146]: DEBUG neutron_lib.callbacks.manager [None req-7969c90e-7286-49ff-8494-f9484e0a4be1 tempest-ServersTestJSON-852355507 tempest-ServersTestJSON-852355507-project] Publish callbacks [] for security_group_rule (632482fc-e69e-4c94-b3c6-9a8bd66f1ab9), before_create {{(pid=111146) _notify_loop /usr/local/lib/python3.8/dist-packages/neutron_lib/callbacks/manager.py:176}}
Jul 07 06:52:14.829443 dv-neutron-839479-13-hyperv neutron-server[111146]: DEBUG neutron_lib.callbacks.manager [None req-5d7a66cb-1053-497c-9fe9-23082e8efa1d tempest-PortsAdminExtendedAttrsIpV6TestJSON-150247079 tempest-PortsAdminExtendedAttrsIpV6TestJSON-150247079-project-admin] Publish callbacks [] for port (016dfcd2-b35f-4c2b-823c-0625f46770e3), precommit_create {{(pid=111146) _notify_loop /usr/local/lib/python3.8/dist-packages/neutron_lib/callbacks/manager.py:176}}
Jul 07 06:52:14.834197 dv-neutron-839479-13-hyperv neutron-server[111145]: DEBUG neutron_lib.callbacks.manager [None req-99597185-f363-4efb-9aeb-fd52a623a076 admin admin] Publish callbacks [] for security_group (47ee659d-efd3-4470-b9d6-ec6f7d57c846), precommit_delete {{(pid=111145) _notify_loop /usr/local/lib/python3.8/dist-packages/neutron_lib/callbacks/manager.py:176}}
Jul 07 06:52:14.853260 dv-neutron-839479-13-hyperv neutron-server[111145]: DEBUG dbcounter [-] [111145] Writing DB stats neutron:SELECT=97,neutron:INSERT=3 {{(pid=111145) stat_writer /usr/local/lib/python3.8/dist-packages/dbcounter.py:114}}
Jul 07 06:52:14.854657 dv-neutron-839479-13-hyperv neutron-server[111145]: DEBUG neutron.api.rpc.agentnotifiers.l3_rpc_agent_api [None req-ce845d3a-e692-45fa-b68f-c96451050898 admin admin] Notify agent at l3_agent.dv-neutron-839479-13-hyperv the message routers_updated {{(pid=111145) _agent_notification /opt/stack/neutron/neutron/api/rpc/agentnotifiers/l3_rpc_agent_api.py:65}}
Jul 07 06:52:14.867407 dv-neutron-839479-13-hyperv neutron-server[111147]: DEBUG neutron.api.rpc.handlers.l3_rpc [None req-7619af0b-614a-4a33-bdb4-a4e27a654331 None None] Sync routers for ids ['c9aeaad6-a8d9-4c8a-b986-ca329eeb5559'] in dv-neutron-839479-13-hyperv {{(pid=111147) sync_routers /opt/stack/neutron/neutron/api/rpc/handlers/l3_rpc.py:125}}
Jul 07 06:52:14.901780 dv-neutron-839479-13-hyperv neutron-server[111147]: DEBUG neutron.db.l3_dvrscheduler_db [None req-7619af0b-614a-4a33-bdb4-a4e27a654331 None None] Routers {'c9aeaad6-a8d9-4c8a-b986-ca329eeb5559'} bound to L3 agent in host dv-neutron-839479-13-hyperv {{(pid=111147) _get_router_ids_for_agent /opt/stack/neutron/neutron/db/l3_dvrscheduler_db.py:426}}
Jul 07 06:52:14.903118 dv-neutron-839479-13-hyperv neutron-server[111147]: DEBUG neutron.db.l3_hamode_db [None req-7619af0b-614a-4a33-bdb4-a4e27a654331 None None] neutron.services.l3_router.l3_router_plugin.L3RouterPlugin method get_ha_sync_data_for_host called with arguments (, 'dv-neutron-839479-13-hyperv', Agent(admin_state_up=True,agent_type='L3 agent',availability_zone='nova',binary='neutron-l3-agent',configurations={"agent_mode": "legacy", "ex_gw_ports": 1, "extensions": [], "floating_ips": 0, "handle_internal_only_routers": true, "interface_driver": "openvswitch", "interfaces": 1, "log_agent_heartbeats": false, "routers": 1},created_at=2022-07-07T06:44:26Z,description=,heartbeat_timestamp=2022-07-07T06:51:56Z,host='dv-neutron-839479-13-hyperv',id=f1b5ec18-93e2-443b-a6ba-b35624224d1d,load=0,resource_versions=,resources_synced=,started_at=2022-07-07T06:44:26Z,topic='l3_agent')) {'router_ids': ['c9aeaad6-a8d9-4c8a-b986-ca329eeb5559'], 'active': True} {{(pid=111147) wrapper /usr/local/lib/python3.8/dist-packages/oslo_log/helpers.py:65}}
Jul 07 06:52:14.941597 dv-neutron-839479-13-hyperv neutron-server[111145]: DEBUG neutron_lib.callbacks.manager [None req-a566c9fb-0d91-463b-8481-a8365ac8ef36 tempest-NegativeSecGroupIPv6Test-519758447 tempest-NegativeSecGroupIPv6Test-519758447-project] Publish callbacks [] for security_group (d54cb608-d61f-4faf-87a4-3eded90d9510), before_delete {{(pid=111145) _notify_loop /usr/local/lib/python3.8/dist-packages/neutron_lib/callbacks/manager.py:176}}
Jul 07 06:52:14.958451 dv-neutron-839479-13-hyperv neutron-server[111146]: DEBUG dbcounter [-] [111146] Writing DB stats neutron:SELECT=82,neutron:INSERT=10,neutron:DELETE=3,neutron:UPDATE=5 {{(pid=111146) stat_writer /usr/local/lib/python3.8/dist-packages/dbcounter.py:114}}
Jul 07 06:52:14.977158 dv-neutron-839479-13-hyperv neutron-server[111145]: DEBUG neutron_lib.callbacks.manager [None req-ce845d3a-e692-45fa-b68f-c96451050898 admin admin] Publish callbacks [] for router (None), before_response {{(pid=111145) _notify_loop /usr/local/lib/python3.8/dist-packages/neutron_lib/callbacks/manager.py:176}}
Jul 07 06:52:14.978716 dv-neutron-839479-13-hyperv neutron-server[111145]: INFO neutron.wsgi [None req-ce845d3a-e692-45fa-b68f-c96451050898 admin admin] 10.222.0.25 "POST /v2.0/routers HTTP/1.1" status: 201 len: 924 time: 8.5867682
Jul 07 06:52:14.995574 dv-neutron-839479-13-hyperv neutron-server[111146]: DEBUG neutron.wsgi [-] (111146) accepted ('10.222.0.25', 41594) {{(pid=111146) server /usr/local/lib/python3.8/dist-packages/eventlet/wsgi.py:1004}}
Jul 07 06:52:15.031994 dv-neutron-839479-13-hyperv neutron-server[111145]: DEBUG neutron_lib.callbacks.manager [None req-a566c9fb-0d91-463b-8481-a8365ac8ef36 tempest-NegativeSecGroupIPv6Test-519758447 tempest-NegativeSecGroupIPv6Test-519758447-project] Publish callbacks [] for security_group (d54cb608-d61f-4faf-87a4-3eded90d9510), precommit_delete {{(pid=111145) _notify_loop /usr/local/lib/python3.8/dist-packages/neutron_lib/callbacks/manager.py:176}}
Jul 07 06:52:15.055368 dv-neutron-839479-13-hyperv neutron-server[111145]: DEBUG neutron.db.db_base_plugin_common [None req-683a9686-0e7c-422a-a62d-2cfcadd873aa admin admin] Allocated IP 172.20.0.1 (34adff9d-d4f1-4331-b008-880ed22c809e/4e025f24-1fff-4ffd-a1da-9ef3d3fe8a0e/41561c4a-85e7-460b-b8dd-613a70feaa8c) {{(pid=111145) _store_ip_allocation /opt/stack/neutron/neutron/db/db_base_plugin_common.py:131}}
Jul 07 06:52:15.142717 dv-neutron-839479-13-hyperv neutron-server[111146]: DEBUG dbcounter [-] [111146] Writing DB stats neutron:SELECT=80,neutron:INSERT=15,neutron:UPDATE=4,neutron:DELETE=1 {{(pid=111146) stat_writer /usr/local/lib/python3.8/dist-packages/dbcounter.py:114}}
Jul 07 06:52:15.151461 dv-neutron-839479-13-hyperv neutron-server[111147]: DEBUG neutron.db.l3_dvr_db [None req-7619af0b-614a-4a33-bdb4-a4e27a654331 None None] Set router c9aeaad6-a8d9-4c8a-b986-ca329eeb5559 gateway port host: dv-neutron-839479-13-hyperv {{(pid=111147) _build_routers_list /opt/stack/neutron/neutron/db/l3_dvr_db.py:907}}
Jul 07 06:52:15.169756 dv-neutron-839479-13-hyperv neutron-server[111145]: DEBUG neutron_lib.callbacks.manager [None req-99597185-f363-4efb-9aeb-fd52a623a076 admin admin] Publish callbacks ['neutron.plugins.ml2.ovo_rpc._ObjectChangeHandler.handle_event-1603556'] for security_group (47ee659d-efd3-4470-b9d6-ec6f7d57c846), after_delete {{(pid=111145) _notify_loop /usr/local/lib/python3.8/dist-packages/neutron_lib/callbacks/manager.py:176}}
Jul 07 06:52:15.172460 dv-neutron-839479-13-hyperv neutron-server[111145]: DEBUG neutron_lib.callbacks.manager [None req-99597185-f363-4efb-9aeb-fd52a623a076 admin admin] Publish callbacks [] for security_group (None), before_response {{(pid=111145) _notify_loop /usr/local/lib/python3.8/dist-packages/neutron_lib/callbacks/manager.py:176}}
Jul 07 06:52:15.173722 dv-neutron-839479-13-hyperv neutron-server[111145]: INFO neutron.wsgi [None req-99597185-f363-4efb-9aeb-fd52a623a076 admin admin] 10.222.0.25 "DELETE /v2.0/security-groups/47ee659d-efd3-4470-b9d6-ec6f7d57c846 HTTP/1.1" status: 204 len: 168 time: 1.0300207
Jul 07 06:52:15.205087 dv-neutron-839479-13-hyperv neutron-server[111146]: DEBUG neutron_lib.callbacks.manager [None req-7969c90e-7286-49ff-8494-f9484e0a4be1 tempest-ServersTestJSON-852355507 tempest-ServersTestJSON-852355507-project] Publish callbacks [] for security_group_rule (632482fc-e69e-4c94-b3c6-9a8bd66f1ab9), precommit_create {{(pid=111146) _notify_loop /usr/local/lib/python3.8/dist-packages/neutron_lib/callbacks/manager.py:176}}
Jul 07 06:52:15.226536 dv-neutron-839479-13-hyperv neutron-server[111146]: DEBUG neutron_lib.callbacks.manager [None req-5d7a66cb-1053-497c-9fe9-23082e8efa1d tempest-PortsAdminExtendedAttrsIpV6TestJSON-150247079 tempest-PortsAdminExtendedAttrsIpV6TestJSON-150247079-project-admin] Publish callbacks ['neutron.plugins.ml2.plugin.SecurityGroupServerNotifierRpcMixin._notify_sg_on_port_change-541236', 'neutron.plugins.ml2.ovo_rpc._ObjectChangeHandler.handle_event-174853', 'neutron.api.rpc.agentnotifiers.dhcp_rpc_agent_api.DhcpAgentNotifyAPI._native_event_send_dhcp_notification-1829951', 'neutron.db.l3_dvrscheduler_db._notify_l3_agent_new_port-8736391954580'] for port (016dfcd2-b35f-4c2b-823c-0625f46770e3), after_create {{(pid=111146) _notify_loop /usr/local/lib/python3.8/dist-packages/neutron_lib/callbacks/manager.py:176}}
Jul 07 06:52:15.281072 dv-neutron-839479-13-hyperv neutron-server[111146]: DEBUG neutron_lib.callbacks.manager [None req-aac882b9-5448-4a77-8c57-5f8f2e0b7370 tempest-AllowedAddressPairTestJSON-423010329 tempest-AllowedAddressPairTestJSON-423010329-project] Publish callbacks [] for port (c1ff402e-e00e-4096-a973-88cdceea5ebb), precommit_create {{(pid=111146) _notify_loop /usr/local/lib/python3.8/dist-packages/neutron_lib/callbacks/manager.py:176}}
Jul 07 06:52:15.298375 dv-neutron-839479-13-hyperv neutron-server[111146]: DEBUG neutron_lib.callbacks.manager [None req-7969c90e-7286-49ff-8494-f9484e0a4be1 tempest-ServersTestJSON-852355507 tempest-ServersTestJSON-852355507-project] Publish callbacks ['neutron.plugins.ml2.ovo_rpc._ObjectChangeHandler.handle_event-1603419'] for security_group_rule (632482fc-e69e-4c94-b3c6-9a8bd66f1ab9), after_create {{(pid=111146) _notify_loop /usr/local/lib/python3.8/dist-packages/neutron_lib/callbacks/manager.py:176}}
Jul 07 06:52:15.355976 dv-neutron-839479-13-hyperv neutron-server[111146]: DEBUG neutron_lib.callbacks.manager [None req-b8ecd192-991d-4950-80ff-2c3c5ba09673 admin admin] Publish callbacks [] for security_group (8ab039ae-19ef-4c2c-af62-93c6609916b6), precommit_create {{(pid=111146) _notify_loop /usr/local/lib/python3.8/dist-packages/neutron_lib/callbacks/manager.py:176}}
Jul 07 06:52:15.418148 dv-neutron-839479-13-hyperv neutron-server[111145]: DEBUG neutron.api.rpc.handlers.resources_rpc [None req-99597185-f363-4efb-9aeb-fd52a623a076 admin admin] Pushing event deleted for resources: {'SecurityGroup': ['ID=47ee659d-efd3-4470-b9d6-ec6f7d57c846,revision_number=None']} {{(pid=111145) push /opt/stack/neutron/neutron/api/rpc/handlers/resources_rpc.py:237}}
Jul 07 06:52:15.426020 dv-neutron-839479-13-hyperv neutron-server[111145]: DEBUG neutron_lib.callbacks.manager [None req-a566c9fb-0d91-463b-8481-a8365ac8ef36 tempest-NegativeSecGroupIPv6Test-519758447 tempest-NegativeSecGroupIPv6Test-519758447-project] Publish callbacks ['neutron.plugins.ml2.ovo_rpc._ObjectChangeHandler.handle_event-1603556'] for security_group (d54cb608-d61f-4faf-87a4-3eded90d9510), after_delete {{(pid=111145) _notify_loop /usr/local/lib/python3.8/dist-packages/neutron_lib/callbacks/manager.py:176}}
Jul 07 06:52:15.431432 dv-neutron-839479-13-hyperv neutron-server[111146]: DEBUG neutron_lib.callbacks.manager [None req-b8ecd192-991d-4950-80ff-2c3c5ba09673 admin admin] Publish callbacks ['neutron.plugins.ml2.ovo_rpc._ObjectChangeHandler.handle_event-1603556'] for security_group (8ab039ae-19ef-4c2c-af62-93c6609916b6), after_create {{(pid=111146) _notify_loop /usr/local/lib/python3.8/dist-packages/neutron_lib/callbacks/manager.py:176}}
Jul 07 06:52:15.433277 dv-neutron-839479-13-hyperv neutron-server[111145]: DEBUG neutron_lib.callbacks.manager [None req-a566c9fb-0d91-463b-8481-a8365ac8ef36 tempest-NegativeSecGroupIPv6Test-519758447 tempest-NegativeSecGroupIPv6Test-519758447-project] Publish callbacks [] for security_group (None), before_response {{(pid=111145) _notify_loop /usr/local/lib/python3.8/dist-packages/neutron_lib/callbacks/manager.py:176}}
Jul 07 06:52:15.439322 dv-neutron-839479-13-hyperv neutron-server[111145]: INFO neutron.wsgi [None req-a566c9fb-0d91-463b-8481-a8365ac8ef36 tempest-NegativeSecGroupIPv6Test-519758447 tempest-NegativeSecGroupIPv6Test-519758447-project] 10.222.0.25 "DELETE /v2.0/security-groups/d54cb608-d61f-4faf-87a4-3eded90d9510 HTTP/1.1" status: 204 len: 168 time: 0.9083984
Jul 07 06:52:15.440031 dv-neutron-839479-13-hyperv neutron-server[111145]: DEBUG neutron.wsgi [-] (111145) accepted ('10.222.0.25', 41598) {{(pid=111145) server /usr/local/lib/python3.8/dist-packages/eventlet/wsgi.py:1004}}
Jul 07 06:52:15.469555 dv-neutron-839479-13-hyperv neutron-server[111146]: DEBUG neutron.api.rpc.handlers.resources_rpc [None req-7969c90e-7286-49ff-8494-f9484e0a4be1 tempest-ServersTestJSON-852355507 tempest-ServersTestJSON-852355507-project] Pushing event updated for resources: {'SecurityGroupRule': ['ID=632482fc-e69e-4c94-b3c6-9a8bd66f1ab9,revision_number=0']} {{(pid=111146) push /opt/stack/neutron/neutron/api/rpc/handlers/resources_rpc.py:237}}
Jul 07 06:52:15.473202 dv-neutron-839479-13-hyperv neutron-server[111146]: DEBUG neutron.scheduler.dhcp_agent_scheduler [None req-5d7a66cb-1053-497c-9fe9-23082e8efa1d tempest-PortsAdminExtendedAttrsIpV6TestJSON-150247079 tempest-PortsAdminExtendedAttrsIpV6TestJSON-150247079-project-admin] Network 205c550f-583e-43ba-8eaf-ef3f981fbb2e is already hosted by enough agents. {{(pid=111146) _get_dhcp_agents_hosting_network /opt/stack/neutron/neutron/scheduler/dhcp_agent_scheduler.py:275}}
Jul 07 06:52:15.479188 dv-neutron-839479-13-hyperv neutron-server[111145]: DEBUG neutron.api.rpc.handlers.resources_rpc [None req-a566c9fb-0d91-463b-8481-a8365ac8ef36 tempest-NegativeSecGroupIPv6Test-519758447 tempest-NegativeSecGroupIPv6Test-519758447-project] Pushing event deleted for resources: {'SecurityGroup': ['ID=d54cb608-d61f-4faf-87a4-3eded90d9510,revision_number=None']} {{(pid=111145) push /opt/stack/neutron/neutron/api/rpc/handlers/resources_rpc.py:237}}
Jul 07 06:52:15.527565 dv-neutron-839479-13-hyperv neutron-server[111145]: DEBUG neutron_lib.callbacks.manager [None req-683a9686-0e7c-422a-a62d-2cfcadd873aa admin admin] Publish callbacks [] for port (41561c4a-85e7-460b-b8dd-613a70feaa8c), precommit_create {{(pid=111145) _notify_loop /usr/local/lib/python3.8/dist-packages/neutron_lib/callbacks/manager.py:176}}
Jul 07 06:52:15.553438 dv-neutron-839479-13-hyperv neutron-server[111145]: INFO neutron.wsgi [None req-4883f225-8b5a-4c58-99df-486bc3837267 tempest-NegativeSecGroupIPv6Test-519758447 tempest-NegativeSecGroupIPv6Test-519758447-project] 10.222.0.25 "GET /v2.0/security-groups HTTP/1.1" status: 200 len: 2992 time: 0.0995350
Jul 07 06:52:15.556735 dv-neutron-839479-13-hyperv neutron-server[111145]: DEBUG neutron.wsgi [-] (111145) accepted ('10.222.0.25', 41600) {{(pid=111145) server /usr/local/lib/python3.8/dist-packages/eventlet/wsgi.py:1004}}
Jul 07 06:52:15.556868 dv-neutron-839479-13-hyperv neutron-server[111146]: DEBUG neutron_lib.callbacks.manager [None req-7969c90e-7286-49ff-8494-f9484e0a4be1 tempest-ServersTestJSON-852355507 tempest-ServersTestJSON-852355507-project] Publish callbacks [] for security_group_rule (None), before_response {{(pid=111146) _notify_loop /usr/local/lib/python3.8/dist-packages/neutron_lib/callbacks/manager.py:176}}
Jul 07 06:52:15.562399 dv-neutron-839479-13-hyperv neutron-server[111145]: DEBUG neutron.api.v2.base [None req-10c177c5-e43c-4abe-ab10-77fc3df24805 tempest-NegativeSecGroupIPv6Test-519758447 tempest-NegativeSecGroupIPv6Test-519758447-project] Request body: {'security_group': {'name': 'tempest-secgroup--1282870186'}} {{(pid=111145) prepare_request_body /opt/stack/neutron/neutron/api/v2/base.py:730}}
Jul 07 06:52:15.565575 dv-neutron-839479-13-hyperv neutron-server[111146]: INFO neutron.wsgi [None req-7969c90e-7286-49ff-8494-f9484e0a4be1 tempest-ServersTestJSON-852355507 tempest-ServersTestJSON-852355507-project] 10.222.0.25 "POST /v2.0/security-group-rules HTTP/1.1" status: 201 len: 769 time: 0.9725137
Jul 07 06:52:15.567392 dv-neutron-839479-13-hyperv neutron-server[111146]: DEBUG neutron.wsgi [-] (111146) accepted ('10.222.0.25', 41602) {{(pid=111146) server /usr/local/lib/python3.8/dist-packages/eventlet/wsgi.py:1004}}
Jul 07 06:52:15.570006 dv-neutron-839479-13-hyperv neutron-server[111147]: DEBUG neutron.db.l3_hamode_db [None req-7619af0b-614a-4a33-bdb4-a4e27a654331 None None] neutron.services.l3_router.l3_router_plugin.L3RouterPlugin method _process_sync_ha_data called with arguments (, [{'id': 'c9aeaad6-a8d9-4c8a-b986-ca329eeb5559', 'name': 'tempest-ServerActionsTestJSON-1857272424-router', 'tenant_id': '6cf3760248974d16948258992e09b24d', 'admin_state_up': True, 'status': 'ACTIVE', 'external_gateway_info': {'network_id': 'd231f240-105b-4809-96b2-ceb0e8696afe', 'external_fixed_ips': [{'subnet_id': '3a2f5aa7-3588-4727-80b5-f3b95675ce66', 'ip_address': '172.26.7.219'}], 'enable_snat': True}, 'gw_port_id': '404e4e1b-882b-4b19-aa7d-d134e56ed0bc', 'description': '', 'availability_zones': ['nova'], 'distributed': False, 'ha': False, 'ha_vr_id': 0, 'availability_zone_hints': [], 'routes': [], 'flavor_id': None, 'tags': [], 'created_at': '2022-07-07T06:52:06Z', 'updated_at': '2022-07-07T06:52:11Z', 'revision_number': 3, 'project_id': '6cf3760248974d16948258992e09b24d', 'gw_port': {'id': '404e4e1b-882b-4b19-aa7d-d134e56ed0bc', 'name': '', 'network_id': 'd231f240-105b-4809-96b2-ceb0e8696afe', 'tenant_id': '', 'mac_address': 'fa:16:3e:6f:18:bb', 'admin_state_up': True, 'status': 'DOWN', 'device_id': 'c9aeaad6-a8d9-4c8a-b986-ca329eeb5559', 'device_owner': 'network:router_gateway', 'standard_attr_id': 108, 'fixed_ips': [{'subnet_id': '3a2f5aa7-3588-4727-80b5-f3b95675ce66', 'ip_address': '172.26.7.219', 'prefixlen': 24}], 'allowed_address_pairs': [], 'extra_dhcp_opts': [], 'security_groups': [], 'description': '', 'binding:vnic_type': 'normal', 'binding:profile': {}, 'binding:host_id': '', 'binding:vif_type': 'unbound', 'binding:vif_details': {}, 'port_security_enabled': False, 'tags': [], 'created_at': '2022-07-07T06:52:09Z', 'updated_at': '2022-07-07T06:52:10Z', 'revision_number': 1, 'project_id': '', 'subnets': [{'id': '3a2f5aa7-3588-4727-80b5-f3b95675ce66', 'cidr': '172.26.7.0/24', 'gateway_ip': '172.26.7.1', 'dns_nameservers': [], 'ipv6_ra_mode': None, 'subnetpool_id': None}], 'extra_subnets': [], 'address_scopes': {4: None, 6: None}, 'mtu': 1500}, 'enable_snat': True, 'gw_port_host': 'dv-neutron-839479-13-hyperv'}], 'dv-neutron-839479-13-hyperv', False) {} {{(pid=111147) wrapper /usr/local/lib/python3.8/dist-packages/oslo_log/helpers.py:65}}
Jul 07 06:52:15.606475 dv-neutron-839479-13-hyperv neutron-server[111145]: DEBUG neutron_lib.callbacks.manager [None req-10c177c5-e43c-4abe-ab10-77fc3df24805 tempest-NegativeSecGroupIPv6Test-519758447 tempest-NegativeSecGroupIPv6Test-519758447-project] Publish callbacks [] for security_group (None), before_create {{(pid=111145) _notify_loop /usr/local/lib/python3.8/dist-packages/neutron_lib/callbacks/manager.py:176}}
Jul 07 06:52:15.607238 dv-neutron-839479-13-hyperv neutron-server[111146]: DEBUG neutron.scheduler.base_scheduler [None req-5d7a66cb-1053-497c-9fe9-23082e8efa1d tempest-PortsAdminExtendedAttrsIpV6TestJSON-150247079 tempest-PortsAdminExtendedAttrsIpV6TestJSON-150247079-project-admin] Resources bound (agent type, host, resource id): {{(pid=111146) schedule /opt/stack/neutron/neutron/scheduler/base_scheduler.py:57}}
Jul 07 06:52:15.620565 dv-neutron-839479-13-hyperv neutron-server[111145]: DEBUG neutron_lib.callbacks.manager [None req-683a9686-0e7c-422a-a62d-2cfcadd873aa admin admin] Publish callbacks ['neutron.plugins.ml2.plugin.SecurityGroupServerNotifierRpcMixin._notify_sg_on_port_change-541236', 'neutron.plugins.ml2.ovo_rpc._ObjectChangeHandler.handle_event-174853', 'neutron.api.rpc.agentnotifiers.dhcp_rpc_agent_api.DhcpAgentNotifyAPI._native_event_send_dhcp_notification-1829951', 'neutron.db.l3_dvrscheduler_db._notify_l3_agent_new_port-8736391954580'] for port (41561c4a-85e7-460b-b8dd-613a70feaa8c), after_create {{(pid=111145) _notify_loop /usr/local/lib/python3.8/dist-packages/neutron_lib/callbacks/manager.py:176}}
Jul 07 06:52:15.623198 dv-neutron-839479-13-hyperv neutron-server[111147]: DEBUG neutron.api.rpc.handlers.l3_rpc [None req-7619af0b-614a-4a33-bdb4-a4e27a654331 None None] Checking router: c9aeaad6-a8d9-4c8a-b986-ca329eeb5559 for host: dv-neutron-839479-13-hyperv {{(pid=111147) _ensure_host_set_on_ports /opt/stack/neutron/neutron/api/rpc/handlers/l3_rpc.py:155}}
Jul 07 06:52:15.623551 dv-neutron-839479-13-hyperv neutron-server[111147]: DEBUG neutron.api.rpc.handlers.l3_rpc [None req-7619af0b-614a-4a33-bdb4-a4e27a654331 None None] Updating router c9aeaad6-a8d9-4c8a-b986-ca329eeb5559 port 404e4e1b-882b-4b19-aa7d-d134e56ed0bc binding host dv-neutron-839479-13-hyperv {{(pid=111147) _ensure_host_set_on_port /opt/stack/neutron/neutron/api/rpc/handlers/l3_rpc.py:205}}
Jul 07 06:52:15.627486 dv-neutron-839479-13-hyperv neutron-server[111146]: DEBUG neutron.api.v2.base [None req-ce73358f-9f07-43b5-a1a5-32bfd8338f99 tempest-ServersTestJSON-852355507 tempest-ServersTestJSON-852355507-project] Request body: {'floatingip': {'floating_network_id': 'd231f240-105b-4809-96b2-ceb0e8696afe'}} {{(pid=111146) prepare_request_body /opt/stack/neutron/neutron/api/v2/base.py:730}}
Jul 07 06:52:15.661682 dv-neutron-839479-13-hyperv neutron-server[111146]: DEBUG neutron.db.l3_dvrscheduler_db [None req-5d7a66cb-1053-497c-9fe9-23082e8efa1d tempest-PortsAdminExtendedAttrsIpV6TestJSON-150247079 tempest-PortsAdminExtendedAttrsIpV6TestJSON-150247079-project-admin] Received port after_create {{(pid=111146) _notify_l3_agent_new_port /opt/stack/neutron/neutron/db/l3_dvrscheduler_db.py:542}}
Jul 07 06:52:15.662669 dv-neutron-839479-13-hyperv neutron-server[111146]: DEBUG neutron.pecan_wsgi.hooks.policy_enforcement [None req-5d7a66cb-1053-497c-9fe9-23082e8efa1d tempest-PortsAdminExtendedAttrsIpV6TestJSON-150247079 tempest-PortsAdminExtendedAttrsIpV6TestJSON-150247079-project-admin] Attributes excluded by policy engine: ['standard_attr_id', 'network'] {{(pid=111146) _exclude_attributes_by_policy /opt/stack/neutron/neutron/pecan_wsgi/hooks/policy_enforcement.py:259}}
Jul 07 06:52:15.663323 dv-neutron-839479-13-hyperv neutron-server[111146]: DEBUG neutron_lib.callbacks.manager [None req-5d7a66cb-1053-497c-9fe9-23082e8efa1d tempest-PortsAdminExtendedAttrsIpV6TestJSON-150247079 tempest-PortsAdminExtendedAttrsIpV6TestJSON-150247079-project-admin] Publish callbacks ['neutron.notifiers.nova.Notifier._send_nova_notification-123041'] for port (None), before_response {{(pid=111146) _notify_loop /usr/local/lib/python3.8/dist-packages/neutron_lib/callbacks/manager.py:176}}
Jul 07 06:52:15.673401 dv-neutron-839479-13-hyperv neutron-server[111146]: DEBUG neutron.api.rpc.handlers.resources_rpc [None req-5d7a66cb-1053-497c-9fe9-23082e8efa1d tempest-PortsAdminExtendedAttrsIpV6TestJSON-150247079 tempest-PortsAdminExtendedAttrsIpV6TestJSON-150247079-project-admin] Pushing event updated for resources: {'Port': ['ID=016dfcd2-b35f-4c2b-823c-0625f46770e3,revision_number=1']} {{(pid=111146) push /opt/stack/neutron/neutron/api/rpc/handlers/resources_rpc.py:237}}
Jul 07 06:52:15.687768 dv-neutron-839479-13-hyperv neutron-server[111147]: DEBUG neutron_lib.callbacks.manager [None req-7619af0b-614a-4a33-bdb4-a4e27a654331 None None] Publish callbacks ['neutron.plugins.ml2.plugin.SecurityGroupDbMixin._ensure_default_security_group_handler-543985'] for port (404e4e1b-882b-4b19-aa7d-d134e56ed0bc), before_update {{(pid=111147) _notify_loop /usr/local/lib/python3.8/dist-packages/neutron_lib/callbacks/manager.py:176}}
Jul 07 06:52:15.692779 dv-neutron-839479-13-hyperv neutron-server[111145]: DEBUG dbcounter [-] [111145] Writing DB stats neutron:SELECT=91,neutron:UPDATE=3,neutron:DELETE=5,neutron:INSERT=1 {{(pid=111145) stat_writer /usr/local/lib/python3.8/dist-packages/dbcounter.py:114}}
Jul 07 06:52:15.706258 dv-neutron-839479-13-hyperv neutron-server[111146]: INFO neutron.wsgi [None req-b8ecd192-991d-4950-80ff-2c3c5ba09673 admin admin] 10.222.0.25 "GET /v2.0/security-groups?tenant_id=f6d6c0d7ad814f2285cc636aa1b0e6f9&name=default HTTP/1.1" status: 200 len: 2996 time: 1.1129744
Jul 07 06:52:15.718578 dv-neutron-839479-13-hyperv neutron-server[111145]: DEBUG neutron.api.rpc.handlers.resources_rpc [None req-683a9686-0e7c-422a-a62d-2cfcadd873aa admin admin] Pushing event updated for resources: {'Port': ['ID=41561c4a-85e7-460b-b8dd-613a70feaa8c,revision_number=1']} {{(pid=111145) push /opt/stack/neutron/neutron/api/rpc/handlers/resources_rpc.py:237}}
Jul 07 06:52:15.729033 dv-neutron-839479-13-hyperv neutron-server[111145]: DEBUG neutron.scheduler.dhcp_agent_scheduler [None req-683a9686-0e7c-422a-a62d-2cfcadd873aa admin admin] Network 34adff9d-d4f1-4331-b008-880ed22c809e is already hosted by enough agents. {{(pid=111145) _get_dhcp_agents_hosting_network /opt/stack/neutron/neutron/scheduler/dhcp_agent_scheduler.py:275}}
Jul 07 06:52:15.729661 dv-neutron-839479-13-hyperv neutron-server[111145]: DEBUG neutron.wsgi [-] (111145) accepted ('10.222.0.25', 41606) {{(pid=111145) server /usr/local/lib/python3.8/dist-packages/eventlet/wsgi.py:1004}}
Jul 07 06:52:15.809499 dv-neutron-839479-13-hyperv neutron-server[111145]: DEBUG neutron.scheduler.base_scheduler [None req-683a9686-0e7c-422a-a62d-2cfcadd873aa admin admin] Resources bound (agent type, host, resource id): {{(pid=111145) schedule /opt/stack/neutron/neutron/scheduler/base_scheduler.py:57}}
Jul 07 06:52:15.813262 dv-neutron-839479-13-hyperv neutron-server[111145]: DEBUG neutron.db.l3_dvrscheduler_db [None req-683a9686-0e7c-422a-a62d-2cfcadd873aa admin admin] Received port after_create {{(pid=111145) _notify_l3_agent_new_port /opt/stack/neutron/neutron/db/l3_dvrscheduler_db.py:542}}
Jul 07 06:52:15.813881 dv-neutron-839479-13-hyperv neutron-server[111145]: DEBUG neutron_lib.callbacks.manager [None req-683a9686-0e7c-422a-a62d-2cfcadd873aa admin admin] Publish callbacks ['neutron.services.l3_router.l3_router_plugin.DVRResourceOperationHandler._add_csnat_on_interface_create-1729024'] for router_interface (e9cbd10c-89be-461f-a57c-26cbe5ccfb66), before_create {{(pid=111145) _notify_loop /usr/local/lib/python3.8/dist-packages/neutron_lib/callbacks/manager.py:176}}
Jul 07 06:52:15.837586 dv-neutron-839479-13-hyperv neutron-server[111146]: DEBUG neutron.api.rpc.handlers.resources_rpc [None req-b8ecd192-991d-4950-80ff-2c3c5ba09673 admin admin] Pushing event updated for resources: {'SecurityGroup': ['ID=8ab039ae-19ef-4c2c-af62-93c6609916b6,revision_number=1']} {{(pid=111146) push /opt/stack/neutron/neutron/api/rpc/handlers/resources_rpc.py:237}}
Jul 07 06:52:15.874524 dv-neutron-839479-13-hyperv neutron-server[111146]: DEBUG neutron_lib.callbacks.manager [None req-aac882b9-5448-4a77-8c57-5f8f2e0b7370 tempest-AllowedAddressPairTestJSON-423010329 tempest-AllowedAddressPairTestJSON-423010329-project] Publish callbacks ['neutron.plugins.ml2.plugin.SecurityGroupServerNotifierRpcMixin._notify_sg_on_port_change-541236', 'neutron.plugins.ml2.ovo_rpc._ObjectChangeHandler.handle_event-174853', 'neutron.api.rpc.agentnotifiers.dhcp_rpc_agent_api.DhcpAgentNotifyAPI._native_event_send_dhcp_notification-1829951', 'neutron.db.l3_dvrscheduler_db._notify_l3_agent_new_port-8736391954580'] for port (c1ff402e-e00e-4096-a973-88cdceea5ebb), after_create {{(pid=111146) _notify_loop /usr/local/lib/python3.8/dist-packages/neutron_lib/callbacks/manager.py:176}}
Jul 07 06:52:15.955691 dv-neutron-839479-13-hyperv neutron-server[111146]: INFO neutron.wsgi [None req-5d7a66cb-1053-497c-9fe9-23082e8efa1d tempest-PortsAdminExtendedAttrsIpV6TestJSON-150247079 tempest-PortsAdminExtendedAttrsIpV6TestJSON-150247079-project-admin] 10.222.0.25 "POST /v2.0/ports HTTP/1.1" status: 201 len: 963 time: 1.9948981
Jul 07 06:52:15.974502 dv-neutron-839479-13-hyperv neutron-server[111146]: DEBUG neutron.wsgi [-] (111146) accepted ('10.222.0.25', 41608) {{(pid=111146) server /usr/local/lib/python3.8/dist-packages/eventlet/wsgi.py:1004}}
Jul 07 06:52:15.974837 dv-neutron-839479-13-hyperv neutron-server[111146]: DEBUG neutron.wsgi [-] (111146) accepted ('10.222.0.25', 41610) {{(pid=111146) server /usr/local/lib/python3.8/dist-packages/eventlet/wsgi.py:1004}}
Jul 07 06:52:15.978343 dv-neutron-839479-13-hyperv neutron-server[111146]: DEBUG neutron_lib.callbacks.manager [None req-ce73358f-9f07-43b5-a1a5-32bfd8338f99 tempest-ServersTestJSON-852355507 tempest-ServersTestJSON-852355507-project] Publish callbacks [] for floatingip (None), before_create {{(pid=111146) _notify_loop /usr/local/lib/python3.8/dist-packages/neutron_lib/callbacks/manager.py:176}}
Jul 07 06:52:16.013127 dv-neutron-839479-13-hyperv neutron-server[111145]: DEBUG dbcounter [-] [111145] Writing DB stats neutron:SELECT=87,neutron:DELETE=4,neutron:INSERT=8,neutron:UPDATE=1 {{(pid=111145) stat_writer /usr/local/lib/python3.8/dist-packages/dbcounter.py:114}}
Jul 07 06:52:16.014042 dv-neutron-839479-13-hyperv neutron-server[111146]: DEBUG neutron.api.v2.base [None req-2c1dc53c-7297-4cfb-bedf-5ba2ffe24b5a tempest-PortsAdminExtendedAttrsIpV6TestJSON-150247079 tempest-PortsAdminExtendedAttrsIpV6TestJSON-150247079-project-admin] Request body: {'port': {'binding:host_id': 'hv-neutron-8394'}} {{(pid=111146) prepare_request_body /opt/stack/neutron/neutron/api/v2/base.py:730}}
Jul 07 06:52:16.126092 dv-neutron-839479-13-hyperv neutron-server[111145]: DEBUG neutron_lib.callbacks.manager [None req-683a9686-0e7c-422a-a62d-2cfcadd873aa admin admin] Publish callbacks ['neutron.plugins.ml2.plugin.SecurityGroupDbMixin._ensure_default_security_group_handler-543985'] for port (41561c4a-85e7-460b-b8dd-613a70feaa8c), before_update {{(pid=111145) _notify_loop /usr/local/lib/python3.8/dist-packages/neutron_lib/callbacks/manager.py:176}}
Jul 07 06:52:16.189939 dv-neutron-839479-13-hyperv neutron-server[111146]: DEBUG neutron.scheduler.dhcp_agent_scheduler [None req-aac882b9-5448-4a77-8c57-5f8f2e0b7370 tempest-AllowedAddressPairTestJSON-423010329 tempest-AllowedAddressPairTestJSON-423010329-project] Network ee55ba17-a3bc-4488-8840-c5e8238e036b is already hosted by enough agents. {{(pid=111146) _get_dhcp_agents_hosting_network /opt/stack/neutron/neutron/scheduler/dhcp_agent_scheduler.py:275}}
Jul 07 06:52:16.212242 dv-neutron-839479-13-hyperv neutron-server[111146]: DEBUG neutron.scheduler.base_scheduler [None req-aac882b9-5448-4a77-8c57-5f8f2e0b7370 tempest-AllowedAddressPairTestJSON-423010329 tempest-AllowedAddressPairTestJSON-423010329-project] Resources bound (agent type, host, resource id): {{(pid=111146) schedule /opt/stack/neutron/neutron/scheduler/base_scheduler.py:57}}
Jul 07 06:52:16.217891 dv-neutron-839479-13-hyperv neutron-server[111146]: DEBUG neutron.db.l3_dvrscheduler_db [None req-aac882b9-5448-4a77-8c57-5f8f2e0b7370 tempest-AllowedAddressPairTestJSON-423010329 tempest-AllowedAddressPairTestJSON-423010329-project] Received port after_create {{(pid=111146) _notify_l3_agent_new_port /opt/stack/neutron/neutron/db/l3_dvrscheduler_db.py:542}}
Jul 07 06:52:16.220395 dv-neutron-839479-13-hyperv neutron-server[111145]: DEBUG neutron_lib.callbacks.manager [None req-10c177c5-e43c-4abe-ab10-77fc3df24805 tempest-NegativeSecGroupIPv6Test-519758447 tempest-NegativeSecGroupIPv6Test-519758447-project] Publish callbacks [] for security_group (be59362b-04ae-4ba9-a038-2fbdebe48c78), precommit_create {{(pid=111145) _notify_loop /usr/local/lib/python3.8/dist-packages/neutron_lib/callbacks/manager.py:176}}
Jul 07 06:52:16.225270 dv-neutron-839479-13-hyperv neutron-server[111146]: DEBUG neutron.pecan_wsgi.hooks.policy_enforcement [None req-aac882b9-5448-4a77-8c57-5f8f2e0b7370 tempest-AllowedAddressPairTestJSON-423010329 tempest-AllowedAddressPairTestJSON-423010329-project] Attributes excluded by policy engine: ['standard_attr_id', 'binding:profile', 'binding:host_id', 'binding:vif_type', 'binding:vif_details', 'network'] {{(pid=111146) _exclude_attributes_by_policy /opt/stack/neutron/neutron/pecan_wsgi/hooks/policy_enforcement.py:259}}
Jul 07 06:52:16.229089 dv-neutron-839479-13-hyperv neutron-server[111147]: DEBUG neutron.plugins.ml2.rpc [None req-515a1f56-c20e-44c5-acd7-e63496f1f479 None None] Device 7ebef4e3-3cd8-41a1-a5cc-4a09460754ce up at agent ovs-agent-dv-neutron-839479-13-hyperv {{(pid=111147) update_device_up /opt/stack/neutron/neutron/plugins/ml2/rpc.py:296}}
Jul 07 06:52:16.230895 dv-neutron-839479-13-hyperv neutron-server[111146]: DEBUG neutron_lib.callbacks.manager [None req-aac882b9-5448-4a77-8c57-5f8f2e0b7370 tempest-AllowedAddressPairTestJSON-423010329 tempest-AllowedAddressPairTestJSON-423010329-project] Publish callbacks ['neutron.notifiers.nova.Notifier._send_nova_notification-123041'] for port (None), before_response {{(pid=111146) _notify_loop /usr/local/lib/python3.8/dist-packages/neutron_lib/callbacks/manager.py:176}}
Jul 07 06:52:16.250991 dv-neutron-839479-13-hyperv neutron-server[111145]: DEBUG neutron_lib.callbacks.manager [None req-10c177c5-e43c-4abe-ab10-77fc3df24805 tempest-NegativeSecGroupIPv6Test-519758447 tempest-NegativeSecGroupIPv6Test-519758447-project] Publish callbacks ['neutron.plugins.ml2.ovo_rpc._ObjectChangeHandler.handle_event-1603556'] for security_group (be59362b-04ae-4ba9-a038-2fbdebe48c78), after_create {{(pid=111145) _notify_loop /usr/local/lib/python3.8/dist-packages/neutron_lib/callbacks/manager.py:176}}
Jul 07 06:52:16.277147 dv-neutron-839479-13-hyperv neutron-server[111147]: DEBUG neutron.db.provisioning_blocks [None req-89baff73-8862-48d1-b355-f91baf93bcd3 None None] Provisioning complete for port 41561c4a-85e7-460b-b8dd-613a70feaa8c triggered by entity DHCP. {{(pid=111147) provisioning_complete /opt/stack/neutron/neutron/db/provisioning_blocks.py:145}}
Jul 07 06:52:16.277519 dv-neutron-839479-13-hyperv neutron-server[111147]: DEBUG neutron_lib.callbacks.manager [None req-89baff73-8862-48d1-b355-f91baf93bcd3 None None] Publish callbacks ['neutron.plugins.ml2.plugin.Ml2Plugin._port_provisioned-1419077'] for port (41561c4a-85e7-460b-b8dd-613a70feaa8c), provisioning_complete {{(pid=111147) _notify_loop /usr/local/lib/python3.8/dist-packages/neutron_lib/callbacks/manager.py:176}}
Jul 07 06:52:16.284514 dv-neutron-839479-13-hyperv neutron-server[111146]: DEBUG neutron.api.rpc.handlers.resources_rpc [None req-aac882b9-5448-4a77-8c57-5f8f2e0b7370 tempest-AllowedAddressPairTestJSON-423010329 tempest-AllowedAddressPairTestJSON-423010329-project] Pushing event updated for resources: {'Port': ['ID=c1ff402e-e00e-4096-a973-88cdceea5ebb,revision_number=1']} {{(pid=111146) push /opt/stack/neutron/neutron/api/rpc/handlers/resources_rpc.py:237}}
Jul 07 06:52:16.296836 dv-neutron-839479-13-hyperv neutron-server[111145]: DEBUG neutron_lib.callbacks.manager [None req-44a9dbef-c52d-4b7c-9a3d-6144c00bf9c6 admin admin] Publish callbacks [] for security_group (8ab039ae-19ef-4c2c-af62-93c6609916b6), before_delete {{(pid=111145) _notify_loop /usr/local/lib/python3.8/dist-packages/neutron_lib/callbacks/manager.py:176}}
Jul 07 06:52:16.316512 dv-neutron-839479-13-hyperv neutron-server[111147]: DEBUG neutron.plugins.ml2.plugin [None req-89baff73-8862-48d1-b355-f91baf93bcd3 None None] Port 41561c4a-85e7-460b-b8dd-613a70feaa8c cannot update to ACTIVE because it is not bound. {{(pid=111147) _port_provisioned /opt/stack/neutron/neutron/plugins/ml2/plugin.py:348}}
Jul 07 06:52:16.327678 dv-neutron-839479-13-hyperv neutron-server[111147]: DEBUG neutron.db.provisioning_blocks [None req-515a1f56-c20e-44c5-acd7-e63496f1f479 None None] Provisioning complete for port 7ebef4e3-3cd8-41a1-a5cc-4a09460754ce triggered by entity L2. {{(pid=111147) provisioning_complete /opt/stack/neutron/neutron/db/provisioning_blocks.py:145}}
Jul 07 06:52:16.328221 dv-neutron-839479-13-hyperv neutron-server[111147]: DEBUG neutron_lib.callbacks.manager [None req-515a1f56-c20e-44c5-acd7-e63496f1f479 None None] Publish callbacks ['neutron.plugins.ml2.plugin.Ml2Plugin._port_provisioned-1419077'] for port (7ebef4e3-3cd8-41a1-a5cc-4a09460754ce), provisioning_complete {{(pid=111147) _notify_loop /usr/local/lib/python3.8/dist-packages/neutron_lib/callbacks/manager.py:176}}
Jul 07 06:52:16.365291 dv-neutron-839479-13-hyperv neutron-server[111145]: DEBUG neutron_lib.callbacks.manager [None req-44a9dbef-c52d-4b7c-9a3d-6144c00bf9c6 admin admin] Publish callbacks [] for security_group (8ab039ae-19ef-4c2c-af62-93c6609916b6), precommit_delete {{(pid=111145) _notify_loop /usr/local/lib/python3.8/dist-packages/neutron_lib/callbacks/manager.py:176}}
Jul 07 06:52:16.376879 dv-neutron-839479-13-hyperv neutron-server[111147]: DEBUG neutron_lib.callbacks.manager [None req-7619af0b-614a-4a33-bdb4-a4e27a654331 None None] Publish callbacks [] for port (404e4e1b-882b-4b19-aa7d-d134e56ed0bc), precommit_update {{(pid=111147) _notify_loop /usr/local/lib/python3.8/dist-packages/neutron_lib/callbacks/manager.py:176}}
Jul 07 06:52:16.400678 dv-neutron-839479-13-hyperv neutron-server[111145]: DEBUG neutron_lib.callbacks.manager [None req-10c177c5-e43c-4abe-ab10-77fc3df24805 tempest-NegativeSecGroupIPv6Test-519758447 tempest-NegativeSecGroupIPv6Test-519758447-project] Publish callbacks [] for security_group (None), before_response {{(pid=111145) _notify_loop /usr/local/lib/python3.8/dist-packages/neutron_lib/callbacks/manager.py:176}}
Jul 07 06:52:16.404753 dv-neutron-839479-13-hyperv neutron-server[111145]: INFO neutron.wsgi [None req-10c177c5-e43c-4abe-ab10-77fc3df24805 tempest-NegativeSecGroupIPv6Test-519758447 tempest-NegativeSecGroupIPv6Test-519758447-project] 10.222.0.25 "POST /v2.0/security-groups HTTP/1.1" status: 201 len: 1761 time: 0.8461514
Jul 07 06:52:16.411476 dv-neutron-839479-13-hyperv neutron-server[111145]: DEBUG neutron.wsgi [-] (111145) accepted ('10.222.0.25', 41612) {{(pid=111145) server /usr/local/lib/python3.8/dist-packages/eventlet/wsgi.py:1004}}
Jul 07 06:52:16.419299 dv-neutron-839479-13-hyperv neutron-server[111147]: DEBUG neutron_lib.callbacks.manager [None req-7619af0b-614a-4a33-bdb4-a4e27a654331 None None] Publish callbacks ['neutron.plugins.ml2.plugin.SecurityGroupServerNotifierRpcMixin._notify_sg_on_port_change-541236', 'neutron.plugins.ml2.ovo_rpc._ObjectChangeHandler.handle_event-174853', 'neutron.api.rpc.agentnotifiers.dhcp_rpc_agent_api.DhcpAgentNotifyAPI._native_event_send_dhcp_notification-1829951', 'neutron.db.l3_db.L3RpcNotifierMixin._notify_gateway_port_ip_changed-8736392352229', 'neutron.db.l3_dvrscheduler_db._notify_l3_agent_port_update-8736391954598', 'neutron.db.l3_hascheduler_db._notify_l3_agent_ha_port_update-8736391954616'] for port (404e4e1b-882b-4b19-aa7d-d134e56ed0bc), after_update {{(pid=111147) _notify_loop /usr/local/lib/python3.8/dist-packages/neutron_lib/callbacks/manager.py:176}}
Jul 07 06:52:16.420563 dv-neutron-839479-13-hyperv neutron-server[111146]: INFO neutron.wsgi [None req-aac882b9-5448-4a77-8c57-5f8f2e0b7370 tempest-AllowedAddressPairTestJSON-423010329 tempest-AllowedAddressPairTestJSON-423010329-project] 10.222.0.25 "POST /v2.0/ports HTTP/1.1" status: 201 len: 937 time: 3.0931737
Jul 07 06:52:16.423456 dv-neutron-839479-13-hyperv neutron-server[111145]: DEBUG neutron.api.v2.base [None req-31aa4976-affc-4e34-abdc-f2d3dd9b9494 tempest-NegativeSecGroupIPv6Test-519758447 tempest-NegativeSecGroupIPv6Test-519758447-project] Request body: {'security_group_rule': {'security_group_id': 'be59362b-04ae-4ba9-a038-2fbdebe48c78', 'protocol': 'tcp', 'port_range_min': -16, 'port_range_max': 80, 'direction': 'ingress', 'ethertype': 'IPv6'}} {{(pid=111145) prepare_request_body /opt/stack/neutron/neutron/api/v2/base.py:730}}
Jul 07 06:52:16.424868 dv-neutron-839479-13-hyperv neutron-server[111145]: WARNING neutron.api.v2.base [None req-31aa4976-affc-4e34-abdc-f2d3dd9b9494 tempest-NegativeSecGroupIPv6Test-519758447 tempest-NegativeSecGroupIPv6Test-519758447-project] An exception happened while processing the request body. The exception message is [Invalid value for port -16].: securitygroup.SecurityGroupInvalidPortValue: Invalid value for port -16
Jul 07 06:52:16.425382 dv-neutron-839479-13-hyperv neutron-server[111145]: INFO neutron.api.v2.resource [None req-31aa4976-affc-4e34-abdc-f2d3dd9b9494 tempest-NegativeSecGroupIPv6Test-519758447 tempest-NegativeSecGroupIPv6Test-519758447-project] create failed (client error): The server could not comply with the request since it is either malformed or otherwise incorrect.
Jul 07 06:52:16.426518 dv-neutron-839479-13-hyperv neutron-server[111145]: INFO neutron.wsgi [None req-31aa4976-affc-4e34-abdc-f2d3dd9b9494 tempest-NegativeSecGroupIPv6Test-519758447 tempest-NegativeSecGroupIPv6Test-519758447-project] 10.222.0.25 "POST /v2.0/security-group-rules HTTP/1.1" status: 400 len: 317 time: 0.0097682
Jul 07 06:52:16.427168 dv-neutron-839479-13-hyperv neutron-server[111145]: DEBUG neutron.wsgi [-] (111145) accepted ('10.222.0.25', 41614) {{(pid=111145) server /usr/local/lib/python3.8/dist-packages/eventlet/wsgi.py:1004}}
Jul 07 06:52:16.435859 dv-neutron-839479-13-hyperv neutron-server[111145]: DEBUG neutron.api.v2.base [None req-5479bcd9-a99f-4b72-8712-ad239969e6db tempest-AllowedAddressPairTestJSON-423010329 tempest-AllowedAddressPairTestJSON-423010329-project] Request body: {'port': {'allowed_address_pairs': [{'ip_address': '172.20.0.3', 'mac_address': 'fa:16:3e:a6:64:d9'}]}} {{(pid=111145) prepare_request_body /opt/stack/neutron/neutron/api/v2/base.py:730}}
Jul 07 06:52:16.439245 dv-neutron-839479-13-hyperv neutron-server[111145]: DEBUG neutron.api.rpc.handlers.resources_rpc [None req-10c177c5-e43c-4abe-ab10-77fc3df24805 tempest-NegativeSecGroupIPv6Test-519758447 tempest-NegativeSecGroupIPv6Test-519758447-project] Pushing event updated for resources: {'SecurityGroup': ['ID=be59362b-04ae-4ba9-a038-2fbdebe48c78,revision_number=1']} {{(pid=111145) push /opt/stack/neutron/neutron/api/rpc/handlers/resources_rpc.py:237}}
Jul 07 06:52:16.455732 dv-neutron-839479-13-hyperv neutron-server[111147]: DEBUG dbcounter [-] [111147] Writing DB stats neutron:SELECT=99,neutron:UPDATE=1 {{(pid=111147) stat_writer /usr/local/lib/python3.8/dist-packages/dbcounter.py:114}}
Jul 07 06:52:16.457323 dv-neutron-839479-13-hyperv neutron-server[111147]: DEBUG neutron.plugins.ml2.managers [None req-7619af0b-614a-4a33-bdb4-a4e27a654331 None None] Attempting to bind port 404e4e1b-882b-4b19-aa7d-d134e56ed0bc on host dv-neutron-839479-13-hyperv for vnic_type normal with profile {{(pid=111147) bind_port /opt/stack/neutron/neutron/plugins/ml2/managers.py:810}}
Jul 07 06:52:16.458091 dv-neutron-839479-13-hyperv neutron-server[111147]: DEBUG neutron.plugins.ml2.managers [None req-7619af0b-614a-4a33-bdb4-a4e27a654331 None None] Attempting to bind port 404e4e1b-882b-4b19-aa7d-d134e56ed0bc by drivers openvswitch,hyperv on host dv-neutron-839479-13-hyperv at level 0 using segments [{'id': '6f6e250a-8da1-47c6-a4f3-64e555df6de3', 'network_type': 'flat', 'physical_network': 'physnet1', 'segmentation_id': None, 'network_id': 'd231f240-105b-4809-96b2-ceb0e8696afe'}] {{(pid=111147) _bind_port_level /opt/stack/neutron/neutron/plugins/ml2/managers.py:835}}
