May 04 13:03:13.456550 dv-neutron-839477-2-hyperv neutron-server[104435]: DEBUG neutron.plugins.ml2.drivers.mech_agent [None req-0840c21c-71f7-4363-92ba-5d440f819292 None None] Checking agent: {'id': '62c80a25-f3af-4f47-8e9a-08d8ba68bd80', 'agent_type': 'Open vSwitch agent', 'binary': 'neutron-openvswitch-agent', 'topic': 'N/A', 'host': 'dv-neutron-839477-2-hyperv', 'admin_state_up': True, 'created_at': datetime.datetime(2022, 5, 4, 12, 54, 17), 'started_at': datetime.datetime(2022, 5, 4, 12, 54, 47), 'heartbeat_timestamp': datetime.datetime(2022, 5, 4, 13, 2, 47), 'description': None, 'resources_synced': None, 'availability_zone': None, 'alive': True, 'configurations': {'arp_responder_enabled': False, 'baremetal_smartnic': False, 'bridge_mappings': {'physnet1': 'br-data'}, 'datapath_type': 'system', 'devices': 0, 'enable_distributed_routing': False, 'extensions': [], 'in_distributed_mode': False, 'integration_bridge': 'br-int', 'l2_population': False, 'log_agent_heartbeats': False, 'ovs_capabilities': {'datapath_types': ['netdev', 'system'], 'iface_types': ['erspan', 'geneve', 'gre', 'internal', 'ip6erspan', 'ip6gre', 'lisp', 'patch', 'stt', 'system', 'tap', 'vxlan']}, 'ovs_hybrid_plug': False, 'resource_provider_bandwidths': {}, 'resource_provider_hypervisors': {'br-data': 'dv-neutron-839477-2-hyperv'}, 'resource_provider_inventory_defaults': {'allocation_ratio': 1.0, 'min_unit': 1, 'step_size': 1, 'reserved': 0}, 'resource_provider_packet_processing_inventory_defaults': {'allocation_ratio': 1.0, 'min_unit': 1, 'step_size': 1, 'reserved': 0}, 'resource_provider_packet_processing_with_direction': {}, 'resource_provider_packet_processing_without_direction': {}, 'tunnel_types': [], 'tunneling_ip': None, 'vhostuser_socket_dir': '/var/run/openvswitch'}, 'resource_versions': {'AddressGroup': '1.2', 'Agent': '1.1', 'ConntrackHelper': '1.0', 'LocalIPAssociation': '1.0', 'Log': '1.0', 'NDPProxy': '1.0', 'Network': '1.1', 'Port': '1.7', 'PortForwarding': '1.3', 'QosPolicy': '1.10', 'SecurityGroup': '1.5', 'SecurityGroupRule': '1.2', 'SubPort': '1.0', 'Subnet': '1.1', 'Trunk': '1.1'}} {{(pid=104435) bind_port /opt/stack/neutron/neutron/plugins/ml2/drivers/mech_agent.py:110}}
May 04 13:03:13.460578 dv-neutron-839477-2-hyperv neutron-server[104435]: DEBUG neutron.plugins.ml2.drivers.mech_agent [None req-0840c21c-71f7-4363-92ba-5d440f819292 None None] Checking segment: {'id': 'd47765b7-c316-4813-aee1-c9e2bbb4b859', 'network_type': 'vlan', 'physical_network': 'physnet1', 'segmentation_id': 562, 'network_id': 'd7805423-6aa8-48e7-a831-b06988d292cd'} for mappings: {'physnet1': 'br-data'} with network types: ['local', 'flat', 'vlan'] {{(pid=104435) check_segment_for_agent /opt/stack/neutron/neutron/plugins/ml2/drivers/mech_agent.py:373}}
May 04 13:03:13.461047 dv-neutron-839477-2-hyperv neutron-server[104435]: DEBUG neutron_lib.callbacks.manager [None req-0840c21c-71f7-4363-92ba-5d440f819292 None None] Publish callbacks [] for ovs_bridge_name (None), before_read {{(pid=104435) _notify_loop /usr/local/lib/python3.8/dist-packages/neutron_lib/callbacks/manager.py:176}}
May 04 13:03:13.461456 dv-neutron-839477-2-hyperv neutron-server[104435]: DEBUG neutron.plugins.ml2.drivers.mech_agent [None req-0840c21c-71f7-4363-92ba-5d440f819292 None None] Bound using segment: {'id': 'd47765b7-c316-4813-aee1-c9e2bbb4b859', 'network_type': 'vlan', 'physical_network': 'physnet1', 'segmentation_id': 562, 'network_id': 'd7805423-6aa8-48e7-a831-b06988d292cd'} {{(pid=104435) bind_port /opt/stack/neutron/neutron/plugins/ml2/drivers/mech_agent.py:120}}
May 04 13:03:13.461955 dv-neutron-839477-2-hyperv neutron-server[104435]: DEBUG neutron.plugins.ml2.managers [None req-0840c21c-71f7-4363-92ba-5d440f819292 None None] Bound port: 2554341b-c56a-48f8-bb20-0103ddae0eb1, host: dv-neutron-839477-2-hyperv, vif_type: ovs, vif_details: {"connectivity": "l2", "port_filter": true, "ovs_hybrid_plug": false, "datapath_type": "system", "bridge_name": "br-int"}, binding_levels: [{'bound_driver': 'openvswitch', 'bound_segment': {'id': 'd47765b7-c316-4813-aee1-c9e2bbb4b859', 'network_type': 'vlan', 'physical_network': 'physnet1', 'segmentation_id': 562, 'network_id': 'd7805423-6aa8-48e7-a831-b06988d292cd'}}] {{(pid=104435) _bind_port_level /opt/stack/neutron/neutron/plugins/ml2/managers.py:932}}
May 04 13:03:13.462345 dv-neutron-839477-2-hyperv neutron-server[104435]: DEBUG neutron_lib.callbacks.manager [None req-0840c21c-71f7-4363-92ba-5d440f819292 None None] Publish callbacks ['neutron.plugins.ml2.plugin.SecurityGroupDbMixin._ensure_default_security_group_handler-16136915'] for port (2554341b-c56a-48f8-bb20-0103ddae0eb1), before_update {{(pid=104435) _notify_loop /usr/local/lib/python3.8/dist-packages/neutron_lib/callbacks/manager.py:176}}
May 04 13:03:13.476074 dv-neutron-839477-2-hyperv neutron-server[104433]: DEBUG neutron.pecan_wsgi.hooks.quota_enforcement [None req-bfd28ccc-11e1-45f7-90df-251957e9613c tempest-FloatingIPAdminTestJSON-1310342171 tempest-FloatingIPAdminTestJSON-1310342171-project] Made reservation on behalf of 3aa313dd86504a648670ee0738f330a5 for: {'port': 1} {{(pid=104433) before /opt/stack/neutron/neutron/pecan_wsgi/hooks/quota_enforcement.py:53}}
May 04 13:03:13.476074 dv-neutron-839477-2-hyperv neutron-server[104433]: DEBUG neutron_lib.callbacks.manager [None req-bfd28ccc-11e1-45f7-90df-251957e9613c tempest-FloatingIPAdminTestJSON-1310342171 tempest-FloatingIPAdminTestJSON-1310342171-project] Publish callbacks ['neutron.plugins.ml2.plugin.SecurityGroupDbMixin._ensure_default_security_group_handler-16136915'] for port (None), before_create {{(pid=104433) _notify_loop /usr/local/lib/python3.8/dist-packages/neutron_lib/callbacks/manager.py:176}}
May 04 13:03:13.483363 dv-neutron-839477-2-hyperv neutron-server[104434]: DEBUG neutron.db.db_base_plugin_common [None req-4408356c-e258-4854-9834-804dc8e56430 tempest-AllowedAddressPairIpV6TestJSON-168543246 tempest-AllowedAddressPairIpV6TestJSON-168543246-project] Allocated IP 2001:db8::1c5 (96548d05-8af9-4df5-a4e7-85dc3fa2b820/ea877d88-6354-4b4a-b2b8-9b2cd840e0dc/753be2a6-6bea-4dfb-910a-7194cfa9cccc) {{(pid=104434) _store_ip_allocation /opt/stack/neutron/neutron/db/db_base_plugin_common.py:131}}
May 04 13:03:13.518962 dv-neutron-839477-2-hyperv neutron-server[104433]: DEBUG neutron.notifiers.nova [None req-bfd28ccc-11e1-45f7-90df-251957e9613c tempest-FloatingIPAdminTestJSON-1310342171 tempest-FloatingIPAdminTestJSON-1310342171-project] device_id is not set on port 1bbe9bba-1d56-4596-b1fe-1a1cd5d39646 yet. {{(pid=104433) _can_notify /opt/stack/neutron/neutron/notifiers/nova.py:199}}
May 04 13:03:13.564856 dv-neutron-839477-2-hyperv neutron-server[104433]: DEBUG neutron_lib.callbacks.manager [None req-f4788db8-7893-484b-9485-da84a22b0d33 tempest-ExternalNetworksTestJSON-605879483 tempest-ExternalNetworksTestJSON-605879483-project-admin] Publish callbacks ['neutron.plugins.ml2.plugin.Ml2Plugin._network_delete_after_delete_handler-16190190', 'neutron.plugins.ml2.ovo_rpc._ObjectChangeHandler.handle_event-640105', 'neutron.api.rpc.agentnotifiers.dhcp_rpc_agent_api.DhcpAgentNotifyAPI._native_event_send_dhcp_notification-582407', 'neutron.services.l3_router.l3_router_plugin.DVRResourceOperationHandler.delete_fip_namespaces_for_ext_net-592043'] for network (ba3123dc-bd63-419d-bd9b-d4af008e45bd), after_delete {{(pid=104433) _notify_loop /usr/local/lib/python3.8/dist-packages/neutron_lib/callbacks/manager.py:176}}
May 04 13:03:13.570970 dv-neutron-839477-2-hyperv neutron-server[104435]: DEBUG neutron.plugins.ml2.db [None req-0840c21c-71f7-4363-92ba-5d440f819292 None None] For port 2554341b-c56a-48f8-bb20-0103ddae0eb1, host dv-neutron-839477-2-hyperv, cleared binding levels {{(pid=104435) clear_binding_levels /opt/stack/neutron/neutron/plugins/ml2/db.py:87}}
May 04 13:03:13.574811 dv-neutron-839477-2-hyperv neutron-server[104435]: DEBUG neutron.plugins.ml2.db [None req-0840c21c-71f7-4363-92ba-5d440f819292 None None] For port 2554341b-c56a-48f8-bb20-0103ddae0eb1, host dv-neutron-839477-2-hyperv, set binding levels [PortBindingLevel(driver='openvswitch',host='dv-neutron-839477-2-hyperv',level=0,port_id=2554341b-c56a-48f8-bb20-0103ddae0eb1,segment=NetworkSegment(d47765b7-c316-4813-aee1-c9e2bbb4b859),segment_id=d47765b7-c316-4813-aee1-c9e2bbb4b859)] {{(pid=104435) set_binding_levels /opt/stack/neutron/neutron/plugins/ml2/db.py:59}}
May 04 13:03:13.596843 dv-neutron-839477-2-hyperv neutron-server[104433]: DEBUG neutron.api.rpc.agentnotifiers.l3_rpc_agent_api [None req-f4788db8-7893-484b-9485-da84a22b0d33 tempest-ExternalNetworksTestJSON-605879483 tempest-ExternalNetworksTestJSON-605879483-project-admin] Fanout notify agent at l3_agent the message fipnamespace_delete_on_ext_net for external_network ba3123dc-bd63-419d-bd9b-d4af008e45bd {{(pid=104433) _notification_fanout /opt/stack/neutron/neutron/api/rpc/agentnotifiers/l3_rpc_agent_api.py:120}}
May 04 13:03:13.607034 dv-neutron-839477-2-hyperv neutron-server[104433]: DEBUG neutron_lib.callbacks.manager [None req-f4788db8-7893-484b-9485-da84a22b0d33 tempest-ExternalNetworksTestJSON-605879483 tempest-ExternalNetworksTestJSON-605879483-project-admin] Publish callbacks ['neutron.api.rpc.agentnotifiers.dhcp_rpc_agent_api.DhcpAgentNotifyAPI._send_dhcp_notification-582453'] for network (None), before_response {{(pid=104433) _notify_loop /usr/local/lib/python3.8/dist-packages/neutron_lib/callbacks/manager.py:176}}
May 04 13:03:13.610164 dv-neutron-839477-2-hyperv neutron-server[104433]: INFO neutron.wsgi [None req-f4788db8-7893-484b-9485-da84a22b0d33 tempest-ExternalNetworksTestJSON-605879483 tempest-ExternalNetworksTestJSON-605879483-project-admin] 10.222.0.60 "DELETE /v2.0/networks/ba3123dc-bd63-419d-bd9b-d4af008e45bd HTTP/1.1" status: 204 len: 168 time: 0.9252489
May 04 13:03:13.620776 dv-neutron-839477-2-hyperv neutron-server[104433]: DEBUG neutron.wsgi [-] (104433) accepted ('10.222.0.60', 53274) {{(pid=104433) server /usr/local/lib/python3.8/dist-packages/eventlet/wsgi.py:1004}}
May 04 13:03:13.628222 dv-neutron-839477-2-hyperv neutron-server[104433]: DEBUG neutron.api.v2.base [None req-0fd732b8-d8d0-47fe-b4a7-fa9a1cf08d8a tempest-ExternalNetworksTestJSON-605879483 tempest-ExternalNetworksTestJSON-605879483-project-admin] Request body: {'network': {'name': 'tempest-network--1391458725'}} {{(pid=104433) prepare_request_body /opt/stack/neutron/neutron/api/v2/base.py:730}}
May 04 13:03:13.633598 dv-neutron-839477-2-hyperv neutron-server[104433]: DEBUG neutron.api.rpc.handlers.resources_rpc [None req-f4788db8-7893-484b-9485-da84a22b0d33 tempest-ExternalNetworksTestJSON-605879483 tempest-ExternalNetworksTestJSON-605879483-project-admin] Pushing event deleted for resources: {'Network': ['ID=ba3123dc-bd63-419d-bd9b-d4af008e45bd,revision_number=None']} {{(pid=104433) push /opt/stack/neutron/neutron/api/rpc/handlers/resources_rpc.py:237}}
May 04 13:03:13.676816 dv-neutron-839477-2-hyperv neutron-server[104435]: DEBUG neutron_lib.callbacks.manager [None req-0840c21c-71f7-4363-92ba-5d440f819292 None None] Publish callbacks ['neutron.plugins.ml2.plugin.SecurityGroupServerNotifierRpcMixin._notify_sg_on_port_change-16136895', 'neutron.plugins.ml2.ovo_rpc._ObjectChangeHandler.handle_event-962335', 'neutron.api.rpc.agentnotifiers.dhcp_rpc_agent_api.DhcpAgentNotifyAPI._native_event_send_dhcp_notification-582407', 'neutron.db.l3_db.L3RpcNotifierMixin._notify_gateway_port_ip_changed-8755382608577', 'neutron.db.l3_dvrscheduler_db._notify_l3_agent_port_update-8755382129821', 'neutron.db.l3_hascheduler_db._notify_l3_agent_ha_port_update-8755382129839'] for port (2554341b-c56a-48f8-bb20-0103ddae0eb1), after_update {{(pid=104435) _notify_loop /usr/local/lib/python3.8/dist-packages/neutron_lib/callbacks/manager.py:176}}
May 04 13:03:13.779564 dv-neutron-839477-2-hyperv neutron-server[104433]: DEBUG neutron.db.db_base_plugin_common [None req-bfd28ccc-11e1-45f7-90df-251957e9613c tempest-FloatingIPAdminTestJSON-1310342171 tempest-FloatingIPAdminTestJSON-1310342171-project] Allocated IP 172.20.0.5 (b7ee488a-4557-4c25-872a-c4b6c1594155/66ab1c64-8111-4fb0-a2bd-31fb22ae3221/1bbe9bba-1d56-4596-b1fe-1a1cd5d39646) {{(pid=104433) _store_ip_allocation /opt/stack/neutron/neutron/db/db_base_plugin_common.py:131}}
May 04 13:03:13.794031 dv-neutron-839477-2-hyperv neutron-server[104435]: DEBUG neutron.api.rpc.handlers.resources_rpc [None req-0840c21c-71f7-4363-92ba-5d440f819292 None None] Pushing event updated for resources: {'Port': ['ID=2554341b-c56a-48f8-bb20-0103ddae0eb1,revision_number=2']} {{(pid=104435) push /opt/stack/neutron/neutron/api/rpc/handlers/resources_rpc.py:237}}
May 04 13:03:13.864729 dv-neutron-839477-2-hyperv neutron-server[104434]: DEBUG neutron_lib.callbacks.manager [None req-5a102d70-67cc-44c9-b159-da60f73d0ff9 tempest-NetworksTestDHCPv6-2089647832 tempest-NetworksTestDHCPv6-2089647832-project] Publish callbacks ['neutron.plugins.ml2.plugin.SecurityGroupDbMixin._ensure_default_security_group_handler-16136915'] for port (None), before_create {{(pid=104434) _notify_loop /usr/local/lib/python3.8/dist-packages/neutron_lib/callbacks/manager.py:176}}
May 04 13:03:13.878241 dv-neutron-839477-2-hyperv neutron-server[104433]: DEBUG neutron.pecan_wsgi.hooks.quota_enforcement [None req-0fd732b8-d8d0-47fe-b4a7-fa9a1cf08d8a tempest-ExternalNetworksTestJSON-605879483 tempest-ExternalNetworksTestJSON-605879483-project-admin] Made reservation on behalf of f6701cf5e79949f0a815037c1db34a4e for: {'network': 1} {{(pid=104433) before /opt/stack/neutron/neutron/pecan_wsgi/hooks/quota_enforcement.py:53}}
May 04 13:03:13.883818 dv-neutron-839477-2-hyperv neutron-server[104433]: DEBUG neutron_lib.callbacks.manager [None req-0fd732b8-d8d0-47fe-b4a7-fa9a1cf08d8a tempest-ExternalNetworksTestJSON-605879483 tempest-ExternalNetworksTestJSON-605879483-project-admin] Publish callbacks ['neutron.plugins.ml2.plugin.SecurityGroupDbMixin._ensure_default_security_group_handler-16136915'] for network (None), before_create {{(pid=104433) _notify_loop /usr/local/lib/python3.8/dist-packages/neutron_lib/callbacks/manager.py:176}}
May 04 13:03:13.968768 dv-neutron-839477-2-hyperv neutron-server[104434]: DEBUG neutron.notifiers.nova [None req-5a102d70-67cc-44c9-b159-da60f73d0ff9 tempest-NetworksTestDHCPv6-2089647832 tempest-NetworksTestDHCPv6-2089647832-project] device_id is not set on port 5cb2f34a-e828-4b1b-9932-f25ca6a6ab37 yet. {{(pid=104434) _can_notify /opt/stack/neutron/neutron/notifiers/nova.py:199}}
May 04 13:03:14.003127 dv-neutron-839477-2-hyperv neutron-server[104433]: DEBUG neutron.plugins.ml2.drivers.helpers [None req-0fd732b8-d8d0-47fe-b4a7-fa9a1cf08d8a tempest-ExternalNetworksTestJSON-605879483 tempest-ExternalNetworksTestJSON-605879483-project-admin] vlan segment allocate from pool success with {'physical_network': 'physnet1', 'vlan_id': 581} {{(pid=104433) allocate_partially_specified_segment /opt/stack/neutron/neutron/plugins/ml2/drivers/helpers.py:153}}
May 04 13:03:14.053242 dv-neutron-839477-2-hyperv neutron-server[104433]: DEBUG neutron_lib.callbacks.manager [None req-0fd732b8-d8d0-47fe-b4a7-fa9a1cf08d8a tempest-ExternalNetworksTestJSON-605879483 tempest-ExternalNetworksTestJSON-605879483-project-admin] Publish callbacks ['neutron.plugins.ml2.plugin.Ml2Plugin._handle_segment_change-16154119'] for segment (6615a43d-0498-4863-8dd6-7c7f4ab3a7c4), precommit_create {{(pid=104433) _notify_loop /usr/local/lib/python3.8/dist-packages/neutron_lib/callbacks/manager.py:176}}
May 04 13:03:14.053603 dv-neutron-839477-2-hyperv neutron-server[104433]: INFO neutron.db.segments_db [None req-0fd732b8-d8d0-47fe-b4a7-fa9a1cf08d8a tempest-ExternalNetworksTestJSON-605879483 tempest-ExternalNetworksTestJSON-605879483-project-admin] Added segment 6615a43d-0498-4863-8dd6-7c7f4ab3a7c4 of type vlan for network b9f3d963-96eb-416e-9f7d-85d2898e84a9
May 04 13:03:14.105598 dv-neutron-839477-2-hyperv neutron-server[104435]: DEBUG neutron_lib.callbacks.manager [None req-782ccab5-9023-4aa8-a4bc-a789b519d5f9 None None] Publish callbacks ['neutron.services.segments.db._update_segment_host_mapping_for_agent-8755382577978', 'neutron.plugins.ml2.plugin.Ml2Plugin._retry_binding_revived_agents-16192182'] for agent (dd726d61-b8b5-45a3-8597-71c50ff3c39d), after_update {{(pid=104435) _notify_loop /usr/local/lib/python3.8/dist-packages/neutron_lib/callbacks/manager.py:176}}
May 04 13:03:14.183096 dv-neutron-839477-2-hyperv neutron-server[104433]: DEBUG neutron_lib.callbacks.manager [None req-0fd732b8-d8d0-47fe-b4a7-fa9a1cf08d8a tempest-ExternalNetworksTestJSON-605879483 tempest-ExternalNetworksTestJSON-605879483-project-admin] Publish callbacks ['neutron.services.auto_allocate.db._ensure_external_network_default_value_callback-8755382119361'] for network (b9f3d963-96eb-416e-9f7d-85d2898e84a9), precommit_create {{(pid=104433) _notify_loop /usr/local/lib/python3.8/dist-packages/neutron_lib/callbacks/manager.py:176}}
May 04 13:03:14.258389 dv-neutron-839477-2-hyperv neutron-server[104434]: DEBUG neutron_lib.callbacks.manager [None req-4408356c-e258-4854-9834-804dc8e56430 tempest-AllowedAddressPairIpV6TestJSON-168543246 tempest-AllowedAddressPairIpV6TestJSON-168543246-project] Publish callbacks [] for port (753be2a6-6bea-4dfb-910a-7194cfa9cccc), precommit_create {{(pid=104434) _notify_loop /usr/local/lib/python3.8/dist-packages/neutron_lib/callbacks/manager.py:176}}
May 04 13:03:14.291516 dv-neutron-839477-2-hyperv neutron-server[104434]: DEBUG neutron_lib.callbacks.manager [None req-757722e3-6952-44f0-80e9-850842134356 tempest-PortsAdminExtendedAttrsTestJSON-608481703 tempest-PortsAdminExtendedAttrsTestJSON-608481703-project-admin] Publish callbacks ['neutron.plugins.ml2.plugin.SecurityGroupServerNotifierRpcMixin._notify_sg_on_port_change-16136895', 'neutron.plugins.ml2.ovo_rpc._ObjectChangeHandler.handle_event-962335', 'neutron.api.rpc.agentnotifiers.dhcp_rpc_agent_api.DhcpAgentNotifyAPI._native_event_send_dhcp_notification-582407', 'neutron.db.l3_db.L3RpcNotifierMixin._notify_routers_callback-8755382608559', 'neutron.db.l3_dvrscheduler_db._notify_port_delete-8755382129812', 'neutron.services.segments.plugin.NovaSegmentNotifier._notify_port_created_or_deleted-4118277'] for port (53b19bad-b7e5-4d9f-a20e-3a7a66617ff4), after_delete {{(pid=104434) _notify_loop /usr/local/lib/python3.8/dist-packages/neutron_lib/callbacks/manager.py:176}}
May 04 13:03:14.415090 dv-neutron-839477-2-hyperv neutron-server[104433]: DEBUG neutron_lib.callbacks.manager [None req-0fd732b8-d8d0-47fe-b4a7-fa9a1cf08d8a tempest-ExternalNetworksTestJSON-605879483 tempest-ExternalNetworksTestJSON-605879483-project-admin] Publish callbacks ['neutron.plugins.ml2.ovo_rpc._ObjectChangeHandler.handle_event-640105', 'neutron.api.rpc.agentnotifiers.dhcp_rpc_agent_api.DhcpAgentNotifyAPI._native_event_send_dhcp_notification-582407'] for network (b9f3d963-96eb-416e-9f7d-85d2898e84a9), after_create {{(pid=104433) _notify_loop /usr/local/lib/python3.8/dist-packages/neutron_lib/callbacks/manager.py:176}}
May 04 13:03:14.416588 dv-neutron-839477-2-hyperv neutron-server[104433]: DEBUG neutron.pecan_wsgi.hooks.policy_enforcement [None req-0fd732b8-d8d0-47fe-b4a7-fa9a1cf08d8a tempest-ExternalNetworksTestJSON-605879483 tempest-ExternalNetworksTestJSON-605879483-project-admin] Attributes excluded by policy engine: ['standard_attr_id', 'vlan_transparent'] {{(pid=104433) _exclude_attributes_by_policy /opt/stack/neutron/neutron/pecan_wsgi/hooks/policy_enforcement.py:259}}
May 04 13:03:14.417406 dv-neutron-839477-2-hyperv neutron-server[104433]: DEBUG neutron_lib.callbacks.manager [None req-0fd732b8-d8d0-47fe-b4a7-fa9a1cf08d8a tempest-ExternalNetworksTestJSON-605879483 tempest-ExternalNetworksTestJSON-605879483-project-admin] Publish callbacks ['neutron.api.rpc.agentnotifiers.dhcp_rpc_agent_api.DhcpAgentNotifyAPI._send_dhcp_notification-582453'] for network (None), before_response {{(pid=104433) _notify_loop /usr/local/lib/python3.8/dist-packages/neutron_lib/callbacks/manager.py:176}}
May 04 13:03:14.453433 dv-neutron-839477-2-hyperv neutron-server[104434]: DEBUG neutron.api.rpc.handlers.resources_rpc [None req-757722e3-6952-44f0-80e9-850842134356 tempest-PortsAdminExtendedAttrsTestJSON-608481703 tempest-PortsAdminExtendedAttrsTestJSON-608481703-project-admin] Pushing event deleted for resources: {'Port': ['ID=53b19bad-b7e5-4d9f-a20e-3a7a66617ff4,revision_number=None']} {{(pid=104434) push /opt/stack/neutron/neutron/api/rpc/handlers/resources_rpc.py:237}}
May 04 13:03:14.457123 dv-neutron-839477-2-hyperv neutron-server[104434]: INFO neutron.wsgi [req-d98aab54-f272-4576-a3f3-c2bc0be9e785 req-df271daf-8dbf-41e8-8965-91a125c36070 tempest-ServersTestJSON-1151069468 tempest-ServersTestJSON-1151069468-project] 10.222.0.60 "GET /v2.0/ports?device_id=8cd13527-550f-4eec-873c-46e031f8ab00 HTTP/1.1" status: 200 len: 210 time: 0.2887907
May 04 13:03:14.533815 dv-neutron-839477-2-hyperv neutron-server[104433]: DEBUG neutron.api.rpc.handlers.resources_rpc [None req-0fd732b8-d8d0-47fe-b4a7-fa9a1cf08d8a tempest-ExternalNetworksTestJSON-605879483 tempest-ExternalNetworksTestJSON-605879483-project-admin] Pushing event updated for resources: {'Network': ['ID=b9f3d963-96eb-416e-9f7d-85d2898e84a9,revision_number=1']} {{(pid=104433) push /opt/stack/neutron/neutron/api/rpc/handlers/resources_rpc.py:237}}
May 04 13:03:14.549717 dv-neutron-839477-2-hyperv neutron-server[104435]: DEBUG neutron.plugins.ml2.rpc [None req-bc44b4c2-3ff7-4f6b-9777-c9bea06a71e5 None None] Network b9f3d963-96eb-416e-9f7d-85d2898e84a9 details requested by agent ovs-agent-dv-neutron-839477-2-hyperv with host dv-neutron-839477-2-hyperv {{(pid=104435) get_network_details /opt/stack/neutron/neutron/plugins/ml2/rpc.py:248}}
May 04 13:03:14.574969 dv-neutron-839477-2-hyperv neutron-server[104434]: DEBUG neutron_lib.callbacks.manager [None req-757722e3-6952-44f0-80e9-850842134356 tempest-PortsAdminExtendedAttrsTestJSON-608481703 tempest-PortsAdminExtendedAttrsTestJSON-608481703-project-admin] Publish callbacks ['neutron.notifiers.nova.Notifier._send_nova_notification-36700'] for port (None), before_response {{(pid=104434) _notify_loop /usr/local/lib/python3.8/dist-packages/neutron_lib/callbacks/manager.py:176}}
May 04 13:03:14.598738 dv-neutron-839477-2-hyperv neutron-server[104434]: INFO neutron.wsgi [None req-757722e3-6952-44f0-80e9-850842134356 tempest-PortsAdminExtendedAttrsTestJSON-608481703 tempest-PortsAdminExtendedAttrsTestJSON-608481703-project-admin] 10.222.0.60 "DELETE /v2.0/ports/53b19bad-b7e5-4d9f-a20e-3a7a66617ff4 HTTP/1.1" status: 204 len: 168 time: 2.4974775
May 04 13:03:14.598859 dv-neutron-839477-2-hyperv neutron-server[104433]: DEBUG neutron.wsgi [-] (104433) accepted ('10.222.0.60', 53294) {{(pid=104433) server /usr/local/lib/python3.8/dist-packages/eventlet/wsgi.py:1004}}
May 04 13:03:14.617568 dv-neutron-839477-2-hyperv neutron-server[104433]: DEBUG neutron_lib.callbacks.manager [None req-bfd28ccc-11e1-45f7-90df-251957e9613c tempest-FloatingIPAdminTestJSON-1310342171 tempest-FloatingIPAdminTestJSON-1310342171-project] Publish callbacks [] for port (1bbe9bba-1d56-4596-b1fe-1a1cd5d39646), precommit_create {{(pid=104433) _notify_loop /usr/local/lib/python3.8/dist-packages/neutron_lib/callbacks/manager.py:176}}
May 04 13:03:14.640282 dv-neutron-839477-2-hyperv neutron-server[104433]: INFO neutron.wsgi [None req-0fd732b8-d8d0-47fe-b4a7-fa9a1cf08d8a tempest-ExternalNetworksTestJSON-605879483 tempest-ExternalNetworksTestJSON-605879483-project-admin] 10.222.0.60 "POST /v2.0/networks HTTP/1.1" status: 201 len: 864 time: 1.0163329
May 04 13:03:14.644077 dv-neutron-839477-2-hyperv neutron-server[104433]: INFO neutron.pecan_wsgi.hooks.translation [None req-b8cded17-bc5e-4887-9c5f-710aa4f8acb6 tempest-PortsAdminExtendedAttrsTestJSON-608481703 tempest-PortsAdminExtendedAttrsTestJSON-608481703-project-admin] GET failed (client error): The resource could not be found.
May 04 13:03:14.646829 dv-neutron-839477-2-hyperv neutron-server[104433]: INFO neutron.wsgi [None req-b8cded17-bc5e-4887-9c5f-710aa4f8acb6 tempest-PortsAdminExtendedAttrsTestJSON-608481703 tempest-PortsAdminExtendedAttrsTestJSON-608481703-project-admin] 10.222.0.60 "GET /v2.0/ports/53b19bad-b7e5-4d9f-a20e-3a7a66617ff4 HTTP/1.1" status: 404 len: 333 time: 0.0476418
May 04 13:03:14.652673 dv-neutron-839477-2-hyperv neutron-server[104433]: DEBUG neutron.wsgi [-] (104433) accepted ('10.222.0.60', 53296) {{(pid=104433) server /usr/local/lib/python3.8/dist-packages/eventlet/wsgi.py:1004}}
May 04 13:03:14.657737 dv-neutron-839477-2-hyperv neutron-server[104433]: DEBUG neutron.api.v2.base [None req-b5fa0272-6f69-4f3e-be48-126f50e7772c tempest-ExternalNetworksTestJSON-605879483 tempest-ExternalNetworksTestJSON-605879483-project-admin] Request body: {'network': {'router:external': True}} {{(pid=104433) prepare_request_body /opt/stack/neutron/neutron/api/v2/base.py:730}}
May 04 13:03:14.661543 dv-neutron-839477-2-hyperv neutron-server[104433]: DEBUG neutron.wsgi [-] (104433) accepted ('10.222.0.60', 53298) {{(pid=104433) server /usr/local/lib/python3.8/dist-packages/eventlet/wsgi.py:1004}}
May 04 13:03:14.709531 dv-neutron-839477-2-hyperv neutron-server[104434]: DEBUG neutron.pecan_wsgi.hooks.quota_enforcement [req-3f334e03-fa4e-4952-b5c0-3c81cb903de6 req-e8078769-2444-4430-bf32-50b19bdc6952 tempest-ServersTestJSON-1151069468 tempest-ServersTestJSON-1151069468-project] Made reservation on behalf of 5dd24982a60d4048a089ca61e0ab79e3 for: {'port': 1} {{(pid=104434) before /opt/stack/neutron/neutron/pecan_wsgi/hooks/quota_enforcement.py:53}}
May 04 13:03:14.726044 dv-neutron-839477-2-hyperv neutron-server[104434]: DEBUG neutron_lib.callbacks.manager [req-3f334e03-fa4e-4952-b5c0-3c81cb903de6 req-e8078769-2444-4430-bf32-50b19bdc6952 tempest-ServersTestJSON-1151069468 tempest-ServersTestJSON-1151069468-project] Publish callbacks ['neutron.plugins.ml2.plugin.SecurityGroupDbMixin._ensure_default_security_group_handler-16136915'] for port (None), before_create {{(pid=104434) _notify_loop /usr/local/lib/python3.8/dist-packages/neutron_lib/callbacks/manager.py:176}}
May 04 13:03:14.782443 dv-neutron-839477-2-hyperv neutron-server[104434]: INFO neutron.wsgi [req-63cfdf1c-493c-4865-8733-7557ae979735 req-6d4253d5-77ff-4317-9a0a-d1b4c34148ac tempest-ServersTestManualDisk-899294736 tempest-ServersTestManualDisk-899294736-project] 10.222.0.60 "GET /v2.0/ports?device_id=9284c614-25d9-4072-9b20-2def318e32c2 HTTP/1.1" status: 200 len: 210 time: 0.3438580
May 04 13:03:14.811437 dv-neutron-839477-2-hyperv neutron-server[104434]: DEBUG neutron_lib.callbacks.manager [None req-4408356c-e258-4854-9834-804dc8e56430 tempest-AllowedAddressPairIpV6TestJSON-168543246 tempest-AllowedAddressPairIpV6TestJSON-168543246-project] Publish callbacks ['neutron.plugins.ml2.plugin.SecurityGroupServerNotifierRpcMixin._notify_sg_on_port_change-16136895', 'neutron.plugins.ml2.ovo_rpc._ObjectChangeHandler.handle_event-962335', 'neutron.api.rpc.agentnotifiers.dhcp_rpc_agent_api.DhcpAgentNotifyAPI._native_event_send_dhcp_notification-582407', 'neutron.db.l3_dvrscheduler_db._notify_l3_agent_new_port-8755382129803', 'neutron.services.segments.plugin.NovaSegmentNotifier._notify_port_created_or_deleted-4118277'] for port (753be2a6-6bea-4dfb-910a-7194cfa9cccc), after_create {{(pid=104434) _notify_loop /usr/local/lib/python3.8/dist-packages/neutron_lib/callbacks/manager.py:176}}
May 04 13:03:14.836362 dv-neutron-839477-2-hyperv neutron-server[104435]: DEBUG neutron.plugins.ml2.rpc [None req-bc44b4c2-3ff7-4f6b-9777-c9bea06a71e5 None None] Device 2554341b-c56a-48f8-bb20-0103ddae0eb1 up at agent ovs-agent-dv-neutron-839477-2-hyperv {{(pid=104435) update_device_up /opt/stack/neutron/neutron/plugins/ml2/rpc.py:296}}
May 04 13:03:14.910284 dv-neutron-839477-2-hyperv neutron-server[104435]: DEBUG neutron.db.provisioning_blocks [None req-bc44b4c2-3ff7-4f6b-9777-c9bea06a71e5 None None] Provisioning complete for port 2554341b-c56a-48f8-bb20-0103ddae0eb1 triggered by entity L2. {{(pid=104435) provisioning_complete /opt/stack/neutron/neutron/db/provisioning_blocks.py:145}}
May 04 13:03:14.910726 dv-neutron-839477-2-hyperv neutron-server[104435]: DEBUG neutron_lib.callbacks.manager [None req-bc44b4c2-3ff7-4f6b-9777-c9bea06a71e5 None None] Publish callbacks ['neutron.plugins.ml2.plugin.Ml2Plugin._port_provisioned-16192012'] for port (2554341b-c56a-48f8-bb20-0103ddae0eb1), provisioning_complete {{(pid=104435) _notify_loop /usr/local/lib/python3.8/dist-packages/neutron_lib/callbacks/manager.py:176}}
May 04 13:03:14.949363 dv-neutron-839477-2-hyperv neutron-server[104434]: DEBUG neutron.scheduler.dhcp_agent_scheduler [None req-4408356c-e258-4854-9834-804dc8e56430 tempest-AllowedAddressPairIpV6TestJSON-168543246 tempest-AllowedAddressPairIpV6TestJSON-168543246-project] Network 96548d05-8af9-4df5-a4e7-85dc3fa2b820 is already hosted by enough agents. {{(pid=104434) _get_dhcp_agents_hosting_network /opt/stack/neutron/neutron/scheduler/dhcp_agent_scheduler.py:275}}
May 04 13:03:14.958335 dv-neutron-839477-2-hyperv neutron-server[104433]: DEBUG neutron_lib.callbacks.manager [None req-b5c8d00b-dd82-4259-bbde-059c79ab5d8d tempest-PortsAdminExtendedAttrsTestJSON-655991727 tempest-PortsAdminExtendedAttrsTestJSON-655991727-project] Publish callbacks ['neutron.plugins.ml2.plugin.External_net_db_mixin._before_network_delete_handler-16166412'] for network (12739893-7c15-462b-a89a-694a8c7f78f8), before_delete {{(pid=104433) _notify_loop /usr/local/lib/python3.8/dist-packages/neutron_lib/callbacks/manager.py:176}}
May 04 13:03:14.966635 dv-neutron-839477-2-hyperv neutron-server[104434]: DEBUG neutron.scheduler.base_scheduler [None req-4408356c-e258-4854-9834-804dc8e56430 tempest-AllowedAddressPairIpV6TestJSON-168543246 tempest-AllowedAddressPairIpV6TestJSON-168543246-project] Resources bound (agent type, host, resource id): {{(pid=104434) schedule /opt/stack/neutron/neutron/scheduler/base_scheduler.py:57}}
May 04 13:03:14.978353 dv-neutron-839477-2-hyperv neutron-server[104434]: DEBUG neutron.db.l3_dvrscheduler_db [None req-4408356c-e258-4854-9834-804dc8e56430 tempest-AllowedAddressPairIpV6TestJSON-168543246 tempest-AllowedAddressPairIpV6TestJSON-168543246-project] Received port after_create {{(pid=104434) _notify_l3_agent_new_port /opt/stack/neutron/neutron/db/l3_dvrscheduler_db.py:536}}
May 04 13:03:14.983745 dv-neutron-839477-2-hyperv neutron-server[104434]: DEBUG neutron.pecan_wsgi.hooks.policy_enforcement [None req-4408356c-e258-4854-9834-804dc8e56430 tempest-AllowedAddressPairIpV6TestJSON-168543246 tempest-AllowedAddressPairIpV6TestJSON-168543246-project] Attributes excluded by policy engine: ['standard_attr_id', 'binding:profile', 'binding:host_id', 'binding:vif_type', 'binding:vif_details', 'network'] {{(pid=104434) _exclude_attributes_by_policy /opt/stack/neutron/neutron/pecan_wsgi/hooks/policy_enforcement.py:259}}
May 04 13:03:14.985637 dv-neutron-839477-2-hyperv neutron-server[104434]: DEBUG neutron_lib.callbacks.manager [None req-4408356c-e258-4854-9834-804dc8e56430 tempest-AllowedAddressPairIpV6TestJSON-168543246 tempest-AllowedAddressPairIpV6TestJSON-168543246-project] Publish callbacks ['neutron.notifiers.nova.Notifier._send_nova_notification-36700'] for port (None), before_response {{(pid=104434) _notify_loop /usr/local/lib/python3.8/dist-packages/neutron_lib/callbacks/manager.py:176}}
May 04 13:03:15.026932 dv-neutron-839477-2-hyperv neutron-server[104435]: DEBUG neutron.plugins.ml2.plugin [None req-bc44b4c2-3ff7-4f6b-9777-c9bea06a71e5 None None] Current status of the port 2554341b-c56a-48f8-bb20-0103ddae0eb1 is: DOWN; New status is: ACTIVE {{(pid=104435) _update_individual_port_db_status /opt/stack/neutron/neutron/plugins/ml2/plugin.py:2297}}
May 04 13:03:15.026932 dv-neutron-839477-2-hyperv neutron-server[104435]: DEBUG neutron_lib.callbacks.manager [None req-bc44b4c2-3ff7-4f6b-9777-c9bea06a71e5 None None] Publish callbacks ['neutron.plugins.ml2.plugin.SecurityGroupDbMixin._ensure_default_security_group_handler-16136915'] for port (2554341b-c56a-48f8-bb20-0103ddae0eb1), before_update {{(pid=104435) _notify_loop /usr/local/lib/python3.8/dist-packages/neutron_lib/callbacks/manager.py:176}}
May 04 13:03:15.044537 dv-neutron-839477-2-hyperv neutron-server[104434]: DEBUG neutron.api.rpc.handlers.resources_rpc [None req-4408356c-e258-4854-9834-804dc8e56430 tempest-AllowedAddressPairIpV6TestJSON-168543246 tempest-AllowedAddressPairIpV6TestJSON-168543246-project] Pushing event updated for resources: {'Port': ['ID=753be2a6-6bea-4dfb-910a-7194cfa9cccc,revision_number=1']} {{(pid=104434) push /opt/stack/neutron/neutron/api/rpc/handlers/resources_rpc.py:237}}
May 04 13:03:15.094858 dv-neutron-839477-2-hyperv neutron-server[104435]: DEBUG neutron.plugins.ml2.db [None req-bc44b4c2-3ff7-4f6b-9777-c9bea06a71e5 None None] For port 2554341b-c56a-48f8-bb20-0103ddae0eb1, host dv-neutron-839477-2-hyperv, got binding levels [PortBindingLevel(driver='openvswitch',host='dv-neutron-839477-2-hyperv',level=0,port_id=2554341b-c56a-48f8-bb20-0103ddae0eb1,segment=NetworkSegment(d47765b7-c316-4813-aee1-c9e2bbb4b859),segment_id=d47765b7-c316-4813-aee1-c9e2bbb4b859)] {{(pid=104435) get_binding_level_objs /opt/stack/neutron/neutron/plugins/ml2/db.py:74}}
May 04 13:03:15.149604 dv-neutron-839477-2-hyperv neutron-server[104433]: DEBUG neutron_lib.callbacks.manager [None req-bfd28ccc-11e1-45f7-90df-251957e9613c tempest-FloatingIPAdminTestJSON-1310342171 tempest-FloatingIPAdminTestJSON-1310342171-project] Publish callbacks ['neutron.plugins.ml2.plugin.SecurityGroupServerNotifierRpcMixin._notify_sg_on_port_change-16136895', 'neutron.plugins.ml2.ovo_rpc._ObjectChangeHandler.handle_event-962335', 'neutron.api.rpc.agentnotifiers.dhcp_rpc_agent_api.DhcpAgentNotifyAPI._native_event_send_dhcp_notification-582407', 'neutron.db.l3_dvrscheduler_db._notify_l3_agent_new_port-8755382129803', 'neutron.services.segments.plugin.NovaSegmentNotifier._notify_port_created_or_deleted-3551500'] for port (1bbe9bba-1d56-4596-b1fe-1a1cd5d39646), after_create {{(pid=104433) _notify_loop /usr/local/lib/python3.8/dist-packages/neutron_lib/callbacks/manager.py:176}}
May 04 13:03:15.193002 dv-neutron-839477-2-hyperv neutron-server[104434]: DEBUG neutron.db.db_base_plugin_common [None req-5a102d70-67cc-44c9-b159-da60f73d0ff9 tempest-NetworksTestDHCPv6-2089647832 tempest-NetworksTestDHCPv6-2089647832-project] Allocated IP 2001:db8::3e1a:4b1d:ceb:6dba (d7805423-6aa8-48e7-a831-b06988d292cd/b743f131-12d2-413d-8a01-a5c0feb6874a/5cb2f34a-e828-4b1b-9932-f25ca6a6ab37) {{(pid=104434) _store_ip_allocation /opt/stack/neutron/neutron/db/db_base_plugin_common.py:131}}
May 04 13:03:15.227416 dv-neutron-839477-2-hyperv neutron-server[104433]: DEBUG neutron.scheduler.dhcp_agent_scheduler [None req-bfd28ccc-11e1-45f7-90df-251957e9613c tempest-FloatingIPAdminTestJSON-1310342171 tempest-FloatingIPAdminTestJSON-1310342171-project] Network b7ee488a-4557-4c25-872a-c4b6c1594155 is already hosted by enough agents. {{(pid=104433) _get_dhcp_agents_hosting_network /opt/stack/neutron/neutron/scheduler/dhcp_agent_scheduler.py:275}}
May 04 13:03:15.242994 dv-neutron-839477-2-hyperv neutron-server[104433]: DEBUG neutron.scheduler.base_scheduler [None req-bfd28ccc-11e1-45f7-90df-251957e9613c tempest-FloatingIPAdminTestJSON-1310342171 tempest-FloatingIPAdminTestJSON-1310342171-project] Resources bound (agent type, host, resource id): {{(pid=104433) schedule /opt/stack/neutron/neutron/scheduler/base_scheduler.py:57}}
May 04 13:03:15.245605 dv-neutron-839477-2-hyperv neutron-server[104433]: DEBUG neutron.db.l3_dvrscheduler_db [None req-bfd28ccc-11e1-45f7-90df-251957e9613c tempest-FloatingIPAdminTestJSON-1310342171 tempest-FloatingIPAdminTestJSON-1310342171-project] Received port after_create {{(pid=104433) _notify_l3_agent_new_port /opt/stack/neutron/neutron/db/l3_dvrscheduler_db.py:536}}
May 04 13:03:15.277493 dv-neutron-839477-2-hyperv neutron-server[104435]: DEBUG neutron_lib.callbacks.manager [None req-bc44b4c2-3ff7-4f6b-9777-c9bea06a71e5 None None] Publish callbacks ['neutron.plugins.ml2.plugin.SecurityGroupServerNotifierRpcMixin._notify_sg_on_port_change-16136895', 'neutron.plugins.ml2.ovo_rpc._ObjectChangeHandler.handle_event-962335', 'neutron.api.rpc.agentnotifiers.dhcp_rpc_agent_api.DhcpAgentNotifyAPI._native_event_send_dhcp_notification-582407', 'neutron.db.l3_db.L3RpcNotifierMixin._notify_gateway_port_ip_changed-8755382608577', 'neutron.db.l3_dvrscheduler_db._notify_l3_agent_port_update-8755382129821', 'neutron.db.l3_hascheduler_db._notify_l3_agent_ha_port_update-8755382129839'] for port (2554341b-c56a-48f8-bb20-0103ddae0eb1), after_update {{(pid=104435) _notify_loop /usr/local/lib/python3.8/dist-packages/neutron_lib/callbacks/manager.py:176}}
May 04 13:03:15.321580 dv-neutron-839477-2-hyperv neutron-server[104434]: DEBUG neutron.db.db_base_plugin_common [req-3f334e03-fa4e-4952-b5c0-3c81cb903de6 req-e8078769-2444-4430-bf32-50b19bdc6952 tempest-ServersTestJSON-1151069468 tempest-ServersTestJSON-1151069468-project] Allocated IP 172.20.0.4 (d531c224-6ec6-450d-a59f-19b2aa3b0a81/3a2a2c0e-75f2-411b-b2db-62b590ec193f/08ac332b-3ccc-4ddd-b36e-3e52b7e536c3) {{(pid=104434) _store_ip_allocation /opt/stack/neutron/neutron/db/db_base_plugin_common.py:131}}
May 04 13:03:15.364703 dv-neutron-839477-2-hyperv neutron-server[104434]: INFO neutron.wsgi [None req-4408356c-e258-4854-9834-804dc8e56430 tempest-AllowedAddressPairIpV6TestJSON-168543246 tempest-AllowedAddressPairIpV6TestJSON-168543246-project] 10.222.0.60 "POST /v2.0/ports HTTP/1.1" status: 201 len: 944 time: 3.5057154
May 04 13:03:15.374421 dv-neutron-839477-2-hyperv neutron-server[104434]: DEBUG neutron.wsgi [-] (104434) accepted ('10.222.0.60', 53304) {{(pid=104434) server /usr/local/lib/python3.8/dist-packages/eventlet/wsgi.py:1004}}
May 04 13:03:15.400854 dv-neutron-839477-2-hyperv neutron-server[104434]: DEBUG neutron.api.v2.base [None req-e6f4f653-15e1-49ac-8c12-b38a1c54290e tempest-AllowedAddressPairIpV6TestJSON-168543246 tempest-AllowedAddressPairIpV6TestJSON-168543246-project] Request body: {'port': {'network_id': '96548d05-8af9-4df5-a4e7-85dc3fa2b820', 'name': 'tempest-AllowedAddressPairIpV6TestJSON-1301436082'}} {{(pid=104434) prepare_request_body /opt/stack/neutron/neutron/api/v2/base.py:730}}
May 04 13:03:15.481678 dv-neutron-839477-2-hyperv neutron-server[104435]: DEBUG neutron.api.rpc.handlers.resources_rpc [None req-bc44b4c2-3ff7-4f6b-9777-c9bea06a71e5 None None] Pushing event updated for resources: {'Port': ['ID=2554341b-c56a-48f8-bb20-0103ddae0eb1,revision_number=3']} {{(pid=104435) push /opt/stack/neutron/neutron/api/rpc/handlers/resources_rpc.py:237}}
May 04 13:03:15.526746 dv-neutron-839477-2-hyperv neutron-server[104433]: DEBUG neutron.pecan_wsgi.hooks.policy_enforcement [None req-bfd28ccc-11e1-45f7-90df-251957e9613c tempest-FloatingIPAdminTestJSON-1310342171 tempest-FloatingIPAdminTestJSON-1310342171-project] Attributes excluded by policy engine: ['standard_attr_id', 'binding:profile', 'binding:host_id', 'binding:vif_type', 'binding:vif_details', 'network'] {{(pid=104433) _exclude_attributes_by_policy /opt/stack/neutron/neutron/pecan_wsgi/hooks/policy_enforcement.py:259}}
May 04 13:03:15.527725 dv-neutron-839477-2-hyperv neutron-server[104433]: DEBUG neutron_lib.callbacks.manager [None req-bfd28ccc-11e1-45f7-90df-251957e9613c tempest-FloatingIPAdminTestJSON-1310342171 tempest-FloatingIPAdminTestJSON-1310342171-project] Publish callbacks ['neutron.notifiers.nova.Notifier._send_nova_notification-36700'] for port (None), before_response {{(pid=104433) _notify_loop /usr/local/lib/python3.8/dist-packages/neutron_lib/callbacks/manager.py:176}}
May 04 13:03:15.556365 dv-neutron-839477-2-hyperv neutron-server[104435]: DEBUG neutron_lib.callbacks.manager [None req-9d9e8db1-f9d6-45a1-a25f-de8da08f3975 None None] Publish callbacks ['neutron.services.segments.db._update_segment_host_mapping_for_agent-8755382577978', 'neutron.plugins.ml2.plugin.Ml2Plugin._retry_binding_revived_agents-16192182'] for agent (caa70f9c-0ed8-4b40-a0f5-c60c9dcc840f), after_update {{(pid=104435) _notify_loop /usr/local/lib/python3.8/dist-packages/neutron_lib/callbacks/manager.py:176}}
May 04 13:03:15.638502 dv-neutron-839477-2-hyperv neutron-server[104433]: DEBUG neutron_lib.callbacks.manager [None req-b5c8d00b-dd82-4259-bbde-059c79ab5d8d tempest-PortsAdminExtendedAttrsTestJSON-655991727 tempest-PortsAdminExtendedAttrsTestJSON-655991727-project] Publish callbacks ['neutron.plugins.ml2.plugin.Ml2Plugin._network_delete_precommit_handler-16190199', 'neutron.services.segments.db._delete_segments_for_network-8755382577996'] for network (12739893-7c15-462b-a89a-694a8c7f78f8), precommit_delete {{(pid=104433) _notify_loop /usr/local/lib/python3.8/dist-packages/neutron_lib/callbacks/manager.py:176}}
May 04 13:03:15.696866 dv-neutron-839477-2-hyperv neutron-server[104435]: DEBUG neutron.db.provisioning_blocks [None req-df983186-b6d5-4e09-a3f1-113a6fe75d08 None None] Provisioning complete for port 753be2a6-6bea-4dfb-910a-7194cfa9cccc triggered by entity DHCP. {{(pid=104435) provisioning_complete /opt/stack/neutron/neutron/db/provisioning_blocks.py:145}}
May 04 13:03:15.697032 dv-neutron-839477-2-hyperv neutron-server[104435]: DEBUG neutron_lib.callbacks.manager [None req-df983186-b6d5-4e09-a3f1-113a6fe75d08 None None] Publish callbacks ['neutron.plugins.ml2.plugin.Ml2Plugin._port_provisioned-16192012'] for port (753be2a6-6bea-4dfb-910a-7194cfa9cccc), provisioning_complete {{(pid=104435) _notify_loop /usr/local/lib/python3.8/dist-packages/neutron_lib/callbacks/manager.py:176}}
May 04 13:03:15.701389 dv-neutron-839477-2-hyperv neutron-server[104433]: DEBUG neutron.services.segments.db [None req-b5c8d00b-dd82-4259-bbde-059c79ab5d8d tempest-PortsAdminExtendedAttrsTestJSON-655991727 tempest-PortsAdminExtendedAttrsTestJSON-655991727-project] neutron.services.segments.plugin.Plugin method get_segments called with arguments (,) {'filters': {'network_id': ['12739893-7c15-462b-a89a-694a8c7f78f8']}} {{(pid=104433) wrapper /usr/local/lib/python3.8/dist-packages/oslo_log/helpers.py:65}}
May 04 13:03:15.705676 dv-neutron-839477-2-hyperv neutron-server[104433]: DEBUG neutron.api.rpc.handlers.resources_rpc [None req-bfd28ccc-11e1-45f7-90df-251957e9613c tempest-FloatingIPAdminTestJSON-1310342171 tempest-FloatingIPAdminTestJSON-1310342171-project] Pushing event updated for resources: {'Port': ['ID=1bbe9bba-1d56-4596-b1fe-1a1cd5d39646,revision_number=1']} {{(pid=104433) push /opt/stack/neutron/neutron/api/rpc/handlers/resources_rpc.py:237}}
May 04 13:03:15.735497 dv-neutron-839477-2-hyperv neutron-server[104433]: DEBUG neutron_lib.callbacks.manager [None req-b5fa0272-6f69-4f3e-be48-126f50e7772c tempest-ExternalNetworksTestJSON-605879483 tempest-ExternalNetworksTestJSON-605879483-project-admin] Publish callbacks ['neutron.services.auto_allocate.db._ensure_external_network_default_value_callback-8755382119361'] for network (b9f3d963-96eb-416e-9f7d-85d2898e84a9), precommit_update {{(pid=104433) _notify_loop /usr/local/lib/python3.8/dist-packages/neutron_lib/callbacks/manager.py:176}}
May 04 13:03:15.760176 dv-neutron-839477-2-hyperv neutron-server[104433]: INFO neutron.wsgi [None req-bfd28ccc-11e1-45f7-90df-251957e9613c tempest-FloatingIPAdminTestJSON-1310342171 tempest-FloatingIPAdminTestJSON-1310342171-project] 10.222.0.60 "POST /v2.0/ports HTTP/1.1" status: 201 len: 933 time: 3.1161492
May 04 13:03:15.778457 dv-neutron-839477-2-hyperv neutron-server[104433]: DEBUG neutron.wsgi [-] (104433) accepted ('10.222.0.60', 53312) {{(pid=104433) server /usr/local/lib/python3.8/dist-packages/eventlet/wsgi.py:1004}}
May 04 13:03:15.787414 dv-neutron-839477-2-hyperv neutron-server[104435]: DEBUG neutron.plugins.ml2.plugin [None req-df983186-b6d5-4e09-a3f1-113a6fe75d08 None None] Port 753be2a6-6bea-4dfb-910a-7194cfa9cccc cannot update to ACTIVE because it is not bound. {{(pid=104435) _port_provisioned /opt/stack/neutron/neutron/plugins/ml2/plugin.py:352}}
May 04 13:03:15.796577 dv-neutron-839477-2-hyperv neutron-server[104433]: DEBUG neutron.services.segments.db [None req-b5c8d00b-dd82-4259-bbde-059c79ab5d8d tempest-PortsAdminExtendedAttrsTestJSON-655991727 tempest-PortsAdminExtendedAttrsTestJSON-655991727-project] neutron.services.segments.plugin.Plugin method delete_segment called with arguments (, 'ace3bc49-61cb-4f4b-8c1b-efb8acfc8dd2') {'for_net_delete': True} {{(pid=104433) wrapper /usr/local/lib/python3.8/dist-packages/oslo_log/helpers.py:65}}
May 04 13:03:15.796883 dv-neutron-839477-2-hyperv neutron-server[104433]: DEBUG neutron.services.segments.db [None req-b5c8d00b-dd82-4259-bbde-059c79ab5d8d tempest-PortsAdminExtendedAttrsTestJSON-655991727 tempest-PortsAdminExtendedAttrsTestJSON-655991727-project] neutron.services.segments.plugin.Plugin method get_segment called with arguments (, 'ace3bc49-61cb-4f4b-8c1b-efb8acfc8dd2') {} {{(pid=104433) wrapper /usr/local/lib/python3.8/dist-packages/oslo_log/helpers.py:65}}
May 04 13:03:15.821523 dv-neutron-839477-2-hyperv neutron-server[104433]: DEBUG neutron_lib.callbacks.manager [None req-b5c8d00b-dd82-4259-bbde-059c79ab5d8d tempest-PortsAdminExtendedAttrsTestJSON-655991727 tempest-PortsAdminExtendedAttrsTestJSON-655991727-project] Publish callbacks ['neutron.plugins.ml2.db._prevent_segment_delete_with_port_bound-8755382579285', 'neutron.services.segments.plugin.Plugin._prevent_segment_delete_with_subnet_associated-3659886'] for segment (ace3bc49-61cb-4f4b-8c1b-efb8acfc8dd2), before_delete {{(pid=104433) _notify_loop /usr/local/lib/python3.8/dist-packages/neutron_lib/callbacks/manager.py:176}}
May 04 13:03:15.828368 dv-neutron-839477-2-hyperv neutron-server[104434]: INFO neutron.wsgi [req-34bd7185-8483-4daa-86ec-7dc6d5b3def7 req-9484e54d-ef2a-45c3-890d-526403ce04cd tempest-ServersTestJSON-1151069468 tempest-ServersTestJSON-1151069468-project] 10.222.0.60 "GET /v2.0/ports?device_id=8cd13527-550f-4eec-873c-46e031f8ab00 HTTP/1.1" status: 200 len: 210 time: 0.2137632
May 04 13:03:15.893406 dv-neutron-839477-2-hyperv neutron-server[104433]: DEBUG neutron_lib.callbacks.manager [None req-b5fa0272-6f69-4f3e-be48-126f50e7772c tempest-ExternalNetworksTestJSON-605879483 tempest-ExternalNetworksTestJSON-605879483-project-admin] Publish callbacks ['neutron.plugins.ml2.ovo_rpc._ObjectChangeHandler.handle_event-640105', 'neutron.api.rpc.agentnotifiers.dhcp_rpc_agent_api.DhcpAgentNotifyAPI._native_event_send_dhcp_notification-582407'] for network (b9f3d963-96eb-416e-9f7d-85d2898e84a9), after_update {{(pid=104433) _notify_loop /usr/local/lib/python3.8/dist-packages/neutron_lib/callbacks/manager.py:176}}
May 04 13:03:15.914442 dv-neutron-839477-2-hyperv neutron-server[104435]: DEBUG neutron.db.provisioning_blocks [None req-9ccd6bab-8db8-4199-9f53-5d315b53e24f None None] Provisioning complete for port 1bbe9bba-1d56-4596-b1fe-1a1cd5d39646 triggered by entity DHCP. {{(pid=104435) provisioning_complete /opt/stack/neutron/neutron/db/provisioning_blocks.py:145}}
May 04 13:03:15.915400 dv-neutron-839477-2-hyperv neutron-server[104435]: DEBUG neutron_lib.callbacks.manager [None req-9ccd6bab-8db8-4199-9f53-5d315b53e24f None None] Publish callbacks ['neutron.plugins.ml2.plugin.Ml2Plugin._port_provisioned-16192012'] for port (1bbe9bba-1d56-4596-b1fe-1a1cd5d39646), provisioning_complete {{(pid=104435) _notify_loop /usr/local/lib/python3.8/dist-packages/neutron_lib/callbacks/manager.py:176}}
May 04 13:03:15.924593 dv-neutron-839477-2-hyperv neutron-server[104433]: DEBUG neutron.api.rpc.agentnotifiers.dhcp_rpc_agent_api [None req-b5fa0272-6f69-4f3e-be48-126f50e7772c tempest-ExternalNetworksTestJSON-605879483 tempest-ExternalNetworksTestJSON-605879483-project-admin] Network b9f3d963-96eb-416e-9f7d-85d2898e84a9 is not hosted by any dhcp agent {{(pid=104433) _notify_agents /opt/stack/neutron/neutron/api/rpc/agentnotifiers/dhcp_rpc_agent_api.py:225}}
May 04 13:03:15.930063 dv-neutron-839477-2-hyperv neutron-server[104433]: DEBUG neutron.pecan_wsgi.hooks.policy_enforcement [None req-b5fa0272-6f69-4f3e-be48-126f50e7772c tempest-ExternalNetworksTestJSON-605879483 tempest-ExternalNetworksTestJSON-605879483-project-admin] Attributes excluded by policy engine: ['standard_attr_id', 'vlan_transparent'] {{(pid=104433) _exclude_attributes_by_policy /opt/stack/neutron/neutron/pecan_wsgi/hooks/policy_enforcement.py:259}}
May 04 13:03:15.933058 dv-neutron-839477-2-hyperv neutron-server[104433]: DEBUG neutron_lib.callbacks.manager [None req-b5fa0272-6f69-4f3e-be48-126f50e7772c tempest-ExternalNetworksTestJSON-605879483 tempest-ExternalNetworksTestJSON-605879483-project-admin] Publish callbacks [] for network (None), before_response {{(pid=104433) _notify_loop /usr/local/lib/python3.8/dist-packages/neutron_lib/callbacks/manager.py:176}}
May 04 13:03:15.934626 dv-neutron-839477-2-hyperv neutron-server[104433]: INFO neutron.wsgi [None req-b5fa0272-6f69-4f3e-be48-126f50e7772c tempest-ExternalNetworksTestJSON-605879483 tempest-ExternalNetworksTestJSON-605879483-project-admin] 10.222.0.60 "PUT /v2.0/networks/b9f3d963-96eb-416e-9f7d-85d2898e84a9 HTTP/1.1" status: 200 len: 858 time: 1.2848349
May 04 13:03:15.968548 dv-neutron-839477-2-hyperv neutron-server[104433]: DEBUG neutron.wsgi [-] (104433) accepted ('10.222.0.60', 53320) {{(pid=104433) server /usr/local/lib/python3.8/dist-packages/eventlet/wsgi.py:1004}}
May 04 13:03:15.982407 dv-neutron-839477-2-hyperv neutron-server[104433]: DEBUG neutron_lib.callbacks.manager [None req-b5c8d00b-dd82-4259-bbde-059c79ab5d8d tempest-PortsAdminExtendedAttrsTestJSON-655991727 tempest-PortsAdminExtendedAttrsTestJSON-655991727-project] Publish callbacks ['neutron.plugins.ml2.plugin.Ml2Plugin._handle_segment_change-16154119'] for segment (ace3bc49-61cb-4f4b-8c1b-efb8acfc8dd2), precommit_delete {{(pid=104433) _notify_loop /usr/local/lib/python3.8/dist-packages/neutron_lib/callbacks/manager.py:176}}
