May 05 16:27:03.244961 dv-neutron-839342-1-hyperv devstack@n-api.service[102201]: DEBUG nova.api.openstack.wsgi_app [-] oslo_messaging_rabbit.ssl_ca_file = {{(pid=102201) log_opt_values /usr/local/lib/python3.8/dist-packages/oslo_config/cfg.py:2609}}
May 05 16:27:03.245294 dv-neutron-839342-1-hyperv devstack@n-api.service[102201]: DEBUG nova.api.openstack.wsgi_app [-] oslo_messaging_rabbit.ssl_cert_file = {{(pid=102201) log_opt_values /usr/local/lib/python3.8/dist-packages/oslo_config/cfg.py:2609}}
May 05 16:27:03.245616 dv-neutron-839342-1-hyperv devstack@n-api.service[102201]: DEBUG nova.api.openstack.wsgi_app [-] oslo_messaging_rabbit.ssl_key_file = {{(pid=102201) log_opt_values /usr/local/lib/python3.8/dist-packages/oslo_config/cfg.py:2609}}
May 05 16:27:03.245944 dv-neutron-839342-1-hyperv devstack@n-api.service[102201]: DEBUG nova.api.openstack.wsgi_app [-] oslo_messaging_rabbit.ssl_version = {{(pid=102201) log_opt_values /usr/local/lib/python3.8/dist-packages/oslo_config/cfg.py:2609}}
May 05 16:27:03.246288 dv-neutron-839342-1-hyperv devstack@n-api.service[102201]: DEBUG nova.api.openstack.wsgi_app [-] oslo_messaging_notifications.driver = ['messagingv2'] {{(pid=102201) log_opt_values /usr/local/lib/python3.8/dist-packages/oslo_config/cfg.py:2609}}
May 05 16:27:03.246598 dv-neutron-839342-1-hyperv devstack@n-api.service[102201]: DEBUG nova.api.openstack.wsgi_app [-] oslo_messaging_notifications.retry = -1 {{(pid=102201) log_opt_values /usr/local/lib/python3.8/dist-packages/oslo_config/cfg.py:2609}}
May 05 16:27:03.246938 dv-neutron-839342-1-hyperv devstack@n-api.service[102201]: DEBUG nova.api.openstack.wsgi_app [-] oslo_messaging_notifications.topics = ['notifications'] {{(pid=102201) log_opt_values /usr/local/lib/python3.8/dist-packages/oslo_config/cfg.py:2609}}
May 05 16:27:03.247262 dv-neutron-839342-1-hyperv devstack@n-api.service[102201]: DEBUG nova.api.openstack.wsgi_app [-] oslo_messaging_notifications.transport_url = **** {{(pid=102201) log_opt_values /usr/local/lib/python3.8/dist-packages/oslo_config/cfg.py:2609}}
May 05 16:27:03.247502 dv-neutron-839342-1-hyperv devstack@n-api.service[102201]: DEBUG nova.api.openstack.wsgi_app [-] ******************************************************************************** {{(pid=102201) log_opt_values /usr/local/lib/python3.8/dist-packages/oslo_config/cfg.py:2613}}
May 05 16:27:03.262453 dv-neutron-839342-1-hyperv devstack@n-api.service[102200]: DEBUG oslo_db.sqlalchemy.engines [None req-5c80c894-bf52-442a-a27a-e495a6a9ac02 None None] MySQL server mode set to STRICT_TRANS_TABLES,STRICT_ALL_TABLES,NO_ZERO_IN_DATE,NO_ZERO_DATE,ERROR_FOR_DIVISION_BY_ZERO,TRADITIONAL,NO_ENGINE_SUBSTITUTION {{(pid=102200) _check_effective_sql_mode /usr/local/lib/python3.8/dist-packages/oslo_db/sqlalchemy/engines.py:314}}
May 05 16:27:03.270955 dv-neutron-839342-1-hyperv devstack@n-api.service[102201]: DEBUG oslo_db.sqlalchemy.engines [None req-c9e773ae-6e5f-4a44-86c2-477f15b68c99 None None] MySQL server mode set to STRICT_TRANS_TABLES,STRICT_ALL_TABLES,NO_ZERO_IN_DATE,NO_ZERO_DATE,ERROR_FOR_DIVISION_BY_ZERO,TRADITIONAL,NO_ENGINE_SUBSTITUTION {{(pid=102201) _check_effective_sql_mode /usr/local/lib/python3.8/dist-packages/oslo_db/sqlalchemy/engines.py:314}}
May 05 16:27:03.443417 dv-neutron-839342-1-hyperv devstack@n-api.service[102200]: DEBUG nova.context [None req-5c80c894-bf52-442a-a27a-e495a6a9ac02 None None] Found 2 cells: 00000000-0000-0000-0000-000000000000(cell0),8aa33c15-6afc-40c5-8001-f22329d7eb16(cell1) {{(pid=102200) load_cells /opt/stack/nova/nova/context.py:464}}
May 05 16:27:03.447770 dv-neutron-839342-1-hyperv devstack@n-api.service[102200]: DEBUG oslo_concurrency.lockutils [None req-5c80c894-bf52-442a-a27a-e495a6a9ac02 None None] Lock "00000000-0000-0000-0000-000000000000" acquired by "nova.context.set_target_cell..get_or_set_cached_cell_and_set_connections" :: waited 0.000s {{(pid=102200) inner /usr/local/lib/python3.8/dist-packages/oslo_concurrency/lockutils.py:355}}
May 05 16:27:03.449338 dv-neutron-839342-1-hyperv devstack@n-api.service[102200]: DEBUG oslo_concurrency.lockutils [None req-5c80c894-bf52-442a-a27a-e495a6a9ac02 None None] Lock "00000000-0000-0000-0000-000000000000" released by "nova.context.set_target_cell..get_or_set_cached_cell_and_set_connections" :: held 0.002s {{(pid=102200) inner /usr/local/lib/python3.8/dist-packages/oslo_concurrency/lockutils.py:367}}
May 05 16:27:03.450170 dv-neutron-839342-1-hyperv devstack@n-api.service[102200]: DEBUG oslo_concurrency.lockutils [None req-5c80c894-bf52-442a-a27a-e495a6a9ac02 None None] Lock "8aa33c15-6afc-40c5-8001-f22329d7eb16" acquired by "nova.context.set_target_cell..get_or_set_cached_cell_and_set_connections" :: waited 0.000s {{(pid=102200) inner /usr/local/lib/python3.8/dist-packages/oslo_concurrency/lockutils.py:355}}
May 05 16:27:03.452191 dv-neutron-839342-1-hyperv devstack@n-api.service[102200]: DEBUG oslo_concurrency.lockutils [None req-5c80c894-bf52-442a-a27a-e495a6a9ac02 None None] Lock "8aa33c15-6afc-40c5-8001-f22329d7eb16" released by "nova.context.set_target_cell..get_or_set_cached_cell_and_set_connections" :: held 0.002s {{(pid=102200) inner /usr/local/lib/python3.8/dist-packages/oslo_concurrency/lockutils.py:367}}
May 05 16:27:03.453158 dv-neutron-839342-1-hyperv devstack@n-api.service[102201]: DEBUG nova.context [None req-c9e773ae-6e5f-4a44-86c2-477f15b68c99 None None] Found 2 cells: 00000000-0000-0000-0000-000000000000(cell0),8aa33c15-6afc-40c5-8001-f22329d7eb16(cell1) {{(pid=102201) load_cells /opt/stack/nova/nova/context.py:464}}
May 05 16:27:03.457499 dv-neutron-839342-1-hyperv devstack@n-api.service[102201]: DEBUG oslo_concurrency.lockutils [None req-c9e773ae-6e5f-4a44-86c2-477f15b68c99 None None] Lock "00000000-0000-0000-0000-000000000000" acquired by "nova.context.set_target_cell..get_or_set_cached_cell_and_set_connections" :: waited 0.000s {{(pid=102201) inner /usr/local/lib/python3.8/dist-packages/oslo_concurrency/lockutils.py:355}}
May 05 16:27:03.459069 dv-neutron-839342-1-hyperv devstack@n-api.service[102201]: DEBUG oslo_concurrency.lockutils [None req-c9e773ae-6e5f-4a44-86c2-477f15b68c99 None None] Lock "00000000-0000-0000-0000-000000000000" released by "nova.context.set_target_cell..get_or_set_cached_cell_and_set_connections" :: held 0.002s {{(pid=102201) inner /usr/local/lib/python3.8/dist-packages/oslo_concurrency/lockutils.py:367}}
May 05 16:27:03.460200 dv-neutron-839342-1-hyperv devstack@n-api.service[102201]: DEBUG oslo_concurrency.lockutils [None req-c9e773ae-6e5f-4a44-86c2-477f15b68c99 None None] Lock "8aa33c15-6afc-40c5-8001-f22329d7eb16" acquired by "nova.context.set_target_cell..get_or_set_cached_cell_and_set_connections" :: waited 0.000s {{(pid=102201) inner /usr/local/lib/python3.8/dist-packages/oslo_concurrency/lockutils.py:355}}
May 05 16:27:03.462176 dv-neutron-839342-1-hyperv devstack@n-api.service[102201]: DEBUG oslo_concurrency.lockutils [None req-c9e773ae-6e5f-4a44-86c2-477f15b68c99 None None] Lock "8aa33c15-6afc-40c5-8001-f22329d7eb16" released by "nova.context.set_target_cell..get_or_set_cached_cell_and_set_connections" :: held 0.002s {{(pid=102201) inner /usr/local/lib/python3.8/dist-packages/oslo_concurrency/lockutils.py:367}}
May 05 16:27:03.463919 dv-neutron-839342-1-hyperv devstack@n-api.service[102200]: DEBUG oslo_db.sqlalchemy.engines [None req-5c80c894-bf52-442a-a27a-e495a6a9ac02 None None] MySQL server mode set to STRICT_TRANS_TABLES,STRICT_ALL_TABLES,NO_ZERO_IN_DATE,NO_ZERO_DATE,ERROR_FOR_DIVISION_BY_ZERO,TRADITIONAL,NO_ENGINE_SUBSTITUTION {{(pid=102200) _check_effective_sql_mode /usr/local/lib/python3.8/dist-packages/oslo_db/sqlalchemy/engines.py:314}}
May 05 16:27:03.467271 dv-neutron-839342-1-hyperv devstack@n-api.service[102200]: DEBUG oslo_db.sqlalchemy.engines [None req-5c80c894-bf52-442a-a27a-e495a6a9ac02 None None] MySQL server mode set to STRICT_TRANS_TABLES,STRICT_ALL_TABLES,NO_ZERO_IN_DATE,NO_ZERO_DATE,ERROR_FOR_DIVISION_BY_ZERO,TRADITIONAL,NO_ENGINE_SUBSTITUTION {{(pid=102200) _check_effective_sql_mode /usr/local/lib/python3.8/dist-packages/oslo_db/sqlalchemy/engines.py:314}}
May 05 16:27:03.477655 dv-neutron-839342-1-hyperv devstack@n-api.service[102201]: DEBUG oslo_db.sqlalchemy.engines [None req-c9e773ae-6e5f-4a44-86c2-477f15b68c99 None None] MySQL server mode set to STRICT_TRANS_TABLES,STRICT_ALL_TABLES,NO_ZERO_IN_DATE,NO_ZERO_DATE,ERROR_FOR_DIVISION_BY_ZERO,TRADITIONAL,NO_ENGINE_SUBSTITUTION {{(pid=102201) _check_effective_sql_mode /usr/local/lib/python3.8/dist-packages/oslo_db/sqlalchemy/engines.py:314}}
May 05 16:27:03.480499 dv-neutron-839342-1-hyperv devstack@n-api.service[102201]: DEBUG oslo_db.sqlalchemy.engines [None req-c9e773ae-6e5f-4a44-86c2-477f15b68c99 None None] MySQL server mode set to STRICT_TRANS_TABLES,STRICT_ALL_TABLES,NO_ZERO_IN_DATE,NO_ZERO_DATE,ERROR_FOR_DIVISION_BY_ZERO,TRADITIONAL,NO_ENGINE_SUBSTITUTION {{(pid=102201) _check_effective_sql_mode /usr/local/lib/python3.8/dist-packages/oslo_db/sqlalchemy/engines.py:314}}
May 05 16:27:03.739126 dv-neutron-839342-1-hyperv devstack@n-api.service[102200]: DEBUG oslo_db.sqlalchemy.engines [None req-5c80c894-bf52-442a-a27a-e495a6a9ac02 None None] MySQL server mode set to STRICT_TRANS_TABLES,STRICT_ALL_TABLES,NO_ZERO_IN_DATE,NO_ZERO_DATE,ERROR_FOR_DIVISION_BY_ZERO,TRADITIONAL,NO_ENGINE_SUBSTITUTION {{(pid=102200) _check_effective_sql_mode /usr/local/lib/python3.8/dist-packages/oslo_db/sqlalchemy/engines.py:314}}
May 05 16:27:03.744805 dv-neutron-839342-1-hyperv devstack@n-api.service[102201]: DEBUG oslo_db.sqlalchemy.engines [None req-c9e773ae-6e5f-4a44-86c2-477f15b68c99 None None] MySQL server mode set to STRICT_TRANS_TABLES,STRICT_ALL_TABLES,NO_ZERO_IN_DATE,NO_ZERO_DATE,ERROR_FOR_DIVISION_BY_ZERO,TRADITIONAL,NO_ENGINE_SUBSTITUTION {{(pid=102201) _check_effective_sql_mode /usr/local/lib/python3.8/dist-packages/oslo_db/sqlalchemy/engines.py:314}}
May 05 16:27:04.084867 dv-neutron-839342-1-hyperv devstack@n-api.service[102200]: WARNING keystonemiddleware.auth_token [None req-5c80c894-bf52-442a-a27a-e495a6a9ac02 None None] AuthToken middleware is set with keystone_authtoken.service_token_roles_required set to False. This is backwards compatible but deprecated behaviour. Please set this to True.
May 05 16:27:04.085475 dv-neutron-839342-1-hyperv devstack@n-api.service[102201]: WARNING keystonemiddleware.auth_token [None req-c9e773ae-6e5f-4a44-86c2-477f15b68c99 None None] AuthToken middleware is set with keystone_authtoken.service_token_roles_required set to False. This is backwards compatible but deprecated behaviour. Please set this to True.
May 05 16:27:04.091192 dv-neutron-839342-1-hyperv devstack@n-api.service[102201]: WARNING keystonemiddleware.auth_token [None req-c9e773ae-6e5f-4a44-86c2-477f15b68c99 None None] Configuring www_authenticate_uri to point to the public identity endpoint is required; clients may not be able to authenticate against an admin endpoint
May 05 16:27:04.091346 dv-neutron-839342-1-hyperv devstack@n-api.service[102200]: WARNING keystonemiddleware.auth_token [None req-5c80c894-bf52-442a-a27a-e495a6a9ac02 None None] Configuring www_authenticate_uri to point to the public identity endpoint is required; clients may not be able to authenticate against an admin endpoint
May 05 16:27:04.433628 dv-neutron-839342-1-hyperv devstack@n-api.service[102200]: WARNING keystonemiddleware.auth_token [None req-5c80c894-bf52-442a-a27a-e495a6a9ac02 None None] AuthToken middleware is set with keystone_authtoken.service_token_roles_required set to False. This is backwards compatible but deprecated behaviour. Please set this to True.
May 05 16:27:04.434740 dv-neutron-839342-1-hyperv devstack@n-api.service[102201]: WARNING keystonemiddleware.auth_token [None req-c9e773ae-6e5f-4a44-86c2-477f15b68c99 None None] AuthToken middleware is set with keystone_authtoken.service_token_roles_required set to False. This is backwards compatible but deprecated behaviour. Please set this to True.
May 05 16:27:04.438879 dv-neutron-839342-1-hyperv devstack@n-api.service[102200]: WARNING keystonemiddleware.auth_token [None req-5c80c894-bf52-442a-a27a-e495a6a9ac02 None None] Configuring www_authenticate_uri to point to the public identity endpoint is required; clients may not be able to authenticate against an admin endpoint
May 05 16:27:04.439976 dv-neutron-839342-1-hyperv devstack@n-api.service[102201]: WARNING keystonemiddleware.auth_token [None req-c9e773ae-6e5f-4a44-86c2-477f15b68c99 None None] Configuring www_authenticate_uri to point to the public identity endpoint is required; clients may not be able to authenticate against an admin endpoint
May 05 16:27:04.445223 dv-neutron-839342-1-hyperv devstack@n-api.service[102200]: WSGI app 0 (mountpoint='') ready in 6 seconds on interpreter 0x562988cc89c0 pid: 102200 (default app)
May 05 16:27:04.446094 dv-neutron-839342-1-hyperv devstack@n-api.service[102201]: WSGI app 0 (mountpoint='') ready in 6 seconds on interpreter 0x562988cc89c0 pid: 102201 (default app)
May 05 16:27:04.447336 dv-neutron-839342-1-hyperv devstack@n-api.service[102200]: DEBUG nova.api.openstack.wsgi [None req-5c80c894-bf52-442a-a27a-e495a6a9ac02 None None] Calling method '>' {{(pid=102200) _process_stack /opt/stack/nova/nova/api/openstack/wsgi.py:513}}
May 05 16:27:04.448511 dv-neutron-839342-1-hyperv devstack@n-api.service[102200]: INFO nova.api.openstack.requestlog [None req-5c80c894-bf52-442a-a27a-e495a6a9ac02 None None] 10.222.0.57 "GET /compute/v2.1/" status: 200 len: 388 microversion: 2.1 time: 0.001719
May 05 16:27:04.448894 dv-neutron-839342-1-hyperv devstack@n-api.service[102200]: [pid: 102200|app: 0|req: 1/1] 10.222.0.57 () {50 vars in 788 bytes} [Thu May 5 16:27:04 2022] GET /compute/v2.1/ => generated 388 bytes in 3 msecs (HTTP/1.1 200) 9 headers in 357 bytes (1 switches on core 0)
May 05 16:28:24.421756 dv-neutron-839342-1-hyperv devstack@n-api.service[102201]: DEBUG nova.api.openstack.wsgi [None req-c9e773ae-6e5f-4a44-86c2-477f15b68c99 None None] Calling method '>' {{(pid=102201) _process_stack /opt/stack/nova/nova/api/openstack/wsgi.py:513}}
May 05 16:28:24.422958 dv-neutron-839342-1-hyperv devstack@n-api.service[102201]: INFO nova.api.openstack.requestlog [None req-c9e773ae-6e5f-4a44-86c2-477f15b68c99 None None] 10.222.0.57 "GET /compute/v2.1" status: 200 len: 388 microversion: 2.1 time: 0.001978
May 05 16:28:24.423362 dv-neutron-839342-1-hyperv devstack@n-api.service[102201]: [pid: 102201|app: 0|req: 1/2] 10.222.0.57 () {54 vars in 930 bytes} [Thu May 5 16:28:24 2022] GET /compute/v2.1 => generated 388 bytes in 3 msecs (HTTP/1.1 200) 9 headers in 357 bytes (1 switches on core 0)
May 05 16:28:24.842753 dv-neutron-839342-1-hyperv devstack@n-api.service[102200]: DEBUG nova.api.openstack.wsgi [None req-c716a4ee-d4b4-4e5d-ad1b-db58edc8cb8b admin admin] Calling method '>' {{(pid=102200) _process_stack /opt/stack/nova/nova/api/openstack/wsgi.py:513}}
May 05 16:28:24.878862 dv-neutron-839342-1-hyperv devstack@n-api.service[102200]: INFO nova.api.openstack.requestlog [None req-c716a4ee-d4b4-4e5d-ad1b-db58edc8cb8b admin admin] 10.222.0.57 "GET /compute/v2.1/flavors/detail?is_public=True" status: 200 len: 15 microversion: 2.61 time: 0.447297
May 05 16:28:24.887114 dv-neutron-839342-1-hyperv devstack@n-api.service[102200]: [pid: 102200|app: 0|req: 2/3] 10.222.0.57 () {60 vars in 1291 bytes} [Thu May 5 16:28:24 2022] GET /compute/v2.1/flavors/detail?is_public=True => generated 15 bytes in 449 msecs (HTTP/1.1 200) 9 headers in 358 bytes (1 switches on core 0)
May 05 16:28:27.074108 dv-neutron-839342-1-hyperv devstack@n-api.service[102201]: DEBUG nova.api.openstack.wsgi [None req-c9e773ae-6e5f-4a44-86c2-477f15b68c99 None None] Calling method '>' {{(pid=102201) _process_stack /opt/stack/nova/nova/api/openstack/wsgi.py:513}}
May 05 16:28:27.075127 dv-neutron-839342-1-hyperv devstack@n-api.service[102201]: INFO nova.api.openstack.requestlog [None req-c9e773ae-6e5f-4a44-86c2-477f15b68c99 None None] 10.222.0.57 "GET /compute/v2.1" status: 200 len: 388 microversion: 2.1 time: 0.001515
May 05 16:28:27.075533 dv-neutron-839342-1-hyperv devstack@n-api.service[102201]: [pid: 102201|app: 0|req: 2/4] 10.222.0.57 () {54 vars in 930 bytes} [Thu May 5 16:28:27 2022] GET /compute/v2.1 => generated 388 bytes in 3 msecs (HTTP/1.1 200) 9 headers in 357 bytes (1 switches on core 0)
May 05 16:28:27.136821 dv-neutron-839342-1-hyperv devstack@n-api.service[102200]: DEBUG nova.api.openstack.wsgi [None req-e1bdd44f-b379-4b2c-87f8-d68919da3efd admin admin] Action: 'create', calling method: >, body: {"flavor": {"vcpus": 1, "OS-FLV-EXT-DATA:ephemeral": 0, "disk": 1, "name": "cirros256", "ram": 256, "swap": 0, "id": "c1", "rxtx_factor": 1.0, "os-flavor-access:is_public": true}} {{(pid=102200) _process_stack /opt/stack/nova/nova/api/openstack/wsgi.py:511}}
May 05 16:28:27.154797 dv-neutron-839342-1-hyperv devstack@n-api.service[102200]: /usr/local/lib/python3.8/dist-packages/oslo_policy/policy.py:1075: UserWarning: Policy os_compute_api:os-flavor-manage:create failed scope check. The token used to make the request was project scoped but the policy requires ['system'] scope. This behavior may change in the future where using the intended scope is required
May 05 16:28:27.154797 dv-neutron-839342-1-hyperv devstack@n-api.service[102200]: warnings.warn(msg)
May 05 16:28:27.183621 dv-neutron-839342-1-hyperv devstack@n-api.service[102200]: INFO nova.api.openstack.requestlog [None req-e1bdd44f-b379-4b2c-87f8-d68919da3efd admin admin] 10.222.0.57 "POST /compute/v2.1/flavors" status: 200 len: 407 microversion: 2.61 time: 0.100180
May 05 16:28:27.184398 dv-neutron-839342-1-hyperv devstack@n-api.service[102200]: [pid: 102200|app: 0|req: 3/5] 10.222.0.57 () {64 vars in 1282 bytes} [Thu May 5 16:28:27 2022] POST /compute/v2.1/flavors => generated 407 bytes in 102 msecs (HTTP/1.1 200) 9 headers in 359 bytes (1 switches on core 0)
May 05 16:28:27.399190 dv-neutron-839342-1-hyperv devstack@n-api.service[102201]: DEBUG nova.api.openstack.wsgi [None req-494a1659-fe4d-4c9d-976a-d2839e665e35 admin admin] Action: 'create', calling method: >, body: {"extra_specs": {"hw_rng:allowed": "True"}} {{(pid=102201) _process_stack /opt/stack/nova/nova/api/openstack/wsgi.py:511}}
May 05 16:28:27.401635 dv-neutron-839342-1-hyperv devstack@n-api.service[102201]: /usr/local/lib/python3.8/dist-packages/oslo_policy/policy.py:1075: UserWarning: Policy os_compute_api:os-flavor-extra-specs:create failed scope check. The token used to make the request was project scoped but the policy requires ['system'] scope. This behavior may change in the future where using the intended scope is required
May 05 16:28:27.401635 dv-neutron-839342-1-hyperv devstack@n-api.service[102201]: warnings.warn(msg)
May 05 16:28:27.451941 dv-neutron-839342-1-hyperv devstack@n-api.service[102201]: INFO nova.api.openstack.requestlog [None req-494a1659-fe4d-4c9d-976a-d2839e665e35 admin admin] 10.222.0.57 "POST /compute/v2.1/flavors/c1/os-extra_specs" status: 200 len: 43 microversion: 2.61 time: 0.258533
May 05 16:28:27.454136 dv-neutron-839342-1-hyperv devstack@n-api.service[102201]: [pid: 102201|app: 0|req: 3/6] 10.222.0.57 () {64 vars in 1335 bytes} [Thu May 5 16:28:27 2022] POST /compute/v2.1/flavors/c1/os-extra_specs => generated 43 bytes in 260 msecs (HTTP/1.1 200) 9 headers in 358 bytes (2 switches on core 0)
May 05 16:28:29.697321 dv-neutron-839342-1-hyperv devstack@n-api.service[102200]: DEBUG nova.api.openstack.wsgi [None req-e1bdd44f-b379-4b2c-87f8-d68919da3efd admin admin] Calling method '>' {{(pid=102200) _process_stack /opt/stack/nova/nova/api/openstack/wsgi.py:513}}
May 05 16:28:29.698261 dv-neutron-839342-1-hyperv devstack@n-api.service[102200]: INFO nova.api.openstack.requestlog [None req-e1bdd44f-b379-4b2c-87f8-d68919da3efd admin admin] 10.222.0.57 "GET /compute/v2.1" status: 200 len: 388 microversion: 2.1 time: 0.001517
May 05 16:28:29.698658 dv-neutron-839342-1-hyperv devstack@n-api.service[102200]: [pid: 102200|app: 0|req: 4/7] 10.222.0.57 () {54 vars in 930 bytes} [Thu May 5 16:28:29 2022] GET /compute/v2.1 => generated 388 bytes in 2 msecs (HTTP/1.1 200) 9 headers in 357 bytes (1 switches on core 0)
May 05 16:28:29.812536 dv-neutron-839342-1-hyperv devstack@n-api.service[102201]: DEBUG nova.api.openstack.wsgi [None req-e0d37e36-691d-42c5-9e2d-66a069607875 admin admin] Action: 'create', calling method: >, body: {"flavor": {"id": "d1", "OS-FLV-EXT-DATA:ephemeral": 0, "os-flavor-access:is_public": true, "ram": 512, "vcpus": 1, "swap": 0, "name": "ds512M", "rxtx_factor": 1.0, "disk": 5}} {{(pid=102201) _process_stack /opt/stack/nova/nova/api/openstack/wsgi.py:511}}
May 05 16:28:29.829974 dv-neutron-839342-1-hyperv devstack@n-api.service[102201]: /usr/local/lib/python3.8/dist-packages/oslo_policy/policy.py:1075: UserWarning: Policy os_compute_api:os-flavor-manage:create failed scope check. The token used to make the request was project scoped but the policy requires ['system'] scope. This behavior may change in the future where using the intended scope is required
May 05 16:28:29.829974 dv-neutron-839342-1-hyperv devstack@n-api.service[102201]: warnings.warn(msg)
May 05 16:28:29.852266 dv-neutron-839342-1-hyperv devstack@n-api.service[102201]: INFO nova.api.openstack.requestlog [None req-e0d37e36-691d-42c5-9e2d-66a069607875 admin admin] 10.222.0.57 "POST /compute/v2.1/flavors" status: 200 len: 404 microversion: 2.61 time: 0.146631
May 05 16:28:29.852853 dv-neutron-839342-1-hyperv devstack@n-api.service[102201]: [pid: 102201|app: 0|req: 4/8] 10.222.0.57 () {64 vars in 1282 bytes} [Thu May 5 16:28:29 2022] POST /compute/v2.1/flavors => generated 404 bytes in 148 msecs (HTTP/1.1 200) 9 headers in 359 bytes (1 switches on core 0)
May 05 16:28:29.865436 dv-neutron-839342-1-hyperv devstack@n-api.service[102200]: DEBUG nova.api.openstack.wsgi [None req-76947b9d-7d9f-4778-8a32-f5f090508715 admin admin] Action: 'create', calling method: >, body: {"extra_specs": {"hw_rng:allowed": "True"}} {{(pid=102200) _process_stack /opt/stack/nova/nova/api/openstack/wsgi.py:511}}
May 05 16:28:29.866910 dv-neutron-839342-1-hyperv devstack@n-api.service[102200]: /usr/local/lib/python3.8/dist-packages/oslo_policy/policy.py:1075: UserWarning: Policy os_compute_api:os-flavor-extra-specs:create failed scope check. The token used to make the request was project scoped but the policy requires ['system'] scope. This behavior may change in the future where using the intended scope is required
May 05 16:28:29.866910 dv-neutron-839342-1-hyperv devstack@n-api.service[102200]: warnings.warn(msg)
May 05 16:28:29.902561 dv-neutron-839342-1-hyperv devstack@n-api.service[102200]: INFO nova.api.openstack.requestlog [None req-76947b9d-7d9f-4778-8a32-f5f090508715 admin admin] 10.222.0.57 "POST /compute/v2.1/flavors/d1/os-extra_specs" status: 200 len: 43 microversion: 2.61 time: 0.040738
May 05 16:28:29.908320 dv-neutron-839342-1-hyperv devstack@n-api.service[102200]: [pid: 102200|app: 0|req: 5/9] 10.222.0.57 () {64 vars in 1335 bytes} [Thu May 5 16:28:29 2022] POST /compute/v2.1/flavors/d1/os-extra_specs => generated 43 bytes in 42 msecs (HTTP/1.1 200) 9 headers in 358 bytes (1 switches on core 0)
May 05 16:28:32.186260 dv-neutron-839342-1-hyperv devstack@n-api.service[102201]: DEBUG nova.api.openstack.wsgi [None req-e0d37e36-691d-42c5-9e2d-66a069607875 admin admin] Calling method '>' {{(pid=102201) _process_stack /opt/stack/nova/nova/api/openstack/wsgi.py:513}}
May 05 16:28:32.187278 dv-neutron-839342-1-hyperv devstack@n-api.service[102201]: INFO nova.api.openstack.requestlog [None req-e0d37e36-691d-42c5-9e2d-66a069607875 admin admin] 10.222.0.57 "GET /compute/v2.1" status: 200 len: 388 microversion: 2.1 time: 0.001576
May 05 16:28:32.187679 dv-neutron-839342-1-hyperv devstack@n-api.service[102201]: [pid: 102201|app: 0|req: 5/10] 10.222.0.57 () {54 vars in 930 bytes} [Thu May 5 16:28:32 2022] GET /compute/v2.1 => generated 388 bytes in 3 msecs (HTTP/1.1 200) 9 headers in 357 bytes (1 switches on core 0)
May 05 16:28:32.262201 dv-neutron-839342-1-hyperv devstack@n-api.service[102200]: DEBUG nova.api.openstack.wsgi [None req-30e77443-588f-4078-b0bf-19334618555a admin admin] Action: 'create', calling method: >, body: {"flavor": {"rxtx_factor": 1.0, "OS-FLV-EXT-DATA:ephemeral": 0, "vcpus": 1, "id": "d2", "os-flavor-access:is_public": true, "name": "ds1G", "swap": 0, "ram": 1024, "disk": 10}} {{(pid=102200) _process_stack /opt/stack/nova/nova/api/openstack/wsgi.py:511}}
May 05 16:28:32.292139 dv-neutron-839342-1-hyperv devstack@n-api.service[102200]: INFO nova.api.openstack.requestlog [None req-30e77443-588f-4078-b0bf-19334618555a admin admin] 10.222.0.57 "POST /compute/v2.1/flavors" status: 200 len: 404 microversion: 2.61 time: 0.097418
May 05 16:28:32.293374 dv-neutron-839342-1-hyperv devstack@n-api.service[102200]: [pid: 102200|app: 0|req: 6/11] 10.222.0.57 () {64 vars in 1282 bytes} [Thu May 5 16:28:32 2022] POST /compute/v2.1/flavors => generated 404 bytes in 99 msecs (HTTP/1.1 200) 9 headers in 359 bytes (1 switches on core 0)
May 05 16:28:32.306504 dv-neutron-839342-1-hyperv devstack@n-api.service[102201]: DEBUG nova.api.openstack.wsgi [None req-b05a49c2-063c-4d15-869c-61ce3bd7179a admin admin] Action: 'create', calling method: >, body: {"extra_specs": {"hw_rng:allowed": "True"}} {{(pid=102201) _process_stack /opt/stack/nova/nova/api/openstack/wsgi.py:511}}
May 05 16:28:32.347574 dv-neutron-839342-1-hyperv devstack@n-api.service[102201]: INFO nova.api.openstack.requestlog [None req-b05a49c2-063c-4d15-869c-61ce3bd7179a admin admin] 10.222.0.57 "POST /compute/v2.1/flavors/d2/os-extra_specs" status: 200 len: 43 microversion: 2.61 time: 0.045677
May 05 16:28:32.361449 dv-neutron-839342-1-hyperv devstack@n-api.service[102201]: [pid: 102201|app: 0|req: 6/12] 10.222.0.57 () {64 vars in 1335 bytes} [Thu May 5 16:28:32 2022] POST /compute/v2.1/flavors/d2/os-extra_specs => generated 43 bytes in 60 msecs (HTTP/1.1 200) 9 headers in 358 bytes (1 switches on core 0)
May 05 16:28:34.808642 dv-neutron-839342-1-hyperv devstack@n-api.service[102200]: DEBUG nova.api.openstack.wsgi [None req-30e77443-588f-4078-b0bf-19334618555a admin admin] Calling method '>' {{(pid=102200) _process_stack /opt/stack/nova/nova/api/openstack/wsgi.py:513}}
May 05 16:28:34.809749 dv-neutron-839342-1-hyperv devstack@n-api.service[102200]: INFO nova.api.openstack.requestlog [None req-30e77443-588f-4078-b0bf-19334618555a admin admin] 10.222.0.57 "GET /compute/v2.1" status: 200 len: 388 microversion: 2.1 time: 0.001566
May 05 16:28:34.810319 dv-neutron-839342-1-hyperv devstack@n-api.service[102200]: [pid: 102200|app: 0|req: 7/13] 10.222.0.57 () {54 vars in 930 bytes} [Thu May 5 16:28:34 2022] GET /compute/v2.1 => generated 388 bytes in 2 msecs (HTTP/1.1 200) 9 headers in 357 bytes (1 switches on core 0)
May 05 16:28:34.898477 dv-neutron-839342-1-hyperv devstack@n-api.service[102201]: DEBUG nova.api.openstack.wsgi [None req-b57b08ed-9a51-481b-ae91-b901ab7e6831 admin admin] Action: 'create', calling method: >, body: {"flavor": {"id": "d3", "OS-FLV-EXT-DATA:ephemeral": 0, "name": "ds2G", "ram": 2048, "vcpus": 2, "disk": 10, "os-flavor-access:is_public": true, "rxtx_factor": 1.0, "swap": 0}} {{(pid=102201) _process_stack /opt/stack/nova/nova/api/openstack/wsgi.py:511}}
May 05 16:28:34.942854 dv-neutron-839342-1-hyperv devstack@n-api.service[102201]: INFO nova.api.openstack.requestlog [None req-b57b08ed-9a51-481b-ae91-b901ab7e6831 admin admin] 10.222.0.57 "POST /compute/v2.1/flavors" status: 200 len: 404 microversion: 2.61 time: 0.124179
May 05 16:28:34.951265 dv-neutron-839342-1-hyperv devstack@n-api.service[102201]: [pid: 102201|app: 0|req: 7/14] 10.222.0.57 () {64 vars in 1282 bytes} [Thu May 5 16:28:34 2022] POST /compute/v2.1/flavors => generated 404 bytes in 133 msecs (HTTP/1.1 200) 9 headers in 359 bytes (1 switches on core 0)
May 05 16:28:34.957292 dv-neutron-839342-1-hyperv devstack@n-api.service[102200]: DEBUG nova.api.openstack.wsgi [None req-bdec553f-184a-43ce-bbe0-150ddfcae30e admin admin] Action: 'create', calling method: >, body: {"extra_specs": {"hw_rng:allowed": "True"}} {{(pid=102200) _process_stack /opt/stack/nova/nova/api/openstack/wsgi.py:511}}
May 05 16:28:34.998644 dv-neutron-839342-1-hyperv devstack@n-api.service[102200]: INFO nova.api.openstack.requestlog [None req-bdec553f-184a-43ce-bbe0-150ddfcae30e admin admin] 10.222.0.57 "POST /compute/v2.1/flavors/d3/os-extra_specs" status: 200 len: 43 microversion: 2.61 time: 0.045676
May 05 16:28:35.006645 dv-neutron-839342-1-hyperv devstack@n-api.service[102200]: [pid: 102200|app: 0|req: 8/15] 10.222.0.57 () {64 vars in 1335 bytes} [Thu May 5 16:28:34 2022] POST /compute/v2.1/flavors/d3/os-extra_specs => generated 43 bytes in 54 msecs (HTTP/1.1 200) 9 headers in 358 bytes (2 switches on core 0)
May 05 16:28:37.279050 dv-neutron-839342-1-hyperv devstack@n-api.service[102201]: DEBUG nova.api.openstack.wsgi [None req-b57b08ed-9a51-481b-ae91-b901ab7e6831 admin admin] Calling method '>' {{(pid=102201) _process_stack /opt/stack/nova/nova/api/openstack/wsgi.py:513}}
May 05 16:28:37.281073 dv-neutron-839342-1-hyperv devstack@n-api.service[102201]: INFO nova.api.openstack.requestlog [None req-b57b08ed-9a51-481b-ae91-b901ab7e6831 admin admin] 10.222.0.57 "GET /compute/v2.1" status: 200 len: 388 microversion: 2.1 time: 0.002632
May 05 16:28:37.281709 dv-neutron-839342-1-hyperv devstack@n-api.service[102201]: [pid: 102201|app: 0|req: 8/16] 10.222.0.57 () {54 vars in 930 bytes} [Thu May 5 16:28:37 2022] GET /compute/v2.1 => generated 388 bytes in 5 msecs (HTTP/1.1 200) 9 headers in 357 bytes (1 switches on core 0)
May 05 16:28:37.356427 dv-neutron-839342-1-hyperv devstack@n-api.service[102200]: DEBUG nova.api.openstack.wsgi [None req-575de080-e6cb-4311-bca9-85f2b84522ba admin admin] Action: 'create', calling method: >, body: {"flavor": {"id": "d4", "name": "ds4G", "disk": 20, "ram": 4096, "rxtx_factor": 1.0, "swap": 0, "os-flavor-access:is_public": true, "vcpus": 4, "OS-FLV-EXT-DATA:ephemeral": 0}} {{(pid=102200) _process_stack /opt/stack/nova/nova/api/openstack/wsgi.py:511}}
May 05 16:28:37.382463 dv-neutron-839342-1-hyperv devstack@n-api.service[102200]: INFO nova.api.openstack.requestlog [None req-575de080-e6cb-4311-bca9-85f2b84522ba admin admin] 10.222.0.57 "POST /compute/v2.1/flavors" status: 200 len: 404 microversion: 2.61 time: 0.092251
May 05 16:28:37.384985 dv-neutron-839342-1-hyperv devstack@n-api.service[102200]: [pid: 102200|app: 0|req: 9/17] 10.222.0.57 () {64 vars in 1282 bytes} [Thu May 5 16:28:37 2022] POST /compute/v2.1/flavors => generated 404 bytes in 94 msecs (HTTP/1.1 200) 9 headers in 359 bytes (2 switches on core 0)
May 05 16:28:37.397024 dv-neutron-839342-1-hyperv devstack@n-api.service[102201]: DEBUG nova.api.openstack.wsgi [None req-1419e609-23c7-48e5-a9d1-fc0e9d3f97f5 admin admin] Action: 'create', calling method: >, body: {"extra_specs": {"hw_rng:allowed": "True"}} {{(pid=102201) _process_stack /opt/stack/nova/nova/api/openstack/wsgi.py:511}}
May 05 16:28:37.429445 dv-neutron-839342-1-hyperv devstack@n-api.service[102201]: INFO nova.api.openstack.requestlog [None req-1419e609-23c7-48e5-a9d1-fc0e9d3f97f5 admin admin] 10.222.0.57 "POST /compute/v2.1/flavors/d4/os-extra_specs" status: 200 len: 43 microversion: 2.61 time: 0.037262
May 05 16:28:37.431342 dv-neutron-839342-1-hyperv devstack@n-api.service[102201]: [pid: 102201|app: 0|req: 9/18] 10.222.0.57 () {64 vars in 1335 bytes} [Thu May 5 16:28:37 2022] POST /compute/v2.1/flavors/d4/os-extra_specs => generated 43 bytes in 40 msecs (HTTP/1.1 200) 9 headers in 358 bytes (2 switches on core 0)
May 05 16:28:39.779382 dv-neutron-839342-1-hyperv devstack@n-api.service[102200]: DEBUG nova.api.openstack.wsgi [None req-575de080-e6cb-4311-bca9-85f2b84522ba admin admin] Calling method '>' {{(pid=102200) _process_stack /opt/stack/nova/nova/api/openstack/wsgi.py:513}}
May 05 16:28:39.781100 dv-neutron-839342-1-hyperv devstack@n-api.service[102200]: INFO nova.api.openstack.requestlog [None req-575de080-e6cb-4311-bca9-85f2b84522ba admin admin] 10.222.0.57 "GET /compute/v2.1" status: 200 len: 388 microversion: 2.1 time: 0.002243
May 05 16:28:39.781495 dv-neutron-839342-1-hyperv devstack@n-api.service[102200]: [pid: 102200|app: 0|req: 10/19] 10.222.0.57 () {54 vars in 930 bytes} [Thu May 5 16:28:39 2022] GET /compute/v2.1 => generated 388 bytes in 3 msecs (HTTP/1.1 200) 9 headers in 357 bytes (1 switches on core 0)
May 05 16:28:39.843671 dv-neutron-839342-1-hyperv devstack@n-api.service[102201]: DEBUG nova.api.openstack.wsgi [None req-f80aec34-dbec-4d4f-9deb-00068ddd1a7e admin admin] Calling method '>' {{(pid=102201) _process_stack /opt/stack/nova/nova/api/openstack/wsgi.py:513}}
May 05 16:28:39.869047 dv-neutron-839342-1-hyperv devstack@n-api.service[102201]: INFO nova.api.openstack.requestlog [None req-f80aec34-dbec-4d4f-9deb-00068ddd1a7e admin admin] 10.222.0.57 "GET /compute/v2.1/flavors/detail?is_public=True" status: 200 len: 2106 microversion: 2.61 time: 0.078595
May 05 16:28:39.870038 dv-neutron-839342-1-hyperv devstack@n-api.service[102201]: [pid: 102201|app: 0|req: 10/20] 10.222.0.57 () {60 vars in 1291 bytes} [Thu May 5 16:28:39 2022] GET /compute/v2.1/flavors/detail?is_public=True => generated 2106 bytes in 81 msecs (HTTP/1.1 200) 9 headers in 360 bytes (1 switches on core 0)
May 05 16:28:42.144325 dv-neutron-839342-1-hyperv devstack@n-api.service[102200]: DEBUG nova.api.openstack.wsgi [None req-575de080-e6cb-4311-bca9-85f2b84522ba admin admin] Calling method '>' {{(pid=102200) _process_stack /opt/stack/nova/nova/api/openstack/wsgi.py:513}}
May 05 16:28:42.146113 dv-neutron-839342-1-hyperv devstack@n-api.service[102200]: INFO nova.api.openstack.requestlog [None req-575de080-e6cb-4311-bca9-85f2b84522ba admin admin] 10.222.0.57 "GET /compute/v2.1" status: 200 len: 388 microversion: 2.1 time: 0.002223
May 05 16:28:42.146775 dv-neutron-839342-1-hyperv devstack@n-api.service[102200]: [pid: 102200|app: 0|req: 11/21] 10.222.0.57 () {54 vars in 930 bytes} [Thu May 5 16:28:42 2022] GET /compute/v2.1 => generated 388 bytes in 3 msecs (HTTP/1.1 200) 9 headers in 357 bytes (1 switches on core 0)
May 05 16:28:42.222290 dv-neutron-839342-1-hyperv devstack@n-api.service[102201]: DEBUG nova.api.openstack.wsgi [None req-95e652ef-0b7c-4997-88b4-c0fcf04bd031 admin admin] Action: 'create', calling method: >, body: {"flavor": {"name": "m1.tiny", "os-flavor-access:is_public": true, "ram": 512, "disk": 1, "swap": 0, "OS-FLV-EXT-DATA:ephemeral": 0, "vcpus": 1, "id": "1", "rxtx_factor": 1.0}} {{(pid=102201) _process_stack /opt/stack/nova/nova/api/openstack/wsgi.py:511}}
May 05 16:28:42.243439 dv-neutron-839342-1-hyperv devstack@n-api.service[102201]: INFO nova.api.openstack.requestlog [None req-95e652ef-0b7c-4997-88b4-c0fcf04bd031 admin admin] 10.222.0.57 "POST /compute/v2.1/flavors" status: 200 len: 402 microversion: 2.61 time: 0.089756
May 05 16:28:42.244123 dv-neutron-839342-1-hyperv devstack@n-api.service[102201]: [pid: 102201|app: 0|req: 11/22] 10.222.0.57 () {64 vars in 1282 bytes} [Thu May 5 16:28:42 2022] POST /compute/v2.1/flavors => generated 402 bytes in 91 msecs (HTTP/1.1 200) 9 headers in 359 bytes (1 switches on core 0)
May 05 16:28:42.256877 dv-neutron-839342-1-hyperv devstack@n-api.service[102200]: DEBUG nova.api.openstack.wsgi [None req-60948c01-3ab5-40c2-925d-1e6dfda26760 admin admin] Action: 'create', calling method: >, body: {"extra_specs": {"hw_rng:allowed": "True"}} {{(pid=102200) _process_stack /opt/stack/nova/nova/api/openstack/wsgi.py:511}}
May 05 16:28:42.282159 dv-neutron-839342-1-hyperv devstack@n-api.service[102200]: INFO nova.api.openstack.requestlog [None req-60948c01-3ab5-40c2-925d-1e6dfda26760 admin admin] 10.222.0.57 "POST /compute/v2.1/flavors/1/os-extra_specs" status: 200 len: 43 microversion: 2.61 time: 0.028904
May 05 16:28:42.285458 dv-neutron-839342-1-hyperv devstack@n-api.service[102200]: [pid: 102200|app: 0|req: 12/23] 10.222.0.57 () {64 vars in 1332 bytes} [Thu May 5 16:28:42 2022] POST /compute/v2.1/flavors/1/os-extra_specs => generated 43 bytes in 33 msecs (HTTP/1.1 200) 9 headers in 358 bytes (2 switches on core 0)
May 05 16:28:44.513524 dv-neutron-839342-1-hyperv devstack@n-api.service[102201]: DEBUG nova.api.openstack.wsgi [None req-95e652ef-0b7c-4997-88b4-c0fcf04bd031 admin admin] Calling method '>' {{(pid=102201) _process_stack /opt/stack/nova/nova/api/openstack/wsgi.py:513}}
May 05 16:28:44.515024 dv-neutron-839342-1-hyperv devstack@n-api.service[102201]: INFO nova.api.openstack.requestlog [None req-95e652ef-0b7c-4997-88b4-c0fcf04bd031 admin admin] 10.222.0.57 "GET /compute/v2.1" status: 200 len: 388 microversion: 2.1 time: 0.001885
May 05 16:28:44.515543 dv-neutron-839342-1-hyperv devstack@n-api.service[102201]: [pid: 102201|app: 0|req: 12/24] 10.222.0.57 () {54 vars in 930 bytes} [Thu May 5 16:28:44 2022] GET /compute/v2.1 => generated 388 bytes in 3 msecs (HTTP/1.1 200) 9 headers in 357 bytes (1 switches on core 0)
May 05 16:28:44.598164 dv-neutron-839342-1-hyperv devstack@n-api.service[102200]: DEBUG nova.api.openstack.wsgi [None req-a9da9420-d654-4dc5-b242-936cd3530a7f admin admin] Action: 'create', calling method: >, body: {"flavor": {"id": "2", "os-flavor-access:is_public": true, "OS-FLV-EXT-DATA:ephemeral": 0, "disk": 20, "name": "m1.small", "vcpus": 1, "rxtx_factor": 1.0, "ram": 2048, "swap": 0}} {{(pid=102200) _process_stack /opt/stack/nova/nova/api/openstack/wsgi.py:511}}
May 05 16:28:44.622342 dv-neutron-839342-1-hyperv devstack@n-api.service[102200]: INFO nova.api.openstack.requestlog [None req-a9da9420-d654-4dc5-b242-936cd3530a7f admin admin] 10.222.0.57 "POST /compute/v2.1/flavors" status: 200 len: 405 microversion: 2.61 time: 0.099670
May 05 16:28:44.623385 dv-neutron-839342-1-hyperv devstack@n-api.service[102200]: [pid: 102200|app: 0|req: 13/25] 10.222.0.57 () {64 vars in 1282 bytes} [Thu May 5 16:28:44 2022] POST /compute/v2.1/flavors => generated 405 bytes in 101 msecs (HTTP/1.1 200) 9 headers in 359 bytes (1 switches on core 0)
May 05 16:28:44.635856 dv-neutron-839342-1-hyperv devstack@n-api.service[102201]: DEBUG nova.api.openstack.wsgi [None req-60baeef2-ba18-4959-8421-8cbd1da4a564 admin admin] Action: 'create', calling method: >, body: {"extra_specs": {"hw_rng:allowed": "True"}} {{(pid=102201) _process_stack /opt/stack/nova/nova/api/openstack/wsgi.py:511}}
May 05 16:28:44.660172 dv-neutron-839342-1-hyperv devstack@n-api.service[102201]: INFO nova.api.openstack.requestlog [None req-60baeef2-ba18-4959-8421-8cbd1da4a564 admin admin] 10.222.0.57 "POST /compute/v2.1/flavors/2/os-extra_specs" status: 200 len: 43 microversion: 2.61 time: 0.027961
May 05 16:28:44.660763 dv-neutron-839342-1-hyperv devstack@n-api.service[102201]: [pid: 102201|app: 0|req: 13/26] 10.222.0.57 () {64 vars in 1332 bytes} [Thu May 5 16:28:44 2022] POST /compute/v2.1/flavors/2/os-extra_specs => generated 43 bytes in 29 msecs (HTTP/1.1 200) 9 headers in 358 bytes (1 switches on core 0)
May 05 16:28:46.874584 dv-neutron-839342-1-hyperv devstack@n-api.service[102200]: DEBUG nova.api.openstack.wsgi [None req-a9da9420-d654-4dc5-b242-936cd3530a7f admin admin] Calling method '>' {{(pid=102200) _process_stack /opt/stack/nova/nova/api/openstack/wsgi.py:513}}
May 05 16:28:46.875994 dv-neutron-839342-1-hyperv devstack@n-api.service[102200]: INFO nova.api.openstack.requestlog [None req-a9da9420-d654-4dc5-b242-936cd3530a7f admin admin] 10.222.0.57 "GET /compute/v2.1" status: 200 len: 388 microversion: 2.1 time: 0.002017
May 05 16:28:46.876493 dv-neutron-839342-1-hyperv devstack@n-api.service[102200]: [pid: 102200|app: 0|req: 14/27] 10.222.0.57 () {54 vars in 930 bytes} [Thu May 5 16:28:46 2022] GET /compute/v2.1 => generated 388 bytes in 4 msecs (HTTP/1.1 200) 9 headers in 357 bytes (1 switches on core 0)
May 05 16:28:46.947306 dv-neutron-839342-1-hyperv devstack@n-api.service[102201]: DEBUG nova.api.openstack.wsgi [None req-a60a3246-662b-4f46-9117-239554095e80 admin admin] Action: 'create', calling method: >, body: {"flavor": {"ram": 4096, "swap": 0, "vcpus": 2, "os-flavor-access:is_public": true, "id": "3", "disk": 40, "OS-FLV-EXT-DATA:ephemeral": 0, "name": "m1.medium", "rxtx_factor": 1.0}} {{(pid=102201) _process_stack /opt/stack/nova/nova/api/openstack/wsgi.py:511}}
May 05 16:28:46.969805 dv-neutron-839342-1-hyperv devstack@n-api.service[102201]: INFO nova.api.openstack.requestlog [None req-a60a3246-662b-4f46-9117-239554095e80 admin admin] 10.222.0.57 "POST /compute/v2.1/flavors" status: 200 len: 406 microversion: 2.61 time: 0.086414
May 05 16:28:46.970347 dv-neutron-839342-1-hyperv devstack@n-api.service[102201]: [pid: 102201|app: 0|req: 14/28] 10.222.0.57 () {64 vars in 1282 bytes} [Thu May 5 16:28:46 2022] POST /compute/v2.1/flavors => generated 406 bytes in 88 msecs (HTTP/1.1 200) 9 headers in 359 bytes (1 switches on core 0)
May 05 16:28:46.982924 dv-neutron-839342-1-hyperv devstack@n-api.service[102200]: DEBUG nova.api.openstack.wsgi [None req-3342c4e5-44c4-495e-97e8-8eec36759c79 admin admin] Action: 'create', calling method: >, body: {"extra_specs": {"hw_rng:allowed": "True"}} {{(pid=102200) _process_stack /opt/stack/nova/nova/api/openstack/wsgi.py:511}}
May 05 16:28:47.007693 dv-neutron-839342-1-hyperv devstack@n-api.service[102200]: INFO nova.api.openstack.requestlog [None req-3342c4e5-44c4-495e-97e8-8eec36759c79 admin admin] 10.222.0.57 "POST /compute/v2.1/flavors/3/os-extra_specs" status: 200 len: 43 microversion: 2.61 time: 0.028409
May 05 16:28:47.008262 dv-neutron-839342-1-hyperv devstack@n-api.service[102200]: [pid: 102200|app: 0|req: 15/29] 10.222.0.57 () {64 vars in 1332 bytes} [Thu May 5 16:28:46 2022] POST /compute/v2.1/flavors/3/os-extra_specs => generated 43 bytes in 30 msecs (HTTP/1.1 200) 9 headers in 358 bytes (2 switches on core 0)
May 05 16:28:49.274545 dv-neutron-839342-1-hyperv devstack@n-api.service[102201]: DEBUG nova.api.openstack.wsgi [None req-a60a3246-662b-4f46-9117-239554095e80 admin admin] Calling method '>' {{(pid=102201) _process_stack /opt/stack/nova/nova/api/openstack/wsgi.py:513}}
May 05 16:28:49.275557 dv-neutron-839342-1-hyperv devstack@n-api.service[102201]: INFO nova.api.openstack.requestlog [None req-a60a3246-662b-4f46-9117-239554095e80 admin admin] 10.222.0.57 "GET /compute/v2.1" status: 200 len: 388 microversion: 2.1 time: 0.001468
May 05 16:28:49.275940 dv-neutron-839342-1-hyperv devstack@n-api.service[102201]: [pid: 102201|app: 0|req: 15/30] 10.222.0.57 () {54 vars in 930 bytes} [Thu May 5 16:28:49 2022] GET /compute/v2.1 => generated 388 bytes in 2 msecs (HTTP/1.1 200) 9 headers in 357 bytes (1 switches on core 0)
May 05 16:28:49.334744 dv-neutron-839342-1-hyperv devstack@n-api.service[102200]: DEBUG nova.api.openstack.wsgi [None req-51949bb7-e4ce-46d9-8a47-9bdd43aac1ac admin admin] Action: 'create', calling method: >, body: {"flavor": {"OS-FLV-EXT-DATA:ephemeral": 0, "id": "4", "swap": 0, "os-flavor-access:is_public": true, "rxtx_factor": 1.0, "ram": 8192, "vcpus": 4, "disk": 80, "name": "m1.large"}} {{(pid=102200) _process_stack /opt/stack/nova/nova/api/openstack/wsgi.py:511}}
May 05 16:28:49.354318 dv-neutron-839342-1-hyperv devstack@n-api.service[102200]: INFO nova.api.openstack.requestlog [None req-51949bb7-e4ce-46d9-8a47-9bdd43aac1ac admin admin] 10.222.0.57 "POST /compute/v2.1/flavors" status: 200 len: 405 microversion: 2.61 time: 0.071644
May 05 16:28:49.354873 dv-neutron-839342-1-hyperv devstack@n-api.service[102200]: [pid: 102200|app: 0|req: 16/31] 10.222.0.57 () {64 vars in 1282 bytes} [Thu May 5 16:28:49 2022] POST /compute/v2.1/flavors => generated 405 bytes in 73 msecs (HTTP/1.1 200) 9 headers in 359 bytes (1 switches on core 0)
May 05 16:28:49.367547 dv-neutron-839342-1-hyperv devstack@n-api.service[102201]: DEBUG nova.api.openstack.wsgi [None req-f4811bac-bc78-4671-8d8f-529eca36879f admin admin] Action: 'create', calling method: >, body: {"extra_specs": {"hw_rng:allowed": "True"}} {{(pid=102201) _process_stack /opt/stack/nova/nova/api/openstack/wsgi.py:511}}
May 05 16:28:49.392857 dv-neutron-839342-1-hyperv devstack@n-api.service[102201]: INFO nova.api.openstack.requestlog [None req-f4811bac-bc78-4671-8d8f-529eca36879f admin admin] 10.222.0.57 "POST /compute/v2.1/flavors/4/os-extra_specs" status: 200 len: 43 microversion: 2.61 time: 0.028888
May 05 16:28:49.393522 dv-neutron-839342-1-hyperv devstack@n-api.service[102201]: [pid: 102201|app: 0|req: 16/32] 10.222.0.57 () {64 vars in 1332 bytes} [Thu May 5 16:28:49 2022] POST /compute/v2.1/flavors/4/os-extra_specs => generated 43 bytes in 30 msecs (HTTP/1.1 200) 9 headers in 358 bytes (1 switches on core 0)
May 05 16:28:51.565144 dv-neutron-839342-1-hyperv devstack@n-api.service[102200]: DEBUG nova.api.openstack.wsgi [None req-51949bb7-e4ce-46d9-8a47-9bdd43aac1ac admin admin] Calling method '>' {{(pid=102200) _process_stack /opt/stack/nova/nova/api/openstack/wsgi.py:513}}
May 05 16:28:51.566150 dv-neutron-839342-1-hyperv devstack@n-api.service[102200]: INFO nova.api.openstack.requestlog [None req-51949bb7-e4ce-46d9-8a47-9bdd43aac1ac admin admin] 10.222.0.57 "GET /compute/v2.1" status: 200 len: 388 microversion: 2.1 time: 0.001486
May 05 16:28:51.566581 dv-neutron-839342-1-hyperv devstack@n-api.service[102200]: [pid: 102200|app: 0|req: 17/33] 10.222.0.57 () {54 vars in 930 bytes} [Thu May 5 16:28:51 2022] GET /compute/v2.1 => generated 388 bytes in 2 msecs (HTTP/1.1 200) 9 headers in 357 bytes (1 switches on core 0)
May 05 16:28:51.630715 dv-neutron-839342-1-hyperv devstack@n-api.service[102201]: DEBUG nova.api.openstack.wsgi [None req-81d6133f-009f-4bd3-8966-48165265818b admin admin] Action: 'create', calling method: >, body: {"flavor": {"vcpus": 8, "ram": 16384, "OS-FLV-EXT-DATA:ephemeral": 0, "os-flavor-access:is_public": true, "name": "m1.xlarge", "disk": 160, "swap": 0, "rxtx_factor": 1.0, "id": "5"}} {{(pid=102201) _process_stack /opt/stack/nova/nova/api/openstack/wsgi.py:511}}
May 05 16:28:51.649765 dv-neutron-839342-1-hyperv devstack@n-api.service[102201]: INFO nova.api.openstack.requestlog [None req-81d6133f-009f-4bd3-8966-48165265818b admin admin] 10.222.0.57 "POST /compute/v2.1/flavors" status: 200 len: 408 microversion: 2.61 time: 0.075390
May 05 16:28:51.650313 dv-neutron-839342-1-hyperv devstack@n-api.service[102201]: [pid: 102201|app: 0|req: 17/34] 10.222.0.57 () {64 vars in 1282 bytes} [Thu May 5 16:28:51 2022] POST /compute/v2.1/flavors => generated 408 bytes in 77 msecs (HTTP/1.1 200) 9 headers in 359 bytes (1 switches on core 0)
May 05 16:28:51.663188 dv-neutron-839342-1-hyperv devstack@n-api.service[102200]: DEBUG nova.api.openstack.wsgi [None req-5c748092-d603-49f5-be85-65911d59c472 admin admin] Action: 'create', calling method: >, body: {"extra_specs": {"hw_rng:allowed": "True"}} {{(pid=102200) _process_stack /opt/stack/nova/nova/api/openstack/wsgi.py:511}}
May 05 16:28:51.688937 dv-neutron-839342-1-hyperv devstack@n-api.service[102200]: INFO nova.api.openstack.requestlog [None req-5c748092-d603-49f5-be85-65911d59c472 admin admin] 10.222.0.57 "POST /compute/v2.1/flavors/5/os-extra_specs" status: 200 len: 43 microversion: 2.61 time: 0.029727
May 05 16:28:51.689522 dv-neutron-839342-1-hyperv devstack@n-api.service[102200]: [pid: 102200|app: 0|req: 18/35] 10.222.0.57 () {64 vars in 1332 bytes} [Thu May 5 16:28:51 2022] POST /compute/v2.1/flavors/5/os-extra_specs => generated 43 bytes in 31 msecs (HTTP/1.1 200) 9 headers in 358 bytes (1 switches on core 0)
May 05 16:29:35.007945 dv-neutron-839342-1-hyperv devstack@n-api.service[102201]: DEBUG nova.api.openstack.wsgi [None req-81d6133f-009f-4bd3-8966-48165265818b admin admin] Calling method '>' {{(pid=102201) _process_stack /opt/stack/nova/nova/api/openstack/wsgi.py:513}}
May 05 16:29:35.008981 dv-neutron-839342-1-hyperv devstack@n-api.service[102201]: INFO nova.api.openstack.requestlog [None req-81d6133f-009f-4bd3-8966-48165265818b admin admin] 10.222.0.57 "GET /compute/v2.1" status: 200 len: 388 microversion: 2.1 time: 0.001477
May 05 16:29:35.009370 dv-neutron-839342-1-hyperv devstack@n-api.service[102201]: [pid: 102201|app: 0|req: 18/36] 10.222.0.57 () {54 vars in 930 bytes} [Thu May 5 16:29:35 2022] GET /compute/v2.1 => generated 388 bytes in 2 msecs (HTTP/1.1 200) 9 headers in 357 bytes (1 switches on core 0)
May 05 16:29:35.073224 dv-neutron-839342-1-hyperv devstack@n-api.service[102200]: DEBUG nova.api.openstack.wsgi [None req-c7f396c8-bc0b-4ff8-bf17-671e39630b88 admin admin] Calling method '>' {{(pid=102200) _process_stack /opt/stack/nova/nova/api/openstack/wsgi.py:513}}
May 05 16:29:35.095881 dv-neutron-839342-1-hyperv devstack@n-api.service[102200]: INFO nova.api.openstack.requestlog [None req-c7f396c8-bc0b-4ff8-bf17-671e39630b88 admin admin] 10.222.0.57 "GET /compute/v2.1/flavors/detail?is_public=True" status: 200 len: 4202 microversion: 2.61 time: 0.078078
May 05 16:29:35.096415 dv-neutron-839342-1-hyperv devstack@n-api.service[102200]: [pid: 102200|app: 0|req: 19/37] 10.222.0.57 () {60 vars in 1291 bytes} [Thu May 5 16:29:35 2022] GET /compute/v2.1/flavors/detail?is_public=True => generated 4202 bytes in 79 msecs (HTTP/1.1 200) 9 headers in 360 bytes (1 switches on core 0)
May 05 16:29:36.531084 dv-neutron-839342-1-hyperv devstack@n-api.service[102201]: DEBUG nova.api.openstack.wsgi [None req-81d6133f-009f-4bd3-8966-48165265818b admin admin] Calling method '>' {{(pid=102201) _process_stack /opt/stack/nova/nova/api/openstack/wsgi.py:513}}
May 05 16:29:36.532098 dv-neutron-839342-1-hyperv devstack@n-api.service[102201]: INFO nova.api.openstack.requestlog [None req-81d6133f-009f-4bd3-8966-48165265818b admin admin] 10.222.0.57 "GET /compute/v2.1" status: 200 len: 388 microversion: 2.1 time: 0.001438
May 05 16:29:36.532532 dv-neutron-839342-1-hyperv devstack@n-api.service[102201]: [pid: 102201|app: 0|req: 19/38] 10.222.0.57 () {56 vars in 1074 bytes} [Thu May 5 16:29:36 2022] GET /compute/v2.1 => generated 388 bytes in 2 msecs (HTTP/1.1 200) 9 headers in 357 bytes (1 switches on core 0)
