May 27 23:33:00.418120 dv-neutron-839066-4-hyperv devstack@keystone.service[87203]: DEBUG keystone.server.flask.request_processing.middleware.auth_context [None req-f4c17d97-7ff0-476c-866e-85bb714e7a73 None admin] RBAC: auth_context: {'token': , 'domain_id': None, 'trust_id': None, 'trustor_id': None, 'trustee_id': None, 'domain_name': None, 'group_ids': [], 'user_id': '72b1fded44d94041b43fb394691f534b', 'user_domain_id': 'default', 'system_scope': 'all', 'project_id': None, 'project_domain_id': None, 'roles': ['admin', 'member', 'reader'], 'is_admin_project': True, 'service_user_id': None, 'service_user_domain_id': None, 'service_project_id': None, 'service_project_domain_id': None, 'service_roles': []} {{(pid=87203) fill_context /opt/stack/keystone/keystone/server/flask/request_processing/middleware/auth_context.py:478}}
May 27 23:33:00.418907 dv-neutron-839066-4-hyperv devstack@keystone.service[87203]: DEBUG keystone.server.flask.request_processing.req_logging [None req-f4c17d97-7ff0-476c-866e-85bb714e7a73 None admin] REQUEST_METHOD: `POST` {{(pid=87203) log_request_info /opt/stack/keystone/keystone/server/flask/request_processing/req_logging.py:27}}
May 27 23:33:00.419313 dv-neutron-839066-4-hyperv devstack@keystone.service[87203]: DEBUG keystone.server.flask.request_processing.req_logging [None req-f4c17d97-7ff0-476c-866e-85bb714e7a73 None admin] SCRIPT_NAME: `/identity` {{(pid=87203) log_request_info /opt/stack/keystone/keystone/server/flask/request_processing/req_logging.py:28}}
May 27 23:33:00.419672 dv-neutron-839066-4-hyperv devstack@keystone.service[87203]: DEBUG keystone.server.flask.request_processing.req_logging [None req-f4c17d97-7ff0-476c-866e-85bb714e7a73 None admin] PATH_INFO: `/v3/projects` {{(pid=87203) log_request_info /opt/stack/keystone/keystone/server/flask/request_processing/req_logging.py:29}}
May 27 23:33:00.420531 dv-neutron-839066-4-hyperv devstack@keystone.service[87203]: DEBUG keystone.common.rbac_enforcer.enforcer [None req-f4c17d97-7ff0-476c-866e-85bb714e7a73 None admin] RBAC: Authorizing `identity:create_project()` {{(pid=87203) enforce_call /opt/stack/keystone/keystone/common/rbac_enforcer/enforcer.py:449}}
May 27 23:33:00.422115 dv-neutron-839066-4-hyperv devstack@keystone.service[87203]: DEBUG keystone.common.rbac_enforcer.enforcer [None req-f4c17d97-7ff0-476c-866e-85bb714e7a73 None admin] RBAC: Authorization granted {{(pid=87203) enforce_call /opt/stack/keystone/keystone/common/rbac_enforcer/enforcer.py:457}}
May 27 23:33:00.450511 dv-neutron-839066-4-hyperv devstack@keystone.service[87202]: [pid: 87202|app: 0|req: 20/38] 10.222.0.64 () {60 vars in 1131 bytes} [Fri May 27 23:33:00 2022] POST /identity/v3/roles => generated 225 bytes in 342 msecs (HTTP/1.1 201) 5 headers in 182 bytes (1 switches on core 0)
May 27 23:33:00.452718 dv-neutron-839066-4-hyperv devstack@keystone.service[87202]: DEBUG keystone.server.flask.request_processing.req_logging [None req-c2384eaa-475e-41a5-af57-b45312a0009a None None] REQUEST_METHOD: `GET` {{(pid=87202) log_request_info /opt/stack/keystone/keystone/server/flask/request_processing/req_logging.py:27}}
May 27 23:33:00.453022 dv-neutron-839066-4-hyperv devstack@keystone.service[87202]: DEBUG keystone.server.flask.request_processing.req_logging [None req-c2384eaa-475e-41a5-af57-b45312a0009a None None] SCRIPT_NAME: `/identity` {{(pid=87202) log_request_info /opt/stack/keystone/keystone/server/flask/request_processing/req_logging.py:28}}
May 27 23:33:00.453366 dv-neutron-839066-4-hyperv devstack@keystone.service[87202]: DEBUG keystone.server.flask.request_processing.req_logging [None req-c2384eaa-475e-41a5-af57-b45312a0009a None None] PATH_INFO: `/` {{(pid=87202) log_request_info /opt/stack/keystone/keystone/server/flask/request_processing/req_logging.py:29}}
May 27 23:33:00.454830 dv-neutron-839066-4-hyperv devstack@keystone.service[87202]: [pid: 87202|app: 0|req: 21/39] 10.222.0.64 () {54 vars in 926 bytes} [Fri May 27 23:33:00 2022] GET /identity => generated 270 bytes in 4 msecs (HTTP/1.1 300) 6 headers in 234 bytes (1 switches on core 0)
May 27 23:33:00.462259 dv-neutron-839066-4-hyperv devstack@keystone.service[87202]: DEBUG keystone.server.flask.request_processing.req_logging [None req-51a37e85-2009-4fa8-b00a-a150e7a4febe None None] REQUEST_METHOD: `POST` {{(pid=87202) log_request_info /opt/stack/keystone/keystone/server/flask/request_processing/req_logging.py:27}}
May 27 23:33:00.462560 dv-neutron-839066-4-hyperv devstack@keystone.service[87202]: DEBUG keystone.server.flask.request_processing.req_logging [None req-51a37e85-2009-4fa8-b00a-a150e7a4febe None None] SCRIPT_NAME: `/identity` {{(pid=87202) log_request_info /opt/stack/keystone/keystone/server/flask/request_processing/req_logging.py:28}}
May 27 23:33:00.462909 dv-neutron-839066-4-hyperv devstack@keystone.service[87202]: DEBUG keystone.server.flask.request_processing.req_logging [None req-51a37e85-2009-4fa8-b00a-a150e7a4febe None None] PATH_INFO: `/v3/auth/tokens` {{(pid=87202) log_request_info /opt/stack/keystone/keystone/server/flask/request_processing/req_logging.py:29}}
May 27 23:33:00.470046 dv-neutron-839066-4-hyperv devstack@keystone.service[87203]: [pid: 87203|app: 0|req: 19/40] 10.222.0.64 () {60 vars in 1141 bytes} [Fri May 27 23:33:00 2022] POST /identity/v3/projects => generated 301 bytes in 221 msecs (HTTP/1.1 201) 5 headers in 182 bytes (1 switches on core 0)
May 27 23:33:00.485401 dv-neutron-839066-4-hyperv devstack@keystone.service[87202]: DEBUG keystone.auth.core [None req-51a37e85-2009-4fa8-b00a-a150e7a4febe None None] MFA Rules not processed for user `72b1fded44d94041b43fb394691f534b`. Rule list: `[]` (Enabled: `True`). {{(pid=87202) check_auth_methods_against_rules /opt/stack/keystone/keystone/auth/core.py:438}}
May 27 23:33:00.487120 dv-neutron-839066-4-hyperv devstack@keystone.service[87202]: DEBUG keystone.common.fernet_utils [None req-51a37e85-2009-4fa8-b00a-a150e7a4febe None None] Loaded 2 Fernet keys from /etc/keystone/fernet-keys/, but `[fernet_tokens] max_active_keys = 3`; perhaps there have not been enough key rotations to reach `max_active_keys` yet? {{(pid=87202) load_keys /opt/stack/keystone/keystone/common/fernet_utils.py:286}}
May 27 23:33:00.583217 dv-neutron-839066-4-hyperv devstack@keystone.service[87202]: [pid: 87202|app: 0|req: 22/41] 10.222.0.64 () {58 vars in 1023 bytes} [Fri May 27 23:33:00 2022] POST /identity/v3/auth/tokens => generated 799 bytes in 122 msecs (HTTP/1.1 201) 6 headers in 363 bytes (2 switches on core 0)
May 27 23:33:00.606242 dv-neutron-839066-4-hyperv devstack@keystone.service[87203]: DEBUG keystone.server.flask.request_processing.middleware.auth_context [None req-f4c17d97-7ff0-476c-866e-85bb714e7a73 None admin] Authenticating user token {{(pid=87203) process_request /usr/local/lib/python3.8/dist-packages/keystonemiddleware/auth_token/__init__.py:407}}
May 27 23:33:00.610944 dv-neutron-839066-4-hyperv devstack@keystone.service[87202]: DEBUG keystone.server.flask.request_processing.req_logging [None req-ffb3ad35-f33a-4b9d-bf8b-5110efe80d20 None None] REQUEST_METHOD: `GET` {{(pid=87202) log_request_info /opt/stack/keystone/keystone/server/flask/request_processing/req_logging.py:27}}
May 27 23:33:00.611243 dv-neutron-839066-4-hyperv devstack@keystone.service[87202]: DEBUG keystone.server.flask.request_processing.req_logging [None req-ffb3ad35-f33a-4b9d-bf8b-5110efe80d20 None None] SCRIPT_NAME: `/identity` {{(pid=87202) log_request_info /opt/stack/keystone/keystone/server/flask/request_processing/req_logging.py:28}}
May 27 23:33:00.611529 dv-neutron-839066-4-hyperv devstack@keystone.service[87202]: DEBUG keystone.server.flask.request_processing.req_logging [None req-ffb3ad35-f33a-4b9d-bf8b-5110efe80d20 None None] PATH_INFO: `/` {{(pid=87202) log_request_info /opt/stack/keystone/keystone/server/flask/request_processing/req_logging.py:29}}
May 27 23:33:00.613172 dv-neutron-839066-4-hyperv devstack@keystone.service[87202]: [pid: 87202|app: 0|req: 23/42] 10.222.0.64 () {54 vars in 926 bytes} [Fri May 27 23:33:00 2022] GET /identity => generated 270 bytes in 3 msecs (HTTP/1.1 300) 6 headers in 234 bytes (1 switches on core 0)
May 27 23:33:00.621005 dv-neutron-839066-4-hyperv devstack@keystone.service[87202]: DEBUG keystone.server.flask.request_processing.req_logging [None req-16300980-e012-47ae-83e0-f937d9e88a52 None None] REQUEST_METHOD: `POST` {{(pid=87202) log_request_info /opt/stack/keystone/keystone/server/flask/request_processing/req_logging.py:27}}
May 27 23:33:00.621301 dv-neutron-839066-4-hyperv devstack@keystone.service[87202]: DEBUG keystone.server.flask.request_processing.req_logging [None req-16300980-e012-47ae-83e0-f937d9e88a52 None None] SCRIPT_NAME: `/identity` {{(pid=87202) log_request_info /opt/stack/keystone/keystone/server/flask/request_processing/req_logging.py:28}}
May 27 23:33:00.621513 dv-neutron-839066-4-hyperv devstack@keystone.service[87202]: DEBUG keystone.server.flask.request_processing.req_logging [None req-16300980-e012-47ae-83e0-f937d9e88a52 None None] PATH_INFO: `/v3/auth/tokens` {{(pid=87202) log_request_info /opt/stack/keystone/keystone/server/flask/request_processing/req_logging.py:29}}
May 27 23:33:00.630241 dv-neutron-839066-4-hyperv devstack@keystone.service[87203]: DEBUG dbcounter [-] [87203] Writing DB stats keystone:SELECT=98,keystone:INSERT=2 {{(pid=87203) stat_writer /usr/local/lib/python3.8/dist-packages/dbcounter.py:114}}
May 27 23:33:00.644618 dv-neutron-839066-4-hyperv devstack@keystone.service[87202]: DEBUG keystone.auth.core [None req-16300980-e012-47ae-83e0-f937d9e88a52 None None] MFA Rules not processed for user `72b1fded44d94041b43fb394691f534b`. Rule list: `[]` (Enabled: `True`). {{(pid=87202) check_auth_methods_against_rules /opt/stack/keystone/keystone/auth/core.py:438}}
May 27 23:33:00.645866 dv-neutron-839066-4-hyperv devstack@keystone.service[87202]: DEBUG keystone.common.fernet_utils [None req-16300980-e012-47ae-83e0-f937d9e88a52 None None] Loaded 2 Fernet keys from /etc/keystone/fernet-keys/, but `[fernet_tokens] max_active_keys = 3`; perhaps there have not been enough key rotations to reach `max_active_keys` yet? {{(pid=87202) load_keys /opt/stack/keystone/keystone/common/fernet_utils.py:286}}
May 27 23:33:00.750726 dv-neutron-839066-4-hyperv devstack@keystone.service[87203]: DEBUG keystone.server.flask.request_processing.middleware.auth_context [None req-f4c17d97-7ff0-476c-866e-85bb714e7a73 None admin] Validating token access rules against request {{(pid=87203) validate_allowed_request /usr/local/lib/python3.8/dist-packages/keystonemiddleware/auth_token/__init__.py:545}}
May 27 23:33:00.756545 dv-neutron-839066-4-hyperv devstack@keystone.service[87202]: [pid: 87202|app: 0|req: 24/43] 10.222.0.64 () {58 vars in 1023 bytes} [Fri May 27 23:33:00 2022] POST /identity/v3/auth/tokens => generated 799 bytes in 137 msecs (HTTP/1.1 201) 6 headers in 363 bytes (2 switches on core 0)
May 27 23:33:00.780544 dv-neutron-839066-4-hyperv devstack@keystone.service[87202]: DEBUG keystone.server.flask.request_processing.middleware.auth_context [None req-16300980-e012-47ae-83e0-f937d9e88a52 None None] Authenticating user token {{(pid=87202) process_request /usr/local/lib/python3.8/dist-packages/keystonemiddleware/auth_token/__init__.py:407}}
May 27 23:33:00.791073 dv-neutron-839066-4-hyperv devstack@keystone.service[87203]: DEBUG keystone.server.flask.request_processing.middleware.auth_context [None req-6da50ec6-7e47-4420-aba7-1887c9348368 None admin] RBAC: auth_context: {'token': , 'domain_id': None, 'trust_id': None, 'trustor_id': None, 'trustee_id': None, 'domain_name': None, 'group_ids': [], 'user_id': '72b1fded44d94041b43fb394691f534b', 'user_domain_id': 'default', 'system_scope': 'all', 'project_id': None, 'project_domain_id': None, 'roles': ['admin', 'member', 'reader'], 'is_admin_project': True, 'service_user_id': None, 'service_user_domain_id': None, 'service_project_id': None, 'service_project_domain_id': None, 'service_roles': []} {{(pid=87203) fill_context /opt/stack/keystone/keystone/server/flask/request_processing/middleware/auth_context.py:478}}
May 27 23:33:00.791869 dv-neutron-839066-4-hyperv devstack@keystone.service[87203]: DEBUG keystone.server.flask.request_processing.req_logging [None req-6da50ec6-7e47-4420-aba7-1887c9348368 None admin] REQUEST_METHOD: `GET` {{(pid=87203) log_request_info /opt/stack/keystone/keystone/server/flask/request_processing/req_logging.py:27}}
May 27 23:33:00.792151 dv-neutron-839066-4-hyperv devstack@keystone.service[87203]: DEBUG keystone.server.flask.request_processing.req_logging [None req-6da50ec6-7e47-4420-aba7-1887c9348368 None admin] SCRIPT_NAME: `/identity` {{(pid=87203) log_request_info /opt/stack/keystone/keystone/server/flask/request_processing/req_logging.py:28}}
May 27 23:33:00.792459 dv-neutron-839066-4-hyperv devstack@keystone.service[87203]: DEBUG keystone.server.flask.request_processing.req_logging [None req-6da50ec6-7e47-4420-aba7-1887c9348368 None admin] PATH_INFO: `/v3/domains/default` {{(pid=87203) log_request_info /opt/stack/keystone/keystone/server/flask/request_processing/req_logging.py:29}}
May 27 23:33:00.793635 dv-neutron-839066-4-hyperv devstack@keystone.service[87203]: DEBUG keystone.common.rbac_enforcer.enforcer [None req-6da50ec6-7e47-4420-aba7-1887c9348368 None admin] RBAC: Authorizing `identity:get_domain(domain_id=default)` {{(pid=87203) enforce_call /opt/stack/keystone/keystone/common/rbac_enforcer/enforcer.py:449}}
May 27 23:33:00.795643 dv-neutron-839066-4-hyperv devstack@keystone.service[87203]: DEBUG keystone.common.rbac_enforcer.enforcer [None req-6da50ec6-7e47-4420-aba7-1887c9348368 None admin] RBAC: Authorization granted {{(pid=87203) enforce_call /opt/stack/keystone/keystone/common/rbac_enforcer/enforcer.py:457}}
May 27 23:33:00.798141 dv-neutron-839066-4-hyperv devstack@keystone.service[87203]: [pid: 87203|app: 0|req: 20/44] 10.222.0.64 () {56 vars in 1108 bytes} [Fri May 27 23:33:00 2022] GET /identity/v3/domains/default => generated 199 bytes in 192 msecs (HTTP/1.1 200) 5 headers in 177 bytes (1 switches on core 0)
May 27 23:33:00.803284 dv-neutron-839066-4-hyperv devstack@keystone.service[87203]: DEBUG keystone.server.flask.request_processing.middleware.auth_context [None req-6da50ec6-7e47-4420-aba7-1887c9348368 None admin] Authenticating user token {{(pid=87203) process_request /usr/local/lib/python3.8/dist-packages/keystonemiddleware/auth_token/__init__.py:407}}
May 27 23:33:00.819573 dv-neutron-839066-4-hyperv devstack@keystone.service[87202]: DEBUG dbcounter [-] [87202] Writing DB stats keystone:SELECT=99,keystone:INSERT=1 {{(pid=87202) stat_writer /usr/local/lib/python3.8/dist-packages/dbcounter.py:114}}
May 27 23:33:00.902798 dv-neutron-839066-4-hyperv devstack@keystone.service[87203]: DEBUG dbcounter [-] [87203] Writing DB stats keystone:SELECT=100 {{(pid=87203) stat_writer /usr/local/lib/python3.8/dist-packages/dbcounter.py:114}}
May 27 23:33:00.917096 dv-neutron-839066-4-hyperv devstack@keystone.service[87202]: DEBUG keystone.server.flask.request_processing.middleware.auth_context [None req-16300980-e012-47ae-83e0-f937d9e88a52 None None] Validating token access rules against request {{(pid=87202) validate_allowed_request /usr/local/lib/python3.8/dist-packages/keystonemiddleware/auth_token/__init__.py:545}}
May 27 23:33:00.921757 dv-neutron-839066-4-hyperv devstack@keystone.service[87203]: DEBUG keystone.server.flask.request_processing.middleware.auth_context [None req-6da50ec6-7e47-4420-aba7-1887c9348368 None admin] Validating token access rules against request {{(pid=87203) validate_allowed_request /usr/local/lib/python3.8/dist-packages/keystonemiddleware/auth_token/__init__.py:545}}
May 27 23:33:00.960829 dv-neutron-839066-4-hyperv devstack@keystone.service[87202]: DEBUG keystone.server.flask.request_processing.middleware.auth_context [None req-66463b6c-e9ac-4e12-a5d9-beef35ceb448 None admin] RBAC: auth_context: {'token': , 'domain_id': None, 'trust_id': None, 'trustor_id': None, 'trustee_id': None, 'domain_name': None, 'group_ids': [], 'user_id': '72b1fded44d94041b43fb394691f534b', 'user_domain_id': 'default', 'system_scope': 'all', 'project_id': None, 'project_domain_id': None, 'roles': ['admin', 'member', 'reader'], 'is_admin_project': True, 'service_user_id': None, 'service_user_domain_id': None, 'service_project_id': None, 'service_project_domain_id': None, 'service_roles': []} {{(pid=87202) fill_context /opt/stack/keystone/keystone/server/flask/request_processing/middleware/auth_context.py:478}}
May 27 23:33:00.961504 dv-neutron-839066-4-hyperv devstack@keystone.service[87202]: DEBUG keystone.server.flask.request_processing.req_logging [None req-66463b6c-e9ac-4e12-a5d9-beef35ceb448 None admin] REQUEST_METHOD: `POST` {{(pid=87202) log_request_info /opt/stack/keystone/keystone/server/flask/request_processing/req_logging.py:27}}
May 27 23:33:00.961606 dv-neutron-839066-4-hyperv devstack@keystone.service[87203]: DEBUG keystone.server.flask.request_processing.middleware.auth_context [None req-bf53437e-5210-470f-ae8e-9e3acab8ad69 None admin] RBAC: auth_context: {'token': , 'domain_id': None, 'trust_id': None, 'trustor_id': None, 'trustee_id': None, 'domain_name': None, 'group_ids': [], 'user_id': '72b1fded44d94041b43fb394691f534b', 'user_domain_id': 'default', 'system_scope': 'all', 'project_id': None, 'project_domain_id': None, 'roles': ['admin', 'member', 'reader'], 'is_admin_project': True, 'service_user_id': None, 'service_user_domain_id': None, 'service_project_id': None, 'service_project_domain_id': None, 'service_roles': []} {{(pid=87203) fill_context /opt/stack/keystone/keystone/server/flask/request_processing/middleware/auth_context.py:478}}
May 27 23:33:00.961796 dv-neutron-839066-4-hyperv devstack@keystone.service[87202]: DEBUG keystone.server.flask.request_processing.req_logging [None req-66463b6c-e9ac-4e12-a5d9-beef35ceb448 None admin] SCRIPT_NAME: `/identity` {{(pid=87202) log_request_info /opt/stack/keystone/keystone/server/flask/request_processing/req_logging.py:28}}
May 27 23:33:00.962074 dv-neutron-839066-4-hyperv devstack@keystone.service[87202]: DEBUG keystone.server.flask.request_processing.req_logging [None req-66463b6c-e9ac-4e12-a5d9-beef35ceb448 None admin] PATH_INFO: `/v3/roles` {{(pid=87202) log_request_info /opt/stack/keystone/keystone/server/flask/request_processing/req_logging.py:29}}
May 27 23:33:00.962512 dv-neutron-839066-4-hyperv devstack@keystone.service[87203]: DEBUG keystone.server.flask.request_processing.req_logging [None req-bf53437e-5210-470f-ae8e-9e3acab8ad69 None admin] REQUEST_METHOD: `POST` {{(pid=87203) log_request_info /opt/stack/keystone/keystone/server/flask/request_processing/req_logging.py:27}}
May 27 23:33:00.962824 dv-neutron-839066-4-hyperv devstack@keystone.service[87202]: DEBUG keystone.common.rbac_enforcer.enforcer [None req-66463b6c-e9ac-4e12-a5d9-beef35ceb448 None admin] RBAC: Authorizing `identity:create_role()` {{(pid=87202) enforce_call /opt/stack/keystone/keystone/common/rbac_enforcer/enforcer.py:449}}
May 27 23:33:00.962972 dv-neutron-839066-4-hyperv devstack@keystone.service[87203]: DEBUG keystone.server.flask.request_processing.req_logging [None req-bf53437e-5210-470f-ae8e-9e3acab8ad69 None admin] SCRIPT_NAME: `/identity` {{(pid=87203) log_request_info /opt/stack/keystone/keystone/server/flask/request_processing/req_logging.py:28}}
May 27 23:33:00.963345 dv-neutron-839066-4-hyperv devstack@keystone.service[87203]: DEBUG keystone.server.flask.request_processing.req_logging [None req-bf53437e-5210-470f-ae8e-9e3acab8ad69 None admin] PATH_INFO: `/v3/projects` {{(pid=87203) log_request_info /opt/stack/keystone/keystone/server/flask/request_processing/req_logging.py:29}}
May 27 23:33:00.964150 dv-neutron-839066-4-hyperv devstack@keystone.service[87203]: DEBUG keystone.common.rbac_enforcer.enforcer [None req-bf53437e-5210-470f-ae8e-9e3acab8ad69 None admin] RBAC: Authorizing `identity:create_project()` {{(pid=87203) enforce_call /opt/stack/keystone/keystone/common/rbac_enforcer/enforcer.py:449}}
May 27 23:33:00.964372 dv-neutron-839066-4-hyperv devstack@keystone.service[87202]: DEBUG keystone.common.rbac_enforcer.enforcer [None req-66463b6c-e9ac-4e12-a5d9-beef35ceb448 None admin] RBAC: Authorization granted {{(pid=87202) enforce_call /opt/stack/keystone/keystone/common/rbac_enforcer/enforcer.py:457}}
May 27 23:33:00.965822 dv-neutron-839066-4-hyperv devstack@keystone.service[87203]: DEBUG keystone.common.rbac_enforcer.enforcer [None req-bf53437e-5210-470f-ae8e-9e3acab8ad69 None admin] RBAC: Authorization granted {{(pid=87203) enforce_call /opt/stack/keystone/keystone/common/rbac_enforcer/enforcer.py:457}}
May 27 23:33:00.979008 dv-neutron-839066-4-hyperv devstack@keystone.service[87202]: [pid: 87202|app: 0|req: 25/45] 10.222.0.64 () {60 vars in 1131 bytes} [Fri May 27 23:33:00 2022] POST /identity/v3/roles => generated 223 bytes in 199 msecs (HTTP/1.1 201) 5 headers in 182 bytes (2 switches on core 0)
May 27 23:33:00.996216 dv-neutron-839066-4-hyperv devstack@keystone.service[87203]: [pid: 87203|app: 0|req: 21/46] 10.222.0.64 () {60 vars in 1141 bytes} [Fri May 27 23:33:00 2022] POST /identity/v3/projects => generated 312 bytes in 193 msecs (HTTP/1.1 201) 5 headers in 182 bytes (2 switches on core 0)
May 27 23:33:02.636799 dv-neutron-839066-4-hyperv devstack@keystone.service[87202]: DEBUG keystone.server.flask.request_processing.req_logging [None req-e59a0c62-cf56-4b8d-a8a9-745601180eea None None] REQUEST_METHOD: `GET` {{(pid=87202) log_request_info /opt/stack/keystone/keystone/server/flask/request_processing/req_logging.py:27}}
May 27 23:33:02.637303 dv-neutron-839066-4-hyperv devstack@keystone.service[87202]: DEBUG keystone.server.flask.request_processing.req_logging [None req-e59a0c62-cf56-4b8d-a8a9-745601180eea None None] SCRIPT_NAME: `/identity` {{(pid=87202) log_request_info /opt/stack/keystone/keystone/server/flask/request_processing/req_logging.py:28}}
May 27 23:33:02.637411 dv-neutron-839066-4-hyperv devstack@keystone.service[87202]: DEBUG keystone.server.flask.request_processing.req_logging [None req-e59a0c62-cf56-4b8d-a8a9-745601180eea None None] PATH_INFO: `/` {{(pid=87202) log_request_info /opt/stack/keystone/keystone/server/flask/request_processing/req_logging.py:29}}
May 27 23:33:02.639397 dv-neutron-839066-4-hyperv devstack@keystone.service[87202]: [pid: 87202|app: 0|req: 26/47] 10.222.0.64 () {54 vars in 926 bytes} [Fri May 27 23:33:02 2022] GET /identity => generated 270 bytes in 4 msecs (HTTP/1.1 300) 6 headers in 234 bytes (1 switches on core 0)
May 27 23:33:02.644407 dv-neutron-839066-4-hyperv devstack@keystone.service[87203]: DEBUG keystone.server.flask.request_processing.req_logging [None req-fbb2e227-ff74-463d-92e6-09d20336afa9 None None] REQUEST_METHOD: `POST` {{(pid=87203) log_request_info /opt/stack/keystone/keystone/server/flask/request_processing/req_logging.py:27}}
May 27 23:33:02.644792 dv-neutron-839066-4-hyperv devstack@keystone.service[87203]: DEBUG keystone.server.flask.request_processing.req_logging [None req-fbb2e227-ff74-463d-92e6-09d20336afa9 None None] SCRIPT_NAME: `/identity` {{(pid=87203) log_request_info /opt/stack/keystone/keystone/server/flask/request_processing/req_logging.py:28}}
May 27 23:33:02.645097 dv-neutron-839066-4-hyperv devstack@keystone.service[87203]: DEBUG keystone.server.flask.request_processing.req_logging [None req-fbb2e227-ff74-463d-92e6-09d20336afa9 None None] PATH_INFO: `/v3/auth/tokens` {{(pid=87203) log_request_info /opt/stack/keystone/keystone/server/flask/request_processing/req_logging.py:29}}
May 27 23:33:02.662266 dv-neutron-839066-4-hyperv devstack@keystone.service[87203]: DEBUG keystone.auth.core [None req-fbb2e227-ff74-463d-92e6-09d20336afa9 None None] MFA Rules not processed for user `72b1fded44d94041b43fb394691f534b`. Rule list: `[]` (Enabled: `True`). {{(pid=87203) check_auth_methods_against_rules /opt/stack/keystone/keystone/auth/core.py:438}}
May 27 23:33:02.663448 dv-neutron-839066-4-hyperv devstack@keystone.service[87203]: DEBUG keystone.common.fernet_utils [None req-fbb2e227-ff74-463d-92e6-09d20336afa9 None None] Loaded 2 Fernet keys from /etc/keystone/fernet-keys/, but `[fernet_tokens] max_active_keys = 3`; perhaps there have not been enough key rotations to reach `max_active_keys` yet? {{(pid=87203) load_keys /opt/stack/keystone/keystone/common/fernet_utils.py:286}}
May 27 23:33:02.728955 dv-neutron-839066-4-hyperv devstack@keystone.service[87203]: [pid: 87203|app: 0|req: 22/48] 10.222.0.64 () {58 vars in 1023 bytes} [Fri May 27 23:33:02 2022] POST /identity/v3/auth/tokens => generated 799 bytes in 86 msecs (HTTP/1.1 201) 6 headers in 363 bytes (1 switches on core 0)
May 27 23:33:02.752625 dv-neutron-839066-4-hyperv devstack@keystone.service[87202]: DEBUG keystone.server.flask.request_processing.middleware.auth_context [None req-e59a0c62-cf56-4b8d-a8a9-745601180eea None None] Authenticating user token {{(pid=87202) process_request /usr/local/lib/python3.8/dist-packages/keystonemiddleware/auth_token/__init__.py:407}}
May 27 23:33:02.840374 dv-neutron-839066-4-hyperv devstack@keystone.service[87202]: DEBUG dbcounter [-] [87202] Writing DB stats keystone:SELECT=99,keystone:INSERT=1 {{(pid=87202) stat_writer /usr/local/lib/python3.8/dist-packages/dbcounter.py:114}}
May 27 23:33:02.854835 dv-neutron-839066-4-hyperv devstack@keystone.service[87202]: DEBUG keystone.server.flask.request_processing.middleware.auth_context [None req-e59a0c62-cf56-4b8d-a8a9-745601180eea None None] Validating token access rules against request {{(pid=87202) validate_allowed_request /usr/local/lib/python3.8/dist-packages/keystonemiddleware/auth_token/__init__.py:545}}
May 27 23:33:02.887283 dv-neutron-839066-4-hyperv devstack@keystone.service[87202]: DEBUG keystone.server.flask.request_processing.middleware.auth_context [None req-f49f1347-0444-49fe-84ae-218aa85a86c0 None admin] RBAC: auth_context: {'token': , 'domain_id': None, 'trust_id': None, 'trustor_id': None, 'trustee_id': None, 'domain_name': None, 'group_ids': [], 'user_id': '72b1fded44d94041b43fb394691f534b', 'user_domain_id': 'default', 'system_scope': 'all', 'project_id': None, 'project_domain_id': None, 'roles': ['admin', 'member', 'reader'], 'is_admin_project': True, 'service_user_id': None, 'service_user_domain_id': None, 'service_project_id': None, 'service_project_domain_id': None, 'service_roles': []} {{(pid=87202) fill_context /opt/stack/keystone/keystone/server/flask/request_processing/middleware/auth_context.py:478}}
May 27 23:33:02.888705 dv-neutron-839066-4-hyperv devstack@keystone.service[87202]: DEBUG keystone.server.flask.request_processing.req_logging [None req-f49f1347-0444-49fe-84ae-218aa85a86c0 None admin] REQUEST_METHOD: `GET` {{(pid=87202) log_request_info /opt/stack/keystone/keystone/server/flask/request_processing/req_logging.py:27}}
May 27 23:33:02.888993 dv-neutron-839066-4-hyperv devstack@keystone.service[87202]: DEBUG keystone.server.flask.request_processing.req_logging [None req-f49f1347-0444-49fe-84ae-218aa85a86c0 None admin] SCRIPT_NAME: `/identity` {{(pid=87202) log_request_info /opt/stack/keystone/keystone/server/flask/request_processing/req_logging.py:28}}
May 27 23:33:02.889268 dv-neutron-839066-4-hyperv devstack@keystone.service[87202]: DEBUG keystone.server.flask.request_processing.req_logging [None req-f49f1347-0444-49fe-84ae-218aa85a86c0 None admin] PATH_INFO: `/v3/roles/admin` {{(pid=87202) log_request_info /opt/stack/keystone/keystone/server/flask/request_processing/req_logging.py:29}}
May 27 23:33:02.899112 dv-neutron-839066-4-hyperv devstack@keystone.service[87202]: DEBUG keystone.common.rbac_enforcer.enforcer [None req-f49f1347-0444-49fe-84ae-218aa85a86c0 None admin] Extracting inferred target data resulted in "NOT FOUND (404)". {{(pid=87202) enforce_call /opt/stack/keystone/keystone/common/rbac_enforcer/enforcer.py:409}}
May 27 23:33:02.906660 dv-neutron-839066-4-hyperv devstack@keystone.service[87202]: ERROR keystone.server.flask.application [None req-f49f1347-0444-49fe-84ae-218aa85a86c0 None admin] Could not find role: admin.: keystone.exception.RoleNotFound: Could not find role: admin.
May 27 23:33:02.906660 dv-neutron-839066-4-hyperv devstack@keystone.service[87202]: ERROR keystone.server.flask.application
Traceback (most recent call last):
May 27 23:33:02.906660 dv-neutron-839066-4-hyperv devstack@keystone.service[87202]: ERROR keystone.server.flask.application
File "/usr/local/lib/python3.8/dist-packages/flask/app.py", line 1523, in full_dispatch_request
May 27 23:33:02.906660 dv-neutron-839066-4-hyperv devstack@keystone.service[87202]: ERROR keystone.server.flask.application rv = self.dispatch_request()
May 27 23:33:02.906660 dv-neutron-839066-4-hyperv devstack@keystone.service[87202]: ERROR keystone.server.flask.application
File "/usr/local/lib/python3.8/dist-packages/flask/app.py", line 1509, in dispatch_request
May 27 23:33:02.906660 dv-neutron-839066-4-hyperv devstack@keystone.service[87202]: ERROR keystone.server.flask.application return self.ensure_sync(self.view_functions[rule.endpoint])(**req.view_args)
May 27 23:33:02.906660 dv-neutron-839066-4-hyperv devstack@keystone.service[87202]: ERROR keystone.server.flask.application
File "/usr/local/lib/python3.8/dist-packages/flask_restful/__init__.py", line 467, in wrapper
May 27 23:33:02.906660 dv-neutron-839066-4-hyperv devstack@keystone.service[87202]: ERROR keystone.server.flask.application resp = resource(*args, **kwargs)
May 27 23:33:02.906660 dv-neutron-839066-4-hyperv devstack@keystone.service[87202]: ERROR keystone.server.flask.application
File "/usr/local/lib/python3.8/dist-packages/flask/views.py", line 84, in view
May 27 23:33:02.906660 dv-neutron-839066-4-hyperv devstack@keystone.service[87202]: ERROR keystone.server.flask.application return current_app.ensure_sync(self.dispatch_request)(*args, **kwargs)
May 27 23:33:02.906660 dv-neutron-839066-4-hyperv devstack@keystone.service[87202]: ERROR keystone.server.flask.application
File "/usr/local/lib/python3.8/dist-packages/flask_restful/__init__.py", line 582, in dispatch_request
May 27 23:33:02.906660 dv-neutron-839066-4-hyperv devstack@keystone.service[87202]: ERROR keystone.server.flask.application resp = meth(*args, **kwargs)
May 27 23:33:02.906660 dv-neutron-839066-4-hyperv devstack@keystone.service[87202]: ERROR keystone.server.flask.application
File "/opt/stack/keystone/keystone/api/roles.py", line 50, in get
May 27 23:33:02.906660 dv-neutron-839066-4-hyperv devstack@keystone.service[87202]: ERROR keystone.server.flask.application return self._get_role(role_id)
May 27 23:33:02.906660 dv-neutron-839066-4-hyperv devstack@keystone.service[87202]: ERROR keystone.server.flask.application
File "/opt/stack/keystone/keystone/api/roles.py", line 70, in _get_role
May 27 23:33:02.906660 dv-neutron-839066-4-hyperv devstack@keystone.service[87202]: ERROR keystone.server.flask.application ENFORCER.enforce_call(action='identity:get_role')
May 27 23:33:02.907473 dv-neutron-839066-4-hyperv devstack@keystone.service[87202]: ERROR keystone.server.flask.application
File "/opt/stack/keystone/keystone/common/rbac_enforcer/enforcer.py", line 402, in enforce_call
May 27 23:33:02.907473 dv-neutron-839066-4-hyperv devstack@keystone.service[87202]: ERROR keystone.server.flask.application policy_dict.update(cls._extract_member_target_data(
May 27 23:33:02.907473 dv-neutron-839066-4-hyperv devstack@keystone.service[87202]: ERROR keystone.server.flask.application
File "/opt/stack/keystone/keystone/common/rbac_enforcer/enforcer.py", line 234, in _extract_member_target_data
May 27 23:33:02.907473 dv-neutron-839066-4-hyperv devstack@keystone.service[87202]: ERROR keystone.server.flask.application member_name: func(flask.request.view_args[key])
May 27 23:33:02.907473 dv-neutron-839066-4-hyperv devstack@keystone.service[87202]: ERROR keystone.server.flask.application
File "/opt/stack/keystone/keystone/common/manager.py", line 115, in wrapped
May 27 23:33:02.907473 dv-neutron-839066-4-hyperv devstack@keystone.service[87202]: ERROR keystone.server.flask.application __ret_val = __f(*args, **kwargs)
May 27 23:33:02.907473 dv-neutron-839066-4-hyperv devstack@keystone.service[87202]: ERROR keystone.server.flask.application
File "/usr/local/lib/python3.8/dist-packages/decorator.py", line 232, in fun
May 27 23:33:02.907473 dv-neutron-839066-4-hyperv devstack@keystone.service[87202]: ERROR keystone.server.flask.application return caller(func, *(extras + args), **kw)
May 27 23:33:02.907473 dv-neutron-839066-4-hyperv devstack@keystone.service[87202]: ERROR keystone.server.flask.application
File "/usr/local/lib/python3.8/dist-packages/dogpile/cache/region.py", line 1577, in get_or_create_for_user_func
May 27 23:33:02.907473 dv-neutron-839066-4-hyperv devstack@keystone.service[87202]: ERROR keystone.server.flask.application return self.get_or_create(
May 27 23:33:02.907473 dv-neutron-839066-4-hyperv devstack@keystone.service[87202]: ERROR keystone.server.flask.application
File "/usr/local/lib/python3.8/dist-packages/dogpile/cache/region.py", line 1042, in get_or_create
May 27 23:33:02.907473 dv-neutron-839066-4-hyperv devstack@keystone.service[87202]: ERROR keystone.server.flask.application with Lock(
May 27 23:33:02.907473 dv-neutron-839066-4-hyperv devstack@keystone.service[87202]: ERROR keystone.server.flask.application
File "/usr/local/lib/python3.8/dist-packages/dogpile/lock.py", line 185, in __enter__
May 27 23:33:02.907473 dv-neutron-839066-4-hyperv devstack@keystone.service[87202]: ERROR keystone.server.flask.application return self._enter()
May 27 23:33:02.907473 dv-neutron-839066-4-hyperv devstack@keystone.service[87202]: ERROR keystone.server.flask.application
File "/usr/local/lib/python3.8/dist-packages/dogpile/lock.py", line 94, in _enter
May 27 23:33:02.907473 dv-neutron-839066-4-hyperv devstack@keystone.service[87202]: ERROR keystone.server.flask.application generated = self._enter_create(value, createdtime)
May 27 23:33:02.908231 dv-neutron-839066-4-hyperv devstack@keystone.service[87202]: ERROR keystone.server.flask.application
File "/usr/local/lib/python3.8/dist-packages/dogpile/lock.py", line 178, in _enter_create
May 27 23:33:02.908231 dv-neutron-839066-4-hyperv devstack@keystone.service[87202]: ERROR keystone.server.flask.application return self.creator()
May 27 23:33:02.908231 dv-neutron-839066-4-hyperv devstack@keystone.service[87202]: ERROR keystone.server.flask.application
File "/usr/local/lib/python3.8/dist-packages/dogpile/cache/region.py", line 995, in gen_value
May 27 23:33:02.908231 dv-neutron-839066-4-hyperv devstack@keystone.service[87202]: ERROR keystone.server.flask.application created_value = creator(
May 27 23:33:02.908231 dv-neutron-839066-4-hyperv devstack@keystone.service[87202]: ERROR keystone.server.flask.application
File "/opt/stack/keystone/keystone/assignment/core.py", line 1276, in get_role
May 27 23:33:02.908231 dv-neutron-839066-4-hyperv devstack@keystone.service[87202]: ERROR keystone.server.flask.application return self.driver.get_role(role_id)
May 27 23:33:02.908231 dv-neutron-839066-4-hyperv devstack@keystone.service[87202]: ERROR keystone.server.flask.application
File "/opt/stack/keystone/keystone/assignment/role_backends/sql.py", line 70, in get_role
May 27 23:33:02.908231 dv-neutron-839066-4-hyperv devstack@keystone.service[87202]: ERROR keystone.server.flask.application return self._get_role(session, role_id).to_dict()
May 27 23:33:02.908231 dv-neutron-839066-4-hyperv devstack@keystone.service[87202]: ERROR keystone.server.flask.application
File "/opt/stack/keystone/keystone/assignment/role_backends/sql.py", line 65, in _get_role
May 27 23:33:02.908231 dv-neutron-839066-4-hyperv devstack@keystone.service[87202]: ERROR keystone.server.flask.application raise exception.RoleNotFound(role_id=role_id)
May 27 23:33:02.908231 dv-neutron-839066-4-hyperv devstack@keystone.service[87202]: ERROR keystone.server.flask.application keystone.exception.RoleNotFound: Could not find role: admin.
May 27 23:33:02.908231 dv-neutron-839066-4-hyperv devstack@keystone.service[87202]: ERROR keystone.server.flask.application
May 27 23:33:02.908231 dv-neutron-839066-4-hyperv devstack@keystone.service[87202]: [pid: 87202|app: 0|req: 27/49] 10.222.0.64 () {56 vars in 1096 bytes} [Fri May 27 23:33:02 2022] GET /identity/v3/roles/admin => generated 83 bytes in 156 msecs (HTTP/1.1 404) 5 headers in 183 bytes (1 switches on core 0)
May 27 23:33:02.913517 dv-neutron-839066-4-hyperv devstack@keystone.service[87203]: DEBUG keystone.server.flask.request_processing.middleware.auth_context [None req-fbb2e227-ff74-463d-92e6-09d20336afa9 None None] Authenticating user token {{(pid=87203) process_request /usr/local/lib/python3.8/dist-packages/keystonemiddleware/auth_token/__init__.py:407}}
May 27 23:33:02.973070 dv-neutron-839066-4-hyperv devstack@keystone.service[87203]: DEBUG dbcounter [-] [87203] Writing DB stats keystone:SELECT=99,keystone:INSERT=1 {{(pid=87203) stat_writer /usr/local/lib/python3.8/dist-packages/dbcounter.py:114}}
May 27 23:33:03.010220 dv-neutron-839066-4-hyperv devstack@keystone.service[87203]: DEBUG keystone.server.flask.request_processing.middleware.auth_context [None req-fbb2e227-ff74-463d-92e6-09d20336afa9 None None] Validating token access rules against request {{(pid=87203) validate_allowed_request /usr/local/lib/python3.8/dist-packages/keystonemiddleware/auth_token/__init__.py:545}}
May 27 23:33:03.042668 dv-neutron-839066-4-hyperv devstack@keystone.service[87203]: DEBUG keystone.server.flask.request_processing.middleware.auth_context [None req-15b8a063-8dcc-450c-a47a-13852933bbff None admin] RBAC: auth_context: {'token': , 'domain_id': None, 'trust_id': None, 'trustor_id': None, 'trustee_id': None, 'domain_name': None, 'group_ids': [], 'user_id': '72b1fded44d94041b43fb394691f534b', 'user_domain_id': 'default', 'system_scope': 'all', 'project_id': None, 'project_domain_id': None, 'roles': ['admin', 'member', 'reader'], 'is_admin_project': True, 'service_user_id': None, 'service_user_domain_id': None, 'service_project_id': None, 'service_project_domain_id': None, 'service_roles': []} {{(pid=87203) fill_context /opt/stack/keystone/keystone/server/flask/request_processing/middleware/auth_context.py:478}}
May 27 23:33:03.043357 dv-neutron-839066-4-hyperv devstack@keystone.service[87203]: DEBUG keystone.server.flask.request_processing.req_logging [None req-15b8a063-8dcc-450c-a47a-13852933bbff None admin] REQUEST_METHOD: `GET` {{(pid=87203) log_request_info /opt/stack/keystone/keystone/server/flask/request_processing/req_logging.py:27}}
May 27 23:33:03.043643 dv-neutron-839066-4-hyperv devstack@keystone.service[87203]: DEBUG keystone.server.flask.request_processing.req_logging [None req-15b8a063-8dcc-450c-a47a-13852933bbff None admin] SCRIPT_NAME: `/identity` {{(pid=87203) log_request_info /opt/stack/keystone/keystone/server/flask/request_processing/req_logging.py:28}}
May 27 23:33:03.043919 dv-neutron-839066-4-hyperv devstack@keystone.service[87203]: DEBUG keystone.server.flask.request_processing.req_logging [None req-15b8a063-8dcc-450c-a47a-13852933bbff None admin] PATH_INFO: `/v3/roles` {{(pid=87203) log_request_info /opt/stack/keystone/keystone/server/flask/request_processing/req_logging.py:29}}
May 27 23:33:03.045263 dv-neutron-839066-4-hyperv devstack@keystone.service[87203]: DEBUG keystone.common.rbac_enforcer.enforcer [None req-15b8a063-8dcc-450c-a47a-13852933bbff None admin] RBAC: Adding query filter params (name=admin) {{(pid=87203) _extract_filter_values /opt/stack/keystone/keystone/common/rbac_enforcer/enforcer.py:167}}
May 27 23:33:03.045574 dv-neutron-839066-4-hyperv devstack@keystone.service[87203]: DEBUG keystone.common.rbac_enforcer.enforcer [None req-15b8a063-8dcc-450c-a47a-13852933bbff None admin] RBAC: Authorizing `identity:list_roles()` {{(pid=87203) enforce_call /opt/stack/keystone/keystone/common/rbac_enforcer/enforcer.py:449}}
May 27 23:33:03.047002 dv-neutron-839066-4-hyperv devstack@keystone.service[87203]: DEBUG keystone.common.rbac_enforcer.enforcer [None req-15b8a063-8dcc-450c-a47a-13852933bbff None admin] RBAC: Authorization granted {{(pid=87203) enforce_call /opt/stack/keystone/keystone/common/rbac_enforcer/enforcer.py:457}}
May 27 23:33:03.060704 dv-neutron-839066-4-hyperv devstack@keystone.service[87203]: [pid: 87203|app: 0|req: 23/50] 10.222.0.64 () {56 vars in 1099 bytes} [Fri May 27 23:33:02 2022] GET /identity/v3/roles?name=admin => generated 339 bytes in 148 msecs (HTTP/1.1 200) 5 headers in 177 bytes (1 switches on core 0)
May 27 23:33:03.066510 dv-neutron-839066-4-hyperv devstack@keystone.service[87202]: DEBUG keystone.server.flask.request_processing.middleware.auth_context [None req-f49f1347-0444-49fe-84ae-218aa85a86c0 None admin] Authenticating user token {{(pid=87202) process_request /usr/local/lib/python3.8/dist-packages/keystonemiddleware/auth_token/__init__.py:407}}
May 27 23:33:03.168253 dv-neutron-839066-4-hyperv devstack@keystone.service[87202]: DEBUG keystone.server.flask.request_processing.middleware.auth_context [None req-f49f1347-0444-49fe-84ae-218aa85a86c0 None admin] Validating token access rules against request {{(pid=87202) validate_allowed_request /usr/local/lib/python3.8/dist-packages/keystonemiddleware/auth_token/__init__.py:545}}
May 27 23:33:03.200926 dv-neutron-839066-4-hyperv devstack@keystone.service[87202]: DEBUG keystone.server.flask.request_processing.middleware.auth_context [None req-328123a4-7dde-410b-a999-890812ca66bc None admin] RBAC: auth_context: {'token': , 'domain_id': None, 'trust_id': None, 'trustor_id': None, 'trustee_id': None, 'domain_name': None, 'group_ids': [], 'user_id': '72b1fded44d94041b43fb394691f534b', 'user_domain_id': 'default', 'system_scope': 'all', 'project_id': None, 'project_domain_id': None, 'roles': ['admin', 'member', 'reader'], 'is_admin_project': True, 'service_user_id': None, 'service_user_domain_id': None, 'service_project_id': None, 'service_project_domain_id': None, 'service_roles': []} {{(pid=87202) fill_context /opt/stack/keystone/keystone/server/flask/request_processing/middleware/auth_context.py:478}}
May 27 23:33:03.201805 dv-neutron-839066-4-hyperv devstack@keystone.service[87202]: DEBUG keystone.server.flask.request_processing.req_logging [None req-328123a4-7dde-410b-a999-890812ca66bc None admin] REQUEST_METHOD: `GET` {{(pid=87202) log_request_info /opt/stack/keystone/keystone/server/flask/request_processing/req_logging.py:27}}
May 27 23:33:03.202095 dv-neutron-839066-4-hyperv devstack@keystone.service[87202]: DEBUG keystone.server.flask.request_processing.req_logging [None req-328123a4-7dde-410b-a999-890812ca66bc None admin] SCRIPT_NAME: `/identity` {{(pid=87202) log_request_info /opt/stack/keystone/keystone/server/flask/request_processing/req_logging.py:28}}
May 27 23:33:03.202378 dv-neutron-839066-4-hyperv devstack@keystone.service[87202]: DEBUG keystone.server.flask.request_processing.req_logging [None req-328123a4-7dde-410b-a999-890812ca66bc None admin] PATH_INFO: `/v3/users/72b1fded44d94041b43fb394691f534b` {{(pid=87202) log_request_info /opt/stack/keystone/keystone/server/flask/request_processing/req_logging.py:29}}
May 27 23:33:03.203588 dv-neutron-839066-4-hyperv devstack@keystone.service[87202]: DEBUG keystone.common.rbac_enforcer.enforcer [None req-328123a4-7dde-410b-a999-890812ca66bc None admin] RBAC: Authorizing `identity:get_user(user_id=72b1fded44d94041b43fb394691f534b)` {{(pid=87202) enforce_call /opt/stack/keystone/keystone/common/rbac_enforcer/enforcer.py:449}}
May 27 23:33:03.205085 dv-neutron-839066-4-hyperv devstack@keystone.service[87202]: DEBUG keystone.common.rbac_enforcer.enforcer [None req-328123a4-7dde-410b-a999-890812ca66bc None admin] RBAC: Authorization granted {{(pid=87202) enforce_call /opt/stack/keystone/keystone/common/rbac_enforcer/enforcer.py:457}}
May 27 23:33:03.206719 dv-neutron-839066-4-hyperv devstack@keystone.service[87202]: [pid: 87202|app: 0|req: 28/51] 10.222.0.64 () {56 vars in 1177 bytes} [Fri May 27 23:33:03 2022] GET /identity/v3/users/72b1fded44d94041b43fb394691f534b => generated 247 bytes in 141 msecs (HTTP/1.1 200) 5 headers in 177 bytes (1 switches on core 0)
May 27 23:33:03.212080 dv-neutron-839066-4-hyperv devstack@keystone.service[87203]: DEBUG keystone.server.flask.request_processing.middleware.auth_context [None req-15b8a063-8dcc-450c-a47a-13852933bbff None admin] Authenticating user token {{(pid=87203) process_request /usr/local/lib/python3.8/dist-packages/keystonemiddleware/auth_token/__init__.py:407}}
May 27 23:33:03.249790 dv-neutron-839066-4-hyperv devstack@keystone.service[87202]: DEBUG keystone.server.flask.request_processing.req_logging [None req-53ea7f79-9b69-439e-b60b-b5761f126a7e None None] REQUEST_METHOD: `GET` {{(pid=87202) log_request_info /opt/stack/keystone/keystone/server/flask/request_processing/req_logging.py:27}}
May 27 23:33:03.250082 dv-neutron-839066-4-hyperv devstack@keystone.service[87202]: DEBUG keystone.server.flask.request_processing.req_logging [None req-53ea7f79-9b69-439e-b60b-b5761f126a7e None None] SCRIPT_NAME: `/identity` {{(pid=87202) log_request_info /opt/stack/keystone/keystone/server/flask/request_processing/req_logging.py:28}}
May 27 23:33:03.250370 dv-neutron-839066-4-hyperv devstack@keystone.service[87202]: DEBUG keystone.server.flask.request_processing.req_logging [None req-53ea7f79-9b69-439e-b60b-b5761f126a7e None None] PATH_INFO: `/` {{(pid=87202) log_request_info /opt/stack/keystone/keystone/server/flask/request_processing/req_logging.py:29}}
May 27 23:33:03.252887 dv-neutron-839066-4-hyperv devstack@keystone.service[87202]: [pid: 87202|app: 0|req: 29/52] 10.222.0.64 () {54 vars in 926 bytes} [Fri May 27 23:33:03 2022] GET /identity => generated 270 bytes in 4 msecs (HTTP/1.1 300) 6 headers in 234 bytes (2 switches on core 0)
May 27 23:33:03.257912 dv-neutron-839066-4-hyperv devstack@keystone.service[87202]: DEBUG keystone.server.flask.request_processing.req_logging [None req-b81951c4-3623-4c69-9eff-9489ac667d8a None None] REQUEST_METHOD: `POST` {{(pid=87202) log_request_info /opt/stack/keystone/keystone/server/flask/request_processing/req_logging.py:27}}
May 27 23:33:03.258202 dv-neutron-839066-4-hyperv devstack@keystone.service[87202]: DEBUG keystone.server.flask.request_processing.req_logging [None req-b81951c4-3623-4c69-9eff-9489ac667d8a None None] SCRIPT_NAME: `/identity` {{(pid=87202) log_request_info /opt/stack/keystone/keystone/server/flask/request_processing/req_logging.py:28}}
May 27 23:33:03.258484 dv-neutron-839066-4-hyperv devstack@keystone.service[87202]: DEBUG keystone.server.flask.request_processing.req_logging [None req-b81951c4-3623-4c69-9eff-9489ac667d8a None None] PATH_INFO: `/v3/auth/tokens` {{(pid=87202) log_request_info /opt/stack/keystone/keystone/server/flask/request_processing/req_logging.py:29}}
May 27 23:33:03.277200 dv-neutron-839066-4-hyperv devstack@keystone.service[87202]: DEBUG keystone.auth.core [None req-b81951c4-3623-4c69-9eff-9489ac667d8a None None] MFA Rules not processed for user `72b1fded44d94041b43fb394691f534b`. Rule list: `[]` (Enabled: `True`). {{(pid=87202) check_auth_methods_against_rules /opt/stack/keystone/keystone/auth/core.py:438}}
May 27 23:33:03.278334 dv-neutron-839066-4-hyperv devstack@keystone.service[87202]: DEBUG keystone.common.fernet_utils [None req-b81951c4-3623-4c69-9eff-9489ac667d8a None None] Loaded 2 Fernet keys from /etc/keystone/fernet-keys/, but `[fernet_tokens] max_active_keys = 3`; perhaps there have not been enough key rotations to reach `max_active_keys` yet? {{(pid=87202) load_keys /opt/stack/keystone/keystone/common/fernet_utils.py:286}}
May 27 23:33:03.289512 dv-neutron-839066-4-hyperv devstack@keystone.service[87202]: DEBUG dbcounter [-] [87202] Writing DB stats keystone:SELECT=100 {{(pid=87202) stat_writer /usr/local/lib/python3.8/dist-packages/dbcounter.py:114}}
May 27 23:33:03.323640 dv-neutron-839066-4-hyperv devstack@keystone.service[87203]: DEBUG keystone.server.flask.request_processing.middleware.auth_context [None req-15b8a063-8dcc-450c-a47a-13852933bbff None admin] Validating token access rules against request {{(pid=87203) validate_allowed_request /usr/local/lib/python3.8/dist-packages/keystonemiddleware/auth_token/__init__.py:545}}
May 27 23:33:03.347854 dv-neutron-839066-4-hyperv devstack@keystone.service[87202]: [pid: 87202|app: 0|req: 30/53] 10.222.0.64 () {58 vars in 1023 bytes} [Fri May 27 23:33:03 2022] POST /identity/v3/auth/tokens => generated 799 bytes in 91 msecs (HTTP/1.1 201) 6 headers in 363 bytes (2 switches on core 0)
May 27 23:33:03.350048 dv-neutron-839066-4-hyperv devstack@keystone.service[87203]: DEBUG dbcounter [-] [87203] Writing DB stats keystone:SELECT=100 {{(pid=87203) stat_writer /usr/local/lib/python3.8/dist-packages/dbcounter.py:114}}
May 27 23:33:03.358611 dv-neutron-839066-4-hyperv devstack@keystone.service[87203]: DEBUG keystone.server.flask.request_processing.middleware.auth_context [None req-d5d3c0d9-73da-4c08-abf1-540cfc74f721 None admin] RBAC: auth_context: {'token': , 'domain_id': None, 'trust_id': None, 'trustor_id': None, 'trustee_id': None, 'domain_name': None, 'group_ids': [], 'user_id': '72b1fded44d94041b43fb394691f534b', 'user_domain_id': 'default', 'system_scope': 'all', 'project_id': None, 'project_domain_id': None, 'roles': ['admin', 'member', 'reader'], 'is_admin_project': True, 'service_user_id': None, 'service_user_domain_id': None, 'service_project_id': None, 'service_project_domain_id': None, 'service_roles': []} {{(pid=87203) fill_context /opt/stack/keystone/keystone/server/flask/request_processing/middleware/auth_context.py:478}}
