Jun 02 03:22:51.408210 dv-neutron-838776-2-hyperv devstack@placement-api.service[105292]: DEBUG placement.requestlog [None req-143daf8a-8faf-4db6-bbf3-e7c0fba81306 None None] Starting request: 10.222.0.18 "DELETE /placement/resource_providers/76342e00-14b9-4aa6-babc-7ac37cae9cab" {{(pid=105292) __call__ /opt/stack/placement/placement/requestlog.py:55}}
Jun 02 03:22:51.422085 dv-neutron-838776-2-hyperv devstack@placement-api.service[105292]: DEBUG placement.wsgi_wrapper [None req-143daf8a-8faf-4db6-bbf3-e7c0fba81306 service placement] Placement API returning an error response: No resource provider with uuid 76342e00-14b9-4aa6-babc-7ac37cae9cab found for delete {{(pid=105292) call_func /opt/stack/placement/placement/wsgi_wrapper.py:31}}
Jun 02 03:22:51.424747 dv-neutron-838776-2-hyperv devstack@placement-api.service[105292]: INFO placement.requestlog [None req-143daf8a-8faf-4db6-bbf3-e7c0fba81306 service placement] 10.222.0.18 "DELETE /placement/resource_providers/76342e00-14b9-4aa6-babc-7ac37cae9cab" status: 404 len: 246 microversion: 1.1
Jun 02 03:22:51.425489 dv-neutron-838776-2-hyperv devstack@placement-api.service[105292]: [pid: 105292|app: 0|req: 105/208] 10.222.0.18 () {60 vars in 1351 bytes} [Thu Jun 2 03:22:51 2022] DELETE /placement/resource_providers/76342e00-14b9-4aa6-babc-7ac37cae9cab => generated 246 bytes in 17 msecs (HTTP/1.1 404) 6 headers in 231 bytes (1 switches on core 0)
Jun 02 03:22:54.173562 dv-neutron-838776-2-hyperv devstack@placement-api.service[105291]: DEBUG placement.requestlog [None req-6c483467-2eae-4297-867f-f6857ac6d3ca None None] Starting request: 10.222.0.18 "GET /placement/resource_providers/756550cd-632c-4735-a33b-43db2531cf58/aggregates" {{(pid=105291) __call__ /opt/stack/placement/placement/requestlog.py:55}}
Jun 02 03:22:54.189809 dv-neutron-838776-2-hyperv devstack@placement-api.service[105291]: INFO placement.requestlog [None req-6c483467-2eae-4297-867f-f6857ac6d3ca service placement] 10.222.0.18 "GET /placement/resource_providers/756550cd-632c-4735-a33b-43db2531cf58/aggregates" status: 404 len: 235 microversion: 1.1
Jun 02 03:22:54.190197 dv-neutron-838776-2-hyperv devstack@placement-api.service[105291]: [pid: 105291|app: 0|req: 104/209] 10.222.0.18 () {58 vars in 1362 bytes} [Thu Jun 2 03:22:54 2022] GET /placement/resource_providers/756550cd-632c-4735-a33b-43db2531cf58/aggregates => generated 235 bytes in 17 msecs (HTTP/1.1 404) 5 headers in 202 bytes (1 switches on core 0)
Jun 02 03:22:54.236252 dv-neutron-838776-2-hyperv devstack@placement-api.service[105292]: DEBUG placement.requestlog [None req-8d5fac5a-9c3b-4f73-981c-1f5b4494d953 None None] Starting request: 10.222.0.18 "DELETE /placement/resource_providers/756550cd-632c-4735-a33b-43db2531cf58" {{(pid=105292) __call__ /opt/stack/placement/placement/requestlog.py:55}}
Jun 02 03:22:54.264688 dv-neutron-838776-2-hyperv devstack@placement-api.service[105292]: DEBUG placement.wsgi_wrapper [None req-8d5fac5a-9c3b-4f73-981c-1f5b4494d953 service placement] Placement API returning an error response: No resource provider with uuid 756550cd-632c-4735-a33b-43db2531cf58 found for delete {{(pid=105292) call_func /opt/stack/placement/placement/wsgi_wrapper.py:31}}
Jun 02 03:22:54.265484 dv-neutron-838776-2-hyperv devstack@placement-api.service[105292]: INFO placement.requestlog [None req-8d5fac5a-9c3b-4f73-981c-1f5b4494d953 service placement] 10.222.0.18 "DELETE /placement/resource_providers/756550cd-632c-4735-a33b-43db2531cf58" status: 404 len: 246 microversion: 1.1
Jun 02 03:22:54.266393 dv-neutron-838776-2-hyperv devstack@placement-api.service[105292]: [pid: 105292|app: 0|req: 106/210] 10.222.0.18 () {60 vars in 1351 bytes} [Thu Jun 2 03:22:54 2022] DELETE /placement/resource_providers/756550cd-632c-4735-a33b-43db2531cf58 => generated 246 bytes in 32 msecs (HTTP/1.1 404) 6 headers in 231 bytes (1 switches on core 0)
Jun 02 03:22:54.797937 dv-neutron-838776-2-hyperv devstack@placement-api.service[105291]: DEBUG placement.requestlog [None req-cd193232-07a0-49a9-8948-b0b918f55194 None None] Starting request: 10.222.0.18 "GET /placement/resource_providers/2a841d11-da90-4bbf-8dd0-6f1df56ff74e/aggregates" {{(pid=105291) __call__ /opt/stack/placement/placement/requestlog.py:55}}
Jun 02 03:22:54.814822 dv-neutron-838776-2-hyperv devstack@placement-api.service[105291]: INFO placement.requestlog [None req-cd193232-07a0-49a9-8948-b0b918f55194 service placement] 10.222.0.18 "GET /placement/resource_providers/2a841d11-da90-4bbf-8dd0-6f1df56ff74e/aggregates" status: 404 len: 235 microversion: 1.1
Jun 02 03:22:54.819484 dv-neutron-838776-2-hyperv devstack@placement-api.service[105291]: [pid: 105291|app: 0|req: 105/211] 10.222.0.18 () {58 vars in 1362 bytes} [Thu Jun 2 03:22:54 2022] GET /placement/resource_providers/2a841d11-da90-4bbf-8dd0-6f1df56ff74e/aggregates => generated 235 bytes in 22 msecs (HTTP/1.1 404) 5 headers in 202 bytes (1 switches on core 0)
Jun 02 03:22:54.877605 dv-neutron-838776-2-hyperv devstack@placement-api.service[105292]: DEBUG placement.requestlog [None req-2cb79cc0-90c9-4557-8e29-b1915f5f57a8 None None] Starting request: 10.222.0.18 "DELETE /placement/resource_providers/2a841d11-da90-4bbf-8dd0-6f1df56ff74e" {{(pid=105292) __call__ /opt/stack/placement/placement/requestlog.py:55}}
Jun 02 03:22:54.890109 dv-neutron-838776-2-hyperv devstack@placement-api.service[105292]: DEBUG placement.wsgi_wrapper [None req-2cb79cc0-90c9-4557-8e29-b1915f5f57a8 service placement] Placement API returning an error response: No resource provider with uuid 2a841d11-da90-4bbf-8dd0-6f1df56ff74e found for delete {{(pid=105292) call_func /opt/stack/placement/placement/wsgi_wrapper.py:31}}
Jun 02 03:22:54.890884 dv-neutron-838776-2-hyperv devstack@placement-api.service[105292]: INFO placement.requestlog [None req-2cb79cc0-90c9-4557-8e29-b1915f5f57a8 service placement] 10.222.0.18 "DELETE /placement/resource_providers/2a841d11-da90-4bbf-8dd0-6f1df56ff74e" status: 404 len: 246 microversion: 1.1
Jun 02 03:22:54.893025 dv-neutron-838776-2-hyperv devstack@placement-api.service[105292]: [pid: 105292|app: 0|req: 107/212] 10.222.0.18 () {60 vars in 1351 bytes} [Thu Jun 2 03:22:54 2022] DELETE /placement/resource_providers/2a841d11-da90-4bbf-8dd0-6f1df56ff74e => generated 246 bytes in 17 msecs (HTTP/1.1 404) 6 headers in 231 bytes (1 switches on core 0)
Jun 02 03:22:56.304224 dv-neutron-838776-2-hyperv devstack@placement-api.service[105291]: DEBUG placement.requestlog [None req-30d27fde-3943-4345-9e6b-32db7c1ad7e5 None None] Starting request: 10.222.0.18 "GET /placement/resource_providers/3091654a-150f-47ce-aff9-6a6e4a9a2c3c/aggregates" {{(pid=105291) __call__ /opt/stack/placement/placement/requestlog.py:55}}
Jun 02 03:22:56.322259 dv-neutron-838776-2-hyperv devstack@placement-api.service[105291]: INFO placement.requestlog [None req-30d27fde-3943-4345-9e6b-32db7c1ad7e5 service placement] 10.222.0.18 "GET /placement/resource_providers/3091654a-150f-47ce-aff9-6a6e4a9a2c3c/aggregates" status: 404 len: 235 microversion: 1.1
Jun 02 03:22:56.322645 dv-neutron-838776-2-hyperv devstack@placement-api.service[105291]: [pid: 105291|app: 0|req: 106/213] 10.222.0.18 () {58 vars in 1362 bytes} [Thu Jun 2 03:22:56 2022] GET /placement/resource_providers/3091654a-150f-47ce-aff9-6a6e4a9a2c3c/aggregates => generated 235 bytes in 19 msecs (HTTP/1.1 404) 5 headers in 202 bytes (1 switches on core 0)
Jun 02 03:22:56.409111 dv-neutron-838776-2-hyperv devstack@placement-api.service[105292]: DEBUG placement.requestlog [None req-21b2c7d7-bcac-4a82-aeb6-1c8c3b68e983 None None] Starting request: 10.222.0.18 "DELETE /placement/resource_providers/3091654a-150f-47ce-aff9-6a6e4a9a2c3c" {{(pid=105292) __call__ /opt/stack/placement/placement/requestlog.py:55}}
Jun 02 03:22:56.433921 dv-neutron-838776-2-hyperv devstack@placement-api.service[105292]: DEBUG placement.wsgi_wrapper [None req-21b2c7d7-bcac-4a82-aeb6-1c8c3b68e983 service placement] Placement API returning an error response: No resource provider with uuid 3091654a-150f-47ce-aff9-6a6e4a9a2c3c found for delete {{(pid=105292) call_func /opt/stack/placement/placement/wsgi_wrapper.py:31}}
Jun 02 03:22:56.435042 dv-neutron-838776-2-hyperv devstack@placement-api.service[105292]: INFO placement.requestlog [None req-21b2c7d7-bcac-4a82-aeb6-1c8c3b68e983 service placement] 10.222.0.18 "DELETE /placement/resource_providers/3091654a-150f-47ce-aff9-6a6e4a9a2c3c" status: 404 len: 246 microversion: 1.1
Jun 02 03:22:56.440814 dv-neutron-838776-2-hyperv devstack@placement-api.service[105292]: [pid: 105292|app: 0|req: 108/214] 10.222.0.18 () {60 vars in 1351 bytes} [Thu Jun 2 03:22:56 2022] DELETE /placement/resource_providers/3091654a-150f-47ce-aff9-6a6e4a9a2c3c => generated 246 bytes in 29 msecs (HTTP/1.1 404) 6 headers in 231 bytes (1 switches on core 0)
Jun 02 03:22:59.255866 dv-neutron-838776-2-hyperv devstack@placement-api.service[105291]: DEBUG placement.requestlog [None req-a36e0b51-a478-40df-8085-105cb0735943 None None] Starting request: 10.222.0.18 "GET /placement/resource_providers/00e83640-74d0-4315-81fb-ed7bd4e34afc/aggregates" {{(pid=105291) __call__ /opt/stack/placement/placement/requestlog.py:55}}
Jun 02 03:22:59.299328 dv-neutron-838776-2-hyperv devstack@placement-api.service[105291]: INFO placement.requestlog [None req-a36e0b51-a478-40df-8085-105cb0735943 service placement] 10.222.0.18 "GET /placement/resource_providers/00e83640-74d0-4315-81fb-ed7bd4e34afc/aggregates" status: 404 len: 235 microversion: 1.1
Jun 02 03:22:59.312099 dv-neutron-838776-2-hyperv devstack@placement-api.service[105291]: [pid: 105291|app: 0|req: 107/215] 10.222.0.18 () {58 vars in 1362 bytes} [Thu Jun 2 03:22:59 2022] GET /placement/resource_providers/00e83640-74d0-4315-81fb-ed7bd4e34afc/aggregates => generated 235 bytes in 56 msecs (HTTP/1.1 404) 5 headers in 202 bytes (1 switches on core 0)
Jun 02 03:22:59.535144 dv-neutron-838776-2-hyperv devstack@placement-api.service[105292]: DEBUG placement.requestlog [None req-ecdaa1b0-621f-4681-8fb1-9b0dc39a0c49 None None] Starting request: 10.222.0.18 "DELETE /placement/resource_providers/00e83640-74d0-4315-81fb-ed7bd4e34afc" {{(pid=105292) __call__ /opt/stack/placement/placement/requestlog.py:55}}
Jun 02 03:22:59.549777 dv-neutron-838776-2-hyperv devstack@placement-api.service[105292]: DEBUG placement.wsgi_wrapper [None req-ecdaa1b0-621f-4681-8fb1-9b0dc39a0c49 service placement] Placement API returning an error response: No resource provider with uuid 00e83640-74d0-4315-81fb-ed7bd4e34afc found for delete {{(pid=105292) call_func /opt/stack/placement/placement/wsgi_wrapper.py:31}}
Jun 02 03:22:59.550802 dv-neutron-838776-2-hyperv devstack@placement-api.service[105292]: INFO placement.requestlog [None req-ecdaa1b0-621f-4681-8fb1-9b0dc39a0c49 service placement] 10.222.0.18 "DELETE /placement/resource_providers/00e83640-74d0-4315-81fb-ed7bd4e34afc" status: 404 len: 246 microversion: 1.1
Jun 02 03:22:59.553008 dv-neutron-838776-2-hyperv devstack@placement-api.service[105292]: [pid: 105292|app: 0|req: 109/216] 10.222.0.18 () {60 vars in 1351 bytes} [Thu Jun 2 03:22:59 2022] DELETE /placement/resource_providers/00e83640-74d0-4315-81fb-ed7bd4e34afc => generated 246 bytes in 17 msecs (HTTP/1.1 404) 6 headers in 231 bytes (1 switches on core 0)
Jun 02 03:23:06.106989 dv-neutron-838776-2-hyperv devstack@placement-api.service[105291]: DEBUG placement.requestlog [req-664e5fa2-afe3-438f-810d-da73bc46f1e9 req-4eaca3b5-0fcd-4e9a-a22e-b83299fcd507 None None] Starting request: 10.222.0.18 "GET /placement/allocation_candidates?limit=1000&resources=MEMORY_MB%3A1024%2CVCPU%3A1&root_required=%21COMPUTE_STATUS_DISABLED" {{(pid=105291) __call__ /opt/stack/placement/placement/requestlog.py:55}}
Jun 02 03:23:06.168722 dv-neutron-838776-2-hyperv devstack@placement-api.service[105291]: DEBUG placement.objects.research_context [req-664e5fa2-afe3-438f-810d-da73bc46f1e9 req-4eaca3b5-0fcd-4e9a-a22e-b83299fcd507 service placement] getting providers with 1024 MEMORY_MB {{(pid=105291) __init__ /opt/stack/placement/placement/objects/research_context.py:136}}
Jun 02 03:23:06.180211 dv-neutron-838776-2-hyperv devstack@placement-api.service[105291]: DEBUG placement.objects.research_context [req-664e5fa2-afe3-438f-810d-da73bc46f1e9 req-4eaca3b5-0fcd-4e9a-a22e-b83299fcd507 service placement] getting providers with 1 VCPU {{(pid=105291) __init__ /opt/stack/placement/placement/objects/research_context.py:136}}
Jun 02 03:23:06.192518 dv-neutron-838776-2-hyperv devstack@placement-api.service[105291]: DEBUG placement.objects.research_context [req-664e5fa2-afe3-438f-810d-da73bc46f1e9 req-4eaca3b5-0fcd-4e9a-a22e-b83299fcd507 service placement] found 1 providers with available 1024 MEMORY_MB {{(pid=105291) get_provider_ids_matching /opt/stack/placement/placement/objects/research_context.py:563}}
Jun 02 03:23:06.196263 dv-neutron-838776-2-hyperv devstack@placement-api.service[105291]: DEBUG placement.objects.research_context [req-664e5fa2-afe3-438f-810d-da73bc46f1e9 req-4eaca3b5-0fcd-4e9a-a22e-b83299fcd507 service placement] found 1 providers with available 1 VCPU {{(pid=105291) get_provider_ids_matching /opt/stack/placement/placement/objects/research_context.py:563}}
Jun 02 03:23:06.196698 dv-neutron-838776-2-hyperv devstack@placement-api.service[105291]: DEBUG placement.objects.research_context [req-664e5fa2-afe3-438f-810d-da73bc46f1e9 req-4eaca3b5-0fcd-4e9a-a22e-b83299fcd507 service placement] found 1 providers after filtering by previous result {{(pid=105291) get_provider_ids_matching /opt/stack/placement/placement/objects/research_context.py:594}}
Jun 02 03:23:06.229476 dv-neutron-838776-2-hyperv devstack@placement-api.service[105291]: DEBUG placement.objects.allocation_candidate [req-664e5fa2-afe3-438f-810d-da73bc46f1e9 req-4eaca3b5-0fcd-4e9a-a22e-b83299fcd507 service placement] RequestGroup(use_same_provider=False, resources={MEMORY_MB:1024, VCPU:1}, traits=(), aggregates=[]) (suffix '') returned 1 matches {{(pid=105291) _get_by_requests /opt/stack/placement/placement/objects/allocation_candidate.py:156}}
Jun 02 03:23:06.230117 dv-neutron-838776-2-hyperv devstack@placement-api.service[105291]: DEBUG placement.objects.allocation_candidate [req-664e5fa2-afe3-438f-810d-da73bc46f1e9 req-4eaca3b5-0fcd-4e9a-a22e-b83299fcd507 service placement] Merging candidates yields 1 allocation requests and 1 provider summaries {{(pid=105291) _merge_candidates /opt/stack/placement/placement/objects/allocation_candidate.py:809}}
Jun 02 03:23:06.231842 dv-neutron-838776-2-hyperv devstack@placement-api.service[105291]: INFO placement.requestlog [req-664e5fa2-afe3-438f-810d-da73bc46f1e9 req-4eaca3b5-0fcd-4e9a-a22e-b83299fcd507 service placement] 10.222.0.18 "GET /placement/allocation_candidates?limit=1000&resources=MEMORY_MB%3A1024%2CVCPU%3A1&root_required=%21COMPUTE_STATUS_DISABLED" status: 200 len: 753 microversion: 1.36
Jun 02 03:23:06.232720 dv-neutron-838776-2-hyperv devstack@placement-api.service[105291]: [pid: 105291|app: 0|req: 108/217] 10.222.0.18 () {60 vars in 1478 bytes} [Thu Jun 2 03:23:06 2022] GET /placement/allocation_candidates?limit=1000&resources=MEMORY_MB%3A1024%2CVCPU%3A1&root_required=%21COMPUTE_STATUS_DISABLED => generated 753 bytes in 126 msecs (HTTP/1.1 200) 8 headers in 296 bytes (1 switches on core 0)
Jun 02 03:23:06.296044 dv-neutron-838776-2-hyperv devstack@placement-api.service[105292]: DEBUG placement.requestlog [req-664e5fa2-afe3-438f-810d-da73bc46f1e9 req-cd57a225-4eb2-4777-8ac3-8ab9d40eecc9 None None] Starting request: 10.222.0.18 "GET /placement/allocations/685a71cc-5ee5-433c-a740-8f118bd89324" {{(pid=105292) __call__ /opt/stack/placement/placement/requestlog.py:55}}
Jun 02 03:23:06.307443 dv-neutron-838776-2-hyperv devstack@placement-api.service[105292]: INFO placement.requestlog [req-664e5fa2-afe3-438f-810d-da73bc46f1e9 req-cd57a225-4eb2-4777-8ac3-8ab9d40eecc9 service placement] 10.222.0.18 "GET /placement/allocations/685a71cc-5ee5-433c-a740-8f118bd89324" status: 200 len: 19 microversion: 1.28
Jun 02 03:23:06.308431 dv-neutron-838776-2-hyperv devstack@placement-api.service[105292]: [pid: 105292|app: 0|req: 110/218] 10.222.0.18 () {60 vars in 1380 bytes} [Thu Jun 2 03:23:06 2022] GET /placement/allocations/685a71cc-5ee5-433c-a740-8f118bd89324 => generated 19 bytes in 13 msecs (HTTP/1.1 200) 8 headers in 295 bytes (1 switches on core 0)
Jun 02 03:23:06.314325 dv-neutron-838776-2-hyperv devstack@placement-api.service[105291]: DEBUG placement.requestlog [req-664e5fa2-afe3-438f-810d-da73bc46f1e9 req-e9956fec-9bb6-40bb-a6ae-431473e25864 None None] Starting request: 10.222.0.18 "PUT /placement/allocations/685a71cc-5ee5-433c-a740-8f118bd89324" {{(pid=105291) __call__ /opt/stack/placement/placement/requestlog.py:55}}
Jun 02 03:23:06.385180 dv-neutron-838776-2-hyperv devstack@placement-api.service[105292]: DEBUG placement.requestlog [None req-301cfb59-937e-4699-adba-fc502fe0449c None None] Starting request: 10.222.0.18 "GET /placement/resource_providers/d933a2f0-27ba-49cd-ad0d-c615e6233a9f/aggregates" {{(pid=105292) __call__ /opt/stack/placement/placement/requestlog.py:55}}
Jun 02 03:23:06.402771 dv-neutron-838776-2-hyperv devstack@placement-api.service[105292]: INFO placement.requestlog [None req-301cfb59-937e-4699-adba-fc502fe0449c service placement] 10.222.0.18 "GET /placement/resource_providers/d933a2f0-27ba-49cd-ad0d-c615e6233a9f/aggregates" status: 404 len: 235 microversion: 1.1
Jun 02 03:23:06.403127 dv-neutron-838776-2-hyperv devstack@placement-api.service[105292]: [pid: 105292|app: 0|req: 111/219] 10.222.0.18 () {58 vars in 1362 bytes} [Thu Jun 2 03:23:06 2022] GET /placement/resource_providers/d933a2f0-27ba-49cd-ad0d-c615e6233a9f/aggregates => generated 235 bytes in 18 msecs (HTTP/1.1 404) 5 headers in 202 bytes (1 switches on core 0)
Jun 02 03:23:06.430011 dv-neutron-838776-2-hyperv devstack@placement-api.service[105291]: DEBUG placement.handlers.allocation [req-664e5fa2-afe3-438f-810d-da73bc46f1e9 req-e9956fec-9bb6-40bb-a6ae-431473e25864 service placement] Successfully wrote allocations [, ] {{(pid=105291) _update_consumers_and_create_allocations /opt/stack/placement/placement/handlers/allocation.py:462}}
Jun 02 03:23:06.439531 dv-neutron-838776-2-hyperv devstack@placement-api.service[105292]: DEBUG placement.requestlog [None req-1a5f916f-3284-4884-bdd9-ba5e5340801f None None] Starting request: 10.222.0.18 "DELETE /placement/resource_providers/d933a2f0-27ba-49cd-ad0d-c615e6233a9f" {{(pid=105292) __call__ /opt/stack/placement/placement/requestlog.py:55}}
Jun 02 03:23:06.455038 dv-neutron-838776-2-hyperv devstack@placement-api.service[105291]: INFO placement.requestlog [req-664e5fa2-afe3-438f-810d-da73bc46f1e9 req-e9956fec-9bb6-40bb-a6ae-431473e25864 service placement] 10.222.0.18 "PUT /placement/allocations/685a71cc-5ee5-433c-a740-8f118bd89324" status: 204 len: 0 microversion: 1.36
Jun 02 03:23:06.458792 dv-neutron-838776-2-hyperv devstack@placement-api.service[105291]: [pid: 105291|app: 0|req: 109/220] 10.222.0.18 () {64 vars in 1433 bytes} [Thu Jun 2 03:23:06 2022] PUT /placement/allocations/685a71cc-5ee5-433c-a740-8f118bd89324 => generated 0 bytes in 144 msecs (HTTP/1.1 204) 5 headers in 199 bytes (2 switches on core 0)
Jun 02 03:23:06.459941 dv-neutron-838776-2-hyperv devstack@placement-api.service[105292]: DEBUG placement.wsgi_wrapper [None req-1a5f916f-3284-4884-bdd9-ba5e5340801f service placement] Placement API returning an error response: No resource provider with uuid d933a2f0-27ba-49cd-ad0d-c615e6233a9f found for delete {{(pid=105292) call_func /opt/stack/placement/placement/wsgi_wrapper.py:31}}
Jun 02 03:23:06.461513 dv-neutron-838776-2-hyperv devstack@placement-api.service[105292]: INFO placement.requestlog [None req-1a5f916f-3284-4884-bdd9-ba5e5340801f service placement] 10.222.0.18 "DELETE /placement/resource_providers/d933a2f0-27ba-49cd-ad0d-c615e6233a9f" status: 404 len: 246 microversion: 1.1
Jun 02 03:23:06.462437 dv-neutron-838776-2-hyperv devstack@placement-api.service[105292]: [pid: 105292|app: 0|req: 112/221] 10.222.0.18 () {60 vars in 1351 bytes} [Thu Jun 2 03:23:06 2022] DELETE /placement/resource_providers/d933a2f0-27ba-49cd-ad0d-c615e6233a9f => generated 246 bytes in 23 msecs (HTTP/1.1 404) 6 headers in 231 bytes (2 switches on core 0)
Jun 02 03:23:06.937654 dv-neutron-838776-2-hyperv devstack@placement-api.service[105291]: DEBUG placement.requestlog [req-664e5fa2-afe3-438f-810d-da73bc46f1e9 req-8b53c30c-cc70-4f41-8859-2ffaf773e4b3 None None] Starting request: 10.222.0.42 "GET /placement/allocations/685a71cc-5ee5-433c-a740-8f118bd89324" {{(pid=105291) __call__ /opt/stack/placement/placement/requestlog.py:55}}
Jun 02 03:23:06.965419 dv-neutron-838776-2-hyperv devstack@placement-api.service[105291]: INFO placement.requestlog [req-664e5fa2-afe3-438f-810d-da73bc46f1e9 req-8b53c30c-cc70-4f41-8859-2ffaf773e4b3 service placement] 10.222.0.42 "GET /placement/allocations/685a71cc-5ee5-433c-a740-8f118bd89324" status: 200 len: 244 microversion: 1.28
Jun 02 03:23:06.969135 dv-neutron-838776-2-hyperv devstack@placement-api.service[105291]: [pid: 105291|app: 0|req: 110/222] 10.222.0.42 () {60 vars in 1377 bytes} [Thu Jun 2 03:23:06 2022] GET /placement/allocations/685a71cc-5ee5-433c-a740-8f118bd89324 => generated 244 bytes in 32 msecs (HTTP/1.1 200) 8 headers in 296 bytes (1 switches on core 0)
Jun 02 03:23:08.542044 dv-neutron-838776-2-hyperv devstack@placement-api.service[105292]: DEBUG placement.requestlog [None req-4a6d2bfa-09f6-4b6a-9b57-846e39867d4c None None] Starting request: 10.222.0.18 "GET /placement/resource_providers/22f10dbb-6905-43e0-bebb-4bd14e3057df/aggregates" {{(pid=105292) __call__ /opt/stack/placement/placement/requestlog.py:55}}
Jun 02 03:23:08.559794 dv-neutron-838776-2-hyperv devstack@placement-api.service[105292]: INFO placement.requestlog [None req-4a6d2bfa-09f6-4b6a-9b57-846e39867d4c service placement] 10.222.0.18 "GET /placement/resource_providers/22f10dbb-6905-43e0-bebb-4bd14e3057df/aggregates" status: 404 len: 235 microversion: 1.1
Jun 02 03:23:08.560591 dv-neutron-838776-2-hyperv devstack@placement-api.service[105292]: [pid: 105292|app: 0|req: 113/223] 10.222.0.18 () {58 vars in 1362 bytes} [Thu Jun 2 03:23:08 2022] GET /placement/resource_providers/22f10dbb-6905-43e0-bebb-4bd14e3057df/aggregates => generated 235 bytes in 19 msecs (HTTP/1.1 404) 5 headers in 202 bytes (1 switches on core 0)
Jun 02 03:23:09.060293 dv-neutron-838776-2-hyperv devstack@placement-api.service[105291]: DEBUG placement.requestlog [None req-88ba8fad-4491-4d18-a00d-437bf4a1b666 None None] Starting request: 10.222.0.18 "DELETE /placement/resource_providers/22f10dbb-6905-43e0-bebb-4bd14e3057df" {{(pid=105291) __call__ /opt/stack/placement/placement/requestlog.py:55}}
Jun 02 03:23:09.075916 dv-neutron-838776-2-hyperv devstack@placement-api.service[105291]: DEBUG placement.wsgi_wrapper [None req-88ba8fad-4491-4d18-a00d-437bf4a1b666 service placement] Placement API returning an error response: No resource provider with uuid 22f10dbb-6905-43e0-bebb-4bd14e3057df found for delete {{(pid=105291) call_func /opt/stack/placement/placement/wsgi_wrapper.py:31}}
Jun 02 03:23:09.080177 dv-neutron-838776-2-hyperv devstack@placement-api.service[105291]: INFO placement.requestlog [None req-88ba8fad-4491-4d18-a00d-437bf4a1b666 service placement] 10.222.0.18 "DELETE /placement/resource_providers/22f10dbb-6905-43e0-bebb-4bd14e3057df" status: 404 len: 246 microversion: 1.1
Jun 02 03:23:09.081898 dv-neutron-838776-2-hyperv devstack@placement-api.service[105291]: [pid: 105291|app: 0|req: 111/224] 10.222.0.18 () {60 vars in 1351 bytes} [Thu Jun 2 03:23:09 2022] DELETE /placement/resource_providers/22f10dbb-6905-43e0-bebb-4bd14e3057df => generated 246 bytes in 22 msecs (HTTP/1.1 404) 6 headers in 231 bytes (1 switches on core 0)
Jun 02 03:23:09.172754 dv-neutron-838776-2-hyperv devstack@placement-api.service[105292]: DEBUG placement.requestlog [req-486ea8d4-2fdf-458b-8e2d-f777b4a19979 req-5cb7713a-9799-4013-8beb-16c9ca89b8dd None None] Starting request: 10.222.0.42 "DELETE /placement/allocations/f02784dc-3743-4a84-9e8b-9d7618518680" {{(pid=105292) __call__ /opt/stack/placement/placement/requestlog.py:55}}
Jun 02 03:23:09.248782 dv-neutron-838776-2-hyperv devstack@placement-api.service[105292]: DEBUG placement.handlers.allocation [req-486ea8d4-2fdf-458b-8e2d-f777b4a19979 req-5cb7713a-9799-4013-8beb-16c9ca89b8dd service placement] Successfully deleted allocations [, , ] {{(pid=105292) delete_allocations /opt/stack/placement/placement/handlers/allocation.py:627}}
Jun 02 03:23:09.249505 dv-neutron-838776-2-hyperv devstack@placement-api.service[105292]: INFO placement.requestlog [req-486ea8d4-2fdf-458b-8e2d-f777b4a19979 req-5cb7713a-9799-4013-8beb-16c9ca89b8dd service placement] 10.222.0.42 "DELETE /placement/allocations/f02784dc-3743-4a84-9e8b-9d7618518680" status: 204 len: 0 microversion: 1.0
Jun 02 03:23:09.250277 dv-neutron-838776-2-hyperv devstack@placement-api.service[105292]: [pid: 105292|app: 0|req: 114/225] 10.222.0.42 () {60 vars in 1355 bytes} [Thu Jun 2 03:23:09 2022] DELETE /placement/allocations/f02784dc-3743-4a84-9e8b-9d7618518680 => generated 0 bytes in 78 msecs (HTTP/1.1 204) 5 headers in 198 bytes (1 switches on core 0)
Jun 02 03:23:11.129891 dv-neutron-838776-2-hyperv devstack@placement-api.service[105291]: DEBUG placement.requestlog [None req-f46f53ac-9ed9-4e1c-bd34-1443f70e6991 None None] Starting request: 10.222.0.18 "GET /placement/resource_providers/957df065-e04f-452c-8579-89d6c9e59637/aggregates" {{(pid=105291) __call__ /opt/stack/placement/placement/requestlog.py:55}}
Jun 02 03:23:11.146415 dv-neutron-838776-2-hyperv devstack@placement-api.service[105291]: INFO placement.requestlog [None req-f46f53ac-9ed9-4e1c-bd34-1443f70e6991 service placement] 10.222.0.18 "GET /placement/resource_providers/957df065-e04f-452c-8579-89d6c9e59637/aggregates" status: 404 len: 235 microversion: 1.1
Jun 02 03:23:11.147464 dv-neutron-838776-2-hyperv devstack@placement-api.service[105291]: [pid: 105291|app: 0|req: 112/226] 10.222.0.18 () {58 vars in 1362 bytes} [Thu Jun 2 03:23:11 2022] GET /placement/resource_providers/957df065-e04f-452c-8579-89d6c9e59637/aggregates => generated 235 bytes in 17 msecs (HTTP/1.1 404) 5 headers in 202 bytes (1 switches on core 0)
Jun 02 03:23:11.178031 dv-neutron-838776-2-hyperv devstack@placement-api.service[105292]: DEBUG placement.requestlog [None req-bee4f21c-16db-4e98-b879-2e7374bc7431 None None] Starting request: 10.222.0.18 "DELETE /placement/resource_providers/957df065-e04f-452c-8579-89d6c9e59637" {{(pid=105292) __call__ /opt/stack/placement/placement/requestlog.py:55}}
Jun 02 03:23:11.192979 dv-neutron-838776-2-hyperv devstack@placement-api.service[105292]: DEBUG placement.wsgi_wrapper [None req-bee4f21c-16db-4e98-b879-2e7374bc7431 service placement] Placement API returning an error response: No resource provider with uuid 957df065-e04f-452c-8579-89d6c9e59637 found for delete {{(pid=105292) call_func /opt/stack/placement/placement/wsgi_wrapper.py:31}}
Jun 02 03:23:11.197065 dv-neutron-838776-2-hyperv devstack@placement-api.service[105292]: INFO placement.requestlog [None req-bee4f21c-16db-4e98-b879-2e7374bc7431 service placement] 10.222.0.18 "DELETE /placement/resource_providers/957df065-e04f-452c-8579-89d6c9e59637" status: 404 len: 246 microversion: 1.1
Jun 02 03:23:11.200830 dv-neutron-838776-2-hyperv devstack@placement-api.service[105292]: [pid: 105292|app: 0|req: 115/227] 10.222.0.18 () {60 vars in 1351 bytes} [Thu Jun 2 03:23:11 2022] DELETE /placement/resource_providers/957df065-e04f-452c-8579-89d6c9e59637 => generated 246 bytes in 22 msecs (HTTP/1.1 404) 6 headers in 231 bytes (1 switches on core 0)
Jun 02 03:23:13.549124 dv-neutron-838776-2-hyperv devstack@placement-api.service[105291]: DEBUG placement.requestlog [None req-8bdbbc64-80ed-4a32-9b99-3c545e664ccc None None] Starting request: 10.222.0.18 "GET /placement/resource_providers/6cf38977-e587-4ba7-8d7b-d740326266db/aggregates" {{(pid=105291) __call__ /opt/stack/placement/placement/requestlog.py:55}}
Jun 02 03:23:13.569389 dv-neutron-838776-2-hyperv devstack@placement-api.service[105291]: INFO placement.requestlog [None req-8bdbbc64-80ed-4a32-9b99-3c545e664ccc service placement] 10.222.0.18 "GET /placement/resource_providers/6cf38977-e587-4ba7-8d7b-d740326266db/aggregates" status: 404 len: 235 microversion: 1.1
Jun 02 03:23:13.570066 dv-neutron-838776-2-hyperv devstack@placement-api.service[105291]: [pid: 105291|app: 0|req: 113/228] 10.222.0.18 () {58 vars in 1362 bytes} [Thu Jun 2 03:23:13 2022] GET /placement/resource_providers/6cf38977-e587-4ba7-8d7b-d740326266db/aggregates => generated 235 bytes in 21 msecs (HTTP/1.1 404) 5 headers in 202 bytes (1 switches on core 0)
Jun 02 03:23:13.598077 dv-neutron-838776-2-hyperv devstack@placement-api.service[105292]: DEBUG placement.requestlog [None req-ca546d4e-fee4-46ee-ab17-df7a77b81434 None None] Starting request: 10.222.0.18 "DELETE /placement/resource_providers/6cf38977-e587-4ba7-8d7b-d740326266db" {{(pid=105292) __call__ /opt/stack/placement/placement/requestlog.py:55}}
Jun 02 03:23:13.612485 dv-neutron-838776-2-hyperv devstack@placement-api.service[105292]: DEBUG placement.wsgi_wrapper [None req-ca546d4e-fee4-46ee-ab17-df7a77b81434 service placement] Placement API returning an error response: No resource provider with uuid 6cf38977-e587-4ba7-8d7b-d740326266db found for delete {{(pid=105292) call_func /opt/stack/placement/placement/wsgi_wrapper.py:31}}
Jun 02 03:23:13.614350 dv-neutron-838776-2-hyperv devstack@placement-api.service[105292]: INFO placement.requestlog [None req-ca546d4e-fee4-46ee-ab17-df7a77b81434 service placement] 10.222.0.18 "DELETE /placement/resource_providers/6cf38977-e587-4ba7-8d7b-d740326266db" status: 404 len: 246 microversion: 1.1
Jun 02 03:23:13.614720 dv-neutron-838776-2-hyperv devstack@placement-api.service[105292]: [pid: 105292|app: 0|req: 116/229] 10.222.0.18 () {60 vars in 1351 bytes} [Thu Jun 2 03:23:13 2022] DELETE /placement/resource_providers/6cf38977-e587-4ba7-8d7b-d740326266db => generated 246 bytes in 17 msecs (HTTP/1.1 404) 6 headers in 231 bytes (1 switches on core 0)
Jun 02 03:23:15.480434 dv-neutron-838776-2-hyperv devstack@placement-api.service[105291]: DEBUG placement.requestlog [None req-5c04174a-a334-4d22-9f5a-d74ab7c1bc50 None None] Starting request: 10.222.0.18 "GET /placement/resource_providers/61f3349c-0cd3-4156-b5b5-9a28281bc3ca/aggregates" {{(pid=105291) __call__ /opt/stack/placement/placement/requestlog.py:55}}
Jun 02 03:23:15.497495 dv-neutron-838776-2-hyperv devstack@placement-api.service[105291]: DEBUG dbcounter [-] [105291] Writing DB stats placement:SELECT=51,placement:INSERT=5,placement:DELETE=2,placement:UPDATE=2 {{(pid=105291) stat_writer /usr/local/lib/python3.8/dist-packages/dbcounter.py:114}}
Jun 02 03:23:15.520145 dv-neutron-838776-2-hyperv devstack@placement-api.service[105291]: INFO placement.requestlog [None req-5c04174a-a334-4d22-9f5a-d74ab7c1bc50 service placement] 10.222.0.18 "GET /placement/resource_providers/61f3349c-0cd3-4156-b5b5-9a28281bc3ca/aggregates" status: 404 len: 235 microversion: 1.1
Jun 02 03:23:15.521201 dv-neutron-838776-2-hyperv devstack@placement-api.service[105291]: [pid: 105291|app: 0|req: 114/230] 10.222.0.18 () {58 vars in 1362 bytes} [Thu Jun 2 03:23:15 2022] GET /placement/resource_providers/61f3349c-0cd3-4156-b5b5-9a28281bc3ca/aggregates => generated 235 bytes in 41 msecs (HTTP/1.1 404) 5 headers in 202 bytes (1 switches on core 0)
Jun 02 03:23:15.591255 dv-neutron-838776-2-hyperv devstack@placement-api.service[105292]: DEBUG placement.requestlog [None req-194f22b9-968f-416c-b457-4fe336eaec4a None None] Starting request: 10.222.0.18 "DELETE /placement/resource_providers/61f3349c-0cd3-4156-b5b5-9a28281bc3ca" {{(pid=105292) __call__ /opt/stack/placement/placement/requestlog.py:55}}
Jun 02 03:23:15.603834 dv-neutron-838776-2-hyperv devstack@placement-api.service[105292]: DEBUG dbcounter [-] [105292] Writing DB stats placement:SELECT=40,placement:DELETE=2 {{(pid=105292) stat_writer /usr/local/lib/python3.8/dist-packages/dbcounter.py:114}}
Jun 02 03:23:15.613748 dv-neutron-838776-2-hyperv devstack@placement-api.service[105292]: DEBUG placement.wsgi_wrapper [None req-194f22b9-968f-416c-b457-4fe336eaec4a service placement] Placement API returning an error response: No resource provider with uuid 61f3349c-0cd3-4156-b5b5-9a28281bc3ca found for delete {{(pid=105292) call_func /opt/stack/placement/placement/wsgi_wrapper.py:31}}
Jun 02 03:23:15.615789 dv-neutron-838776-2-hyperv devstack@placement-api.service[105292]: INFO placement.requestlog [None req-194f22b9-968f-416c-b457-4fe336eaec4a service placement] 10.222.0.18 "DELETE /placement/resource_providers/61f3349c-0cd3-4156-b5b5-9a28281bc3ca" status: 404 len: 246 microversion: 1.1
Jun 02 03:23:15.618846 dv-neutron-838776-2-hyperv devstack@placement-api.service[105292]: [pid: 105292|app: 0|req: 117/231] 10.222.0.18 () {60 vars in 1351 bytes} [Thu Jun 2 03:23:15 2022] DELETE /placement/resource_providers/61f3349c-0cd3-4156-b5b5-9a28281bc3ca => generated 246 bytes in 28 msecs (HTTP/1.1 404) 6 headers in 231 bytes (1 switches on core 0)
Jun 02 03:23:20.390695 dv-neutron-838776-2-hyperv devstack@placement-api.service[105291]: DEBUG placement.requestlog [None req-17967322-22d6-4500-8adb-6d7b350657f3 None None] Starting request: 10.222.0.18 "GET /placement/resource_providers/c4e5e33e-a637-4547-8fcc-0f97a88effa4/aggregates" {{(pid=105291) __call__ /opt/stack/placement/placement/requestlog.py:55}}
Jun 02 03:23:20.402944 dv-neutron-838776-2-hyperv devstack@placement-api.service[105291]: INFO placement.requestlog [None req-17967322-22d6-4500-8adb-6d7b350657f3 service placement] 10.222.0.18 "GET /placement/resource_providers/c4e5e33e-a637-4547-8fcc-0f97a88effa4/aggregates" status: 404 len: 235 microversion: 1.1
Jun 02 03:23:20.403304 dv-neutron-838776-2-hyperv devstack@placement-api.service[105291]: [pid: 105291|app: 0|req: 115/232] 10.222.0.18 () {58 vars in 1362 bytes} [Thu Jun 2 03:23:20 2022] GET /placement/resource_providers/c4e5e33e-a637-4547-8fcc-0f97a88effa4/aggregates => generated 235 bytes in 13 msecs (HTTP/1.1 404) 5 headers in 202 bytes (1 switches on core 0)
Jun 02 03:23:20.503358 dv-neutron-838776-2-hyperv devstack@placement-api.service[105292]: DEBUG placement.requestlog [None req-53375a62-2e95-480f-a998-794ddfc68596 None None] Starting request: 10.222.0.18 "DELETE /placement/resource_providers/c4e5e33e-a637-4547-8fcc-0f97a88effa4" {{(pid=105292) __call__ /opt/stack/placement/placement/requestlog.py:55}}
Jun 02 03:23:20.516837 dv-neutron-838776-2-hyperv devstack@placement-api.service[105292]: DEBUG placement.wsgi_wrapper [None req-53375a62-2e95-480f-a998-794ddfc68596 service placement] Placement API returning an error response: No resource provider with uuid c4e5e33e-a637-4547-8fcc-0f97a88effa4 found for delete {{(pid=105292) call_func /opt/stack/placement/placement/wsgi_wrapper.py:31}}
Jun 02 03:23:20.517524 dv-neutron-838776-2-hyperv devstack@placement-api.service[105292]: INFO placement.requestlog [None req-53375a62-2e95-480f-a998-794ddfc68596 service placement] 10.222.0.18 "DELETE /placement/resource_providers/c4e5e33e-a637-4547-8fcc-0f97a88effa4" status: 404 len: 246 microversion: 1.1
Jun 02 03:23:20.518219 dv-neutron-838776-2-hyperv devstack@placement-api.service[105292]: [pid: 105292|app: 0|req: 118/233] 10.222.0.18 () {60 vars in 1351 bytes} [Thu Jun 2 03:23:20 2022] DELETE /placement/resource_providers/c4e5e33e-a637-4547-8fcc-0f97a88effa4 => generated 246 bytes in 15 msecs (HTTP/1.1 404) 6 headers in 231 bytes (1 switches on core 0)
Jun 02 03:23:29.906150 dv-neutron-838776-2-hyperv devstack@placement-api.service[105291]: DEBUG placement.requestlog [req-7493259b-a4b2-43ba-9546-eacac2d3f1dd req-1c8b56a7-75db-4fd2-be39-8f72efa7d76c None None] Starting request: 10.222.0.42 "DELETE /placement/allocations/3edcbab5-3852-4e1c-8e9d-8194fb53d3bc" {{(pid=105291) __call__ /opt/stack/placement/placement/requestlog.py:55}}
Jun 02 03:23:29.960841 dv-neutron-838776-2-hyperv devstack@placement-api.service[105291]: DEBUG placement.handlers.allocation [req-7493259b-a4b2-43ba-9546-eacac2d3f1dd req-1c8b56a7-75db-4fd2-be39-8f72efa7d76c service placement] Successfully deleted allocations [, , ] {{(pid=105291) delete_allocations /opt/stack/placement/placement/handlers/allocation.py:627}}
Jun 02 03:23:29.961907 dv-neutron-838776-2-hyperv devstack@placement-api.service[105291]: INFO placement.requestlog [req-7493259b-a4b2-43ba-9546-eacac2d3f1dd req-1c8b56a7-75db-4fd2-be39-8f72efa7d76c service placement] 10.222.0.42 "DELETE /placement/allocations/3edcbab5-3852-4e1c-8e9d-8194fb53d3bc" status: 204 len: 0 microversion: 1.0
Jun 02 03:23:29.962749 dv-neutron-838776-2-hyperv devstack@placement-api.service[105291]: [pid: 105291|app: 0|req: 116/234] 10.222.0.42 () {60 vars in 1355 bytes} [Thu Jun 2 03:23:29 2022] DELETE /placement/allocations/3edcbab5-3852-4e1c-8e9d-8194fb53d3bc => generated 0 bytes in 57 msecs (HTTP/1.1 204) 5 headers in 198 bytes (1 switches on core 0)
Jun 02 03:23:30.511455 dv-neutron-838776-2-hyperv devstack@placement-api.service[105292]: DEBUG dbcounter [-] [105292] Writing DB stats placement:SELECT=3 {{(pid=105292) stat_writer /usr/local/lib/python3.8/dist-packages/dbcounter.py:114}}
Jun 02 03:23:33.647315 dv-neutron-838776-2-hyperv devstack@placement-api.service[105292]: DEBUG placement.requestlog [None req-ff2081cd-9d60-4ef2-b179-e4b24c38ab20 None None] Starting request: 10.222.0.18 "GET /placement/resource_providers/330fd7e1-d51a-499a-bede-74094f89c309/aggregates" {{(pid=105292) __call__ /opt/stack/placement/placement/requestlog.py:55}}
Jun 02 03:23:33.669238 dv-neutron-838776-2-hyperv devstack@placement-api.service[105292]: INFO placement.requestlog [None req-ff2081cd-9d60-4ef2-b179-e4b24c38ab20 service placement] 10.222.0.18 "GET /placement/resource_providers/330fd7e1-d51a-499a-bede-74094f89c309/aggregates" status: 404 len: 235 microversion: 1.1
Jun 02 03:23:33.669615 dv-neutron-838776-2-hyperv devstack@placement-api.service[105292]: [pid: 105292|app: 0|req: 119/235] 10.222.0.18 () {58 vars in 1362 bytes} [Thu Jun 2 03:23:33 2022] GET /placement/resource_providers/330fd7e1-d51a-499a-bede-74094f89c309/aggregates => generated 235 bytes in 23 msecs (HTTP/1.1 404) 5 headers in 202 bytes (1 switches on core 0)
Jun 02 03:23:33.727581 dv-neutron-838776-2-hyperv devstack@placement-api.service[105291]: DEBUG placement.requestlog [None req-2feeeef6-815f-4300-894e-a24951935e70 None None] Starting request: 10.222.0.18 "DELETE /placement/resource_providers/330fd7e1-d51a-499a-bede-74094f89c309" {{(pid=105291) __call__ /opt/stack/placement/placement/requestlog.py:55}}
Jun 02 03:23:33.751017 dv-neutron-838776-2-hyperv devstack@placement-api.service[105291]: DEBUG placement.wsgi_wrapper [None req-2feeeef6-815f-4300-894e-a24951935e70 service placement] Placement API returning an error response: No resource provider with uuid 330fd7e1-d51a-499a-bede-74094f89c309 found for delete {{(pid=105291) call_func /opt/stack/placement/placement/wsgi_wrapper.py:31}}
Jun 02 03:23:33.752081 dv-neutron-838776-2-hyperv devstack@placement-api.service[105291]: INFO placement.requestlog [None req-2feeeef6-815f-4300-894e-a24951935e70 service placement] 10.222.0.18 "DELETE /placement/resource_providers/330fd7e1-d51a-499a-bede-74094f89c309" status: 404 len: 246 microversion: 1.1
Jun 02 03:23:33.752520 dv-neutron-838776-2-hyperv devstack@placement-api.service[105291]: [pid: 105291|app: 0|req: 117/236] 10.222.0.18 () {60 vars in 1351 bytes} [Thu Jun 2 03:23:33 2022] DELETE /placement/resource_providers/330fd7e1-d51a-499a-bede-74094f89c309 => generated 246 bytes in 25 msecs (HTTP/1.1 404) 6 headers in 231 bytes (1 switches on core 0)
Jun 02 03:23:35.371161 dv-neutron-838776-2-hyperv devstack@placement-api.service[105292]: DEBUG placement.requestlog [None req-230d227f-d067-4140-b129-03406dd9850d None None] Starting request: 10.222.0.18 "GET /placement/resource_providers/0f6a6fcb-3075-4511-a87c-462d1736cc79/aggregates" {{(pid=105292) __call__ /opt/stack/placement/placement/requestlog.py:55}}
Jun 02 03:23:35.829552 dv-neutron-838776-2-hyperv devstack@placement-api.service[105292]: INFO placement.requestlog [None req-230d227f-d067-4140-b129-03406dd9850d service placement] 10.222.0.18 "GET /placement/resource_providers/0f6a6fcb-3075-4511-a87c-462d1736cc79/aggregates" status: 404 len: 235 microversion: 1.1
Jun 02 03:23:35.830874 dv-neutron-838776-2-hyperv devstack@placement-api.service[105292]: [pid: 105292|app: 0|req: 120/237] 10.222.0.18 () {58 vars in 1362 bytes} [Thu Jun 2 03:23:35 2022] GET /placement/resource_providers/0f6a6fcb-3075-4511-a87c-462d1736cc79/aggregates => generated 235 bytes in 461 msecs (HTTP/1.1 404) 5 headers in 202 bytes (1 switches on core 0)
Jun 02 03:23:35.863497 dv-neutron-838776-2-hyperv devstack@placement-api.service[105291]: DEBUG placement.requestlog [None req-b7b4917e-8f31-44ce-bf6c-fb2c746add11 None None] Starting request: 10.222.0.18 "DELETE /placement/resource_providers/0f6a6fcb-3075-4511-a87c-462d1736cc79" {{(pid=105291) __call__ /opt/stack/placement/placement/requestlog.py:55}}
Jun 02 03:23:35.906656 dv-neutron-838776-2-hyperv devstack@placement-api.service[105291]: DEBUG placement.wsgi_wrapper [None req-b7b4917e-8f31-44ce-bf6c-fb2c746add11 service placement] Placement API returning an error response: No resource provider with uuid 0f6a6fcb-3075-4511-a87c-462d1736cc79 found for delete {{(pid=105291) call_func /opt/stack/placement/placement/wsgi_wrapper.py:31}}
Jun 02 03:23:35.907721 dv-neutron-838776-2-hyperv devstack@placement-api.service[105291]: INFO placement.requestlog [None req-b7b4917e-8f31-44ce-bf6c-fb2c746add11 service placement] 10.222.0.18 "DELETE /placement/resource_providers/0f6a6fcb-3075-4511-a87c-462d1736cc79" status: 404 len: 246 microversion: 1.1
Jun 02 03:23:35.908595 dv-neutron-838776-2-hyperv devstack@placement-api.service[105291]: [pid: 105291|app: 0|req: 118/238] 10.222.0.18 () {60 vars in 1351 bytes} [Thu Jun 2 03:23:35 2022] DELETE /placement/resource_providers/0f6a6fcb-3075-4511-a87c-462d1736cc79 => generated 246 bytes in 48 msecs (HTTP/1.1 404) 6 headers in 231 bytes (1 switches on core 0)
Jun 02 03:23:42.401027 dv-neutron-838776-2-hyperv devstack@placement-api.service[105292]: DEBUG placement.requestlog [None req-3abd4a43-3153-48c5-b18d-cedae29cab2f None None] Starting request: 10.222.0.18 "GET /placement/resource_providers/ad6cb849-a55c-416f-bb3a-b421b9de2955/aggregates" {{(pid=105292) __call__ /opt/stack/placement/placement/requestlog.py:55}}
Jun 02 03:23:42.420219 dv-neutron-838776-2-hyperv devstack@placement-api.service[105292]: INFO placement.requestlog [None req-3abd4a43-3153-48c5-b18d-cedae29cab2f service placement] 10.222.0.18 "GET /placement/resource_providers/ad6cb849-a55c-416f-bb3a-b421b9de2955/aggregates" status: 404 len: 235 microversion: 1.1
Jun 02 03:23:42.420579 dv-neutron-838776-2-hyperv devstack@placement-api.service[105292]: [pid: 105292|app: 0|req: 121/239] 10.222.0.18 () {58 vars in 1362 bytes} [Thu Jun 2 03:23:42 2022] GET /placement/resource_providers/ad6cb849-a55c-416f-bb3a-b421b9de2955/aggregates => generated 235 bytes in 20 msecs (HTTP/1.1 404) 5 headers in 202 bytes (1 switches on core 0)
Jun 02 03:23:42.472312 dv-neutron-838776-2-hyperv devstack@placement-api.service[105291]: DEBUG placement.requestlog [None req-b5ca33c1-5756-42b0-a9d9-7aa95230ac10 None None] Starting request: 10.222.0.18 "DELETE /placement/resource_providers/ad6cb849-a55c-416f-bb3a-b421b9de2955" {{(pid=105291) __call__ /opt/stack/placement/placement/requestlog.py:55}}
Jun 02 03:23:42.484247 dv-neutron-838776-2-hyperv devstack@placement-api.service[105291]: DEBUG placement.wsgi_wrapper [None req-b5ca33c1-5756-42b0-a9d9-7aa95230ac10 service placement] Placement API returning an error response: No resource provider with uuid ad6cb849-a55c-416f-bb3a-b421b9de2955 found for delete {{(pid=105291) call_func /opt/stack/placement/placement/wsgi_wrapper.py:31}}
Jun 02 03:23:42.486001 dv-neutron-838776-2-hyperv devstack@placement-api.service[105291]: INFO placement.requestlog [None req-b5ca33c1-5756-42b0-a9d9-7aa95230ac10 service placement] 10.222.0.18 "DELETE /placement/resource_providers/ad6cb849-a55c-416f-bb3a-b421b9de2955" status: 404 len: 246 microversion: 1.1
Jun 02 03:23:42.486929 dv-neutron-838776-2-hyperv devstack@placement-api.service[105291]: [pid: 105291|app: 0|req: 119/240] 10.222.0.18 () {60 vars in 1351 bytes} [Thu Jun 2 03:23:42 2022] DELETE /placement/resource_providers/ad6cb849-a55c-416f-bb3a-b421b9de2955 => generated 246 bytes in 15 msecs (HTTP/1.1 404) 6 headers in 231 bytes (1 switches on core 0)
Jun 02 03:23:46.504850 dv-neutron-838776-2-hyperv devstack@placement-api.service[105292]: DEBUG placement.requestlog [req-6cb30277-1c83-48ad-b564-523a2cc20fb8 req-f7be7b9b-053b-488e-b30c-777ee223993f None None] Starting request: 10.222.0.42 "GET /placement/resource_providers/149335cb-98cb-41a9-b552-0f9f94c8081f/allocations" {{(pid=105292) __call__ /opt/stack/placement/placement/requestlog.py:55}}
Jun 02 03:23:46.527973 dv-neutron-838776-2-hyperv devstack@placement-api.service[105292]: INFO placement.requestlog [req-6cb30277-1c83-48ad-b564-523a2cc20fb8 req-f7be7b9b-053b-488e-b30c-777ee223993f service placement] 10.222.0.42 "GET /placement/resource_providers/149335cb-98cb-41a9-b552-0f9f94c8081f/allocations" status: 200 len: 139 microversion: 1.0
Jun 02 03:23:46.528777 dv-neutron-838776-2-hyperv devstack@placement-api.service[105292]: [pid: 105292|app: 0|req: 122/241] 10.222.0.42 () {58 vars in 1390 bytes} [Thu Jun 2 03:23:46 2022] GET /placement/resource_providers/149335cb-98cb-41a9-b552-0f9f94c8081f/allocations => generated 139 bytes in 25 msecs (HTTP/1.1 200) 6 headers in 224 bytes (1 switches on core 0)
Jun 02 03:23:49.806673 dv-neutron-838776-2-hyperv devstack@placement-api.service[105291]: DEBUG placement.requestlog [None req-1a205813-6eb9-4e83-a600-341f24d43719 None None] Starting request: 10.222.0.18 "GET /placement/resource_providers/3b82ff7e-2676-46d1-a366-b0085d667a0e/aggregates" {{(pid=105291) __call__ /opt/stack/placement/placement/requestlog.py:55}}
Jun 02 03:23:49.924434 dv-neutron-838776-2-hyperv devstack@placement-api.service[105291]: DEBUG dbcounter [-] [105291] Writing DB stats placement:SELECT=17,placement:DELETE=2 {{(pid=105291) stat_writer /usr/local/lib/python3.8/dist-packages/dbcounter.py:114}}
Jun 02 03:23:49.934562 dv-neutron-838776-2-hyperv devstack@placement-api.service[105291]: INFO placement.requestlog [None req-1a205813-6eb9-4e83-a600-341f24d43719 service placement] 10.222.0.18 "GET /placement/resource_providers/3b82ff7e-2676-46d1-a366-b0085d667a0e/aggregates" status: 404 len: 235 microversion: 1.1
Jun 02 03:23:49.935459 dv-neutron-838776-2-hyperv devstack@placement-api.service[105291]: [pid: 105291|app: 0|req: 120/242] 10.222.0.18 () {58 vars in 1362 bytes} [Thu Jun 2 03:23:49 2022] GET /placement/resource_providers/3b82ff7e-2676-46d1-a366-b0085d667a0e/aggregates => generated 235 bytes in 129 msecs (HTTP/1.1 404) 5 headers in 202 bytes (1 switches on core 0)
Jun 02 03:23:49.950500 dv-neutron-838776-2-hyperv devstack@placement-api.service[105292]: DEBUG placement.requestlog [None req-bc568d3e-f023-4ca3-a78b-c60a8c77821f None None] Starting request: 10.222.0.18 "DELETE /placement/resource_providers/3b82ff7e-2676-46d1-a366-b0085d667a0e" {{(pid=105292) __call__ /opt/stack/placement/placement/requestlog.py:55}}
Jun 02 03:23:49.965936 dv-neutron-838776-2-hyperv devstack@placement-api.service[105292]: DEBUG placement.wsgi_wrapper [None req-bc568d3e-f023-4ca3-a78b-c60a8c77821f service placement] Placement API returning an error response: No resource provider with uuid 3b82ff7e-2676-46d1-a366-b0085d667a0e found for delete {{(pid=105292) call_func /opt/stack/placement/placement/wsgi_wrapper.py:31}}
Jun 02 03:23:49.967185 dv-neutron-838776-2-hyperv devstack@placement-api.service[105292]: INFO placement.requestlog [None req-bc568d3e-f023-4ca3-a78b-c60a8c77821f service placement] 10.222.0.18 "DELETE /placement/resource_providers/3b82ff7e-2676-46d1-a366-b0085d667a0e" status: 404 len: 246 microversion: 1.1
Jun 02 03:23:49.969160 dv-neutron-838776-2-hyperv devstack@placement-api.service[105292]: [pid: 105292|app: 0|req: 123/243] 10.222.0.18 () {60 vars in 1351 bytes} [Thu Jun 2 03:23:49 2022] DELETE /placement/resource_providers/3b82ff7e-2676-46d1-a366-b0085d667a0e => generated 246 bytes in 19 msecs (HTTP/1.1 404) 6 headers in 231 bytes (1 switches on core 0)
Jun 02 03:23:52.105961 dv-neutron-838776-2-hyperv devstack@placement-api.service[105291]: DEBUG placement.requestlog [None req-56f34616-08fd-44bc-b546-0a614c038308 None None] Starting request: 10.222.0.18 "GET /placement/resource_providers/ad629e2a-9187-47af-bc4e-e066347fb21d/aggregates" {{(pid=105291) __call__ /opt/stack/placement/placement/requestlog.py:55}}
Jun 02 03:23:52.149004 dv-neutron-838776-2-hyperv devstack@placement-api.service[105291]: INFO placement.requestlog [None req-56f34616-08fd-44bc-b546-0a614c038308 service placement] 10.222.0.18 "GET /placement/resource_providers/ad629e2a-9187-47af-bc4e-e066347fb21d/aggregates" status: 404 len: 235 microversion: 1.1
Jun 02 03:23:52.149914 dv-neutron-838776-2-hyperv devstack@placement-api.service[105291]: [pid: 105291|app: 0|req: 121/244] 10.222.0.18 () {58 vars in 1362 bytes} [Thu Jun 2 03:23:52 2022] GET /placement/resource_providers/ad629e2a-9187-47af-bc4e-e066347fb21d/aggregates => generated 235 bytes in 45 msecs (HTTP/1.1 404) 5 headers in 202 bytes (1 switches on core 0)
Jun 02 03:23:52.214609 dv-neutron-838776-2-hyperv devstack@placement-api.service[105292]: DEBUG placement.requestlog [None req-969228bb-a02b-4344-8730-695ff5f91830 None None] Starting request: 10.222.0.18 "DELETE /placement/resource_providers/ad629e2a-9187-47af-bc4e-e066347fb21d" {{(pid=105292) __call__ /opt/stack/placement/placement/requestlog.py:55}}
