Apr 26 14:37:37.354880 dv-neutron-838702-5-hyperv neutron-server[104670]: DEBUG neutron.api.rpc.handlers.dhcp_rpc [None req-9f8a2a1f-a96d-478d-94b1-abfeae1b188c None None] Create dhcp port {'port': {'name': '', 'admin_state_up': True, 'device_id': 'dhcpbe17ff0b-cccd-5526-a4e6-b3fd22e4e44d-38d05bd3-bf72-4e81-ba44-eaaaf1a1d7fc', 'network_id': '38d05bd3-bf72-4e81-ba44-eaaaf1a1d7fc', 'project_id': 'dba7d89ede2a45ff931f36bb818d8ad8', 'fixed_ips': [{'subnet_id': '38b26578-a2be-4451-9198-23fa1fa3d651'}]}} from dv-neutron-838702-5-hyperv. {{(pid=104670) create_dhcp_port /opt/stack/neutron/neutron/api/rpc/handlers/dhcp_rpc.py:268}}
Apr 26 14:37:37.355746 dv-neutron-838702-5-hyperv neutron-server[104670]: DEBUG neutron_lib.callbacks.manager [None req-9f8a2a1f-a96d-478d-94b1-abfeae1b188c None None] Publish callbacks ['neutron.plugins.ml2.plugin.SecurityGroupDbMixin._ensure_default_security_group_handler-1369039'] for port (None), before_create {{(pid=104670) _notify_loop /usr/local/lib/python3.8/dist-packages/neutron_lib/callbacks/manager.py:176}}
Apr 26 14:37:37.356768 dv-neutron-838702-5-hyperv neutron-server[104668]: DEBUG neutron.plugins.ml2.drivers.helpers [None req-a9613426-a45d-41cc-b2e9-b0d0fc9be113 tempest-NetworksTest-565609658 tempest-NetworksTest-565609658-project] vlan segment allocate from pool success with {'physical_network': 'physnet1', 'vlan_id': 261} {{(pid=104668) allocate_partially_specified_segment /opt/stack/neutron/neutron/plugins/ml2/drivers/helpers.py:153}}
Apr 26 14:37:37.369722 dv-neutron-838702-5-hyperv neutron-server[104668]: DEBUG neutron_lib.callbacks.manager [None req-a9613426-a45d-41cc-b2e9-b0d0fc9be113 tempest-NetworksTest-565609658 tempest-NetworksTest-565609658-project] Publish callbacks ['neutron.plugins.ml2.plugin.Ml2Plugin._handle_segment_change-1552524'] for segment (34ba31d8-259a-4ff9-b0bd-6e53c22c8bf6), precommit_create {{(pid=104668) _notify_loop /usr/local/lib/python3.8/dist-packages/neutron_lib/callbacks/manager.py:176}}
Apr 26 14:37:37.370382 dv-neutron-838702-5-hyperv neutron-server[104668]: INFO neutron.db.segments_db [None req-a9613426-a45d-41cc-b2e9-b0d0fc9be113 tempest-NetworksTest-565609658 tempest-NetworksTest-565609658-project] Added segment 34ba31d8-259a-4ff9-b0bd-6e53c22c8bf6 of type vlan for network 05598139-3cd8-4e7f-b3d5-ccd1eba2cf89
Apr 26 14:37:37.425436 dv-neutron-838702-5-hyperv neutron-server[104668]: DEBUG neutron_lib.callbacks.manager [None req-a9613426-a45d-41cc-b2e9-b0d0fc9be113 tempest-NetworksTest-565609658 tempest-NetworksTest-565609658-project] Publish callbacks ['neutron.services.auto_allocate.db._ensure_external_network_default_value_callback-8731311864239'] for network (05598139-3cd8-4e7f-b3d5-ccd1eba2cf89), precommit_create {{(pid=104668) _notify_loop /usr/local/lib/python3.8/dist-packages/neutron_lib/callbacks/manager.py:176}}
Apr 26 14:37:37.446703 dv-neutron-838702-5-hyperv neutron-server[104669]: DEBUG neutron.scheduler.dhcp_agent_scheduler [None req-747d0a60-a88b-420e-9d06-2066d9ac2379 admin admin] Network 5536bbd5-eb7a-42a3-84f7-eeb4e0e01ae2 is already hosted by enough agents. {{(pid=104669) _get_dhcp_agents_hosting_network /opt/stack/neutron/neutron/scheduler/dhcp_agent_scheduler.py:275}}
Apr 26 14:37:37.450589 dv-neutron-838702-5-hyperv neutron-server[104669]: DEBUG neutron_lib.callbacks.manager [None req-f713e653-c564-4c27-9cf0-60dfbd8a0863 admin admin] Publish callbacks [] for router_controller (cb2fd4c6-8300-4e1f-bbed-97b213223c9d), precommit_add_association {{(pid=104669) _notify_loop /usr/local/lib/python3.8/dist-packages/neutron_lib/callbacks/manager.py:176}}
Apr 26 14:37:37.455400 dv-neutron-838702-5-hyperv neutron-server[104669]: DEBUG neutron.scheduler.base_scheduler [None req-747d0a60-a88b-420e-9d06-2066d9ac2379 admin admin] Resources bound (agent type, host, resource id): {{(pid=104669) schedule /opt/stack/neutron/neutron/scheduler/base_scheduler.py:57}}
Apr 26 14:37:37.459093 dv-neutron-838702-5-hyperv neutron-server[104669]: DEBUG neutron.db.l3_dvrscheduler_db [None req-747d0a60-a88b-420e-9d06-2066d9ac2379 admin admin] Received port after_create {{(pid=104669) _notify_l3_agent_new_port /opt/stack/neutron/neutron/db/l3_dvrscheduler_db.py:536}}
Apr 26 14:37:37.492182 dv-neutron-838702-5-hyperv neutron-server[104670]: DEBUG neutron.plugins.ml2.plugin [None req-b8b083d6-f90d-4cec-8bb5-69403c39b8de None None] Current status of the port 2882aefb-976d-4190-8152-7fbf4383bf65 is: DOWN; New status is: ACTIVE {{(pid=104670) _update_individual_port_db_status /opt/stack/neutron/neutron/plugins/ml2/plugin.py:2256}}
Apr 26 14:37:37.492761 dv-neutron-838702-5-hyperv neutron-server[104670]: DEBUG neutron_lib.callbacks.manager [None req-b8b083d6-f90d-4cec-8bb5-69403c39b8de None None] Publish callbacks ['neutron.plugins.ml2.plugin.SecurityGroupDbMixin._ensure_default_security_group_handler-1369039'] for port (2882aefb-976d-4190-8152-7fbf4383bf65), before_update {{(pid=104670) _notify_loop /usr/local/lib/python3.8/dist-packages/neutron_lib/callbacks/manager.py:176}}
Apr 26 14:37:37.515289 dv-neutron-838702-5-hyperv neutron-server[104668]: DEBUG neutron_lib.callbacks.manager [None req-a9613426-a45d-41cc-b2e9-b0d0fc9be113 tempest-NetworksTest-565609658 tempest-NetworksTest-565609658-project] Publish callbacks ['neutron.plugins.ml2.ovo_rpc._ObjectChangeHandler.handle_event-8251618', 'neutron.api.rpc.agentnotifiers.dhcp_rpc_agent_api.DhcpAgentNotifyAPI._native_event_send_dhcp_notification-7890694'] for network (05598139-3cd8-4e7f-b3d5-ccd1eba2cf89), after_create {{(pid=104668) _notify_loop /usr/local/lib/python3.8/dist-packages/neutron_lib/callbacks/manager.py:176}}
Apr 26 14:37:37.521593 dv-neutron-838702-5-hyperv neutron-server[104668]: DEBUG neutron.pecan_wsgi.hooks.policy_enforcement [None req-a9613426-a45d-41cc-b2e9-b0d0fc9be113 tempest-NetworksTest-565609658 tempest-NetworksTest-565609658-project] Attributes excluded by policy engine: ['standard_attr_id', 'provider:network_type', 'provider:physical_network', 'provider:segmentation_id', 'vlan_transparent'] {{(pid=104668) _exclude_attributes_by_policy /opt/stack/neutron/neutron/pecan_wsgi/hooks/policy_enforcement.py:255}}
Apr 26 14:37:37.522327 dv-neutron-838702-5-hyperv neutron-server[104668]: DEBUG neutron_lib.callbacks.manager [None req-a9613426-a45d-41cc-b2e9-b0d0fc9be113 tempest-NetworksTest-565609658 tempest-NetworksTest-565609658-project] Publish callbacks ['neutron.api.rpc.agentnotifiers.dhcp_rpc_agent_api.DhcpAgentNotifyAPI._send_dhcp_notification-7890728'] for network (None), before_response {{(pid=104668) _notify_loop /usr/local/lib/python3.8/dist-packages/neutron_lib/callbacks/manager.py:176}}
Apr 26 14:37:37.541696 dv-neutron-838702-5-hyperv neutron-server[104670]: DEBUG neutron.plugins.ml2.db [None req-b8b083d6-f90d-4cec-8bb5-69403c39b8de None None] For port 2882aefb-976d-4190-8152-7fbf4383bf65, host dv-neutron-838702-5-hyperv, got binding levels [PortBindingLevel(driver='openvswitch',host='dv-neutron-838702-5-hyperv',level=0,port_id=2882aefb-976d-4190-8152-7fbf4383bf65,segment=NetworkSegment(9c7ab905-13c3-461a-a1c1-f6d89f937bb3),segment_id=9c7ab905-13c3-461a-a1c1-f6d89f937bb3)] {{(pid=104670) get_binding_level_objs /opt/stack/neutron/neutron/plugins/ml2/db.py:74}}
Apr 26 14:37:37.653314 dv-neutron-838702-5-hyperv neutron-server[104670]: DEBUG neutron.api.rpc.handlers.dhcp_rpc [None req-d6aa9f4e-fc26-453a-9498-820f7cbf24f1 None None] Network 22280de7-fb04-4dcd-9cf6-01c446f556e2 requested from dv-neutron-838702-5-hyperv {{(pid=104670) get_network_info /opt/stack/neutron/neutron/api/rpc/handlers/dhcp_rpc.py:191}}
Apr 26 14:37:37.675392 dv-neutron-838702-5-hyperv neutron-server[104668]: DEBUG neutron.api.v2.base [None req-f211709f-980d-4cd8-847f-c272fa6dacf1 tempest-ExternalNetworksTestJSON-1714671867 tempest-ExternalNetworksTestJSON-1714671867-project] Request body: {'network': {'name': 'tempest-ExternalNetworksTestJSON-test-network-95851063'}} {{(pid=104668) prepare_request_body /opt/stack/neutron/neutron/api/v2/base.py:729}}
Apr 26 14:37:37.682983 dv-neutron-838702-5-hyperv neutron-server[104670]: DEBUG neutron_lib.callbacks.manager [None req-b8b083d6-f90d-4cec-8bb5-69403c39b8de None None] Publish callbacks ['neutron.plugins.ml2.plugin.SecurityGroupServerNotifierRpcMixin._notify_sg_on_port_change-1368191', 'neutron.plugins.ml2.ovo_rpc._ObjectChangeHandler.handle_event-463280', 'neutron.api.rpc.agentnotifiers.dhcp_rpc_agent_api.DhcpAgentNotifyAPI._native_event_send_dhcp_notification-7890694', 'neutron.db.l3_db.L3RpcNotifierMixin._notify_gateway_port_ip_changed-8731312326440', 'neutron.db.l3_dvrscheduler_db._notify_l3_agent_port_update-8731311887719', 'neutron.db.l3_hascheduler_db._notify_l3_agent_ha_port_update-8731311887737'] for port (2882aefb-976d-4190-8152-7fbf4383bf65), after_update {{(pid=104670) _notify_loop /usr/local/lib/python3.8/dist-packages/neutron_lib/callbacks/manager.py:176}}
Apr 26 14:37:37.692501 dv-neutron-838702-5-hyperv neutron-server[104668]: INFO neutron.wsgi [None req-a9613426-a45d-41cc-b2e9-b0d0fc9be113 tempest-NetworksTest-565609658 tempest-NetworksTest-565609658-project] 10.222.0.31 "POST /v2.0/networks HTTP/1.1" status: 201 len: 779 time: 0.5244641
Apr 26 14:37:37.707166 dv-neutron-838702-5-hyperv neutron-server[104669]: DEBUG neutron.wsgi [-] (104669) accepted ('10.222.0.31', 42896) {{(pid=104669) server /usr/local/lib/python3.8/dist-packages/eventlet/wsgi.py:1004}}
Apr 26 14:37:37.714846 dv-neutron-838702-5-hyperv neutron-server[104669]: DEBUG neutron.api.v2.base [None req-8c7d08af-355f-402b-bc37-545547dbc399 tempest-NetworksTest-565609658 tempest-NetworksTest-565609658-project] Request body: {'subnet': {'network_id': '05598139-3cd8-4e7f-b3d5-ccd1eba2cf89', 'cidr': '172.20.0.0/28', 'ip_version': 4, 'gateway_ip': '172.20.0.1', 'enable_dhcp': True, 'host_routes': [{'destination': '10.20.0.0/32', 'nexthop': '10.100.1.1'}], 'dns_nameservers': ['8.8.4.4', '8.8.8.8']}} {{(pid=104669) prepare_request_body /opt/stack/neutron/neutron/api/v2/base.py:729}}
Apr 26 14:37:37.718853 dv-neutron-838702-5-hyperv neutron-server[104668]: DEBUG neutron.api.rpc.handlers.resources_rpc [None req-a9613426-a45d-41cc-b2e9-b0d0fc9be113 tempest-NetworksTest-565609658 tempest-NetworksTest-565609658-project] Pushing event updated for resources: {'Network': ['ID=05598139-3cd8-4e7f-b3d5-ccd1eba2cf89,revision_number=1']} {{(pid=104668) push /opt/stack/neutron/neutron/api/rpc/handlers/resources_rpc.py:237}}
Apr 26 14:37:37.744932 dv-neutron-838702-5-hyperv neutron-server[104668]: DEBUG neutron.api.v2.base [None req-9bff3c1a-0623-4cb4-88af-5b7b333c27db tempest-DHCPAgentSchedulersTestJSON-678270228 tempest-DHCPAgentSchedulersTestJSON-678270228-project] Request body: {'network': {'name': 'tempest-DHCPAgentSchedulersTestJSON-test-network-1719595747'}} {{(pid=104668) prepare_request_body /opt/stack/neutron/neutron/api/v2/base.py:729}}
Apr 26 14:37:37.757768 dv-neutron-838702-5-hyperv neutron-server[104670]: DEBUG neutron.plugins.ml2.rpc [None req-b8b083d6-f90d-4cec-8bb5-69403c39b8de None None] Network 05598139-3cd8-4e7f-b3d5-ccd1eba2cf89 details requested by agent ovs-agent-dv-neutron-838702-5-hyperv with host dv-neutron-838702-5-hyperv {{(pid=104670) get_network_details /opt/stack/neutron/neutron/plugins/ml2/rpc.py:248}}
Apr 26 14:37:37.846125 dv-neutron-838702-5-hyperv neutron-server[104668]: DEBUG neutron.pecan_wsgi.hooks.quota_enforcement [None req-f211709f-980d-4cd8-847f-c272fa6dacf1 tempest-ExternalNetworksTestJSON-1714671867 tempest-ExternalNetworksTestJSON-1714671867-project] Made reservation on behalf of dc7e597fac1540daa4248c05c17994ea for: {'network': 1} {{(pid=104668) before /opt/stack/neutron/neutron/pecan_wsgi/hooks/quota_enforcement.py:53}}
Apr 26 14:37:37.852269 dv-neutron-838702-5-hyperv neutron-server[104668]: DEBUG neutron_lib.callbacks.manager [None req-f211709f-980d-4cd8-847f-c272fa6dacf1 tempest-ExternalNetworksTestJSON-1714671867 tempest-ExternalNetworksTestJSON-1714671867-project] Publish callbacks ['neutron.plugins.ml2.plugin.SecurityGroupDbMixin._ensure_default_security_group_handler-1369039'] for network (None), before_create {{(pid=104668) _notify_loop /usr/local/lib/python3.8/dist-packages/neutron_lib/callbacks/manager.py:176}}
Apr 26 14:37:37.857900 dv-neutron-838702-5-hyperv neutron-server[104668]: DEBUG neutron.pecan_wsgi.hooks.quota_enforcement [None req-9bff3c1a-0623-4cb4-88af-5b7b333c27db tempest-DHCPAgentSchedulersTestJSON-678270228 tempest-DHCPAgentSchedulersTestJSON-678270228-project] Made reservation on behalf of a772d3aaf70a4e45ad4a26f721597028 for: {'network': 1} {{(pid=104668) before /opt/stack/neutron/neutron/pecan_wsgi/hooks/quota_enforcement.py:53}}
Apr 26 14:37:37.869816 dv-neutron-838702-5-hyperv neutron-server[104668]: DEBUG neutron_lib.callbacks.manager [None req-9bff3c1a-0623-4cb4-88af-5b7b333c27db tempest-DHCPAgentSchedulersTestJSON-678270228 tempest-DHCPAgentSchedulersTestJSON-678270228-project] Publish callbacks ['neutron.plugins.ml2.plugin.SecurityGroupDbMixin._ensure_default_security_group_handler-1369039'] for network (None), before_create {{(pid=104668) _notify_loop /usr/local/lib/python3.8/dist-packages/neutron_lib/callbacks/manager.py:176}}
Apr 26 14:37:37.909180 dv-neutron-838702-5-hyperv neutron-server[104668]: DEBUG neutron_lib.callbacks.manager [None req-9bff3c1a-0623-4cb4-88af-5b7b333c27db tempest-DHCPAgentSchedulersTestJSON-678270228 tempest-DHCPAgentSchedulersTestJSON-678270228-project] Publish callbacks [] for security_group (None), before_create {{(pid=104668) _notify_loop /usr/local/lib/python3.8/dist-packages/neutron_lib/callbacks/manager.py:176}}
Apr 26 14:37:37.932586 dv-neutron-838702-5-hyperv neutron-server[104668]: DEBUG neutron_lib.callbacks.manager [None req-f211709f-980d-4cd8-847f-c272fa6dacf1 tempest-ExternalNetworksTestJSON-1714671867 tempest-ExternalNetworksTestJSON-1714671867-project] Publish callbacks [] for security_group (None), before_create {{(pid=104668) _notify_loop /usr/local/lib/python3.8/dist-packages/neutron_lib/callbacks/manager.py:176}}
Apr 26 14:37:37.938383 dv-neutron-838702-5-hyperv neutron-server[104668]: DEBUG neutron.wsgi [-] (104668) accepted ('10.222.0.31', 42904) {{(pid=104668) server /usr/local/lib/python3.8/dist-packages/eventlet/wsgi.py:1004}}
Apr 26 14:37:38.002227 dv-neutron-838702-5-hyperv neutron-server[104669]: DEBUG neutron_lib.callbacks.manager [None req-747d0a60-a88b-420e-9d06-2066d9ac2379 admin admin] Publish callbacks [] for router_gateway (6cd0370b-cf7e-4f43-8101-287f3870e3f1), after_create {{(pid=104669) _notify_loop /usr/local/lib/python3.8/dist-packages/neutron_lib/callbacks/manager.py:176}}
Apr 26 14:37:38.019673 dv-neutron-838702-5-hyperv neutron-server[104670]: DEBUG neutron.db.provisioning_blocks [None req-4c5a90be-053c-465c-8c0b-dfa04faa161f None None] Provisioning complete for port 2882aefb-976d-4190-8152-7fbf4383bf65 triggered by entity DHCP. {{(pid=104670) provisioning_complete /opt/stack/neutron/neutron/db/provisioning_blocks.py:140}}
Apr 26 14:37:38.020180 dv-neutron-838702-5-hyperv neutron-server[104670]: DEBUG neutron_lib.callbacks.manager [None req-4c5a90be-053c-465c-8c0b-dfa04faa161f None None] Publish callbacks ['neutron.plugins.ml2.plugin.Ml2Plugin._port_provisioned-1448018'] for port (2882aefb-976d-4190-8152-7fbf4383bf65), provisioning_complete {{(pid=104670) _notify_loop /usr/local/lib/python3.8/dist-packages/neutron_lib/callbacks/manager.py:176}}
Apr 26 14:37:38.095715 dv-neutron-838702-5-hyperv neutron-server[104670]: DEBUG neutron.db.db_base_plugin_common [None req-c428426f-5ffa-451d-8d18-4fcc7dc1a386 None None] Allocated IP 172.20.0.2 (c7ff944a-5fe1-46af-a772-af4218696d1b/d7ca39e1-7afc-41ad-a007-19ca08ab89b7/cf7f826d-ffb5-4e4a-ae99-75fbd6280ba3) {{(pid=104670) _store_ip_allocation /opt/stack/neutron/neutron/db/db_base_plugin_common.py:131}}
Apr 26 14:37:38.098156 dv-neutron-838702-5-hyperv neutron-server[104670]: DEBUG neutron.api.rpc.handlers.resources_rpc [None req-b8b083d6-f90d-4cec-8bb5-69403c39b8de None None] Pushing event updated for resources: {'Port': ['ID=2882aefb-976d-4190-8152-7fbf4383bf65,revision_number=3']} {{(pid=104670) push /opt/stack/neutron/neutron/api/rpc/handlers/resources_rpc.py:237}}
Apr 26 14:37:38.125018 dv-neutron-838702-5-hyperv neutron-server[104670]: DEBUG neutron.db.db_base_plugin_common [None req-9f8a2a1f-a96d-478d-94b1-abfeae1b188c None None] Allocated IP 172.20.255.242 (38d05bd3-bf72-4e81-ba44-eaaaf1a1d7fc/38b26578-a2be-4451-9198-23fa1fa3d651/2ad73727-70a3-4349-8b48-50d2f0dabce2) {{(pid=104670) _store_ip_allocation /opt/stack/neutron/neutron/db/db_base_plugin_common.py:131}}
Apr 26 14:37:38.126772 dv-neutron-838702-5-hyperv neutron-server[104669]: DEBUG neutron.pecan_wsgi.hooks.quota_enforcement [None req-8c7d08af-355f-402b-bc37-545547dbc399 tempest-NetworksTest-565609658 tempest-NetworksTest-565609658-project] Made reservation on behalf of dba7d89ede2a45ff931f36bb818d8ad8 for: {'subnet': 1} {{(pid=104669) before /opt/stack/neutron/neutron/pecan_wsgi/hooks/quota_enforcement.py:53}}
Apr 26 14:37:38.131186 dv-neutron-838702-5-hyperv neutron-server[104669]: DEBUG neutron_lib.callbacks.manager [None req-8c7d08af-355f-402b-bc37-545547dbc399 tempest-NetworksTest-565609658 tempest-NetworksTest-565609658-project] Publish callbacks [] for subnet (None), before_create {{(pid=104669) _notify_loop /usr/local/lib/python3.8/dist-packages/neutron_lib/callbacks/manager.py:176}}
Apr 26 14:37:38.138484 dv-neutron-838702-5-hyperv neutron-server[104668]: DEBUG neutron_lib.callbacks.manager [None req-9bff3c1a-0623-4cb4-88af-5b7b333c27db tempest-DHCPAgentSchedulersTestJSON-678270228 tempest-DHCPAgentSchedulersTestJSON-678270228-project] Publish callbacks [] for security_group (dab52d54-5350-4649-87d5-2e814f7469af), precommit_create {{(pid=104668) _notify_loop /usr/local/lib/python3.8/dist-packages/neutron_lib/callbacks/manager.py:176}}
Apr 26 14:37:38.157355 dv-neutron-838702-5-hyperv neutron-server[104668]: DEBUG neutron_lib.callbacks.manager [None req-f211709f-980d-4cd8-847f-c272fa6dacf1 tempest-ExternalNetworksTestJSON-1714671867 tempest-ExternalNetworksTestJSON-1714671867-project] Publish callbacks [] for security_group (8bfec81a-c194-48ef-8b78-da4557fdf479), precommit_create {{(pid=104668) _notify_loop /usr/local/lib/python3.8/dist-packages/neutron_lib/callbacks/manager.py:176}}
Apr 26 14:37:38.245682 dv-neutron-838702-5-hyperv neutron-server[104668]: DEBUG neutron_lib.callbacks.manager [None req-9bff3c1a-0623-4cb4-88af-5b7b333c27db tempest-DHCPAgentSchedulersTestJSON-678270228 tempest-DHCPAgentSchedulersTestJSON-678270228-project] Publish callbacks ['neutron.plugins.ml2.ovo_rpc._ObjectChangeHandler.handle_event-8256598'] for security_group (dab52d54-5350-4649-87d5-2e814f7469af), after_create {{(pid=104668) _notify_loop /usr/local/lib/python3.8/dist-packages/neutron_lib/callbacks/manager.py:176}}
Apr 26 14:37:38.340048 dv-neutron-838702-5-hyperv neutron-server[104669]: DEBUG neutron.wsgi [-] (104669) accepted ('10.222.0.31', 42912) {{(pid=104669) server /usr/local/lib/python3.8/dist-packages/eventlet/wsgi.py:1004}}
Apr 26 14:37:38.371457 dv-neutron-838702-5-hyperv neutron-server[104668]: DEBUG neutron.api.v2.base [None req-16b8f4fb-e4be-4658-a5d4-42de5bf3e001 tempest-PortsAdminExtendedAttrsIpV6TestJSON-657767670 tempest-PortsAdminExtendedAttrsIpV6TestJSON-657767670-project] Request body: {'network': {'name': 'tempest-PortsAdminExtendedAttrsIpV6TestJSON-test-network-486411411'}} {{(pid=104668) prepare_request_body /opt/stack/neutron/neutron/api/v2/base.py:729}}
Apr 26 14:37:38.374812 dv-neutron-838702-5-hyperv neutron-server[104668]: DEBUG neutron_lib.callbacks.manager [None req-f211709f-980d-4cd8-847f-c272fa6dacf1 tempest-ExternalNetworksTestJSON-1714671867 tempest-ExternalNetworksTestJSON-1714671867-project] Publish callbacks ['neutron.plugins.ml2.ovo_rpc._ObjectChangeHandler.handle_event-8256598'] for security_group (8bfec81a-c194-48ef-8b78-da4557fdf479), after_create {{(pid=104668) _notify_loop /usr/local/lib/python3.8/dist-packages/neutron_lib/callbacks/manager.py:176}}
Apr 26 14:37:38.398847 dv-neutron-838702-5-hyperv neutron-server[104668]: DEBUG neutron.plugins.ml2.drivers.helpers [None req-9bff3c1a-0623-4cb4-88af-5b7b333c27db tempest-DHCPAgentSchedulersTestJSON-678270228 tempest-DHCPAgentSchedulersTestJSON-678270228-project] vlan segment allocate from pool success with {'physical_network': 'physnet1', 'vlan_id': 273} {{(pid=104668) allocate_partially_specified_segment /opt/stack/neutron/neutron/plugins/ml2/drivers/helpers.py:153}}
Apr 26 14:37:38.400926 dv-neutron-838702-5-hyperv neutron-server[104668]: DEBUG neutron.api.rpc.handlers.resources_rpc [None req-9bff3c1a-0623-4cb4-88af-5b7b333c27db tempest-DHCPAgentSchedulersTestJSON-678270228 tempest-DHCPAgentSchedulersTestJSON-678270228-project] Pushing event updated for resources: {'SecurityGroup': ['ID=dab52d54-5350-4649-87d5-2e814f7469af,revision_number=1']} {{(pid=104668) push /opt/stack/neutron/neutron/api/rpc/handlers/resources_rpc.py:237}}
Apr 26 14:37:38.408792 dv-neutron-838702-5-hyperv neutron-server[104668]: DEBUG neutron.plugins.ml2.drivers.helpers [None req-f211709f-980d-4cd8-847f-c272fa6dacf1 tempest-ExternalNetworksTestJSON-1714671867 tempest-ExternalNetworksTestJSON-1714671867-project] vlan segment allocate from pool success with {'physical_network': 'physnet1', 'vlan_id': 260} {{(pid=104668) allocate_partially_specified_segment /opt/stack/neutron/neutron/plugins/ml2/drivers/helpers.py:153}}
Apr 26 14:37:38.438189 dv-neutron-838702-5-hyperv neutron-server[104668]: DEBUG neutron_lib.callbacks.manager [None req-f211709f-980d-4cd8-847f-c272fa6dacf1 tempest-ExternalNetworksTestJSON-1714671867 tempest-ExternalNetworksTestJSON-1714671867-project] Publish callbacks ['neutron.plugins.ml2.plugin.Ml2Plugin._handle_segment_change-1552524'] for segment (ce860e54-cb1b-469d-93e8-dc557fae30fd), precommit_create {{(pid=104668) _notify_loop /usr/local/lib/python3.8/dist-packages/neutron_lib/callbacks/manager.py:176}}
Apr 26 14:37:38.438189 dv-neutron-838702-5-hyperv neutron-server[104668]: INFO neutron.db.segments_db [None req-f211709f-980d-4cd8-847f-c272fa6dacf1 tempest-ExternalNetworksTestJSON-1714671867 tempest-ExternalNetworksTestJSON-1714671867-project] Added segment ce860e54-cb1b-469d-93e8-dc557fae30fd of type vlan for network 9e018130-ddf6-4369-86f5-de3ed3350b88
Apr 26 14:37:38.445321 dv-neutron-838702-5-hyperv neutron-server[104670]: DEBUG neutron_lib.callbacks.manager [None req-c428426f-5ffa-451d-8d18-4fcc7dc1a386 None None] Publish callbacks [] for port (cf7f826d-ffb5-4e4a-ae99-75fbd6280ba3), precommit_create {{(pid=104670) _notify_loop /usr/local/lib/python3.8/dist-packages/neutron_lib/callbacks/manager.py:176}}
Apr 26 14:37:38.449197 dv-neutron-838702-5-hyperv neutron-server[104668]: DEBUG neutron_lib.callbacks.manager [None req-9bff3c1a-0623-4cb4-88af-5b7b333c27db tempest-DHCPAgentSchedulersTestJSON-678270228 tempest-DHCPAgentSchedulersTestJSON-678270228-project] Publish callbacks ['neutron.plugins.ml2.plugin.Ml2Plugin._handle_segment_change-1552524'] for segment (4fa75672-8a1e-4b53-ac41-b1f57b7622da), precommit_create {{(pid=104668) _notify_loop /usr/local/lib/python3.8/dist-packages/neutron_lib/callbacks/manager.py:176}}
Apr 26 14:37:38.449547 dv-neutron-838702-5-hyperv neutron-server[104668]: INFO neutron.db.segments_db [None req-9bff3c1a-0623-4cb4-88af-5b7b333c27db tempest-DHCPAgentSchedulersTestJSON-678270228 tempest-DHCPAgentSchedulersTestJSON-678270228-project] Added segment 4fa75672-8a1e-4b53-ac41-b1f57b7622da of type vlan for network ed4247cb-7eee-4321-8fee-acb9eaeb9adb
Apr 26 14:37:38.470517 dv-neutron-838702-5-hyperv neutron-server[104669]: DEBUG neutron_lib.callbacks.manager [None req-747d0a60-a88b-420e-9d06-2066d9ac2379 admin admin] Publish callbacks ['neutron.services.l3_router.l3_router_plugin.L3_HA_NAT_db_mixin._after_router_create-8112634', 'neutron.services.l3_router.l3_router_plugin.DVRResourceOperationHandler._create_snat_interfaces_after_change-8110712'] for router (6cd0370b-cf7e-4f43-8101-287f3870e3f1), after_create {{(pid=104669) _notify_loop /usr/local/lib/python3.8/dist-packages/neutron_lib/callbacks/manager.py:176}}
Apr 26 14:37:38.475391 dv-neutron-838702-5-hyperv neutron-server[104669]: DEBUG neutron_lib.callbacks.manager [None req-8c7d08af-355f-402b-bc37-545547dbc399 tempest-NetworksTest-565609658 tempest-NetworksTest-565609658-project] Publish callbacks ['neutron.plugins.ml2.ovo_rpc._ObjectChangeHandler.handle_event-8235143', 'neutron.api.rpc.agentnotifiers.dhcp_rpc_agent_api.DhcpAgentNotifyAPI._native_event_send_dhcp_notification-7890694'] for subnet (e1362446-b895-4bd6-84ef-325454ee4708), after_create {{(pid=104669) _notify_loop /usr/local/lib/python3.8/dist-packages/neutron_lib/callbacks/manager.py:176}}
Apr 26 14:37:38.503965 dv-neutron-838702-5-hyperv neutron-server[104668]: DEBUG neutron.api.rpc.handlers.resources_rpc [None req-f211709f-980d-4cd8-847f-c272fa6dacf1 tempest-ExternalNetworksTestJSON-1714671867 tempest-ExternalNetworksTestJSON-1714671867-project] Pushing event updated for resources: {'SecurityGroup': ['ID=8bfec81a-c194-48ef-8b78-da4557fdf479,revision_number=1']} {{(pid=104668) push /opt/stack/neutron/neutron/api/rpc/handlers/resources_rpc.py:237}}
Apr 26 14:37:38.547865 dv-neutron-838702-5-hyperv neutron-server[104668]: DEBUG neutron_lib.callbacks.manager [None req-f211709f-980d-4cd8-847f-c272fa6dacf1 tempest-ExternalNetworksTestJSON-1714671867 tempest-ExternalNetworksTestJSON-1714671867-project] Publish callbacks ['neutron.services.auto_allocate.db._ensure_external_network_default_value_callback-8731311864239'] for network (9e018130-ddf6-4369-86f5-de3ed3350b88), precommit_create {{(pid=104668) _notify_loop /usr/local/lib/python3.8/dist-packages/neutron_lib/callbacks/manager.py:176}}
Apr 26 14:37:38.554389 dv-neutron-838702-5-hyperv neutron-server[104668]: DEBUG neutron_lib.callbacks.manager [None req-9bff3c1a-0623-4cb4-88af-5b7b333c27db tempest-DHCPAgentSchedulersTestJSON-678270228 tempest-DHCPAgentSchedulersTestJSON-678270228-project] Publish callbacks ['neutron.services.auto_allocate.db._ensure_external_network_default_value_callback-8731311864239'] for network (ed4247cb-7eee-4321-8fee-acb9eaeb9adb), precommit_create {{(pid=104668) _notify_loop /usr/local/lib/python3.8/dist-packages/neutron_lib/callbacks/manager.py:176}}
Apr 26 14:37:38.554570 dv-neutron-838702-5-hyperv neutron-server[104670]: DEBUG neutron_lib.callbacks.manager [None req-c428426f-5ffa-451d-8d18-4fcc7dc1a386 None None] Publish callbacks ['neutron.plugins.ml2.plugin.SecurityGroupServerNotifierRpcMixin._notify_sg_on_port_change-1368191', 'neutron.plugins.ml2.ovo_rpc._ObjectChangeHandler.handle_event-463280', 'neutron.api.rpc.agentnotifiers.dhcp_rpc_agent_api.DhcpAgentNotifyAPI._native_event_send_dhcp_notification-7890694', 'neutron.db.l3_dvrscheduler_db._notify_l3_agent_new_port-8731311887701'] for port (cf7f826d-ffb5-4e4a-ae99-75fbd6280ba3), after_create {{(pid=104670) _notify_loop /usr/local/lib/python3.8/dist-packages/neutron_lib/callbacks/manager.py:176}}
Apr 26 14:37:38.604953 dv-neutron-838702-5-hyperv neutron-server[104669]: DEBUG neutron.api.v2.base [None req-1a6707c3-6e74-47d9-b6f3-93f5a65304c2 tempest-QuotasNegativeTest-1932417887 tempest-QuotasNegativeTest-1932417887-project-admin] Request body: {'quota': {'network': 2}} {{(pid=104669) prepare_request_body /opt/stack/neutron/neutron/api/v2/base.py:729}}
Apr 26 14:37:38.619940 dv-neutron-838702-5-hyperv neutron-server[104668]: DEBUG neutron.pecan_wsgi.hooks.quota_enforcement [None req-16b8f4fb-e4be-4658-a5d4-42de5bf3e001 tempest-PortsAdminExtendedAttrsIpV6TestJSON-657767670 tempest-PortsAdminExtendedAttrsIpV6TestJSON-657767670-project] Made reservation on behalf of e57b666385aa47b0bd34117d07969102 for: {'network': 1} {{(pid=104668) before /opt/stack/neutron/neutron/pecan_wsgi/hooks/quota_enforcement.py:53}}
Apr 26 14:37:38.625901 dv-neutron-838702-5-hyperv neutron-server[104670]: DEBUG neutron.api.rpc.handlers.resources_rpc [None req-c428426f-5ffa-451d-8d18-4fcc7dc1a386 None None] Pushing event updated for resources: {'Port': ['ID=cf7f826d-ffb5-4e4a-ae99-75fbd6280ba3,revision_number=1']} {{(pid=104670) push /opt/stack/neutron/neutron/api/rpc/handlers/resources_rpc.py:237}}
Apr 26 14:37:38.629752 dv-neutron-838702-5-hyperv neutron-server[104668]: DEBUG neutron_lib.callbacks.manager [None req-16b8f4fb-e4be-4658-a5d4-42de5bf3e001 tempest-PortsAdminExtendedAttrsIpV6TestJSON-657767670 tempest-PortsAdminExtendedAttrsIpV6TestJSON-657767670-project] Publish callbacks ['neutron.plugins.ml2.plugin.SecurityGroupDbMixin._ensure_default_security_group_handler-1369039'] for network (None), before_create {{(pid=104668) _notify_loop /usr/local/lib/python3.8/dist-packages/neutron_lib/callbacks/manager.py:176}}
Apr 26 14:37:38.641772 dv-neutron-838702-5-hyperv neutron-server[104669]: DEBUG neutron.plugins.ml2.drivers.mech_agent [None req-8c7d08af-355f-402b-bc37-545547dbc399 tempest-NetworksTest-565609658 tempest-NetworksTest-565609658-project] Checking segment: {'id': '34ba31d8-259a-4ff9-b0bd-6e53c22c8bf6', 'network_type': 'vlan', 'physical_network': 'physnet1', 'segmentation_id': 261, 'network_id': '05598139-3cd8-4e7f-b3d5-ccd1eba2cf89'} for mappings: {'physnet1': 'br-data'} with network types: ['local', 'flat', 'vlan'] {{(pid=104669) check_segment_for_agent /opt/stack/neutron/neutron/plugins/ml2/drivers/mech_agent.py:373}}
Apr 26 14:37:38.642314 dv-neutron-838702-5-hyperv neutron-server[104669]: DEBUG neutron.scheduler.dhcp_agent_scheduler [None req-8c7d08af-355f-402b-bc37-545547dbc399 tempest-NetworksTest-565609658 tempest-NetworksTest-565609658-project] Network hostable DHCP agents. Network: 05598139-3cd8-4e7f-b3d5-ccd1eba2cf89, hostable agents: ['ea314874-45f6-4a7d-80ca-63189cf14b14'], hosted agents: [] {{(pid=104669) _get_network_hostable_dhcp_agents /opt/stack/neutron/neutron/scheduler/dhcp_agent_scheduler.py:329}}
Apr 26 14:37:38.650089 dv-neutron-838702-5-hyperv neutron-server[104668]: DEBUG neutron_lib.callbacks.manager [None req-16b8f4fb-e4be-4658-a5d4-42de5bf3e001 tempest-PortsAdminExtendedAttrsIpV6TestJSON-657767670 tempest-PortsAdminExtendedAttrsIpV6TestJSON-657767670-project] Publish callbacks [] for security_group (None), before_create {{(pid=104668) _notify_loop /usr/local/lib/python3.8/dist-packages/neutron_lib/callbacks/manager.py:176}}
Apr 26 14:37:38.665071 dv-neutron-838702-5-hyperv neutron-server[104670]: DEBUG neutron.scheduler.dhcp_agent_scheduler [None req-c428426f-5ffa-451d-8d18-4fcc7dc1a386 None None] Network c7ff944a-5fe1-46af-a772-af4218696d1b is already hosted by enough agents. {{(pid=104670) _get_dhcp_agents_hosting_network /opt/stack/neutron/neutron/scheduler/dhcp_agent_scheduler.py:275}}
Apr 26 14:37:38.675926 dv-neutron-838702-5-hyperv neutron-server[104670]: DEBUG neutron.scheduler.base_scheduler [None req-c428426f-5ffa-451d-8d18-4fcc7dc1a386 None None] Resources bound (agent type, host, resource id): {{(pid=104670) schedule /opt/stack/neutron/neutron/scheduler/base_scheduler.py:57}}
Apr 26 14:37:38.681132 dv-neutron-838702-5-hyperv neutron-server[104670]: DEBUG neutron.db.l3_dvrscheduler_db [None req-c428426f-5ffa-451d-8d18-4fcc7dc1a386 None None] Received port after_create {{(pid=104670) _notify_l3_agent_new_port /opt/stack/neutron/neutron/db/l3_dvrscheduler_db.py:536}}
Apr 26 14:37:38.689111 dv-neutron-838702-5-hyperv neutron-server[104668]: DEBUG neutron_lib.callbacks.manager [None req-f211709f-980d-4cd8-847f-c272fa6dacf1 tempest-ExternalNetworksTestJSON-1714671867 tempest-ExternalNetworksTestJSON-1714671867-project] Publish callbacks ['neutron.plugins.ml2.ovo_rpc._ObjectChangeHandler.handle_event-8251618', 'neutron.api.rpc.agentnotifiers.dhcp_rpc_agent_api.DhcpAgentNotifyAPI._native_event_send_dhcp_notification-7890694'] for network (9e018130-ddf6-4369-86f5-de3ed3350b88), after_create {{(pid=104668) _notify_loop /usr/local/lib/python3.8/dist-packages/neutron_lib/callbacks/manager.py:176}}
Apr 26 14:37:38.697503 dv-neutron-838702-5-hyperv neutron-server[104668]: DEBUG neutron.pecan_wsgi.hooks.policy_enforcement [None req-f211709f-980d-4cd8-847f-c272fa6dacf1 tempest-ExternalNetworksTestJSON-1714671867 tempest-ExternalNetworksTestJSON-1714671867-project] Attributes excluded by policy engine: ['standard_attr_id', 'provider:network_type', 'provider:physical_network', 'provider:segmentation_id', 'vlan_transparent'] {{(pid=104668) _exclude_attributes_by_policy /opt/stack/neutron/neutron/pecan_wsgi/hooks/policy_enforcement.py:255}}
Apr 26 14:37:38.698566 dv-neutron-838702-5-hyperv neutron-server[104668]: DEBUG neutron_lib.callbacks.manager [None req-f211709f-980d-4cd8-847f-c272fa6dacf1 tempest-ExternalNetworksTestJSON-1714671867 tempest-ExternalNetworksTestJSON-1714671867-project] Publish callbacks ['neutron.api.rpc.agentnotifiers.dhcp_rpc_agent_api.DhcpAgentNotifyAPI._send_dhcp_notification-7890728'] for network (None), before_response {{(pid=104668) _notify_loop /usr/local/lib/python3.8/dist-packages/neutron_lib/callbacks/manager.py:176}}
Apr 26 14:37:38.721171 dv-neutron-838702-5-hyperv neutron-server[104670]: DEBUG neutron.plugins.ml2.plugin [None req-4c5a90be-053c-465c-8c0b-dfa04faa161f None None] Current status of the port 2882aefb-976d-4190-8152-7fbf4383bf65 is: ACTIVE; New status is: ACTIVE {{(pid=104670) _update_individual_port_db_status /opt/stack/neutron/neutron/plugins/ml2/plugin.py:2256}}
Apr 26 14:37:38.779651 dv-neutron-838702-5-hyperv neutron-server[104668]: DEBUG neutron_lib.callbacks.manager [None req-9bff3c1a-0623-4cb4-88af-5b7b333c27db tempest-DHCPAgentSchedulersTestJSON-678270228 tempest-DHCPAgentSchedulersTestJSON-678270228-project] Publish callbacks ['neutron.plugins.ml2.ovo_rpc._ObjectChangeHandler.handle_event-8251618', 'neutron.api.rpc.agentnotifiers.dhcp_rpc_agent_api.DhcpAgentNotifyAPI._native_event_send_dhcp_notification-7890694'] for network (ed4247cb-7eee-4321-8fee-acb9eaeb9adb), after_create {{(pid=104668) _notify_loop /usr/local/lib/python3.8/dist-packages/neutron_lib/callbacks/manager.py:176}}
Apr 26 14:37:38.784551 dv-neutron-838702-5-hyperv neutron-server[104668]: DEBUG neutron.pecan_wsgi.hooks.policy_enforcement [None req-9bff3c1a-0623-4cb4-88af-5b7b333c27db tempest-DHCPAgentSchedulersTestJSON-678270228 tempest-DHCPAgentSchedulersTestJSON-678270228-project] Attributes excluded by policy engine: ['standard_attr_id', 'provider:network_type', 'provider:physical_network', 'provider:segmentation_id', 'vlan_transparent'] {{(pid=104668) _exclude_attributes_by_policy /opt/stack/neutron/neutron/pecan_wsgi/hooks/policy_enforcement.py:255}}
Apr 26 14:37:38.785247 dv-neutron-838702-5-hyperv neutron-server[104668]: DEBUG neutron_lib.callbacks.manager [None req-9bff3c1a-0623-4cb4-88af-5b7b333c27db tempest-DHCPAgentSchedulersTestJSON-678270228 tempest-DHCPAgentSchedulersTestJSON-678270228-project] Publish callbacks ['neutron.api.rpc.agentnotifiers.dhcp_rpc_agent_api.DhcpAgentNotifyAPI._send_dhcp_notification-7890728'] for network (None), before_response {{(pid=104668) _notify_loop /usr/local/lib/python3.8/dist-packages/neutron_lib/callbacks/manager.py:176}}
Apr 26 14:37:38.812850 dv-neutron-838702-5-hyperv neutron-server[104670]: DEBUG neutron.plugins.ml2.managers [None req-c428426f-5ffa-451d-8d18-4fcc7dc1a386 None None] Attempting to bind port cf7f826d-ffb5-4e4a-ae99-75fbd6280ba3 on host dv-neutron-838702-5-hyperv for vnic_type normal with profile {{(pid=104670) bind_port /opt/stack/neutron/neutron/plugins/ml2/managers.py:795}}
Apr 26 14:37:38.812850 dv-neutron-838702-5-hyperv neutron-server[104670]: DEBUG neutron.plugins.ml2.managers [None req-c428426f-5ffa-451d-8d18-4fcc7dc1a386 None None] Attempting to bind port cf7f826d-ffb5-4e4a-ae99-75fbd6280ba3 by drivers openvswitch,hyperv on host dv-neutron-838702-5-hyperv at level 0 using segments [{'id': '9e276a3a-f947-49a6-8425-d6e6647770d9', 'network_type': 'vlan', 'physical_network': 'physnet1', 'segmentation_id': 251, 'network_id': 'c7ff944a-5fe1-46af-a772-af4218696d1b'}] {{(pid=104670) _bind_port_level /opt/stack/neutron/neutron/plugins/ml2/managers.py:820}}
Apr 26 14:37:38.813123 dv-neutron-838702-5-hyperv neutron-server[104670]: DEBUG neutron.plugins.ml2.drivers.mech_agent [None req-c428426f-5ffa-451d-8d18-4fcc7dc1a386 None None] Attempting to bind port cf7f826d-ffb5-4e4a-ae99-75fbd6280ba3 on network c7ff944a-5fe1-46af-a772-af4218696d1b {{(pid=104670) bind_port /opt/stack/neutron/neutron/plugins/ml2/drivers/mech_agent.py:91}}
Apr 26 14:37:38.820786 dv-neutron-838702-5-hyperv neutron-server[104668]: DEBUG neutron.api.rpc.handlers.resources_rpc [None req-f211709f-980d-4cd8-847f-c272fa6dacf1 tempest-ExternalNetworksTestJSON-1714671867 tempest-ExternalNetworksTestJSON-1714671867-project] Pushing event updated for resources: {'Network': ['ID=9e018130-ddf6-4369-86f5-de3ed3350b88,revision_number=1']} {{(pid=104668) push /opt/stack/neutron/neutron/api/rpc/handlers/resources_rpc.py:237}}
Apr 26 14:37:38.823745 dv-neutron-838702-5-hyperv neutron-server[104670]: DEBUG neutron.plugins.ml2.drivers.mech_agent [None req-c428426f-5ffa-451d-8d18-4fcc7dc1a386 None None] Checking agent: {'id': 'fa7c4b91-630a-4e49-8413-3d5a80579c3f', 'agent_type': 'Open vSwitch agent', 'binary': 'neutron-openvswitch-agent', 'topic': 'N/A', 'host': 'dv-neutron-838702-5-hyperv', 'admin_state_up': True, 'created_at': datetime.datetime(2022, 4, 26, 14, 29, 26), 'started_at': datetime.datetime(2022, 4, 26, 14, 29, 56), 'heartbeat_timestamp': datetime.datetime(2022, 4, 26, 14, 37, 26), 'description': None, 'resources_synced': None, 'availability_zone': None, 'alive': True, 'configurations': {'arp_responder_enabled': False, 'baremetal_smartnic': False, 'bridge_mappings': {'physnet1': 'br-data'}, 'datapath_type': 'system', 'devices': 0, 'enable_distributed_routing': False, 'extensions': [], 'in_distributed_mode': False, 'integration_bridge': 'br-int', 'l2_population': False, 'log_agent_heartbeats': False, 'ovs_capabilities': {'datapath_types': ['netdev', 'system'], 'iface_types': ['erspan', 'geneve', 'gre', 'internal', 'ip6erspan', 'ip6gre', 'lisp', 'patch', 'stt', 'system', 'tap', 'vxlan']}, 'ovs_hybrid_plug': False, 'resource_provider_bandwidths': {}, 'resource_provider_hypervisors': {'br-data': 'dv-neutron-838702-5-hyperv'}, 'resource_provider_inventory_defaults': {'allocation_ratio': 1.0, 'min_unit': 1, 'step_size': 1, 'reserved': 0}, 'resource_provider_packet_processing_inventory_defaults': {'allocation_ratio': 1.0, 'min_unit': 1, 'step_size': 1, 'reserved': 0}, 'resource_provider_packet_processing_with_direction': {}, 'resource_provider_packet_processing_without_direction': {}, 'tunnel_types': [], 'tunneling_ip': None, 'vhostuser_socket_dir': '/var/run/openvswitch'}, 'resource_versions': {'AddressGroup': '1.2', 'ConntrackHelper': '1.0', 'LocalIPAssociation': '1.0', 'Log': '1.0', 'Network': '1.1', 'Port': '1.7', 'PortForwarding': '1.2', 'QosPolicy': '1.10', 'SecurityGroup': '1.5', 'SecurityGroupRule': '1.2', 'SubPort': '1.0', 'Subnet': '1.1', 'Trunk': '1.1'}} {{(pid=104670) bind_port /opt/stack/neutron/neutron/plugins/ml2/drivers/mech_agent.py:110}}
Apr 26 14:37:38.824107 dv-neutron-838702-5-hyperv neutron-server[104670]: DEBUG neutron.plugins.ml2.drivers.mech_agent [None req-c428426f-5ffa-451d-8d18-4fcc7dc1a386 None None] Checking segment: {'id': '9e276a3a-f947-49a6-8425-d6e6647770d9', 'network_type': 'vlan', 'physical_network': 'physnet1', 'segmentation_id': 251, 'network_id': 'c7ff944a-5fe1-46af-a772-af4218696d1b'} for mappings: {'physnet1': 'br-data'} with network types: ['local', 'flat', 'vlan'] {{(pid=104670) check_segment_for_agent /opt/stack/neutron/neutron/plugins/ml2/drivers/mech_agent.py:373}}
Apr 26 14:37:38.827499 dv-neutron-838702-5-hyperv neutron-server[104670]: DEBUG neutron_lib.callbacks.manager [None req-c428426f-5ffa-451d-8d18-4fcc7dc1a386 None None] Publish callbacks [] for ovs_bridge_name (None), before_read {{(pid=104670) _notify_loop /usr/local/lib/python3.8/dist-packages/neutron_lib/callbacks/manager.py:176}}
Apr 26 14:37:38.827499 dv-neutron-838702-5-hyperv neutron-server[104670]: DEBUG neutron.plugins.ml2.drivers.mech_agent [None req-c428426f-5ffa-451d-8d18-4fcc7dc1a386 None None] Bound using segment: {'id': '9e276a3a-f947-49a6-8425-d6e6647770d9', 'network_type': 'vlan', 'physical_network': 'physnet1', 'segmentation_id': 251, 'network_id': 'c7ff944a-5fe1-46af-a772-af4218696d1b'} {{(pid=104670) bind_port /opt/stack/neutron/neutron/plugins/ml2/drivers/mech_agent.py:120}}
Apr 26 14:37:38.827499 dv-neutron-838702-5-hyperv neutron-server[104670]: DEBUG neutron.plugins.ml2.managers [None req-c428426f-5ffa-451d-8d18-4fcc7dc1a386 None None] Bound port: cf7f826d-ffb5-4e4a-ae99-75fbd6280ba3, host: dv-neutron-838702-5-hyperv, vif_type: ovs, vif_details: {"connectivity": "l2", "port_filter": true, "ovs_hybrid_plug": false, "datapath_type": "system", "bridge_name": "br-int"}, binding_levels: [{'bound_driver': 'openvswitch', 'bound_segment': {'id': '9e276a3a-f947-49a6-8425-d6e6647770d9', 'network_type': 'vlan', 'physical_network': 'physnet1', 'segmentation_id': 251, 'network_id': 'c7ff944a-5fe1-46af-a772-af4218696d1b'}}] {{(pid=104670) _bind_port_level /opt/stack/neutron/neutron/plugins/ml2/managers.py:932}}
Apr 26 14:37:38.827499 dv-neutron-838702-5-hyperv neutron-server[104670]: DEBUG neutron_lib.callbacks.manager [None req-c428426f-5ffa-451d-8d18-4fcc7dc1a386 None None] Publish callbacks ['neutron.plugins.ml2.plugin.SecurityGroupDbMixin._ensure_default_security_group_handler-1369039'] for port (cf7f826d-ffb5-4e4a-ae99-75fbd6280ba3), before_update {{(pid=104670) _notify_loop /usr/local/lib/python3.8/dist-packages/neutron_lib/callbacks/manager.py:176}}
Apr 26 14:37:38.833465 dv-neutron-838702-5-hyperv neutron-server[104669]: DEBUG neutron_lib.callbacks.manager [None req-f713e653-c564-4c27-9cf0-60dfbd8a0863 admin admin] Publish callbacks [] for router_gateway (cb2fd4c6-8300-4e1f-bbed-97b213223c9d), precommit_update {{(pid=104669) _notify_loop /usr/local/lib/python3.8/dist-packages/neutron_lib/callbacks/manager.py:176}}
Apr 26 14:37:38.846637 dv-neutron-838702-5-hyperv neutron-server[104670]: DEBUG neutron.plugins.ml2.rpc [None req-b8b083d6-f90d-4cec-8bb5-69403c39b8de None None] Network 9e018130-ddf6-4369-86f5-de3ed3350b88 details requested by agent ovs-agent-dv-neutron-838702-5-hyperv with host dv-neutron-838702-5-hyperv {{(pid=104670) get_network_details /opt/stack/neutron/neutron/plugins/ml2/rpc.py:248}}
Apr 26 14:37:38.855023 dv-neutron-838702-5-hyperv neutron-server[104669]: DEBUG neutron.api.rpc.handlers.resources_rpc [None req-8c7d08af-355f-402b-bc37-545547dbc399 tempest-NetworksTest-565609658 tempest-NetworksTest-565609658-project] Pushing event updated for resources: {'Subnet': ['ID=e1362446-b895-4bd6-84ef-325454ee4708,revision_number=0']} {{(pid=104669) push /opt/stack/neutron/neutron/api/rpc/handlers/resources_rpc.py:237}}
Apr 26 14:37:38.885055 dv-neutron-838702-5-hyperv neutron-server[104669]: DEBUG neutron.scheduler.dhcp_agent_scheduler [None req-8c7d08af-355f-402b-bc37-545547dbc399 tempest-NetworksTest-565609658 tempest-NetworksTest-565609658-project] Network 05598139-3cd8-4e7f-b3d5-ccd1eba2cf89 is scheduled to be hosted by DHCP agent ea314874-45f6-4a7d-80ca-63189cf14b14 with binding_index 1 {{(pid=104669) bind /opt/stack/neutron/neutron/scheduler/dhcp_agent_scheduler.py:227}}
Apr 26 14:37:38.930799 dv-neutron-838702-5-hyperv neutron-server[104668]: INFO neutron.wsgi [None req-f211709f-980d-4cd8-847f-c272fa6dacf1 tempest-ExternalNetworksTestJSON-1714671867 tempest-ExternalNetworksTestJSON-1714671867-project] 10.222.0.31 "POST /v2.0/networks HTTP/1.1" status: 201 len: 790 time: 1.9412088
Apr 26 14:37:38.930799 dv-neutron-838702-5-hyperv neutron-server[104668]: DEBUG neutron.api.rpc.handlers.resources_rpc [None req-9bff3c1a-0623-4cb4-88af-5b7b333c27db tempest-DHCPAgentSchedulersTestJSON-678270228 tempest-DHCPAgentSchedulersTestJSON-678270228-project] Pushing event updated for resources: {'Network': ['ID=ed4247cb-7eee-4321-8fee-acb9eaeb9adb,revision_number=1']} {{(pid=104668) push /opt/stack/neutron/neutron/api/rpc/handlers/resources_rpc.py:237}}
Apr 26 14:37:38.938601 dv-neutron-838702-5-hyperv neutron-server[104668]: DEBUG neutron.wsgi [-] (104668) accepted ('10.222.0.31', 42930) {{(pid=104668) server /usr/local/lib/python3.8/dist-packages/eventlet/wsgi.py:1004}}
Apr 26 14:37:38.967362 dv-neutron-838702-5-hyperv neutron-server[104670]: DEBUG neutron.plugins.ml2.rpc [None req-b8b083d6-f90d-4cec-8bb5-69403c39b8de None None] Network ed4247cb-7eee-4321-8fee-acb9eaeb9adb details requested by agent ovs-agent-dv-neutron-838702-5-hyperv with host dv-neutron-838702-5-hyperv {{(pid=104670) get_network_details /opt/stack/neutron/neutron/plugins/ml2/rpc.py:248}}
Apr 26 14:37:38.968341 dv-neutron-838702-5-hyperv neutron-server[104669]: DEBUG neutron.wsgi [-] (104669) accepted ('10.222.0.31', 42934) {{(pid=104669) server /usr/local/lib/python3.8/dist-packages/eventlet/wsgi.py:1004}}
Apr 26 14:37:38.971143 dv-neutron-838702-5-hyperv neutron-server[104669]: INFO neutron.wsgi [None req-1a6707c3-6e74-47d9-b6f3-93f5a65304c2 tempest-QuotasNegativeTest-1932417887 tempest-QuotasNegativeTest-1932417887-project-admin] 10.222.0.31 "PUT /v2.0/quotas/4de644e1239d4667975db6565161b60d HTTP/1.1" status: 200 len: 368 time: 0.5090327
Apr 26 14:37:38.971777 dv-neutron-838702-5-hyperv neutron-server[104669]: DEBUG neutron.scheduler.l3_agent_scheduler [None req-747d0a60-a88b-420e-9d06-2066d9ac2379 admin admin] Router 6cd0370b-cf7e-4f43-8101-287f3870e3f1 is scheduled to L3 agent 368d10b3-7794-49d4-92c5-8ae16f3711ae with binding_index 1 {{(pid=104669) bind_router /opt/stack/neutron/neutron/scheduler/l3_agent_scheduler.py:209}}
Apr 26 14:37:38.974550 dv-neutron-838702-5-hyperv neutron-server[104668]: DEBUG neutron.wsgi [-] (104668) accepted ('10.222.0.31', 42936) {{(pid=104668) server /usr/local/lib/python3.8/dist-packages/eventlet/wsgi.py:1004}}
Apr 26 14:37:38.976456 dv-neutron-838702-5-hyperv neutron-server[104670]: DEBUG neutron_lib.callbacks.manager [None req-9f8a2a1f-a96d-478d-94b1-abfeae1b188c None None] Publish callbacks [] for port (2ad73727-70a3-4349-8b48-50d2f0dabce2), precommit_create {{(pid=104670) _notify_loop /usr/local/lib/python3.8/dist-packages/neutron_lib/callbacks/manager.py:176}}
Apr 26 14:37:38.977906 dv-neutron-838702-5-hyperv neutron-server[104670]: DEBUG neutron.db.provisioning_blocks [None req-ac9de854-12e0-44f4-9d9e-4235f7481574 None None] Provisioning complete for port 2882aefb-976d-4190-8152-7fbf4383bf65 triggered by entity DHCP. {{(pid=104670) provisioning_complete /opt/stack/neutron/neutron/db/provisioning_blocks.py:140}}
Apr 26 14:37:38.978284 dv-neutron-838702-5-hyperv neutron-server[104670]: DEBUG neutron_lib.callbacks.manager [None req-ac9de854-12e0-44f4-9d9e-4235f7481574 None None] Publish callbacks ['neutron.plugins.ml2.plugin.Ml2Plugin._port_provisioned-1448018'] for port (2882aefb-976d-4190-8152-7fbf4383bf65), provisioning_complete {{(pid=104670) _notify_loop /usr/local/lib/python3.8/dist-packages/neutron_lib/callbacks/manager.py:176}}
Apr 26 14:37:38.980983 dv-neutron-838702-5-hyperv neutron-server[104668]: DEBUG neutron.api.v2.base [None req-aea465c3-ff13-47fc-afe5-153fc805e2e1 tempest-QuotasNegativeTest-1932417887 tempest-QuotasNegativeTest-1932417887-project-admin] Request body: {'network': {'project_id': '4de644e1239d4667975db6565161b60d'}} {{(pid=104668) prepare_request_body /opt/stack/neutron/neutron/api/v2/base.py:729}}
Apr 26 14:37:39.004013 dv-neutron-838702-5-hyperv neutron-server[104668]: DEBUG neutron_lib.callbacks.manager [None req-16b8f4fb-e4be-4658-a5d4-42de5bf3e001 tempest-PortsAdminExtendedAttrsIpV6TestJSON-657767670 tempest-PortsAdminExtendedAttrsIpV6TestJSON-657767670-project] Publish callbacks [] for security_group (a32f1f10-f536-406b-b880-2651f74a56ea), precommit_create {{(pid=104668) _notify_loop /usr/local/lib/python3.8/dist-packages/neutron_lib/callbacks/manager.py:176}}
Apr 26 14:37:39.060600 dv-neutron-838702-5-hyperv neutron-server[104668]: INFO neutron.wsgi [None req-9bff3c1a-0623-4cb4-88af-5b7b333c27db tempest-DHCPAgentSchedulersTestJSON-678270228 tempest-DHCPAgentSchedulersTestJSON-678270228-project] 10.222.0.31 "POST /v2.0/networks HTTP/1.1" status: 201 len: 795 time: 1.8229291
Apr 26 14:37:39.068018 dv-neutron-838702-5-hyperv neutron-server[104668]: DEBUG neutron.wsgi [-] (104668) accepted ('10.222.0.31', 42940) {{(pid=104668) server /usr/local/lib/python3.8/dist-packages/eventlet/wsgi.py:1004}}
Apr 26 14:37:39.100386 dv-neutron-838702-5-hyperv neutron-server[104668]: DEBUG neutron.api.v2.base [None req-8e4c09d0-418a-4181-927f-a0f189fdc01d tempest-DHCPAgentSchedulersTestJSON-678270228 tempest-DHCPAgentSchedulersTestJSON-678270228-project] Request body: {'subnet': {'network_id': 'ed4247cb-7eee-4321-8fee-acb9eaeb9adb', 'cidr': '172.20.0.0/28', 'ip_version': 4, 'gateway_ip': '172.20.0.1'}} {{(pid=104668) prepare_request_body /opt/stack/neutron/neutron/api/v2/base.py:729}}
Apr 26 14:37:39.166844 dv-neutron-838702-5-hyperv neutron-server[104668]: DEBUG neutron_lib.callbacks.manager [None req-16b8f4fb-e4be-4658-a5d4-42de5bf3e001 tempest-PortsAdminExtendedAttrsIpV6TestJSON-657767670 tempest-PortsAdminExtendedAttrsIpV6TestJSON-657767670-project] Publish callbacks ['neutron.plugins.ml2.ovo_rpc._ObjectChangeHandler.handle_event-8256598'] for security_group (a32f1f10-f536-406b-b880-2651f74a56ea), after_create {{(pid=104668) _notify_loop /usr/local/lib/python3.8/dist-packages/neutron_lib/callbacks/manager.py:176}}
Apr 26 14:37:39.181431 dv-neutron-838702-5-hyperv neutron-server[104670]: DEBUG neutron.plugins.ml2.rpc [None req-b8b083d6-f90d-4cec-8bb5-69403c39b8de None None] Device 2882aefb-976d-4190-8152-7fbf4383bf65 up at agent ovs-agent-dv-neutron-838702-5-hyperv {{(pid=104670) update_device_up /opt/stack/neutron/neutron/plugins/ml2/rpc.py:296}}
