Apr 15 04:29:04.163023 dv-neutron-838078-1-hyperv neutron-server[104492]: DEBUG neutron.api.rpc.callbacks.version_manager [None req-07e9ef02-b6ce-465d-a080-4e402006a015 None None] Version for resource type SubPort changed None to 1.0 on consumer Open vSwitch agent@dv-neutron-838078-1-hyperv {{(pid=104492) _set_version /opt/stack/neutron/neutron/api/rpc/callbacks/version_manager.py:113}}
Apr 15 04:29:04.163023 dv-neutron-838078-1-hyperv neutron-server[104492]: DEBUG neutron.api.rpc.callbacks.version_manager [None req-07e9ef02-b6ce-465d-a080-4e402006a015 None None] Version for resource type Subnet changed None to 1.1 on consumer Open vSwitch agent@dv-neutron-838078-1-hyperv {{(pid=104492) _set_version /opt/stack/neutron/neutron/api/rpc/callbacks/version_manager.py:113}}
Apr 15 04:29:04.163023 dv-neutron-838078-1-hyperv neutron-server[104492]: DEBUG neutron.api.rpc.callbacks.version_manager [None req-07e9ef02-b6ce-465d-a080-4e402006a015 None None] Version for resource type Trunk changed None to 1.1 on consumer Open vSwitch agent@dv-neutron-838078-1-hyperv {{(pid=104492) _set_version /opt/stack/neutron/neutron/api/rpc/callbacks/version_manager.py:113}}
Apr 15 04:29:04.164682 dv-neutron-838078-1-hyperv neutron-server[104492]: DEBUG neutron.api.rpc.callbacks.version_manager [None req-07e9ef02-b6ce-465d-a080-4e402006a015 None None] Tracked resource versions report:
Apr 15 04:29:04.164682 dv-neutron-838078-1-hyperv neutron-server[104492]: pushed versions:
Apr 15 04:29:04.164682 dv-neutron-838078-1-hyperv neutron-server[104492]: { 'AddressGroup': {'1.2'},
Apr 15 04:29:04.164682 dv-neutron-838078-1-hyperv neutron-server[104492]: 'Agent': {'1.1'},
Apr 15 04:29:04.164682 dv-neutron-838078-1-hyperv neutron-server[104492]: 'ConntrackHelper': {'1.0'},
Apr 15 04:29:04.164682 dv-neutron-838078-1-hyperv neutron-server[104492]: 'LocalIPAssociation': {'1.0'},
Apr 15 04:29:04.164682 dv-neutron-838078-1-hyperv neutron-server[104492]: 'Log': {'1.0'},
Apr 15 04:29:04.164682 dv-neutron-838078-1-hyperv neutron-server[104492]: 'NDPProxy': {'1.0'},
Apr 15 04:29:04.164682 dv-neutron-838078-1-hyperv neutron-server[104492]: 'Network': {'1.1'},
Apr 15 04:29:04.164682 dv-neutron-838078-1-hyperv neutron-server[104492]: 'Port': {'1.7'},
Apr 15 04:29:04.164682 dv-neutron-838078-1-hyperv neutron-server[104492]: 'PortForwarding': {'1.3'},
Apr 15 04:29:04.164682 dv-neutron-838078-1-hyperv neutron-server[104492]: 'QosPolicy': {'1.10'},
Apr 15 04:29:04.164682 dv-neutron-838078-1-hyperv neutron-server[104492]: 'SecurityGroup': {'1.5'},
Apr 15 04:29:04.164682 dv-neutron-838078-1-hyperv neutron-server[104492]: 'SecurityGroupRule': {'1.2'},
Apr 15 04:29:04.164682 dv-neutron-838078-1-hyperv neutron-server[104492]: 'SubPort': {'1.0'},
Apr 15 04:29:04.164682 dv-neutron-838078-1-hyperv neutron-server[104492]: 'Subnet': {'1.1'},
Apr 15 04:29:04.164682 dv-neutron-838078-1-hyperv neutron-server[104492]: 'Trunk': {'1.1'}}
Apr 15 04:29:04.164682 dv-neutron-838078-1-hyperv neutron-server[104492]: consumer versions:
Apr 15 04:29:04.164682 dv-neutron-838078-1-hyperv neutron-server[104492]: { DHCP agent@dv-neutron-838078-1-hyperv: {},
Apr 15 04:29:04.164682 dv-neutron-838078-1-hyperv neutron-server[104492]: HyperV agent@hv-neutron-8380: {},
Apr 15 04:29:04.164682 dv-neutron-838078-1-hyperv neutron-server[104492]: L3 agent@dv-neutron-838078-1-hyperv: {},
Apr 15 04:29:04.164682 dv-neutron-838078-1-hyperv neutron-server[104492]: Metadata agent@dv-neutron-838078-1-hyperv: {},
Apr 15 04:29:04.164682 dv-neutron-838078-1-hyperv neutron-server[104492]: Metering agent@dv-neutron-838078-1-hyperv: {},
Apr 15 04:29:04.164682 dv-neutron-838078-1-hyperv neutron-server[104492]: Open vSwitch agent@dv-neutron-838078-1-hyperv: { 'AddressGroup': '1.2',
Apr 15 04:29:04.164682 dv-neutron-838078-1-hyperv neutron-server[104492]: 'Agent': '1.1',
Apr 15 04:29:04.164682 dv-neutron-838078-1-hyperv neutron-server[104492]: 'ConntrackHelper': '1.0',
Apr 15 04:29:04.164682 dv-neutron-838078-1-hyperv neutron-server[104492]: 'LocalIPAssociation': '1.0',
Apr 15 04:29:04.164682 dv-neutron-838078-1-hyperv neutron-server[104492]: 'Log': '1.0',
Apr 15 04:29:04.164682 dv-neutron-838078-1-hyperv neutron-server[104492]: 'NDPProxy': '1.0',
Apr 15 04:29:04.164682 dv-neutron-838078-1-hyperv neutron-server[104492]: 'Network': '1.1',
Apr 15 04:29:04.164682 dv-neutron-838078-1-hyperv neutron-server[104492]: 'Port': '1.7',
Apr 15 04:29:04.164682 dv-neutron-838078-1-hyperv neutron-server[104492]: 'PortForwarding': '1.3',
Apr 15 04:29:04.164682 dv-neutron-838078-1-hyperv neutron-server[104492]: 'QosPolicy': '1.10',
Apr 15 04:29:04.164682 dv-neutron-838078-1-hyperv neutron-server[104492]: 'SecurityGroup': '1.5',
Apr 15 04:29:04.164682 dv-neutron-838078-1-hyperv neutron-server[104492]: 'SecurityGroupRule': '1.2',
Apr 15 04:29:04.164682 dv-neutron-838078-1-hyperv neutron-server[104492]: 'SubPort': '1.0',
Apr 15 04:29:04.164682 dv-neutron-838078-1-hyperv neutron-server[104492]: 'Subnet': '1.1',
Apr 15 04:29:04.164682 dv-neutron-838078-1-hyperv neutron-server[104492]: 'Trunk': '1.1'}}
Apr 15 04:29:04.164682 dv-neutron-838078-1-hyperv neutron-server[104492]: {{(pid=104492) report /opt/stack/neutron/neutron/api/rpc/callbacks/version_manager.py:175}}
Apr 15 04:29:04.168999 dv-neutron-838078-1-hyperv neutron-server[104489]: DEBUG neutron.api.rpc.handlers.resources_rpc [None req-f55c546e-f1bd-4e08-925c-a0b52722b5ee tempest-ExternalNetworksTestJSON-437733451 tempest-ExternalNetworksTestJSON-437733451-project-admin] Pushing event updated for resources: {'Network': ['ID=bfefbc45-c294-4797-b1db-3db99ac09c2b,revision_number=1']} {{(pid=104489) push /opt/stack/neutron/neutron/api/rpc/handlers/resources_rpc.py:237}}
Apr 15 04:29:04.172675 dv-neutron-838078-1-hyperv neutron-server[104492]: DEBUG neutron.plugins.ml2.db [None req-c708abac-c21d-4718-b58d-9b7896a296d9 None None] For port 74c3f9da-4ab7-437a-9352-e1ad92048121, host dv-neutron-838078-1-hyperv, cleared binding levels {{(pid=104492) clear_binding_levels /opt/stack/neutron/neutron/plugins/ml2/db.py:87}}
Apr 15 04:29:04.176657 dv-neutron-838078-1-hyperv neutron-server[104489]: INFO neutron.wsgi [None req-f55c546e-f1bd-4e08-925c-a0b52722b5ee tempest-ExternalNetworksTestJSON-437733451 tempest-ExternalNetworksTestJSON-437733451-project-admin] 10.222.0.11 "POST /v2.0/networks HTTP/1.1" status: 201 len: 836 time: 0.9607460
Apr 15 04:29:04.177507 dv-neutron-838078-1-hyperv neutron-server[104492]: DEBUG neutron.plugins.ml2.db [None req-c708abac-c21d-4718-b58d-9b7896a296d9 None None] For port 74c3f9da-4ab7-437a-9352-e1ad92048121, host dv-neutron-838078-1-hyperv, set binding levels [PortBindingLevel(driver='openvswitch',host='dv-neutron-838078-1-hyperv',level=0,port_id=74c3f9da-4ab7-437a-9352-e1ad92048121,segment=NetworkSegment(4a599208-caf9-4a00-99b4-9f1d82e10c21),segment_id=4a599208-caf9-4a00-99b4-9f1d82e10c21)] {{(pid=104492) set_binding_levels /opt/stack/neutron/neutron/plugins/ml2/db.py:59}}
Apr 15 04:29:04.179499 dv-neutron-838078-1-hyperv neutron-server[104489]: DEBUG neutron.wsgi [-] (104489) accepted ('10.222.0.11', 48454) {{(pid=104489) server /usr/local/lib/python3.8/dist-packages/eventlet/wsgi.py:1004}}
Apr 15 04:29:04.186002 dv-neutron-838078-1-hyperv neutron-server[104489]: DEBUG neutron.api.v2.base [None req-f858d74c-b6c9-4c79-87cf-7c952094d65d tempest-ExternalNetworksTestJSON-437733451 tempest-ExternalNetworksTestJSON-437733451-project-admin] Request body: {'subnet': {'network_id': 'bfefbc45-c294-4797-b1db-3db99ac09c2b', 'cidr': '172.20.0.0/28', 'ip_version': 4, 'gateway_ip': '172.20.0.1', 'enable_dhcp': False}} {{(pid=104489) prepare_request_body /opt/stack/neutron/neutron/api/v2/base.py:729}}
Apr 15 04:29:04.259150 dv-neutron-838078-1-hyperv neutron-server[104491]: DEBUG neutron.plugins.ml2.rpc [None req-6daf7f11-1af5-4380-9b66-add82cda1022 None None] Network bfefbc45-c294-4797-b1db-3db99ac09c2b details requested by agent ovs-agent-dv-neutron-838078-1-hyperv with host dv-neutron-838078-1-hyperv {{(pid=104491) get_network_details /opt/stack/neutron/neutron/plugins/ml2/rpc.py:248}}
Apr 15 04:29:04.266754 dv-neutron-838078-1-hyperv neutron-server[104489]: DEBUG neutron_lib.callbacks.manager [None req-967ee368-8ae5-4f16-a0b8-16f6f8004f10 tempest-MeteringTestJSON-1216453318 tempest-MeteringTestJSON-1216453318-project-admin] Publish callbacks [] for metering_label (None), before_response {{(pid=104489) _notify_loop /usr/local/lib/python3.8/dist-packages/neutron_lib/callbacks/manager.py:176}}
Apr 15 04:29:04.270517 dv-neutron-838078-1-hyperv neutron-server[104489]: INFO neutron.wsgi [None req-967ee368-8ae5-4f16-a0b8-16f6f8004f10 tempest-MeteringTestJSON-1216453318 tempest-MeteringTestJSON-1216453318-project-admin] 10.222.0.11 "DELETE /v2.0/metering/metering-labels/108f9cea-ffa9-462f-9904-dc7dadcd74d6 HTTP/1.1" status: 204 len: 168 time: 0.4604199
Apr 15 04:29:04.274677 dv-neutron-838078-1-hyperv neutron-server[104492]: DEBUG neutron_lib.callbacks.manager [None req-c708abac-c21d-4718-b58d-9b7896a296d9 None None] Publish callbacks ['neutron.plugins.ml2.plugin.SecurityGroupServerNotifierRpcMixin._notify_sg_on_port_change-966855', 'neutron.plugins.ml2.ovo_rpc._ObjectChangeHandler.handle_event-10876', 'neutron.api.rpc.agentnotifiers.dhcp_rpc_agent_api.DhcpAgentNotifyAPI._native_event_send_dhcp_notification-4166091', 'neutron.db.l3_db.L3RpcNotifierMixin._notify_gateway_port_ip_changed-8751333775656', 'neutron.db.l3_dvrscheduler_db._notify_l3_agent_port_update-8751333253066', 'neutron.db.l3_hascheduler_db._notify_l3_agent_ha_port_update-8751333253084'] for port (74c3f9da-4ab7-437a-9352-e1ad92048121), after_update {{(pid=104492) _notify_loop /usr/local/lib/python3.8/dist-packages/neutron_lib/callbacks/manager.py:176}}
Apr 15 04:29:04.296711 dv-neutron-838078-1-hyperv neutron-server[104489]: DEBUG neutron_lib.callbacks.manager [None req-fd3c0cf0-845f-405f-ab42-af4e5777fe36 tempest-RoutersAdminNegativeIpV6Test-584840094 tempest-RoutersAdminNegativeIpV6Test-584840094-project-admin] Publish callbacks [] for router_gateway (ee78fd8d-f261-4e61-a895-83fae940ec9c), precommit_update {{(pid=104489) _notify_loop /usr/local/lib/python3.8/dist-packages/neutron_lib/callbacks/manager.py:176}}
Apr 15 04:29:04.301638 dv-neutron-838078-1-hyperv neutron-server[104490]: INFO neutron.pecan_wsgi.hooks.translation [None req-94a0a627-f8c0-4cbf-9249-97edd5822a3f tempest-ExternalNetworksAdminNegativeTestJSON-1244459358 tempest-ExternalNetworksAdminNegativeTestJSON-1244459358-project-admin] POST failed (client error): There was a conflict when trying to complete your request.
Apr 15 04:29:04.306331 dv-neutron-838078-1-hyperv neutron-server[104490]: DEBUG neutron.pecan_wsgi.hooks.notifier [None req-94a0a627-f8c0-4cbf-9249-97edd5822a3f tempest-ExternalNetworksAdminNegativeTestJSON-1244459358 tempest-ExternalNetworksAdminNegativeTestJSON-1244459358-project-admin] No notification will be sent due to unsuccessful status code: 409 {{(pid=104490) after /opt/stack/neutron/neutron/pecan_wsgi/hooks/notifier.py:78}}
Apr 15 04:29:04.325509 dv-neutron-838078-1-hyperv neutron-server[104489]: DEBUG neutron.pecan_wsgi.hooks.quota_enforcement [None req-f858d74c-b6c9-4c79-87cf-7c952094d65d tempest-ExternalNetworksTestJSON-437733451 tempest-ExternalNetworksTestJSON-437733451-project-admin] Made reservation on behalf of 39a38877c9af406fb454642d7ea3f3d9 for: {'subnet': 1} {{(pid=104489) before /opt/stack/neutron/neutron/pecan_wsgi/hooks/quota_enforcement.py:53}}
Apr 15 04:29:04.328327 dv-neutron-838078-1-hyperv neutron-server[104489]: DEBUG neutron_lib.callbacks.manager [None req-f858d74c-b6c9-4c79-87cf-7c952094d65d tempest-ExternalNetworksTestJSON-437733451 tempest-ExternalNetworksTestJSON-437733451-project-admin] Publish callbacks ['neutron.services.segments.plugin.SegmentHostRoutes.host_routes_before_create-127068287'] for subnet (None), before_create {{(pid=104489) _notify_loop /usr/local/lib/python3.8/dist-packages/neutron_lib/callbacks/manager.py:176}}
Apr 15 04:29:04.345167 dv-neutron-838078-1-hyperv neutron-server[104492]: DEBUG neutron.api.rpc.handlers.resources_rpc [None req-07e9ef02-b6ce-465d-a080-4e402006a015 None None] Pushing event updated for resources: {'Port': ['ID=74c3f9da-4ab7-437a-9352-e1ad92048121,revision_number=3']} {{(pid=104492) push /opt/stack/neutron/neutron/api/rpc/handlers/resources_rpc.py:237}}
Apr 15 04:29:04.364929 dv-neutron-838078-1-hyperv neutron-server[104492]: DEBUG neutron.db.l3_dvrscheduler_db [None req-c708abac-c21d-4718-b58d-9b7896a296d9 None None] Routers {'74b4291c-b6a0-4949-b4ef-2a7a82a691bc'} bound to L3 agent in host dv-neutron-838078-1-hyperv {{(pid=104492) _get_router_ids_for_agent /opt/stack/neutron/neutron/db/l3_dvrscheduler_db.py:421}}
Apr 15 04:29:04.366353 dv-neutron-838078-1-hyperv neutron-server[104492]: DEBUG neutron.db.l3_hamode_db [None req-c708abac-c21d-4718-b58d-9b7896a296d9 None None] neutron.services.l3_router.l3_router_plugin.L3RouterPlugin method get_ha_sync_data_for_host called with arguments (, 'dv-neutron-838078-1-hyperv', Agent(admin_state_up=True,agent_type='L3 agent',availability_zone='nova',binary='neutron-l3-agent',configurations={"agent_mode": "legacy", "ex_gw_ports": 1, "extensions": [], "floating_ips": 0, "handle_internal_only_routers": true, "interface_driver": "openvswitch", "interfaces": 1, "log_agent_heartbeats": false, "routers": 1},created_at=2022-04-15T04:20:46Z,description=,heartbeat_timestamp=2022-04-15T04:28:46Z,host='dv-neutron-838078-1-hyperv',id=c381c9d8-1786-4d3f-88d8-b5bc5782f587,load=0,resource_versions=,resources_synced=,started_at=2022-04-15T04:20:47Z,topic='l3_agent')) {'router_ids': ['74b4291c-b6a0-4949-b4ef-2a7a82a691bc'], 'active': True} {{(pid=104492) wrapper /usr/local/lib/python3.8/dist-packages/oslo_log/helpers.py:65}}
Apr 15 04:29:04.367850 dv-neutron-838078-1-hyperv neutron-server[104490]: DEBUG neutron.scheduler.l3_agent_scheduler [None req-2f2a023a-86e1-4c9f-b3cb-c78efd372b83 admin admin] Router 4586a30c-873f-42fb-b072-969cb40988e2 is scheduled to L3 agent c381c9d8-1786-4d3f-88d8-b5bc5782f587 with binding_index 1 {{(pid=104490) bind_router /opt/stack/neutron/neutron/scheduler/l3_agent_scheduler.py:209}}
Apr 15 04:29:04.413327 dv-neutron-838078-1-hyperv neutron-server[104490]: DEBUG neutron_lib.callbacks.manager [None req-b9f76f9b-f9c7-4efd-b102-82ab8c410b6c admin admin] Publish callbacks ['neutron.plugins.ml2.plugin.SecurityGroupDbMixin._ensure_default_security_group_handler-966656'] for port (None), before_create {{(pid=104490) _notify_loop /usr/local/lib/python3.8/dist-packages/neutron_lib/callbacks/manager.py:176}}
Apr 15 04:29:04.417691 dv-neutron-838078-1-hyperv neutron-server[104490]: DEBUG neutron_lib.callbacks.manager [None req-4c22a779-f1e1-4075-b190-688c335bfef4 tempest-MeteringIpV6TestJSON-1509840336 tempest-MeteringIpV6TestJSON-1509840336-project-admin] Publish callbacks [] for metering_label_rule (None), before_response {{(pid=104490) _notify_loop /usr/local/lib/python3.8/dist-packages/neutron_lib/callbacks/manager.py:176}}
Apr 15 04:29:04.421182 dv-neutron-838078-1-hyperv neutron-server[104490]: INFO neutron.wsgi [None req-4c22a779-f1e1-4075-b190-688c335bfef4 tempest-MeteringIpV6TestJSON-1509840336 tempest-MeteringIpV6TestJSON-1509840336-project-admin] 10.222.0.11 "DELETE /v2.0/metering/metering-label-rules/ffa29e15-bcdb-40d4-9bc3-8a2e9c967cd8 HTTP/1.1" status: 204 len: 168 time: 0.2949159
Apr 15 04:29:04.422111 dv-neutron-838078-1-hyperv neutron-server[104490]: DEBUG neutron.wsgi [-] (104490) accepted ('10.222.0.11', 48458) {{(pid=104490) server /usr/local/lib/python3.8/dist-packages/eventlet/wsgi.py:1004}}
Apr 15 04:29:04.487626 dv-neutron-838078-1-hyperv neutron-server[104492]: DEBUG neutron.db.l3_dvr_db [None req-c708abac-c21d-4718-b58d-9b7896a296d9 None None] Set router 74b4291c-b6a0-4949-b4ef-2a7a82a691bc gateway port host: dv-neutron-838078-1-hyperv {{(pid=104492) _build_routers_list /opt/stack/neutron/neutron/db/l3_dvr_db.py:906}}
Apr 15 04:29:04.560275 dv-neutron-838078-1-hyperv neutron-server[104490]: INFO neutron.wsgi [None req-94a0a627-f8c0-4cbf-9249-97edd5822a3f tempest-ExternalNetworksAdminNegativeTestJSON-1244459358 tempest-ExternalNetworksAdminNegativeTestJSON-1244459358-project-admin] 10.222.0.11 "POST /v2.0/ports HTTP/1.1" status: 409 len: 372 time: 1.9231386
Apr 15 04:29:04.568834 dv-neutron-838078-1-hyperv neutron-server[104490]: DEBUG neutron.wsgi [-] (104490) accepted ('10.222.0.11', 48460) {{(pid=104490) server /usr/local/lib/python3.8/dist-packages/eventlet/wsgi.py:1004}}
Apr 15 04:29:04.705339 dv-neutron-838078-1-hyperv neutron-server[104492]: DEBUG neutron.db.l3_hamode_db [None req-c708abac-c21d-4718-b58d-9b7896a296d9 None None] neutron.services.l3_router.l3_router_plugin.L3RouterPlugin method _process_sync_ha_data called with arguments (, [{'id': '74b4291c-b6a0-4949-b4ef-2a7a82a691bc', 'name': 'tempest-ServerActionsTestJSON-2136403970-router', 'tenant_id': '6549c88af1f841ee916436c0ed7dc0f5', 'admin_state_up': True, 'status': 'ACTIVE', 'external_gateway_info': {'network_id': 'e84b5fc0-8c77-497d-8675-dce7f617a497', 'external_fixed_ips': [{'subnet_id': '4a707fa0-d9c4-4027-b3da-9e15205a31dc', 'ip_address': '172.26.2.185'}], 'enable_snat': True}, 'gw_port_id': '74c3f9da-4ab7-437a-9352-e1ad92048121', 'description': '', 'availability_zones': ['nova'], 'distributed': False, 'ha': False, 'ha_vr_id': 0, 'availability_zone_hints': [], 'routes': [], 'flavor_id': None, 'tags': [], 'created_at': '2022-04-15T04:28:56Z', 'updated_at': '2022-04-15T04:28:59Z', 'revision_number': 3, 'project_id': '6549c88af1f841ee916436c0ed7dc0f5', 'gw_port': {'id': '74c3f9da-4ab7-437a-9352-e1ad92048121', 'name': '', 'network_id': 'e84b5fc0-8c77-497d-8675-dce7f617a497', 'tenant_id': '', 'mac_address': 'fa:16:3e:45:08:56', 'admin_state_up': True, 'status': 'DOWN', 'device_id': '74b4291c-b6a0-4949-b4ef-2a7a82a691bc', 'device_owner': 'network:router_gateway', 'standard_attr_id': 55, 'fixed_ips': [{'subnet_id': '4a707fa0-d9c4-4027-b3da-9e15205a31dc', 'ip_address': '172.26.2.185', 'prefixlen': 24}], 'allowed_address_pairs': [], 'extra_dhcp_opts': [], 'security_groups': [], 'description': '', 'binding:vnic_type': 'normal', 'binding:profile': {}, 'binding:host_id': 'dv-neutron-838078-1-hyperv', 'binding:vif_type': 'ovs', 'binding:vif_details': {'connectivity': 'l2', 'port_filter': True, 'ovs_hybrid_plug': False, 'datapath_type': 'system', 'bridge_name': 'br-int', 'bound_drivers': {'0': 'openvswitch'}}, 'port_security_enabled': False, 'tags': [], 'created_at': '2022-04-15T04:28:57Z', 'updated_at': '2022-04-15T04:29:04Z', 'revision_number': 3, 'project_id': '', 'subnets': [{'id': '4a707fa0-d9c4-4027-b3da-9e15205a31dc', 'cidr': '172.26.2.0/24', 'gateway_ip': '172.26.2.1', 'dns_nameservers': [], 'ipv6_ra_mode': None, 'subnetpool_id': None}], 'extra_subnets': [], 'address_scopes': {4: None, 6: None}, 'mtu': 1500}, 'enable_snat': True, 'gw_port_host': 'dv-neutron-838078-1-hyperv'}], 'dv-neutron-838078-1-hyperv', False) {} {{(pid=104492) wrapper /usr/local/lib/python3.8/dist-packages/oslo_log/helpers.py:65}}
Apr 15 04:29:04.736733 dv-neutron-838078-1-hyperv neutron-server[104489]: DEBUG neutron_lib.callbacks.manager [None req-fd3c0cf0-845f-405f-ab42-af4e5777fe36 tempest-RoutersAdminNegativeIpV6Test-584840094 tempest-RoutersAdminNegativeIpV6Test-584840094-project-admin] Publish callbacks [] for router_gateway (ee78fd8d-f261-4e61-a895-83fae940ec9c), before_create {{(pid=104489) _notify_loop /usr/local/lib/python3.8/dist-packages/neutron_lib/callbacks/manager.py:176}}
Apr 15 04:29:04.749640 dv-neutron-838078-1-hyperv neutron-server[104492]: DEBUG neutron.api.rpc.handlers.l3_rpc [None req-c708abac-c21d-4718-b58d-9b7896a296d9 None None] The sync data for ids ['74b4291c-b6a0-4949-b4ef-2a7a82a691bc'] in dv-neutron-838078-1-hyperv is: [{'id': '74b4291c-b6a0-4949-b4ef-2a7a82a691bc', 'name': 'tempest-ServerActionsTestJSON-2136403970-router', 'tenant_id': '6549c88af1f841ee916436c0ed7dc0f5', 'admin_state_up': True, 'status': 'ACTIVE', 'external_gateway_info': {'network_id': 'e84b5fc0-8c77-497d-8675-dce7f617a497', 'external_fixed_ips': [{'subnet_id': '4a707fa0-d9c4-4027-b3da-9e15205a31dc', 'ip_address': '172.26.2.185'}], 'enable_snat': True}, 'gw_port_id': '74c3f9da-4ab7-437a-9352-e1ad92048121', 'description': '', 'availability_zones': ['nova'], 'distributed': False, 'ha': False, 'ha_vr_id': 0, 'availability_zone_hints': [], 'routes': [], 'flavor_id': None, 'tags': [], 'created_at': '2022-04-15T04:28:56Z', 'updated_at': '2022-04-15T04:28:59Z', 'revision_number': 3, 'project_id': '6549c88af1f841ee916436c0ed7dc0f5', 'gw_port': {'id': '74c3f9da-4ab7-437a-9352-e1ad92048121', 'name': '', 'network_id': 'e84b5fc0-8c77-497d-8675-dce7f617a497', 'tenant_id': '', 'mac_address': 'fa:16:3e:45:08:56', 'admin_state_up': True, 'status': 'DOWN', 'device_id': '74b4291c-b6a0-4949-b4ef-2a7a82a691bc', 'device_owner': 'network:router_gateway', 'standard_attr_id': 55, 'fixed_ips': [{'subnet_id': '4a707fa0-d9c4-4027-b3da-9e15205a31dc', 'ip_address': '172.26.2.185', 'prefixlen': 24}], 'allowed_address_pairs': [], 'extra_dhcp_opts': [], 'security_groups': [], 'description': '', 'binding:vnic_type': 'normal', 'binding:profile': {}, 'binding:host_id': 'dv-neutron-838078-1-hyperv', 'binding:vif_type': 'ovs', 'binding:vif_details': {'connectivity': 'l2', 'port_filter': True, 'ovs_hybrid_plug': False, 'datapath_type': 'system', 'bridge_name': 'br-int', 'bound_drivers': {'0': 'openvswitch'}}, 'port_security_enabled': False, 'tags': [], 'created_at': '2022-04-15T04:28:57Z', 'updated_at': '2022-04-15T04:29:04Z', 'revision_number': 3, 'project_id': '', 'subnets': [{'id': '4a707fa0-d9c4-4027-b3da-9e15205a31dc', 'cidr': '172.26.2.0/24', 'gateway_ip': '172.26.2.1', 'dns_nameservers': [], 'ipv6_ra_mode': None, 'subnetpool_id': None}], 'extra_subnets': [], 'address_scopes': {4: None, 6: None}, 'mtu': 1500}, 'enable_snat': True, 'gw_port_host': 'dv-neutron-838078-1-hyperv'}] {{(pid=104492) sync_routers /opt/stack/neutron/neutron/api/rpc/handlers/l3_rpc.py:137}}
Apr 15 04:29:04.775007 dv-neutron-838078-1-hyperv neutron-server[104489]: DEBUG neutron_lib.callbacks.manager [None req-fd3c0cf0-845f-405f-ab42-af4e5777fe36 tempest-RoutersAdminNegativeIpV6Test-584840094 tempest-RoutersAdminNegativeIpV6Test-584840094-project-admin] Publish callbacks ['neutron.plugins.ml2.plugin.SecurityGroupDbMixin._ensure_default_security_group_handler-966656'] for port (None), before_create {{(pid=104489) _notify_loop /usr/local/lib/python3.8/dist-packages/neutron_lib/callbacks/manager.py:176}}
Apr 15 04:29:04.886079 dv-neutron-838078-1-hyperv neutron-server[104489]: DEBUG neutron.wsgi [-] (104489) accepted ('10.222.0.11', 48464) {{(pid=104489) server /usr/local/lib/python3.8/dist-packages/eventlet/wsgi.py:1004}}
Apr 15 04:29:05.100339 dv-neutron-838078-1-hyperv neutron-server[104489]: DEBUG neutron.objects.ports [None req-f858d74c-b6c9-4c79-87cf-7c952094d65d tempest-ExternalNetworksTestJSON-437733451 tempest-ExternalNetworksTestJSON-437733451-project-admin] Time-cost: Fetching 0 ports in 0 security groups {{(pid=104489) get_objects /opt/stack/neutron/neutron/objects/ports.py:463}}
Apr 15 04:29:05.100812 dv-neutron-838078-1-hyperv neutron-server[104489]: DEBUG neutron_lib.callbacks.manager [None req-f858d74c-b6c9-4c79-87cf-7c952094d65d tempest-ExternalNetworksTestJSON-437733451 tempest-ExternalNetworksTestJSON-437733451-project-admin] Publish callbacks ['neutron.plugins.ml2.ovo_rpc._ObjectChangeHandler.handle_event-4126581', 'neutron.api.rpc.agentnotifiers.dhcp_rpc_agent_api.DhcpAgentNotifyAPI._native_event_send_dhcp_notification-4166091', 'neutron.services.segments.plugin.NovaSegmentNotifier._notify_subnet_created-127841996', 'neutron.services.segments.plugin.SegmentHostRoutes.host_routes_after_create-127068265'] for subnet (fc4ebea5-1810-4cf9-bfe8-de71b67a5db5), after_create {{(pid=104489) _notify_loop /usr/local/lib/python3.8/dist-packages/neutron_lib/callbacks/manager.py:176}}
Apr 15 04:29:05.103047 dv-neutron-838078-1-hyperv neutron-server[104489]: DEBUG neutron_lib.callbacks.manager [None req-fd3927bb-c3ba-4dff-8403-a6a8fc02ba6c admin admin] Publish callbacks [] for security_group (None), before_create {{(pid=104489) _notify_loop /usr/local/lib/python3.8/dist-packages/neutron_lib/callbacks/manager.py:176}}
Apr 15 04:29:05.151019 dv-neutron-838078-1-hyperv neutron-server[104491]: DEBUG neutron.plugins.ml2.rpc [None req-6daf7f11-1af5-4380-9b66-add82cda1022 None None] Device b0ed6a21-10d3-4043-b16b-8f0246aa8888 up at agent ovs-agent-dv-neutron-838078-1-hyperv {{(pid=104491) update_device_up /opt/stack/neutron/neutron/plugins/ml2/rpc.py:296}}
Apr 15 04:29:05.209968 dv-neutron-838078-1-hyperv neutron-server[104490]: DEBUG neutron.api.rpc.agentnotifiers.l3_rpc_agent_api [None req-2f2a023a-86e1-4c9f-b3cb-c78efd372b83 admin admin] Notify agent at l3_agent.dv-neutron-838078-1-hyperv the message routers_updated {{(pid=104490) _agent_notification /opt/stack/neutron/neutron/api/rpc/agentnotifiers/l3_rpc_agent_api.py:65}}
Apr 15 04:29:05.224433 dv-neutron-838078-1-hyperv neutron-server[104491]: DEBUG neutron.api.rpc.handlers.l3_rpc [None req-b434c8e8-57b5-4d7a-b4ba-6cc97a645e31 None None] Sync routers for ids ['4586a30c-873f-42fb-b072-969cb40988e2'] in dv-neutron-838078-1-hyperv {{(pid=104491) sync_routers /opt/stack/neutron/neutron/api/rpc/handlers/l3_rpc.py:125}}
Apr 15 04:29:05.244204 dv-neutron-838078-1-hyperv neutron-server[104491]: DEBUG neutron.db.provisioning_blocks [None req-6daf7f11-1af5-4380-9b66-add82cda1022 None None] Provisioning complete for port b0ed6a21-10d3-4043-b16b-8f0246aa8888 triggered by entity L2. {{(pid=104491) provisioning_complete /opt/stack/neutron/neutron/db/provisioning_blocks.py:145}}
Apr 15 04:29:05.244204 dv-neutron-838078-1-hyperv neutron-server[104491]: DEBUG neutron_lib.callbacks.manager [None req-6daf7f11-1af5-4380-9b66-add82cda1022 None None] Publish callbacks ['neutron.plugins.ml2.plugin.Ml2Plugin._port_provisioned-881935'] for port (b0ed6a21-10d3-4043-b16b-8f0246aa8888), provisioning_complete {{(pid=104491) _notify_loop /usr/local/lib/python3.8/dist-packages/neutron_lib/callbacks/manager.py:176}}
Apr 15 04:29:05.270611 dv-neutron-838078-1-hyperv neutron-server[104491]: DEBUG neutron.db.l3_dvrscheduler_db [None req-b434c8e8-57b5-4d7a-b4ba-6cc97a645e31 None None] Routers {'4586a30c-873f-42fb-b072-969cb40988e2'} bound to L3 agent in host dv-neutron-838078-1-hyperv {{(pid=104491) _get_router_ids_for_agent /opt/stack/neutron/neutron/db/l3_dvrscheduler_db.py:421}}
Apr 15 04:29:05.271415 dv-neutron-838078-1-hyperv neutron-server[104491]: DEBUG neutron.db.l3_hamode_db [None req-b434c8e8-57b5-4d7a-b4ba-6cc97a645e31 None None] neutron.services.l3_router.l3_router_plugin.L3RouterPlugin method get_ha_sync_data_for_host called with arguments (, 'dv-neutron-838078-1-hyperv', Agent(admin_state_up=True,agent_type='L3 agent',availability_zone='nova',binary='neutron-l3-agent',configurations={"agent_mode": "legacy", "ex_gw_ports": 1, "extensions": [], "floating_ips": 0, "handle_internal_only_routers": true, "interface_driver": "openvswitch", "interfaces": 1, "log_agent_heartbeats": false, "routers": 1},created_at=2022-04-15T04:20:46Z,description=,heartbeat_timestamp=2022-04-15T04:28:46Z,host='dv-neutron-838078-1-hyperv',id=c381c9d8-1786-4d3f-88d8-b5bc5782f587,load=0,resource_versions=,resources_synced=,started_at=2022-04-15T04:20:47Z,topic='l3_agent')) {'router_ids': ['4586a30c-873f-42fb-b072-969cb40988e2'], 'active': True} {{(pid=104491) wrapper /usr/local/lib/python3.8/dist-packages/oslo_log/helpers.py:65}}
Apr 15 04:29:05.284088 dv-neutron-838078-1-hyperv neutron-server[104489]: DEBUG neutron_lib.callbacks.manager [None req-fd3927bb-c3ba-4dff-8403-a6a8fc02ba6c admin admin] Publish callbacks [] for security_group (f887a33d-13c6-431a-a07c-fed87d640277), precommit_create {{(pid=104489) _notify_loop /usr/local/lib/python3.8/dist-packages/neutron_lib/callbacks/manager.py:176}}
Apr 15 04:29:05.287386 dv-neutron-838078-1-hyperv neutron-server[104489]: DEBUG neutron.api.rpc.handlers.resources_rpc [None req-f858d74c-b6c9-4c79-87cf-7c952094d65d tempest-ExternalNetworksTestJSON-437733451 tempest-ExternalNetworksTestJSON-437733451-project-admin] Pushing event updated for resources: {'Subnet': ['ID=fc4ebea5-1810-4cf9-bfe8-de71b67a5db5,revision_number=0']} {{(pid=104489) push /opt/stack/neutron/neutron/api/rpc/handlers/resources_rpc.py:237}}
Apr 15 04:29:05.299562 dv-neutron-838078-1-hyperv neutron-server[104489]: DEBUG neutron_lib.callbacks.manager [None req-fd3c0cf0-845f-405f-ab42-af4e5777fe36 tempest-RoutersAdminNegativeIpV6Test-584840094 tempest-RoutersAdminNegativeIpV6Test-584840094-project-admin] Publish callbacks [] for router (ee78fd8d-f261-4e61-a895-83fae940ec9c), before_delete {{(pid=104489) _notify_loop /usr/local/lib/python3.8/dist-packages/neutron_lib/callbacks/manager.py:176}}
Apr 15 04:29:05.374446 dv-neutron-838078-1-hyperv neutron-server[104490]: DEBUG neutron_lib.callbacks.manager [None req-68560576-ac85-4592-91a5-fa482e128943 admin admin] Publish callbacks [] for router_gateway (847e43ca-9847-4365-905d-04d3cceaaa30), after_create {{(pid=104490) _notify_loop /usr/local/lib/python3.8/dist-packages/neutron_lib/callbacks/manager.py:176}}
Apr 15 04:29:05.386610 dv-neutron-838078-1-hyperv neutron-server[104490]: DEBUG neutron.plugins.ml2.plugin [None req-5ac8f12d-4c60-4351-9062-e97d4dbab3da tempest-ExternalNetworksAdminNegativeTestJSON-1244459358 tempest-ExternalNetworksAdminNegativeTestJSON-1244459358-project-admin] Deleting port d1b64aaf-fc28-45f2-b7cf-ddacd1e02603 {{(pid=104490) _pre_delete_port /opt/stack/neutron/neutron/plugins/ml2/plugin.py:2002}}
Apr 15 04:29:05.386968 dv-neutron-838078-1-hyperv neutron-server[104490]: DEBUG neutron_lib.callbacks.manager [None req-5ac8f12d-4c60-4351-9062-e97d4dbab3da tempest-ExternalNetworksAdminNegativeTestJSON-1244459358 tempest-ExternalNetworksAdminNegativeTestJSON-1244459358-project-admin] Publish callbacks ['neutron.db.l3_db.L3_NAT_dbonly_mixin._prevent_l3_port_delete_callback-8751333768744'] for port (d1b64aaf-fc28-45f2-b7cf-ddacd1e02603), before_delete {{(pid=104490) _notify_loop /usr/local/lib/python3.8/dist-packages/neutron_lib/callbacks/manager.py:176}}
Apr 15 04:29:05.445987 dv-neutron-838078-1-hyperv neutron-server[104491]: DEBUG neutron.db.l3_dvr_db [None req-b434c8e8-57b5-4d7a-b4ba-6cc97a645e31 None None] Set router 4586a30c-873f-42fb-b072-969cb40988e2 gateway port host: dv-neutron-838078-1-hyperv {{(pid=104491) _build_routers_list /opt/stack/neutron/neutron/db/l3_dvr_db.py:906}}
Apr 15 04:29:05.448759 dv-neutron-838078-1-hyperv neutron-server[104491]: DEBUG neutron.plugins.ml2.plugin [None req-6daf7f11-1af5-4380-9b66-add82cda1022 None None] Current status of the port b0ed6a21-10d3-4043-b16b-8f0246aa8888 is: ACTIVE; New status is: ACTIVE {{(pid=104491) _update_individual_port_db_status /opt/stack/neutron/neutron/plugins/ml2/plugin.py:2257}}
Apr 15 04:29:05.450838 dv-neutron-838078-1-hyperv neutron-server[104490]: DEBUG neutron_lib.callbacks.manager [None req-af46b871-6005-42a4-a888-6788c379164e tempest-MeteringIpV6TestJSON-1509840336 tempest-MeteringIpV6TestJSON-1509840336-project-admin] Publish callbacks [] for metering_label (None), before_response {{(pid=104490) _notify_loop /usr/local/lib/python3.8/dist-packages/neutron_lib/callbacks/manager.py:176}}
Apr 15 04:29:05.452021 dv-neutron-838078-1-hyperv neutron-server[104490]: INFO neutron.wsgi [None req-af46b871-6005-42a4-a888-6788c379164e tempest-MeteringIpV6TestJSON-1509840336 tempest-MeteringIpV6TestJSON-1509840336-project-admin] 10.222.0.11 "DELETE /v2.0/metering/metering-labels/35d2b330-bd78-4fe3-8488-033a2a571af0 HTTP/1.1" status: 204 len: 168 time: 1.0280452
Apr 15 04:29:05.472620 dv-neutron-838078-1-hyperv neutron-server[104490]: DEBUG neutron_lib.callbacks.manager [None req-2f2a023a-86e1-4c9f-b3cb-c78efd372b83 admin admin] Publish callbacks [] for router (None), before_response {{(pid=104490) _notify_loop /usr/local/lib/python3.8/dist-packages/neutron_lib/callbacks/manager.py:176}}
Apr 15 04:29:05.477066 dv-neutron-838078-1-hyperv neutron-server[104490]: INFO neutron.wsgi [None req-2f2a023a-86e1-4c9f-b3cb-c78efd372b83 admin admin] 10.222.0.11 "POST /v2.0/routers HTTP/1.1" status: 201 len: 917 time: 6.9217560
Apr 15 04:29:05.480977 dv-neutron-838078-1-hyperv neutron-server[104490]: DEBUG neutron.wsgi [-] (104490) accepted ('10.222.0.11', 48470) {{(pid=104490) server /usr/local/lib/python3.8/dist-packages/eventlet/wsgi.py:1004}}
Apr 15 04:29:05.528361 dv-neutron-838078-1-hyperv neutron-server[104489]: DEBUG neutron_lib.callbacks.manager [None req-fd3927bb-c3ba-4dff-8403-a6a8fc02ba6c admin admin] Publish callbacks ['neutron.plugins.ml2.ovo_rpc._ObjectChangeHandler.handle_event-4069485'] for security_group (f887a33d-13c6-431a-a07c-fed87d640277), after_create {{(pid=104489) _notify_loop /usr/local/lib/python3.8/dist-packages/neutron_lib/callbacks/manager.py:176}}
Apr 15 04:29:05.550196 dv-neutron-838078-1-hyperv neutron-server[104489]: DEBUG neutron.plugins.ml2.drivers.mech_agent [None req-f858d74c-b6c9-4c79-87cf-7c952094d65d tempest-ExternalNetworksTestJSON-437733451 tempest-ExternalNetworksTestJSON-437733451-project-admin] Checking segment: {'id': '865fea8e-c331-4170-ad76-25b8332eef4f', 'network_type': 'vlan', 'physical_network': 'physnet1', 'segmentation_id': 123, 'network_id': 'bfefbc45-c294-4797-b1db-3db99ac09c2b'} for mappings: {'physnet1': 'br-data'} with network types: ['local', 'flat', 'vlan'] {{(pid=104489) check_segment_for_agent /opt/stack/neutron/neutron/plugins/ml2/drivers/mech_agent.py:373}}
Apr 15 04:29:05.550570 dv-neutron-838078-1-hyperv neutron-server[104489]: DEBUG neutron.scheduler.dhcp_agent_scheduler [None req-f858d74c-b6c9-4c79-87cf-7c952094d65d tempest-ExternalNetworksTestJSON-437733451 tempest-ExternalNetworksTestJSON-437733451-project-admin] Network hostable DHCP agents. Network: bfefbc45-c294-4797-b1db-3db99ac09c2b, hostable agents: ['a60f4d87-ba69-4502-b0c0-3f5e83bbe6c8'], hosted agents: [] {{(pid=104489) _get_network_hostable_dhcp_agents /opt/stack/neutron/neutron/scheduler/dhcp_agent_scheduler.py:329}}
Apr 15 04:29:05.686286 dv-neutron-838078-1-hyperv neutron-server[104490]: DEBUG neutron.db.db_base_plugin_common [None req-b9f76f9b-f9c7-4efd-b102-82ab8c410b6c admin admin] Allocated IP 172.20.0.1 (d331ea69-fb4c-4be7-9137-d320374e2afd/6e3c8a79-9068-43fb-9878-103186875936/2aaf54c0-5fac-4970-979c-20ffc0c15e81) {{(pid=104490) _store_ip_allocation /opt/stack/neutron/neutron/db/db_base_plugin_common.py:131}}
Apr 15 04:29:05.696611 dv-neutron-838078-1-hyperv neutron-server[104491]: DEBUG neutron.db.l3_hamode_db [None req-b434c8e8-57b5-4d7a-b4ba-6cc97a645e31 None None] neutron.services.l3_router.l3_router_plugin.L3RouterPlugin method _process_sync_ha_data called with arguments (, [{'id': '4586a30c-873f-42fb-b072-969cb40988e2', 'name': 'tempest-ServersTestJSON-457852012-router', 'tenant_id': 'd2dd673a9e8249dfbb57a229af182e5e', 'admin_state_up': True, 'status': 'ACTIVE', 'external_gateway_info': {'network_id': 'e84b5fc0-8c77-497d-8675-dce7f617a497', 'external_fixed_ips': [{'subnet_id': '4a707fa0-d9c4-4027-b3da-9e15205a31dc', 'ip_address': '172.26.2.246'}], 'enable_snat': True}, 'gw_port_id': 'c9f80621-c5f0-4667-97dd-ef8c9e3bc4ca', 'description': '', 'availability_zones': ['nova'], 'distributed': False, 'ha': False, 'ha_vr_id': 0, 'availability_zone_hints': [], 'routes': [], 'flavor_id': None, 'tags': [], 'created_at': '2022-04-15T04:28:58Z', 'updated_at': '2022-04-15T04:29:01Z', 'revision_number': 3, 'project_id': 'd2dd673a9e8249dfbb57a229af182e5e', 'gw_port': {'id': 'c9f80621-c5f0-4667-97dd-ef8c9e3bc4ca', 'name': '', 'network_id': 'e84b5fc0-8c77-497d-8675-dce7f617a497', 'tenant_id': '', 'mac_address': 'fa:16:3e:f6:01:84', 'admin_state_up': True, 'status': 'DOWN', 'device_id': '4586a30c-873f-42fb-b072-969cb40988e2', 'device_owner': 'network:router_gateway', 'standard_attr_id': 77, 'fixed_ips': [{'subnet_id': '4a707fa0-d9c4-4027-b3da-9e15205a31dc', 'ip_address': '172.26.2.246', 'prefixlen': 24}], 'allowed_address_pairs': [], 'extra_dhcp_opts': [], 'security_groups': [], 'description': '', 'binding:vnic_type': 'normal', 'binding:profile': {}, 'binding:host_id': '', 'binding:vif_type': 'unbound', 'binding:vif_details': {}, 'port_security_enabled': False, 'tags': [], 'created_at': '2022-04-15T04:29:00Z', 'updated_at': '2022-04-15T04:29:01Z', 'revision_number': 1, 'project_id': '', 'subnets': [{'id': '4a707fa0-d9c4-4027-b3da-9e15205a31dc', 'cidr': '172.26.2.0/24', 'gateway_ip': '172.26.2.1', 'dns_nameservers': [], 'ipv6_ra_mode': None, 'subnetpool_id': None}], 'extra_subnets': [], 'address_scopes': {4: None, 6: None}, 'mtu': 1500}, 'enable_snat': True, 'gw_port_host': 'dv-neutron-838078-1-hyperv'}], 'dv-neutron-838078-1-hyperv', False) {} {{(pid=104491) wrapper /usr/local/lib/python3.8/dist-packages/oslo_log/helpers.py:65}}
Apr 15 04:29:05.699769 dv-neutron-838078-1-hyperv neutron-server[104489]: DEBUG neutron_lib.callbacks.manager [None req-fd3c0cf0-845f-405f-ab42-af4e5777fe36 tempest-RoutersAdminNegativeIpV6Test-584840094 tempest-RoutersAdminNegativeIpV6Test-584840094-project-admin] Publish callbacks ['neutron.services.l3_router.l3_router_plugin.L3_HA_NAT_db_mixin._release_router_vr_id-3700828', 'neutron.services.l3_router.service_providers.driver_controller.DriverController._clear_router_provider-517282'] for router (ee78fd8d-f261-4e61-a895-83fae940ec9c), precommit_delete {{(pid=104489) _notify_loop /usr/local/lib/python3.8/dist-packages/neutron_lib/callbacks/manager.py:176}}
Apr 15 04:29:05.707937 dv-neutron-838078-1-hyperv neutron-server[104489]: INFO neutron.wsgi [None req-fd3927bb-c3ba-4dff-8403-a6a8fc02ba6c admin admin] 10.222.0.11 "GET /v2.0/security-groups?tenant_id=790994484dce416292fe07596a305164&name=default HTTP/1.1" status: 200 len: 2995 time: 0.8208060
Apr 15 04:29:05.709266 dv-neutron-838078-1-hyperv neutron-server[104489]: DEBUG neutron_lib.callbacks.manager [None req-fd3c0cf0-845f-405f-ab42-af4e5777fe36 tempest-RoutersAdminNegativeIpV6Test-584840094 tempest-RoutersAdminNegativeIpV6Test-584840094-project-admin] Publish callbacks [] for router_controller (ee78fd8d-f261-4e61-a895-83fae940ec9c), precommit_delete_associations {{(pid=104489) _notify_loop /usr/local/lib/python3.8/dist-packages/neutron_lib/callbacks/manager.py:176}}
Apr 15 04:29:05.711660 dv-neutron-838078-1-hyperv neutron-server[104489]: DEBUG neutron.wsgi [-] (104489) accepted ('10.222.0.11', 48472) {{(pid=104489) server /usr/local/lib/python3.8/dist-packages/eventlet/wsgi.py:1004}}
Apr 15 04:29:05.739183 dv-neutron-838078-1-hyperv neutron-server[104491]: DEBUG neutron.api.rpc.handlers.l3_rpc [None req-b434c8e8-57b5-4d7a-b4ba-6cc97a645e31 None None] Checking router: 4586a30c-873f-42fb-b072-969cb40988e2 for host: dv-neutron-838078-1-hyperv {{(pid=104491) _ensure_host_set_on_ports /opt/stack/neutron/neutron/api/rpc/handlers/l3_rpc.py:155}}
Apr 15 04:29:05.739772 dv-neutron-838078-1-hyperv neutron-server[104491]: DEBUG neutron.api.rpc.handlers.l3_rpc [None req-b434c8e8-57b5-4d7a-b4ba-6cc97a645e31 None None] Updating router 4586a30c-873f-42fb-b072-969cb40988e2 port c9f80621-c5f0-4667-97dd-ef8c9e3bc4ca binding host dv-neutron-838078-1-hyperv {{(pid=104491) _ensure_host_set_on_port /opt/stack/neutron/neutron/api/rpc/handlers/l3_rpc.py:205}}
Apr 15 04:29:05.776158 dv-neutron-838078-1-hyperv neutron-server[104491]: DEBUG neutron_lib.callbacks.manager [None req-b434c8e8-57b5-4d7a-b4ba-6cc97a645e31 None None] Publish callbacks ['neutron.plugins.ml2.plugin.SecurityGroupDbMixin._ensure_default_security_group_handler-966656'] for port (c9f80621-c5f0-4667-97dd-ef8c9e3bc4ca), before_update {{(pid=104491) _notify_loop /usr/local/lib/python3.8/dist-packages/neutron_lib/callbacks/manager.py:176}}
Apr 15 04:29:05.782085 dv-neutron-838078-1-hyperv neutron-server[104489]: DEBUG neutron.api.rpc.handlers.resources_rpc [None req-fd3927bb-c3ba-4dff-8403-a6a8fc02ba6c admin admin] Pushing event updated for resources: {'SecurityGroup': ['ID=f887a33d-13c6-431a-a07c-fed87d640277,revision_number=1']} {{(pid=104489) push /opt/stack/neutron/neutron/api/rpc/handlers/resources_rpc.py:237}}
Apr 15 04:29:05.839109 dv-neutron-838078-1-hyperv neutron-server[104489]: DEBUG neutron.scheduler.dhcp_agent_scheduler [None req-f858d74c-b6c9-4c79-87cf-7c952094d65d tempest-ExternalNetworksTestJSON-437733451 tempest-ExternalNetworksTestJSON-437733451-project-admin] Network bfefbc45-c294-4797-b1db-3db99ac09c2b is scheduled to be hosted by DHCP agent a60f4d87-ba69-4502-b0c0-3f5e83bbe6c8 with binding_index 1 {{(pid=104489) bind /opt/stack/neutron/neutron/scheduler/dhcp_agent_scheduler.py:227}}
Apr 15 04:29:05.863770 dv-neutron-838078-1-hyperv neutron-server[104489]: DEBUG neutron_lib.callbacks.manager [None req-1490bd3a-2a41-49cf-a8be-1cb359956e6d admin admin] Publish callbacks [] for security_group (f887a33d-13c6-431a-a07c-fed87d640277), before_delete {{(pid=104489) _notify_loop /usr/local/lib/python3.8/dist-packages/neutron_lib/callbacks/manager.py:176}}
Apr 15 04:29:05.890076 dv-neutron-838078-1-hyperv neutron-server[104490]: DEBUG neutron_lib.callbacks.manager [None req-5ac8f12d-4c60-4351-9062-e97d4dbab3da tempest-ExternalNetworksAdminNegativeTestJSON-1244459358 tempest-ExternalNetworksAdminNegativeTestJSON-1244459358-project-admin] Publish callbacks ['neutron.services.l3_router.l3_router_plugin.L3_NAT_dbonly_mixin._precommit_delete_port_callback-3691574'] for port (d1b64aaf-fc28-45f2-b7cf-ddacd1e02603), precommit_delete {{(pid=104490) _notify_loop /usr/local/lib/python3.8/dist-packages/neutron_lib/callbacks/manager.py:176}}
Apr 15 04:29:05.890427 dv-neutron-838078-1-hyperv neutron-server[104490]: DEBUG neutron_lib.callbacks.manager [None req-5ac8f12d-4c60-4351-9062-e97d4dbab3da tempest-ExternalNetworksAdminNegativeTestJSON-1244459358 tempest-ExternalNetworksAdminNegativeTestJSON-1244459358-project-admin] Publish callbacks [] for floatingip (d1b64aaf-fc28-45f2-b7cf-ddacd1e02603), precommit_delete {{(pid=104490) _notify_loop /usr/local/lib/python3.8/dist-packages/neutron_lib/callbacks/manager.py:176}}
Apr 15 04:29:05.891943 dv-neutron-838078-1-hyperv neutron-server[104489]: DEBUG neutron_lib.callbacks.manager [None req-1490bd3a-2a41-49cf-a8be-1cb359956e6d admin admin] Publish callbacks [] for security_group (f887a33d-13c6-431a-a07c-fed87d640277), precommit_delete {{(pid=104489) _notify_loop /usr/local/lib/python3.8/dist-packages/neutron_lib/callbacks/manager.py:176}}
Apr 15 04:29:05.931763 dv-neutron-838078-1-hyperv neutron-server[104489]: DEBUG neutron_lib.callbacks.manager [None req-fd3c0cf0-845f-405f-ab42-af4e5777fe36 tempest-RoutersAdminNegativeIpV6Test-584840094 tempest-RoutersAdminNegativeIpV6Test-584840094-project-admin] Publish callbacks ['neutron.services.l3_router.l3_router_plugin.L3_HA_NAT_db_mixin._cleanup_ha_network_handler-3700839'] for router (ee78fd8d-f261-4e61-a895-83fae940ec9c), after_delete {{(pid=104489) _notify_loop /usr/local/lib/python3.8/dist-packages/neutron_lib/callbacks/manager.py:176}}
Apr 15 04:29:05.932443 dv-neutron-838078-1-hyperv neutron-server[104489]: DEBUG neutron.api.rpc.agentnotifiers.l3_rpc_agent_api [None req-fd3c0cf0-845f-405f-ab42-af4e5777fe36 tempest-RoutersAdminNegativeIpV6Test-584840094 tempest-RoutersAdminNegativeIpV6Test-584840094-project-admin] Fanout notify agent at l3_agent the message router_deleted on router ee78fd8d-f261-4e61-a895-83fae940ec9c {{(pid=104489) _notification_fanout /opt/stack/neutron/neutron/api/rpc/agentnotifiers/l3_rpc_agent_api.py:114}}
Apr 15 04:29:05.976316 dv-neutron-838078-1-hyperv neutron-server[104489]: DEBUG neutron.scheduler.base_scheduler [None req-f858d74c-b6c9-4c79-87cf-7c952094d65d tempest-ExternalNetworksTestJSON-437733451 tempest-ExternalNetworksTestJSON-437733451-project-admin] Resources bound (agent type, host, resource id): (DHCP agent, dv-neutron-838078-1-hyperv, bfefbc45-c294-4797-b1db-3db99ac09c2b) {{(pid=104489) schedule /opt/stack/neutron/neutron/scheduler/base_scheduler.py:57}}
Apr 15 04:29:05.990397 dv-neutron-838078-1-hyperv neutron-server[104490]: DEBUG neutron.plugins.ml2.plugin [None req-5ac8f12d-4c60-4351-9062-e97d4dbab3da tempest-ExternalNetworksAdminNegativeTestJSON-1244459358 tempest-ExternalNetworksAdminNegativeTestJSON-1244459358-project-admin] Calling delete_port for d1b64aaf-fc28-45f2-b7cf-ddacd1e02603 owned by network:floatingip {{(pid=104490) delete_port /opt/stack/neutron/neutron/plugins/ml2/plugin.py:2081}}
Apr 15 04:29:05.994961 dv-neutron-838078-1-hyperv neutron-server[104489]: DEBUG neutron.pecan_wsgi.hooks.policy_enforcement [None req-f858d74c-b6c9-4c79-87cf-7c952094d65d tempest-ExternalNetworksTestJSON-437733451 tempest-ExternalNetworksTestJSON-437733451-project-admin] Attributes excluded by policy engine: ['standard_attr_id', 'shared', 'segment_id', 'network'] {{(pid=104489) _exclude_attributes_by_policy /opt/stack/neutron/neutron/pecan_wsgi/hooks/policy_enforcement.py:259}}
Apr 15 04:29:05.998569 dv-neutron-838078-1-hyperv neutron-server[104489]: DEBUG neutron_lib.callbacks.manager [None req-f858d74c-b6c9-4c79-87cf-7c952094d65d tempest-ExternalNetworksTestJSON-437733451 tempest-ExternalNetworksTestJSON-437733451-project-admin] Publish callbacks ['neutron.api.rpc.agentnotifiers.dhcp_rpc_agent_api.DhcpAgentNotifyAPI._send_dhcp_notification-4165945'] for subnet (None), before_response {{(pid=104489) _notify_loop /usr/local/lib/python3.8/dist-packages/neutron_lib/callbacks/manager.py:176}}
Apr 15 04:29:06.011405 dv-neutron-838078-1-hyperv neutron-server[104491]: DEBUG neutron.api.rpc.handlers.dhcp_rpc [None req-c6919074-3aed-4907-9331-9a8d509f7cf7 None None] Network bfefbc45-c294-4797-b1db-3db99ac09c2b requested from dv-neutron-838078-1-hyperv {{(pid=104491) get_network_info /opt/stack/neutron/neutron/api/rpc/handlers/dhcp_rpc.py:191}}
Apr 15 04:29:06.056973 dv-neutron-838078-1-hyperv neutron-server[104489]: INFO neutron.api.v2.resource [None req-fd3c0cf0-845f-405f-ab42-af4e5777fe36 tempest-RoutersAdminNegativeIpV6Test-584840094 tempest-RoutersAdminNegativeIpV6Test-584840094-project-admin] create failed (client error): There was a conflict when trying to complete your request.
Apr 15 04:29:06.061427 dv-neutron-838078-1-hyperv neutron-server[104489]: INFO neutron.wsgi [None req-fd3c0cf0-845f-405f-ab42-af4e5777fe36 tempest-RoutersAdminNegativeIpV6Test-584840094 tempest-RoutersAdminNegativeIpV6Test-584840094-project-admin] 10.222.0.11 "POST /v2.0/routers HTTP/1.1" status: 409 len: 372 time: 2.5825920
Apr 15 04:29:06.062238 dv-neutron-838078-1-hyperv neutron-server[104489]: DEBUG neutron.wsgi [-] (104489) accepted ('10.222.0.11', 48478) {{(pid=104489) server /usr/local/lib/python3.8/dist-packages/eventlet/wsgi.py:1004}}
Apr 15 04:29:06.095106 dv-neutron-838078-1-hyperv neutron-server[104489]: DEBUG neutron.wsgi [-] (104489) accepted ('10.222.0.11', 48480) {{(pid=104489) server /usr/local/lib/python3.8/dist-packages/eventlet/wsgi.py:1004}}
Apr 15 04:29:06.138799 dv-neutron-838078-1-hyperv neutron-server[104489]: INFO neutron.wsgi [None req-f858d74c-b6c9-4c79-87cf-7c952094d65d tempest-ExternalNetworksTestJSON-437733451 tempest-ExternalNetworksTestJSON-437733451-project-admin] 10.222.0.11 "POST /v2.0/subnets HTTP/1.1" status: 201 len: 802 time: 1.9583056
Apr 15 04:29:06.139881 dv-neutron-838078-1-hyperv neutron-server[104489]: DEBUG neutron_lib.callbacks.manager [None req-1490bd3a-2a41-49cf-a8be-1cb359956e6d admin admin] Publish callbacks ['neutron.plugins.ml2.ovo_rpc._ObjectChangeHandler.handle_event-4069485'] for security_group (f887a33d-13c6-431a-a07c-fed87d640277), after_delete {{(pid=104489) _notify_loop /usr/local/lib/python3.8/dist-packages/neutron_lib/callbacks/manager.py:176}}
Apr 15 04:29:06.143457 dv-neutron-838078-1-hyperv neutron-server[104489]: DEBUG neutron_lib.callbacks.manager [None req-1490bd3a-2a41-49cf-a8be-1cb359956e6d admin admin] Publish callbacks [] for security_group (None), before_response {{(pid=104489) _notify_loop /usr/local/lib/python3.8/dist-packages/neutron_lib/callbacks/manager.py:176}}
Apr 15 04:29:06.147833 dv-neutron-838078-1-hyperv neutron-server[104489]: INFO neutron.wsgi [None req-1490bd3a-2a41-49cf-a8be-1cb359956e6d admin admin] 10.222.0.11 "DELETE /v2.0/security-groups/f887a33d-13c6-431a-a07c-fed87d640277 HTTP/1.1" status: 204 len: 168 time: 0.4304271
Apr 15 04:29:06.147833 dv-neutron-838078-1-hyperv neutron-server[104489]: DEBUG neutron.wsgi [-] (104489) accepted ('10.222.0.11', 48482) {{(pid=104489) server /usr/local/lib/python3.8/dist-packages/eventlet/wsgi.py:1004}}
Apr 15 04:29:06.167621 dv-neutron-838078-1-hyperv neutron-server[104489]: DEBUG neutron.api.v2.base [None req-17580972-0f3c-4b7f-a00b-18f5633b2661 tempest-ExternalNetworksTestJSON-437733451 tempest-ExternalNetworksTestJSON-437733451-project-admin] Request body: {'floatingip': {'floating_network_id': 'bfefbc45-c294-4797-b1db-3db99ac09c2b'}} {{(pid=104489) prepare_request_body /opt/stack/neutron/neutron/api/v2/base.py:729}}
Apr 15 04:29:06.208396 dv-neutron-838078-1-hyperv neutron-server[104489]: DEBUG neutron.api.rpc.handlers.resources_rpc [None req-1490bd3a-2a41-49cf-a8be-1cb359956e6d admin admin] Pushing event deleted for resources: {'SecurityGroup': ['ID=f887a33d-13c6-431a-a07c-fed87d640277,revision_number=None']} {{(pid=104489) push /opt/stack/neutron/neutron/api/rpc/handlers/resources_rpc.py:237}}
Apr 15 04:29:06.229982 dv-neutron-838078-1-hyperv neutron-server[104491]: DEBUG neutron.api.rpc.handlers.dhcp_rpc [None req-88e3beed-2138-4dc5-bbb9-c46fa6e4a40b None None] Network bfefbc45-c294-4797-b1db-3db99ac09c2b requested from dv-neutron-838078-1-hyperv {{(pid=104491) get_network_info /opt/stack/neutron/neutron/api/rpc/handlers/dhcp_rpc.py:191}}
