Apr 18 05:58:55.685223 dv-neutron-837489-1-hyperv devstack@n-api.service[102562]: [pid: 102562|app: 0|req: 125/250] 10.222.0.15 () {64 vars in 1317 bytes} [Mon Apr 18 05:58:55 2022] POST /compute/v2.1/os-server-external-events => generated 179 bytes in 96 msecs (HTTP/1.1 200) 9 headers in 357 bytes (1 switches on core 0)
Apr 18 05:58:55.936701 dv-neutron-837489-1-hyperv devstack@n-api.service[102563]: DEBUG nova.policy [None req-c81b5521-1aac-47ed-9e59-80bdc237491b tempest-TestVolumeBootPattern-1459447338 tempest-TestVolumeBootPattern-1459447338-project] Policy check for os_compute_api:os-extended-server-attributes failed with credentials {'is_admin': False, 'user_id': '08d8c8fe093340bb834e31e8e5b015dc', 'user_domain_id': 'default', 'system_scope': None, 'domain_id': None, 'project_id': '49ad773d519141abbf5e743e64df06bc', 'project_domain_id': 'default', 'roles': ['reader', 'member'], 'is_admin_project': True, 'service_user_id': None, 'service_user_domain_id': None, 'service_project_id': None, 'service_project_domain_id': None, 'service_roles': []} {{(pid=102563) authorize /opt/stack/nova/nova/policy.py:199}}
Apr 18 05:58:55.959224 dv-neutron-837489-1-hyperv devstack@n-api.service[102563]: INFO nova.api.openstack.requestlog [None req-c81b5521-1aac-47ed-9e59-80bdc237491b tempest-TestVolumeBootPattern-1459447338 tempest-TestVolumeBootPattern-1459447338-project] 10.222.0.15 "GET /compute/v2.1/servers/aa1b2230-966e-4ff0-9053-adbebfc7c8c7" status: 200 len: 1266 microversion: 2.1 time: 0.741373
Apr 18 05:58:55.959902 dv-neutron-837489-1-hyperv devstack@n-api.service[102563]: [pid: 102563|app: 0|req: 126/251] 10.222.0.15 () {58 vars in 1235 bytes} [Mon Apr 18 05:58:55 2022] GET /compute/v2.1/servers/aa1b2230-966e-4ff0-9053-adbebfc7c8c7 => generated 1266 bytes in 743 msecs (HTTP/1.1 200) 9 headers in 358 bytes (2 switches on core 0)
Apr 18 05:58:56.163056 dv-neutron-837489-1-hyperv devstack@n-api.service[102562]: DEBUG nova.api.openstack.wsgi [None req-48a4bfda-4bc6-4c65-b528-86b53b001ba5 tempest-TestNetworkBasicOps-1879485203 tempest-TestNetworkBasicOps-1879485203-project] Calling method '>' {{(pid=102562) _process_stack /opt/stack/nova/nova/api/openstack/wsgi.py:513}}
Apr 18 05:58:56.163817 dv-neutron-837489-1-hyperv devstack@n-api.service[102562]: DEBUG nova.compute.api [None req-48a4bfda-4bc6-4c65-b528-86b53b001ba5 tempest-TestNetworkBasicOps-1879485203 tempest-TestNetworkBasicOps-1879485203-project] [instance: fcc93699-9e79-47b8-ae98-7a80bd98524e] Fetching instance by UUID {{(pid=102562) get /opt/stack/nova/nova/compute/api.py:2813}}
Apr 18 05:58:56.185096 dv-neutron-837489-1-hyperv devstack@n-api.service[102562]: DEBUG oslo_concurrency.lockutils [None req-48a4bfda-4bc6-4c65-b528-86b53b001ba5 tempest-TestNetworkBasicOps-1879485203 tempest-TestNetworkBasicOps-1879485203-project] Lock "b71ec44f-f2b1-4ea7-b635-be99e44bf7da" acquired by "nova.context.set_target_cell..get_or_set_cached_cell_and_set_connections" :: waited 0.000s {{(pid=102562) inner /usr/local/lib/python3.8/dist-packages/oslo_concurrency/lockutils.py:355}}
Apr 18 05:58:56.185552 dv-neutron-837489-1-hyperv devstack@n-api.service[102562]: DEBUG oslo_concurrency.lockutils [None req-48a4bfda-4bc6-4c65-b528-86b53b001ba5 tempest-TestNetworkBasicOps-1879485203 tempest-TestNetworkBasicOps-1879485203-project] Lock "b71ec44f-f2b1-4ea7-b635-be99e44bf7da" released by "nova.context.set_target_cell..get_or_set_cached_cell_and_set_connections" :: held 0.001s {{(pid=102562) inner /usr/local/lib/python3.8/dist-packages/oslo_concurrency/lockutils.py:367}}
Apr 18 05:58:56.186334 dv-neutron-837489-1-hyperv devstack@n-api.service[102562]: DEBUG oslo_concurrency.lockutils [None req-48a4bfda-4bc6-4c65-b528-86b53b001ba5 tempest-TestNetworkBasicOps-1879485203 tempest-TestNetworkBasicOps-1879485203-project] Lock "b71ec44f-f2b1-4ea7-b635-be99e44bf7da" acquired by "nova.context.set_target_cell..get_or_set_cached_cell_and_set_connections" :: waited 0.000s {{(pid=102562) inner /usr/local/lib/python3.8/dist-packages/oslo_concurrency/lockutils.py:355}}
Apr 18 05:58:56.187053 dv-neutron-837489-1-hyperv devstack@n-api.service[102562]: DEBUG oslo_concurrency.lockutils [None req-48a4bfda-4bc6-4c65-b528-86b53b001ba5 tempest-TestNetworkBasicOps-1879485203 tempest-TestNetworkBasicOps-1879485203-project] Lock "b71ec44f-f2b1-4ea7-b635-be99e44bf7da" released by "nova.context.set_target_cell..get_or_set_cached_cell_and_set_connections" :: held 0.001s {{(pid=102562) inner /usr/local/lib/python3.8/dist-packages/oslo_concurrency/lockutils.py:367}}
Apr 18 05:58:56.264781 dv-neutron-837489-1-hyperv devstack@n-api.service[102562]: DEBUG nova.compute.api [None req-48a4bfda-4bc6-4c65-b528-86b53b001ba5 tempest-TestNetworkBasicOps-1879485203 tempest-TestNetworkBasicOps-1879485203-project] [instance: fcc93699-9e79-47b8-ae98-7a80bd98524e] Going to try to terminate instance {{(pid=102562) delete /opt/stack/nova/nova/compute/api.py:2562}}
Apr 18 05:58:56.462091 dv-neutron-837489-1-hyperv devstack@n-api.service[102562]: INFO nova.api.openstack.requestlog [None req-48a4bfda-4bc6-4c65-b528-86b53b001ba5 tempest-TestNetworkBasicOps-1879485203 tempest-TestNetworkBasicOps-1879485203-project] 10.222.0.15 "DELETE /compute/v2.1/servers/fcc93699-9e79-47b8-ae98-7a80bd98524e" status: 204 len: 0 microversion: 2.1 time: 0.303182
Apr 18 05:58:56.466443 dv-neutron-837489-1-hyperv devstack@n-api.service[102562]: [pid: 102562|app: 0|req: 126/252] 10.222.0.15 () {58 vars in 1238 bytes} [Mon Apr 18 05:58:56 2022] DELETE /compute/v2.1/servers/fcc93699-9e79-47b8-ae98-7a80bd98524e => generated 0 bytes in 306 msecs (HTTP/1.1 204) 9 headers in 363 bytes (1 switches on core 0)
Apr 18 05:58:56.473038 dv-neutron-837489-1-hyperv devstack@n-api.service[102563]: DEBUG nova.api.openstack.wsgi [None req-de43212e-5879-479e-adbe-911eaf5fd78a tempest-TestNetworkBasicOps-1879485203 tempest-TestNetworkBasicOps-1879485203-project] Calling method '>' {{(pid=102563) _process_stack /opt/stack/nova/nova/api/openstack/wsgi.py:513}}
Apr 18 05:58:56.474089 dv-neutron-837489-1-hyperv devstack@n-api.service[102563]: DEBUG nova.compute.api [None req-de43212e-5879-479e-adbe-911eaf5fd78a tempest-TestNetworkBasicOps-1879485203 tempest-TestNetworkBasicOps-1879485203-project] [instance: fcc93699-9e79-47b8-ae98-7a80bd98524e] Fetching instance by UUID {{(pid=102563) get /opt/stack/nova/nova/compute/api.py:2813}}
Apr 18 05:58:56.498840 dv-neutron-837489-1-hyperv devstack@n-api.service[102563]: DEBUG oslo_concurrency.lockutils [None req-de43212e-5879-479e-adbe-911eaf5fd78a tempest-TestNetworkBasicOps-1879485203 tempest-TestNetworkBasicOps-1879485203-project] Lock "b71ec44f-f2b1-4ea7-b635-be99e44bf7da" acquired by "nova.context.set_target_cell..get_or_set_cached_cell_and_set_connections" :: waited 0.000s {{(pid=102563) inner /usr/local/lib/python3.8/dist-packages/oslo_concurrency/lockutils.py:355}}
Apr 18 05:58:56.504911 dv-neutron-837489-1-hyperv devstack@n-api.service[102563]: DEBUG oslo_concurrency.lockutils [None req-de43212e-5879-479e-adbe-911eaf5fd78a tempest-TestNetworkBasicOps-1879485203 tempest-TestNetworkBasicOps-1879485203-project] Lock "b71ec44f-f2b1-4ea7-b635-be99e44bf7da" released by "nova.context.set_target_cell..get_or_set_cached_cell_and_set_connections" :: held 0.001s {{(pid=102563) inner /usr/local/lib/python3.8/dist-packages/oslo_concurrency/lockutils.py:367}}
Apr 18 05:58:56.507465 dv-neutron-837489-1-hyperv devstack@n-api.service[102563]: DEBUG oslo_concurrency.lockutils [None req-de43212e-5879-479e-adbe-911eaf5fd78a tempest-TestNetworkBasicOps-1879485203 tempest-TestNetworkBasicOps-1879485203-project] Lock "b71ec44f-f2b1-4ea7-b635-be99e44bf7da" acquired by "nova.context.set_target_cell..get_or_set_cached_cell_and_set_connections" :: waited 0.000s {{(pid=102563) inner /usr/local/lib/python3.8/dist-packages/oslo_concurrency/lockutils.py:355}}
Apr 18 05:58:56.513377 dv-neutron-837489-1-hyperv devstack@n-api.service[102563]: DEBUG oslo_concurrency.lockutils [None req-de43212e-5879-479e-adbe-911eaf5fd78a tempest-TestNetworkBasicOps-1879485203 tempest-TestNetworkBasicOps-1879485203-project] Lock "b71ec44f-f2b1-4ea7-b635-be99e44bf7da" released by "nova.context.set_target_cell..get_or_set_cached_cell_and_set_connections" :: held 0.006s {{(pid=102563) inner /usr/local/lib/python3.8/dist-packages/oslo_concurrency/lockutils.py:367}}
Apr 18 05:58:56.977177 dv-neutron-837489-1-hyperv devstack@n-api.service[102562]: DEBUG nova.api.openstack.wsgi [None req-4ba4966d-5d4e-40a1-b01c-0450e573b130 tempest-TestVolumeBootPattern-1459447338 tempest-TestVolumeBootPattern-1459447338-project] Calling method '>' {{(pid=102562) _process_stack /opt/stack/nova/nova/api/openstack/wsgi.py:513}}
Apr 18 05:58:56.979940 dv-neutron-837489-1-hyperv devstack@n-api.service[102562]: DEBUG nova.compute.api [None req-4ba4966d-5d4e-40a1-b01c-0450e573b130 tempest-TestVolumeBootPattern-1459447338 tempest-TestVolumeBootPattern-1459447338-project] [instance: aa1b2230-966e-4ff0-9053-adbebfc7c8c7] Fetching instance by UUID {{(pid=102562) get /opt/stack/nova/nova/compute/api.py:2813}}
Apr 18 05:58:57.002931 dv-neutron-837489-1-hyperv devstack@n-api.service[102562]: DEBUG oslo_concurrency.lockutils [None req-4ba4966d-5d4e-40a1-b01c-0450e573b130 tempest-TestVolumeBootPattern-1459447338 tempest-TestVolumeBootPattern-1459447338-project] Lock "b71ec44f-f2b1-4ea7-b635-be99e44bf7da" acquired by "nova.context.set_target_cell..get_or_set_cached_cell_and_set_connections" :: waited 0.000s {{(pid=102562) inner /usr/local/lib/python3.8/dist-packages/oslo_concurrency/lockutils.py:355}}
Apr 18 05:58:57.004206 dv-neutron-837489-1-hyperv devstack@n-api.service[102562]: DEBUG oslo_concurrency.lockutils [None req-4ba4966d-5d4e-40a1-b01c-0450e573b130 tempest-TestVolumeBootPattern-1459447338 tempest-TestVolumeBootPattern-1459447338-project] Lock "b71ec44f-f2b1-4ea7-b635-be99e44bf7da" released by "nova.context.set_target_cell..get_or_set_cached_cell_and_set_connections" :: held 0.001s {{(pid=102562) inner /usr/local/lib/python3.8/dist-packages/oslo_concurrency/lockutils.py:367}}
Apr 18 05:58:57.005487 dv-neutron-837489-1-hyperv devstack@n-api.service[102562]: DEBUG oslo_concurrency.lockutils [None req-4ba4966d-5d4e-40a1-b01c-0450e573b130 tempest-TestVolumeBootPattern-1459447338 tempest-TestVolumeBootPattern-1459447338-project] Lock "b71ec44f-f2b1-4ea7-b635-be99e44bf7da" acquired by "nova.context.set_target_cell..get_or_set_cached_cell_and_set_connections" :: waited 0.000s {{(pid=102562) inner /usr/local/lib/python3.8/dist-packages/oslo_concurrency/lockutils.py:355}}
Apr 18 05:58:57.006277 dv-neutron-837489-1-hyperv devstack@n-api.service[102562]: DEBUG oslo_concurrency.lockutils [None req-4ba4966d-5d4e-40a1-b01c-0450e573b130 tempest-TestVolumeBootPattern-1459447338 tempest-TestVolumeBootPattern-1459447338-project] Lock "b71ec44f-f2b1-4ea7-b635-be99e44bf7da" released by "nova.context.set_target_cell..get_or_set_cached_cell_and_set_connections" :: held 0.001s {{(pid=102562) inner /usr/local/lib/python3.8/dist-packages/oslo_concurrency/lockutils.py:367}}
Apr 18 05:58:57.216536 dv-neutron-837489-1-hyperv devstack@n-api.service[102563]: DEBUG nova.policy [None req-de43212e-5879-479e-adbe-911eaf5fd78a tempest-TestNetworkBasicOps-1879485203 tempest-TestNetworkBasicOps-1879485203-project] Policy check for os_compute_api:os-extended-server-attributes failed with credentials {'is_admin': False, 'user_id': '753ca5091584434fbd072811e1761b28', 'user_domain_id': 'default', 'system_scope': None, 'domain_id': None, 'project_id': 'e00da76b2c8c4cb8902ec43a97f5e314', 'project_domain_id': 'default', 'roles': ['reader', 'member'], 'is_admin_project': True, 'service_user_id': None, 'service_user_domain_id': None, 'service_project_id': None, 'service_project_domain_id': None, 'service_roles': []} {{(pid=102563) authorize /opt/stack/nova/nova/policy.py:199}}
Apr 18 05:58:57.232380 dv-neutron-837489-1-hyperv devstack@n-api.service[102563]: INFO nova.api.openstack.requestlog [None req-de43212e-5879-479e-adbe-911eaf5fd78a tempest-TestNetworkBasicOps-1879485203 tempest-TestNetworkBasicOps-1879485203-project] 10.222.0.15 "GET /compute/v2.1/servers/fcc93699-9e79-47b8-ae98-7a80bd98524e" status: 200 len: 1553 microversion: 2.1 time: 0.764267
Apr 18 05:58:57.232972 dv-neutron-837489-1-hyperv devstack@n-api.service[102563]: [pid: 102563|app: 0|req: 127/253] 10.222.0.15 () {58 vars in 1235 bytes} [Mon Apr 18 05:58:56 2022] GET /compute/v2.1/servers/fcc93699-9e79-47b8-ae98-7a80bd98524e => generated 1553 bytes in 766 msecs (HTTP/1.1 200) 9 headers in 358 bytes (1 switches on core 0)
Apr 18 05:58:58.251175 dv-neutron-837489-1-hyperv devstack@n-api.service[102563]: DEBUG nova.api.openstack.wsgi [None req-7d0ea922-d43c-43b0-abc2-89a79d923d78 tempest-TestNetworkBasicOps-1879485203 tempest-TestNetworkBasicOps-1879485203-project] Calling method '>' {{(pid=102563) _process_stack /opt/stack/nova/nova/api/openstack/wsgi.py:513}}
Apr 18 05:58:58.252460 dv-neutron-837489-1-hyperv devstack@n-api.service[102563]: DEBUG nova.compute.api [None req-7d0ea922-d43c-43b0-abc2-89a79d923d78 tempest-TestNetworkBasicOps-1879485203 tempest-TestNetworkBasicOps-1879485203-project] [instance: fcc93699-9e79-47b8-ae98-7a80bd98524e] Fetching instance by UUID {{(pid=102563) get /opt/stack/nova/nova/compute/api.py:2813}}
Apr 18 05:58:58.272312 dv-neutron-837489-1-hyperv devstack@n-api.service[102563]: DEBUG oslo_concurrency.lockutils [None req-7d0ea922-d43c-43b0-abc2-89a79d923d78 tempest-TestNetworkBasicOps-1879485203 tempest-TestNetworkBasicOps-1879485203-project] Lock "b71ec44f-f2b1-4ea7-b635-be99e44bf7da" acquired by "nova.context.set_target_cell..get_or_set_cached_cell_and_set_connections" :: waited 0.000s {{(pid=102563) inner /usr/local/lib/python3.8/dist-packages/oslo_concurrency/lockutils.py:355}}
Apr 18 05:58:58.273201 dv-neutron-837489-1-hyperv devstack@n-api.service[102563]: DEBUG oslo_concurrency.lockutils [None req-7d0ea922-d43c-43b0-abc2-89a79d923d78 tempest-TestNetworkBasicOps-1879485203 tempest-TestNetworkBasicOps-1879485203-project] Lock "b71ec44f-f2b1-4ea7-b635-be99e44bf7da" released by "nova.context.set_target_cell..get_or_set_cached_cell_and_set_connections" :: held 0.001s {{(pid=102563) inner /usr/local/lib/python3.8/dist-packages/oslo_concurrency/lockutils.py:367}}
Apr 18 05:58:58.274147 dv-neutron-837489-1-hyperv devstack@n-api.service[102563]: DEBUG oslo_concurrency.lockutils [None req-7d0ea922-d43c-43b0-abc2-89a79d923d78 tempest-TestNetworkBasicOps-1879485203 tempest-TestNetworkBasicOps-1879485203-project] Lock "b71ec44f-f2b1-4ea7-b635-be99e44bf7da" acquired by "nova.context.set_target_cell..get_or_set_cached_cell_and_set_connections" :: waited 0.000s {{(pid=102563) inner /usr/local/lib/python3.8/dist-packages/oslo_concurrency/lockutils.py:355}}
Apr 18 05:58:58.274745 dv-neutron-837489-1-hyperv devstack@n-api.service[102563]: DEBUG oslo_concurrency.lockutils [None req-7d0ea922-d43c-43b0-abc2-89a79d923d78 tempest-TestNetworkBasicOps-1879485203 tempest-TestNetworkBasicOps-1879485203-project] Lock "b71ec44f-f2b1-4ea7-b635-be99e44bf7da" released by "nova.context.set_target_cell..get_or_set_cached_cell_and_set_connections" :: held 0.001s {{(pid=102563) inner /usr/local/lib/python3.8/dist-packages/oslo_concurrency/lockutils.py:367}}
Apr 18 05:58:58.449502 dv-neutron-837489-1-hyperv devstack@n-api.service[102562]: DEBUG nova.policy [None req-4ba4966d-5d4e-40a1-b01c-0450e573b130 tempest-TestVolumeBootPattern-1459447338 tempest-TestVolumeBootPattern-1459447338-project] Policy check for os_compute_api:os-extended-server-attributes failed with credentials {'is_admin': False, 'user_id': '08d8c8fe093340bb834e31e8e5b015dc', 'user_domain_id': 'default', 'system_scope': None, 'domain_id': None, 'project_id': '49ad773d519141abbf5e743e64df06bc', 'project_domain_id': 'default', 'roles': ['reader', 'member'], 'is_admin_project': True, 'service_user_id': None, 'service_user_domain_id': None, 'service_project_id': None, 'service_project_domain_id': None, 'service_roles': []} {{(pid=102562) authorize /opt/stack/nova/nova/policy.py:199}}
Apr 18 05:58:58.462877 dv-neutron-837489-1-hyperv devstack@n-api.service[102562]: INFO nova.api.openstack.requestlog [None req-4ba4966d-5d4e-40a1-b01c-0450e573b130 tempest-TestVolumeBootPattern-1459447338 tempest-TestVolumeBootPattern-1459447338-project] 10.222.0.15 "GET /compute/v2.1/servers/aa1b2230-966e-4ff0-9053-adbebfc7c8c7" status: 200 len: 1266 microversion: 2.1 time: 1.490309
Apr 18 05:58:58.466567 dv-neutron-837489-1-hyperv devstack@n-api.service[102562]: [pid: 102562|app: 0|req: 127/254] 10.222.0.15 () {58 vars in 1235 bytes} [Mon Apr 18 05:58:56 2022] GET /compute/v2.1/servers/aa1b2230-966e-4ff0-9053-adbebfc7c8c7 => generated 1266 bytes in 1495 msecs (HTTP/1.1 200) 9 headers in 358 bytes (1 switches on core 0)
Apr 18 05:58:59.233637 dv-neutron-837489-1-hyperv devstack@n-api.service[102563]: DEBUG nova.policy [None req-7d0ea922-d43c-43b0-abc2-89a79d923d78 tempest-TestNetworkBasicOps-1879485203 tempest-TestNetworkBasicOps-1879485203-project] Policy check for os_compute_api:os-extended-server-attributes failed with credentials {'is_admin': False, 'user_id': '753ca5091584434fbd072811e1761b28', 'user_domain_id': 'default', 'system_scope': None, 'domain_id': None, 'project_id': 'e00da76b2c8c4cb8902ec43a97f5e314', 'project_domain_id': 'default', 'roles': ['reader', 'member'], 'is_admin_project': True, 'service_user_id': None, 'service_user_domain_id': None, 'service_project_id': None, 'service_project_domain_id': None, 'service_roles': []} {{(pid=102563) authorize /opt/stack/nova/nova/policy.py:199}}
Apr 18 05:58:59.246453 dv-neutron-837489-1-hyperv devstack@n-api.service[102563]: INFO nova.api.openstack.requestlog [None req-7d0ea922-d43c-43b0-abc2-89a79d923d78 tempest-TestNetworkBasicOps-1879485203 tempest-TestNetworkBasicOps-1879485203-project] 10.222.0.15 "GET /compute/v2.1/servers/fcc93699-9e79-47b8-ae98-7a80bd98524e" status: 200 len: 1553 microversion: 2.1 time: 0.998574
Apr 18 05:58:59.264069 dv-neutron-837489-1-hyperv devstack@n-api.service[102563]: [pid: 102563|app: 0|req: 128/255] 10.222.0.15 () {58 vars in 1235 bytes} [Mon Apr 18 05:58:58 2022] GET /compute/v2.1/servers/fcc93699-9e79-47b8-ae98-7a80bd98524e => generated 1553 bytes in 1018 msecs (HTTP/1.1 200) 9 headers in 358 bytes (2 switches on core 0)
Apr 18 05:58:59.485239 dv-neutron-837489-1-hyperv devstack@n-api.service[102562]: DEBUG nova.api.openstack.wsgi [None req-19ea244c-d58e-4333-818d-12ec63452d04 tempest-TestVolumeBootPattern-1459447338 tempest-TestVolumeBootPattern-1459447338-project] Calling method '>' {{(pid=102562) _process_stack /opt/stack/nova/nova/api/openstack/wsgi.py:513}}
Apr 18 05:58:59.488481 dv-neutron-837489-1-hyperv devstack@n-api.service[102562]: DEBUG nova.compute.api [None req-19ea244c-d58e-4333-818d-12ec63452d04 tempest-TestVolumeBootPattern-1459447338 tempest-TestVolumeBootPattern-1459447338-project] [instance: aa1b2230-966e-4ff0-9053-adbebfc7c8c7] Fetching instance by UUID {{(pid=102562) get /opt/stack/nova/nova/compute/api.py:2813}}
Apr 18 05:58:59.498911 dv-neutron-837489-1-hyperv devstack@n-api.service[102562]: DEBUG oslo_concurrency.lockutils [None req-19ea244c-d58e-4333-818d-12ec63452d04 tempest-TestVolumeBootPattern-1459447338 tempest-TestVolumeBootPattern-1459447338-project] Lock "b71ec44f-f2b1-4ea7-b635-be99e44bf7da" acquired by "nova.context.set_target_cell..get_or_set_cached_cell_and_set_connections" :: waited 0.000s {{(pid=102562) inner /usr/local/lib/python3.8/dist-packages/oslo_concurrency/lockutils.py:355}}
Apr 18 05:58:59.499610 dv-neutron-837489-1-hyperv devstack@n-api.service[102562]: DEBUG oslo_concurrency.lockutils [None req-19ea244c-d58e-4333-818d-12ec63452d04 tempest-TestVolumeBootPattern-1459447338 tempest-TestVolumeBootPattern-1459447338-project] Lock "b71ec44f-f2b1-4ea7-b635-be99e44bf7da" released by "nova.context.set_target_cell..get_or_set_cached_cell_and_set_connections" :: held 0.002s {{(pid=102562) inner /usr/local/lib/python3.8/dist-packages/oslo_concurrency/lockutils.py:367}}
Apr 18 05:58:59.502480 dv-neutron-837489-1-hyperv devstack@n-api.service[102562]: DEBUG oslo_concurrency.lockutils [None req-19ea244c-d58e-4333-818d-12ec63452d04 tempest-TestVolumeBootPattern-1459447338 tempest-TestVolumeBootPattern-1459447338-project] Lock "b71ec44f-f2b1-4ea7-b635-be99e44bf7da" acquired by "nova.context.set_target_cell..get_or_set_cached_cell_and_set_connections" :: waited 0.000s {{(pid=102562) inner /usr/local/lib/python3.8/dist-packages/oslo_concurrency/lockutils.py:355}}
Apr 18 05:58:59.503109 dv-neutron-837489-1-hyperv devstack@n-api.service[102562]: DEBUG oslo_concurrency.lockutils [None req-19ea244c-d58e-4333-818d-12ec63452d04 tempest-TestVolumeBootPattern-1459447338 tempest-TestVolumeBootPattern-1459447338-project] Lock "b71ec44f-f2b1-4ea7-b635-be99e44bf7da" released by "nova.context.set_target_cell..get_or_set_cached_cell_and_set_connections" :: held 0.001s {{(pid=102562) inner /usr/local/lib/python3.8/dist-packages/oslo_concurrency/lockutils.py:367}}
Apr 18 05:59:00.248205 dv-neutron-837489-1-hyperv devstack@n-api.service[102562]: DEBUG nova.policy [None req-19ea244c-d58e-4333-818d-12ec63452d04 tempest-TestVolumeBootPattern-1459447338 tempest-TestVolumeBootPattern-1459447338-project] Policy check for os_compute_api:os-extended-server-attributes failed with credentials {'is_admin': False, 'user_id': '08d8c8fe093340bb834e31e8e5b015dc', 'user_domain_id': 'default', 'system_scope': None, 'domain_id': None, 'project_id': '49ad773d519141abbf5e743e64df06bc', 'project_domain_id': 'default', 'roles': ['reader', 'member'], 'is_admin_project': True, 'service_user_id': None, 'service_user_domain_id': None, 'service_project_id': None, 'service_project_domain_id': None, 'service_roles': []} {{(pid=102562) authorize /opt/stack/nova/nova/policy.py:199}}
Apr 18 05:59:00.258050 dv-neutron-837489-1-hyperv devstack@n-api.service[102562]: INFO nova.api.openstack.requestlog [None req-19ea244c-d58e-4333-818d-12ec63452d04 tempest-TestVolumeBootPattern-1459447338 tempest-TestVolumeBootPattern-1459447338-project] 10.222.0.15 "GET /compute/v2.1/servers/aa1b2230-966e-4ff0-9053-adbebfc7c8c7" status: 200 len: 1266 microversion: 2.1 time: 0.778991
Apr 18 05:59:00.265903 dv-neutron-837489-1-hyperv devstack@n-api.service[102563]: DEBUG nova.api.openstack.wsgi [None req-45a11151-5788-47c5-9e6a-b16bca05b1a2 tempest-TestNetworkBasicOps-1879485203 tempest-TestNetworkBasicOps-1879485203-project] Calling method '>' {{(pid=102563) _process_stack /opt/stack/nova/nova/api/openstack/wsgi.py:513}}
Apr 18 05:59:00.266675 dv-neutron-837489-1-hyperv devstack@n-api.service[102563]: DEBUG nova.compute.api [None req-45a11151-5788-47c5-9e6a-b16bca05b1a2 tempest-TestNetworkBasicOps-1879485203 tempest-TestNetworkBasicOps-1879485203-project] [instance: fcc93699-9e79-47b8-ae98-7a80bd98524e] Fetching instance by UUID {{(pid=102563) get /opt/stack/nova/nova/compute/api.py:2813}}
Apr 18 05:59:00.268703 dv-neutron-837489-1-hyperv devstack@n-api.service[102562]: [pid: 102562|app: 0|req: 128/256] 10.222.0.15 () {58 vars in 1235 bytes} [Mon Apr 18 05:58:59 2022] GET /compute/v2.1/servers/aa1b2230-966e-4ff0-9053-adbebfc7c8c7 => generated 1266 bytes in 790 msecs (HTTP/1.1 200) 9 headers in 358 bytes (1 switches on core 0)
Apr 18 05:59:00.274372 dv-neutron-837489-1-hyperv devstack@n-api.service[102563]: DEBUG oslo_concurrency.lockutils [None req-45a11151-5788-47c5-9e6a-b16bca05b1a2 tempest-TestNetworkBasicOps-1879485203 tempest-TestNetworkBasicOps-1879485203-project] Lock "b71ec44f-f2b1-4ea7-b635-be99e44bf7da" acquired by "nova.context.set_target_cell..get_or_set_cached_cell_and_set_connections" :: waited 0.000s {{(pid=102563) inner /usr/local/lib/python3.8/dist-packages/oslo_concurrency/lockutils.py:355}}
Apr 18 05:59:00.275075 dv-neutron-837489-1-hyperv devstack@n-api.service[102563]: DEBUG oslo_concurrency.lockutils [None req-45a11151-5788-47c5-9e6a-b16bca05b1a2 tempest-TestNetworkBasicOps-1879485203 tempest-TestNetworkBasicOps-1879485203-project] Lock "b71ec44f-f2b1-4ea7-b635-be99e44bf7da" released by "nova.context.set_target_cell..get_or_set_cached_cell_and_set_connections" :: held 0.001s {{(pid=102563) inner /usr/local/lib/python3.8/dist-packages/oslo_concurrency/lockutils.py:367}}
Apr 18 05:59:00.276322 dv-neutron-837489-1-hyperv devstack@n-api.service[102563]: DEBUG oslo_concurrency.lockutils [None req-45a11151-5788-47c5-9e6a-b16bca05b1a2 tempest-TestNetworkBasicOps-1879485203 tempest-TestNetworkBasicOps-1879485203-project] Lock "b71ec44f-f2b1-4ea7-b635-be99e44bf7da" acquired by "nova.context.set_target_cell..get_or_set_cached_cell_and_set_connections" :: waited 0.000s {{(pid=102563) inner /usr/local/lib/python3.8/dist-packages/oslo_concurrency/lockutils.py:355}}
Apr 18 05:59:00.276445 dv-neutron-837489-1-hyperv devstack@n-api.service[102563]: DEBUG oslo_concurrency.lockutils [None req-45a11151-5788-47c5-9e6a-b16bca05b1a2 tempest-TestNetworkBasicOps-1879485203 tempest-TestNetworkBasicOps-1879485203-project] Lock "b71ec44f-f2b1-4ea7-b635-be99e44bf7da" released by "nova.context.set_target_cell..get_or_set_cached_cell_and_set_connections" :: held 0.000s {{(pid=102563) inner /usr/local/lib/python3.8/dist-packages/oslo_concurrency/lockutils.py:367}}
Apr 18 05:59:00.557062 dv-neutron-837489-1-hyperv devstack@n-api.service[102563]: DEBUG nova.policy [None req-45a11151-5788-47c5-9e6a-b16bca05b1a2 tempest-TestNetworkBasicOps-1879485203 tempest-TestNetworkBasicOps-1879485203-project] Policy check for os_compute_api:os-extended-server-attributes failed with credentials {'is_admin': False, 'user_id': '753ca5091584434fbd072811e1761b28', 'user_domain_id': 'default', 'system_scope': None, 'domain_id': None, 'project_id': 'e00da76b2c8c4cb8902ec43a97f5e314', 'project_domain_id': 'default', 'roles': ['reader', 'member'], 'is_admin_project': True, 'service_user_id': None, 'service_user_domain_id': None, 'service_project_id': None, 'service_project_domain_id': None, 'service_roles': []} {{(pid=102563) authorize /opt/stack/nova/nova/policy.py:199}}
Apr 18 05:59:00.572283 dv-neutron-837489-1-hyperv devstack@n-api.service[102563]: INFO nova.api.openstack.requestlog [None req-45a11151-5788-47c5-9e6a-b16bca05b1a2 tempest-TestNetworkBasicOps-1879485203 tempest-TestNetworkBasicOps-1879485203-project] 10.222.0.15 "GET /compute/v2.1/servers/fcc93699-9e79-47b8-ae98-7a80bd98524e" status: 200 len: 1485 microversion: 2.1 time: 0.308475
Apr 18 05:59:00.585169 dv-neutron-837489-1-hyperv devstack@n-api.service[102563]: [pid: 102563|app: 0|req: 129/257] 10.222.0.15 () {58 vars in 1235 bytes} [Mon Apr 18 05:59:00 2022] GET /compute/v2.1/servers/fcc93699-9e79-47b8-ae98-7a80bd98524e => generated 1485 bytes in 323 msecs (HTTP/1.1 200) 9 headers in 358 bytes (2 switches on core 0)
Apr 18 05:59:00.675116 dv-neutron-837489-1-hyperv devstack@n-api.service[102562]: DEBUG nova.api.openstack.wsgi [req-1627d9a8-f261-414f-9109-8acae885c4da req-97e23c12-f7f1-4b80-9607-0bc4ef834cde service nova] Action: 'create', calling method: >, body: {"events": [{"server_uuid": "fcc93699-9e79-47b8-ae98-7a80bd98524e", "name": "network-vif-deleted", "tag": "da0af385-aeba-4eeb-aec5-c779f2b8a70e"}]} {{(pid=102562) _process_stack /opt/stack/nova/nova/api/openstack/wsgi.py:511}}
Apr 18 05:59:00.677913 dv-neutron-837489-1-hyperv devstack@n-api.service[102562]: /usr/local/lib/python3.8/dist-packages/oslo_policy/policy.py:1065: UserWarning: Policy os_compute_api:os-server-external-events:create failed scope check. The token used to make the request was project scoped but the policy requires ['system'] scope. This behavior may change in the future where using the intended scope is required
Apr 18 05:59:00.677913 dv-neutron-837489-1-hyperv devstack@n-api.service[102562]: warnings.warn(msg)
Apr 18 05:59:00.697297 dv-neutron-837489-1-hyperv devstack@n-api.service[102562]: DEBUG oslo_concurrency.lockutils [req-1627d9a8-f261-414f-9109-8acae885c4da req-97e23c12-f7f1-4b80-9607-0bc4ef834cde service nova] Lock "b71ec44f-f2b1-4ea7-b635-be99e44bf7da" acquired by "nova.context.set_target_cell..get_or_set_cached_cell_and_set_connections" :: waited 0.000s {{(pid=102562) inner /usr/local/lib/python3.8/dist-packages/oslo_concurrency/lockutils.py:355}}
Apr 18 05:59:00.698294 dv-neutron-837489-1-hyperv devstack@n-api.service[102562]: DEBUG oslo_concurrency.lockutils [req-1627d9a8-f261-414f-9109-8acae885c4da req-97e23c12-f7f1-4b80-9607-0bc4ef834cde service nova] Lock "b71ec44f-f2b1-4ea7-b635-be99e44bf7da" released by "nova.context.set_target_cell..get_or_set_cached_cell_and_set_connections" :: held 0.001s {{(pid=102562) inner /usr/local/lib/python3.8/dist-packages/oslo_concurrency/lockutils.py:367}}
Apr 18 05:59:00.732415 dv-neutron-837489-1-hyperv devstack@n-api.service[102562]: INFO nova.api.openstack.compute.server_external_events [req-1627d9a8-f261-414f-9109-8acae885c4da req-97e23c12-f7f1-4b80-9607-0bc4ef834cde service nova] Creating event network-vif-deleted:da0af385-aeba-4eeb-aec5-c779f2b8a70e for instance fcc93699-9e79-47b8-ae98-7a80bd98524e on hv-neutron-8374
Apr 18 05:59:00.751067 dv-neutron-837489-1-hyperv devstack@n-api.service[102562]: INFO nova.api.openstack.requestlog [req-1627d9a8-f261-414f-9109-8acae885c4da req-97e23c12-f7f1-4b80-9607-0bc4ef834cde service nova] 10.222.0.15 "POST /compute/v2.1/os-server-external-events" status: 200 len: 183 microversion: 2.1 time: 0.292846
Apr 18 05:59:00.752693 dv-neutron-837489-1-hyperv devstack@n-api.service[102562]: [pid: 102562|app: 0|req: 129/258] 10.222.0.15 () {64 vars in 1317 bytes} [Mon Apr 18 05:59:00 2022] POST /compute/v2.1/os-server-external-events => generated 183 bytes in 297 msecs (HTTP/1.1 200) 9 headers in 357 bytes (2 switches on core 0)
Apr 18 05:59:01.275307 dv-neutron-837489-1-hyperv devstack@n-api.service[102563]: DEBUG nova.api.openstack.wsgi [None req-ddacaee6-962f-469f-9c0f-b9d43b5794df tempest-TestVolumeBootPattern-1459447338 tempest-TestVolumeBootPattern-1459447338-project] Calling method '>' {{(pid=102563) _process_stack /opt/stack/nova/nova/api/openstack/wsgi.py:513}}
Apr 18 05:59:01.275983 dv-neutron-837489-1-hyperv devstack@n-api.service[102563]: DEBUG nova.compute.api [None req-ddacaee6-962f-469f-9c0f-b9d43b5794df tempest-TestVolumeBootPattern-1459447338 tempest-TestVolumeBootPattern-1459447338-project] [instance: aa1b2230-966e-4ff0-9053-adbebfc7c8c7] Fetching instance by UUID {{(pid=102563) get /opt/stack/nova/nova/compute/api.py:2813}}
Apr 18 05:59:01.288376 dv-neutron-837489-1-hyperv devstack@n-api.service[102563]: DEBUG oslo_concurrency.lockutils [None req-ddacaee6-962f-469f-9c0f-b9d43b5794df tempest-TestVolumeBootPattern-1459447338 tempest-TestVolumeBootPattern-1459447338-project] Lock "b71ec44f-f2b1-4ea7-b635-be99e44bf7da" acquired by "nova.context.set_target_cell..get_or_set_cached_cell_and_set_connections" :: waited 0.000s {{(pid=102563) inner /usr/local/lib/python3.8/dist-packages/oslo_concurrency/lockutils.py:355}}
Apr 18 05:59:01.289987 dv-neutron-837489-1-hyperv devstack@n-api.service[102563]: DEBUG oslo_concurrency.lockutils [None req-ddacaee6-962f-469f-9c0f-b9d43b5794df tempest-TestVolumeBootPattern-1459447338 tempest-TestVolumeBootPattern-1459447338-project] Lock "b71ec44f-f2b1-4ea7-b635-be99e44bf7da" released by "nova.context.set_target_cell..get_or_set_cached_cell_and_set_connections" :: held 0.002s {{(pid=102563) inner /usr/local/lib/python3.8/dist-packages/oslo_concurrency/lockutils.py:367}}
Apr 18 05:59:01.290997 dv-neutron-837489-1-hyperv devstack@n-api.service[102563]: DEBUG oslo_concurrency.lockutils [None req-ddacaee6-962f-469f-9c0f-b9d43b5794df tempest-TestVolumeBootPattern-1459447338 tempest-TestVolumeBootPattern-1459447338-project] Lock "b71ec44f-f2b1-4ea7-b635-be99e44bf7da" acquired by "nova.context.set_target_cell..get_or_set_cached_cell_and_set_connections" :: waited 0.000s {{(pid=102563) inner /usr/local/lib/python3.8/dist-packages/oslo_concurrency/lockutils.py:355}}
Apr 18 05:59:01.293723 dv-neutron-837489-1-hyperv devstack@n-api.service[102563]: DEBUG oslo_concurrency.lockutils [None req-ddacaee6-962f-469f-9c0f-b9d43b5794df tempest-TestVolumeBootPattern-1459447338 tempest-TestVolumeBootPattern-1459447338-project] Lock "b71ec44f-f2b1-4ea7-b635-be99e44bf7da" released by "nova.context.set_target_cell..get_or_set_cached_cell_and_set_connections" :: held 0.003s {{(pid=102563) inner /usr/local/lib/python3.8/dist-packages/oslo_concurrency/lockutils.py:367}}
Apr 18 05:59:01.591382 dv-neutron-837489-1-hyperv devstack@n-api.service[102562]: DEBUG nova.api.openstack.wsgi [None req-daa67be6-b5a1-47a2-b6d1-7c24c22939f1 tempest-TestNetworkBasicOps-1879485203 tempest-TestNetworkBasicOps-1879485203-project] Calling method '>' {{(pid=102562) _process_stack /opt/stack/nova/nova/api/openstack/wsgi.py:513}}
Apr 18 05:59:01.592504 dv-neutron-837489-1-hyperv devstack@n-api.service[102562]: DEBUG nova.compute.api [None req-daa67be6-b5a1-47a2-b6d1-7c24c22939f1 tempest-TestNetworkBasicOps-1879485203 tempest-TestNetworkBasicOps-1879485203-project] [instance: fcc93699-9e79-47b8-ae98-7a80bd98524e] Fetching instance by UUID {{(pid=102562) get /opt/stack/nova/nova/compute/api.py:2813}}
Apr 18 05:59:01.601009 dv-neutron-837489-1-hyperv devstack@n-api.service[102562]: DEBUG oslo_concurrency.lockutils [None req-daa67be6-b5a1-47a2-b6d1-7c24c22939f1 tempest-TestNetworkBasicOps-1879485203 tempest-TestNetworkBasicOps-1879485203-project] Lock "b71ec44f-f2b1-4ea7-b635-be99e44bf7da" acquired by "nova.context.set_target_cell..get_or_set_cached_cell_and_set_connections" :: waited 0.000s {{(pid=102562) inner /usr/local/lib/python3.8/dist-packages/oslo_concurrency/lockutils.py:355}}
Apr 18 05:59:01.601555 dv-neutron-837489-1-hyperv devstack@n-api.service[102562]: DEBUG oslo_concurrency.lockutils [None req-daa67be6-b5a1-47a2-b6d1-7c24c22939f1 tempest-TestNetworkBasicOps-1879485203 tempest-TestNetworkBasicOps-1879485203-project] Lock "b71ec44f-f2b1-4ea7-b635-be99e44bf7da" released by "nova.context.set_target_cell..get_or_set_cached_cell_and_set_connections" :: held 0.001s {{(pid=102562) inner /usr/local/lib/python3.8/dist-packages/oslo_concurrency/lockutils.py:367}}
Apr 18 05:59:01.602404 dv-neutron-837489-1-hyperv devstack@n-api.service[102562]: DEBUG oslo_concurrency.lockutils [None req-daa67be6-b5a1-47a2-b6d1-7c24c22939f1 tempest-TestNetworkBasicOps-1879485203 tempest-TestNetworkBasicOps-1879485203-project] Lock "b71ec44f-f2b1-4ea7-b635-be99e44bf7da" acquired by "nova.context.set_target_cell..get_or_set_cached_cell_and_set_connections" :: waited 0.000s {{(pid=102562) inner /usr/local/lib/python3.8/dist-packages/oslo_concurrency/lockutils.py:355}}
Apr 18 05:59:01.602914 dv-neutron-837489-1-hyperv devstack@n-api.service[102562]: DEBUG oslo_concurrency.lockutils [None req-daa67be6-b5a1-47a2-b6d1-7c24c22939f1 tempest-TestNetworkBasicOps-1879485203 tempest-TestNetworkBasicOps-1879485203-project] Lock "b71ec44f-f2b1-4ea7-b635-be99e44bf7da" released by "nova.context.set_target_cell..get_or_set_cached_cell_and_set_connections" :: held 0.000s {{(pid=102562) inner /usr/local/lib/python3.8/dist-packages/oslo_concurrency/lockutils.py:367}}
Apr 18 05:59:01.660143 dv-neutron-837489-1-hyperv devstack@n-api.service[102562]: INFO nova.api.openstack.wsgi [None req-daa67be6-b5a1-47a2-b6d1-7c24c22939f1 tempest-TestNetworkBasicOps-1879485203 tempest-TestNetworkBasicOps-1879485203-project] HTTP exception thrown: Instance fcc93699-9e79-47b8-ae98-7a80bd98524e could not be found.
Apr 18 05:59:01.660733 dv-neutron-837489-1-hyperv devstack@n-api.service[102562]: DEBUG nova.api.openstack.wsgi [None req-daa67be6-b5a1-47a2-b6d1-7c24c22939f1 tempest-TestNetworkBasicOps-1879485203 tempest-TestNetworkBasicOps-1879485203-project] Returning 404 to user: Instance fcc93699-9e79-47b8-ae98-7a80bd98524e could not be found. {{(pid=102562) __call__ /opt/stack/nova/nova/api/openstack/wsgi.py:927}}
Apr 18 05:59:01.661582 dv-neutron-837489-1-hyperv devstack@n-api.service[102562]: INFO nova.api.openstack.requestlog [None req-daa67be6-b5a1-47a2-b6d1-7c24c22939f1 tempest-TestNetworkBasicOps-1879485203 tempest-TestNetworkBasicOps-1879485203-project] 10.222.0.15 "GET /compute/v2.1/servers/fcc93699-9e79-47b8-ae98-7a80bd98524e" status: 404 len: 111 microversion: 2.1 time: 0.074253
Apr 18 05:59:01.662153 dv-neutron-837489-1-hyperv devstack@n-api.service[102562]: [pid: 102562|app: 0|req: 130/259] 10.222.0.15 () {58 vars in 1235 bytes} [Mon Apr 18 05:59:01 2022] GET /compute/v2.1/servers/fcc93699-9e79-47b8-ae98-7a80bd98524e => generated 111 bytes in 76 msecs (HTTP/1.1 404) 9 headers in 379 bytes (2 switches on core 0)
Apr 18 05:59:02.300114 dv-neutron-837489-1-hyperv devstack@n-api.service[102562]: DEBUG nova.api.openstack.wsgi [None req-433b1e73-8b61-4ad8-920c-8f0bccc136d5 tempest-TestNetworkBasicOps-1879485203 tempest-TestNetworkBasicOps-1879485203-project] Calling method '.version_select at 0x7f831869fb80>' {{(pid=102562) _process_stack /opt/stack/nova/nova/api/openstack/wsgi.py:513}}
Apr 18 05:59:02.335157 dv-neutron-837489-1-hyperv devstack@n-api.service[102563]: DEBUG nova.policy [None req-ddacaee6-962f-469f-9c0f-b9d43b5794df tempest-TestVolumeBootPattern-1459447338 tempest-TestVolumeBootPattern-1459447338-project] Policy check for os_compute_api:os-extended-server-attributes failed with credentials {'is_admin': False, 'user_id': '08d8c8fe093340bb834e31e8e5b015dc', 'user_domain_id': 'default', 'system_scope': None, 'domain_id': None, 'project_id': '49ad773d519141abbf5e743e64df06bc', 'project_domain_id': 'default', 'roles': ['reader', 'member'], 'is_admin_project': True, 'service_user_id': None, 'service_user_domain_id': None, 'service_project_id': None, 'service_project_domain_id': None, 'service_roles': []} {{(pid=102563) authorize /opt/stack/nova/nova/policy.py:199}}
Apr 18 05:59:02.347590 dv-neutron-837489-1-hyperv devstack@n-api.service[102562]: INFO nova.api.openstack.requestlog [None req-433b1e73-8b61-4ad8-920c-8f0bccc136d5 tempest-TestNetworkBasicOps-1879485203 tempest-TestNetworkBasicOps-1879485203-project] 10.222.0.15 "DELETE /compute/v2.1/os-keypairs/tempest-TestNetworkBasicOps-1573110067" status: 202 len: 0 microversion: 2.1 time: 0.056067
Apr 18 05:59:02.349933 dv-neutron-837489-1-hyperv devstack@n-api.service[102563]: INFO nova.api.openstack.requestlog [None req-ddacaee6-962f-469f-9c0f-b9d43b5794df tempest-TestVolumeBootPattern-1459447338 tempest-TestVolumeBootPattern-1459447338-project] 10.222.0.15 "GET /compute/v2.1/servers/aa1b2230-966e-4ff0-9053-adbebfc7c8c7" status: 200 len: 1266 microversion: 2.1 time: 1.078597
Apr 18 05:59:02.351202 dv-neutron-837489-1-hyperv devstack@n-api.service[102562]: [pid: 102562|app: 0|req: 131/260] 10.222.0.15 () {58 vars in 1256 bytes} [Mon Apr 18 05:59:02 2022] DELETE /compute/v2.1/os-keypairs/tempest-TestNetworkBasicOps-1573110067 => generated 0 bytes in 61 msecs (HTTP/1.1 202) 9 headers in 361 bytes (1 switches on core 0)
Apr 18 05:59:02.352787 dv-neutron-837489-1-hyperv devstack@n-api.service[102563]: [pid: 102563|app: 0|req: 130/261] 10.222.0.15 () {58 vars in 1235 bytes} [Mon Apr 18 05:59:01 2022] GET /compute/v2.1/servers/aa1b2230-966e-4ff0-9053-adbebfc7c8c7 => generated 1266 bytes in 1082 msecs (HTTP/1.1 200) 9 headers in 358 bytes (1 switches on core 0)
Apr 18 05:59:02.647799 dv-neutron-837489-1-hyperv devstack@n-api.service[102562]: DEBUG nova.api.openstack.wsgi [None req-852cd474-f544-43d8-af1d-710625231d83 tempest-TestNetworkAdvancedServerOps-1416177583 tempest-TestNetworkAdvancedServerOps-1416177583-project] Action: 'create', calling method: .version_select at 0x7f8318336ee0>, body: {"keypair": {"name": "tempest-TestNetworkAdvancedServerOps-1294505585"}} {{(pid=102562) _process_stack /opt/stack/nova/nova/api/openstack/wsgi.py:511}}
Apr 18 05:59:02.674361 dv-neutron-837489-1-hyperv devstack@n-api.service[102562]: DEBUG nova.quota [None req-852cd474-f544-43d8-af1d-710625231d83 tempest-TestNetworkAdvancedServerOps-1416177583 tempest-TestNetworkAdvancedServerOps-1416177583-project] Getting quotas for project 7b66247ce3a54159b17aa96e039e5639. Resources: {'key_pairs'} {{(pid=102562) _get_quotas /opt/stack/nova/nova/quota.py:387}}
Apr 18 05:59:02.678518 dv-neutron-837489-1-hyperv devstack@n-api.service[102562]: DEBUG nova.quota [None req-852cd474-f544-43d8-af1d-710625231d83 tempest-TestNetworkAdvancedServerOps-1416177583 tempest-TestNetworkAdvancedServerOps-1416177583-project] Getting quotas for user b4aeba7a6c0c4749b85a06c5cf6c24a1 and project 7b66247ce3a54159b17aa96e039e5639. Resources: {'key_pairs'} {{(pid=102562) _get_quotas /opt/stack/nova/nova/quota.py:377}}
Apr 18 05:59:03.082987 dv-neutron-837489-1-hyperv devstack@n-api.service[102562]: DEBUG nova.quota [None req-852cd474-f544-43d8-af1d-710625231d83 tempest-TestNetworkAdvancedServerOps-1416177583 tempest-TestNetworkAdvancedServerOps-1416177583-project] Getting quotas for project 7b66247ce3a54159b17aa96e039e5639. Resources: {'key_pairs'} {{(pid=102562) _get_quotas /opt/stack/nova/nova/quota.py:387}}
Apr 18 05:59:03.088153 dv-neutron-837489-1-hyperv devstack@n-api.service[102562]: DEBUG nova.quota [None req-852cd474-f544-43d8-af1d-710625231d83 tempest-TestNetworkAdvancedServerOps-1416177583 tempest-TestNetworkAdvancedServerOps-1416177583-project] Getting quotas for user b4aeba7a6c0c4749b85a06c5cf6c24a1 and project 7b66247ce3a54159b17aa96e039e5639. Resources: {'key_pairs'} {{(pid=102562) _get_quotas /opt/stack/nova/nova/quota.py:377}}
Apr 18 05:59:03.110152 dv-neutron-837489-1-hyperv devstack@n-api.service[102562]: INFO nova.api.openstack.requestlog [None req-852cd474-f544-43d8-af1d-710625231d83 tempest-TestNetworkAdvancedServerOps-1416177583 tempest-TestNetworkAdvancedServerOps-1416177583-project] 10.222.0.15 "POST /compute/v2.1/os-keypairs" status: 200 len: 2322 microversion: 2.1 time: 0.688299
Apr 18 05:59:03.111287 dv-neutron-837489-1-hyperv devstack@n-api.service[102562]: [pid: 102562|app: 0|req: 132/262] 10.222.0.15 () {60 vars in 1157 bytes} [Mon Apr 18 05:59:02 2022] POST /compute/v2.1/os-keypairs => generated 2322 bytes in 691 msecs (HTTP/1.1 200) 9 headers in 358 bytes (1 switches on core 0)
Apr 18 05:59:03.373667 dv-neutron-837489-1-hyperv devstack@n-api.service[102563]: DEBUG nova.api.openstack.wsgi [None req-b6682dd9-ebee-4d0b-a8f1-cbf88f371f9a tempest-TestVolumeBootPattern-1459447338 tempest-TestVolumeBootPattern-1459447338-project] Calling method '>' {{(pid=102563) _process_stack /opt/stack/nova/nova/api/openstack/wsgi.py:513}}
Apr 18 05:59:03.374331 dv-neutron-837489-1-hyperv devstack@n-api.service[102563]: DEBUG nova.compute.api [None req-b6682dd9-ebee-4d0b-a8f1-cbf88f371f9a tempest-TestVolumeBootPattern-1459447338 tempest-TestVolumeBootPattern-1459447338-project] [instance: aa1b2230-966e-4ff0-9053-adbebfc7c8c7] Fetching instance by UUID {{(pid=102563) get /opt/stack/nova/nova/compute/api.py:2813}}
Apr 18 05:59:03.395484 dv-neutron-837489-1-hyperv devstack@n-api.service[102563]: DEBUG oslo_concurrency.lockutils [None req-b6682dd9-ebee-4d0b-a8f1-cbf88f371f9a tempest-TestVolumeBootPattern-1459447338 tempest-TestVolumeBootPattern-1459447338-project] Lock "b71ec44f-f2b1-4ea7-b635-be99e44bf7da" acquired by "nova.context.set_target_cell..get_or_set_cached_cell_and_set_connections" :: waited 0.000s {{(pid=102563) inner /usr/local/lib/python3.8/dist-packages/oslo_concurrency/lockutils.py:355}}
Apr 18 05:59:03.395933 dv-neutron-837489-1-hyperv devstack@n-api.service[102563]: DEBUG oslo_concurrency.lockutils [None req-b6682dd9-ebee-4d0b-a8f1-cbf88f371f9a tempest-TestVolumeBootPattern-1459447338 tempest-TestVolumeBootPattern-1459447338-project] Lock "b71ec44f-f2b1-4ea7-b635-be99e44bf7da" released by "nova.context.set_target_cell..get_or_set_cached_cell_and_set_connections" :: held 0.001s {{(pid=102563) inner /usr/local/lib/python3.8/dist-packages/oslo_concurrency/lockutils.py:367}}
Apr 18 05:59:03.396763 dv-neutron-837489-1-hyperv devstack@n-api.service[102563]: DEBUG oslo_concurrency.lockutils [None req-b6682dd9-ebee-4d0b-a8f1-cbf88f371f9a tempest-TestVolumeBootPattern-1459447338 tempest-TestVolumeBootPattern-1459447338-project] Lock "b71ec44f-f2b1-4ea7-b635-be99e44bf7da" acquired by "nova.context.set_target_cell..get_or_set_cached_cell_and_set_connections" :: waited 0.000s {{(pid=102563) inner /usr/local/lib/python3.8/dist-packages/oslo_concurrency/lockutils.py:355}}
Apr 18 05:59:03.397193 dv-neutron-837489-1-hyperv devstack@n-api.service[102563]: DEBUG oslo_concurrency.lockutils [None req-b6682dd9-ebee-4d0b-a8f1-cbf88f371f9a tempest-TestVolumeBootPattern-1459447338 tempest-TestVolumeBootPattern-1459447338-project] Lock "b71ec44f-f2b1-4ea7-b635-be99e44bf7da" released by "nova.context.set_target_cell..get_or_set_cached_cell_and_set_connections" :: held 0.000s {{(pid=102563) inner /usr/local/lib/python3.8/dist-packages/oslo_concurrency/lockutils.py:367}}
Apr 18 05:59:04.547331 dv-neutron-837489-1-hyperv devstack@n-api.service[102563]: DEBUG nova.policy [None req-b6682dd9-ebee-4d0b-a8f1-cbf88f371f9a tempest-TestVolumeBootPattern-1459447338 tempest-TestVolumeBootPattern-1459447338-project] Policy check for os_compute_api:os-extended-server-attributes failed with credentials {'is_admin': False, 'user_id': '08d8c8fe093340bb834e31e8e5b015dc', 'user_domain_id': 'default', 'system_scope': None, 'domain_id': None, 'project_id': '49ad773d519141abbf5e743e64df06bc', 'project_domain_id': 'default', 'roles': ['reader', 'member'], 'is_admin_project': True, 'service_user_id': None, 'service_user_domain_id': None, 'service_project_id': None, 'service_project_domain_id': None, 'service_roles': []} {{(pid=102563) authorize /opt/stack/nova/nova/policy.py:199}}
Apr 18 05:59:04.574340 dv-neutron-837489-1-hyperv devstack@n-api.service[102563]: INFO nova.api.openstack.requestlog [None req-b6682dd9-ebee-4d0b-a8f1-cbf88f371f9a tempest-TestVolumeBootPattern-1459447338 tempest-TestVolumeBootPattern-1459447338-project] 10.222.0.15 "GET /compute/v2.1/servers/aa1b2230-966e-4ff0-9053-adbebfc7c8c7" status: 200 len: 1266 microversion: 2.1 time: 1.204059
Apr 18 05:59:04.575853 dv-neutron-837489-1-hyperv devstack@n-api.service[102563]: [pid: 102563|app: 0|req: 131/263] 10.222.0.15 () {58 vars in 1235 bytes} [Mon Apr 18 05:59:03 2022] GET /compute/v2.1/servers/aa1b2230-966e-4ff0-9053-adbebfc7c8c7 => generated 1266 bytes in 1206 msecs (HTTP/1.1 200) 9 headers in 358 bytes (1 switches on core 0)
Apr 18 05:59:05.593104 dv-neutron-837489-1-hyperv devstack@n-api.service[102562]: DEBUG nova.api.openstack.wsgi [None req-118597cb-8d58-4d42-a0ac-1a6bcdbc381f tempest-TestVolumeBootPattern-1459447338 tempest-TestVolumeBootPattern-1459447338-project] Calling method '>' {{(pid=102562) _process_stack /opt/stack/nova/nova/api/openstack/wsgi.py:513}}
Apr 18 05:59:05.594993 dv-neutron-837489-1-hyperv devstack@n-api.service[102562]: DEBUG nova.compute.api [None req-118597cb-8d58-4d42-a0ac-1a6bcdbc381f tempest-TestVolumeBootPattern-1459447338 tempest-TestVolumeBootPattern-1459447338-project] [instance: aa1b2230-966e-4ff0-9053-adbebfc7c8c7] Fetching instance by UUID {{(pid=102562) get /opt/stack/nova/nova/compute/api.py:2813}}
Apr 18 05:59:05.608169 dv-neutron-837489-1-hyperv devstack@n-api.service[102562]: DEBUG oslo_concurrency.lockutils [None req-118597cb-8d58-4d42-a0ac-1a6bcdbc381f tempest-TestVolumeBootPattern-1459447338 tempest-TestVolumeBootPattern-1459447338-project] Lock "b71ec44f-f2b1-4ea7-b635-be99e44bf7da" acquired by "nova.context.set_target_cell..get_or_set_cached_cell_and_set_connections" :: waited 0.000s {{(pid=102562) inner /usr/local/lib/python3.8/dist-packages/oslo_concurrency/lockutils.py:355}}
Apr 18 05:59:05.608846 dv-neutron-837489-1-hyperv devstack@n-api.service[102562]: DEBUG oslo_concurrency.lockutils [None req-118597cb-8d58-4d42-a0ac-1a6bcdbc381f tempest-TestVolumeBootPattern-1459447338 tempest-TestVolumeBootPattern-1459447338-project] Lock "b71ec44f-f2b1-4ea7-b635-be99e44bf7da" released by "nova.context.set_target_cell..get_or_set_cached_cell_and_set_connections" :: held 0.001s {{(pid=102562) inner /usr/local/lib/python3.8/dist-packages/oslo_concurrency/lockutils.py:367}}
Apr 18 05:59:05.610570 dv-neutron-837489-1-hyperv devstack@n-api.service[102562]: DEBUG oslo_concurrency.lockutils [None req-118597cb-8d58-4d42-a0ac-1a6bcdbc381f tempest-TestVolumeBootPattern-1459447338 tempest-TestVolumeBootPattern-1459447338-project] Lock "b71ec44f-f2b1-4ea7-b635-be99e44bf7da" acquired by "nova.context.set_target_cell..get_or_set_cached_cell_and_set_connections" :: waited 0.000s {{(pid=102562) inner /usr/local/lib/python3.8/dist-packages/oslo_concurrency/lockutils.py:355}}
Apr 18 05:59:05.611159 dv-neutron-837489-1-hyperv devstack@n-api.service[102562]: DEBUG oslo_concurrency.lockutils [None req-118597cb-8d58-4d42-a0ac-1a6bcdbc381f tempest-TestVolumeBootPattern-1459447338 tempest-TestVolumeBootPattern-1459447338-project] Lock "b71ec44f-f2b1-4ea7-b635-be99e44bf7da" released by "nova.context.set_target_cell..get_or_set_cached_cell_and_set_connections" :: held 0.001s {{(pid=102562) inner /usr/local/lib/python3.8/dist-packages/oslo_concurrency/lockutils.py:367}}
Apr 18 05:59:06.245778 dv-neutron-837489-1-hyperv devstack@n-api.service[102562]: DEBUG nova.policy [None req-118597cb-8d58-4d42-a0ac-1a6bcdbc381f tempest-TestVolumeBootPattern-1459447338 tempest-TestVolumeBootPattern-1459447338-project] Policy check for os_compute_api:os-extended-server-attributes failed with credentials {'is_admin': False, 'user_id': '08d8c8fe093340bb834e31e8e5b015dc', 'user_domain_id': 'default', 'system_scope': None, 'domain_id': None, 'project_id': '49ad773d519141abbf5e743e64df06bc', 'project_domain_id': 'default', 'roles': ['reader', 'member'], 'is_admin_project': True, 'service_user_id': None, 'service_user_domain_id': None, 'service_project_id': None, 'service_project_domain_id': None, 'service_roles': []} {{(pid=102562) authorize /opt/stack/nova/nova/policy.py:199}}
