Jun 17 17:04:02.570932 dv-neutron-837454-7-hyperv neutron-server[104623]: DEBUG neutron.db.l3_hamode_db [None req-4067b164-6124-4f50-887c-e15d67fddda3 None None] neutron.services.l3_router.l3_router_plugin.L3RouterPlugin method _process_sync_ha_data called with arguments (, [{'id': '69e6c353-b538-4b1f-9998-d2e7a3480f90', 'name': 'tempest-ServersTestJSON-1424757926-router', 'tenant_id': 'fd244633848e426182eb448efea0e2cc', 'admin_state_up': True, 'status': 'ACTIVE', 'external_gateway_info': {'network_id': '73bf673c-d9dc-4ecf-a3f4-b872e26369e2', 'external_fixed_ips': [{'subnet_id': 'b45e7fd8-eed7-4e39-b1e2-66a831031341', 'ip_address': '172.26.4.249'}], 'enable_snat': True}, 'gw_port_id': '8ab1b845-65ed-44bc-b5f5-f280084c1b49', 'description': '', 'availability_zones': ['nova'], 'distributed': False, 'ha': False, 'ha_vr_id': 0, 'availability_zone_hints': [], 'routes': [], 'flavor_id': None, 'tags': [], 'created_at': '2022-06-17T17:03:48Z', 'updated_at': '2022-06-17T17:03:56Z', 'revision_number': 4, 'project_id': 'fd244633848e426182eb448efea0e2cc', 'gw_port': {'id': '8ab1b845-65ed-44bc-b5f5-f280084c1b49', 'name': '', 'network_id': '73bf673c-d9dc-4ecf-a3f4-b872e26369e2', 'tenant_id': '', 'mac_address': 'fa:16:3e:e3:4b:c8', 'admin_state_up': True, 'status': 'ACTIVE', 'device_id': '69e6c353-b538-4b1f-9998-d2e7a3480f90', 'device_owner': 'network:router_gateway', 'standard_attr_id': 53, 'fixed_ips': [{'subnet_id': 'b45e7fd8-eed7-4e39-b1e2-66a831031341', 'ip_address': '172.26.4.249', 'prefixlen': 24}], 'allowed_address_pairs': [], 'extra_dhcp_opts': [], 'security_groups': [], 'description': '', 'binding:vnic_type': 'normal', 'binding:profile': {}, 'binding:host_id': 'dv-neutron-837454-7-hyperv', 'binding:vif_type': 'ovs', 'binding:vif_details': {'connectivity': 'l2', 'port_filter': True, 'ovs_hybrid_plug': False, 'datapath_type': 'system', 'bridge_name': 'br-int', 'bound_drivers': {'0': 'openvswitch'}}, 'port_security_enabled': False, 'tags': [], 'created_at': '2022-06-17T17:03:49Z', 'updated_at': '2022-06-17T17:03:58Z', 'revision_number': 4, 'project_id': '', 'subnets': [{'id': 'b45e7fd8-eed7-4e39-b1e2-66a831031341', 'cidr': '172.26.4.0/24', 'gateway_ip': '172.26.4.1', 'dns_nameservers': [], 'ipv6_ra_mode': None, 'subnetpool_id': None}], 'extra_subnets': [], 'address_scopes': {4: None, 6: None}, 'mtu': 1500}, 'enable_snat': True, 'gw_port_host': 'dv-neutron-837454-7-hyperv', '_interfaces': [{'id': '0a635caa-dcb0-4691-a09c-163d0ec389d1', 'name': '', 'network_id': '489ee1bf-43e6-4d33-9ec6-f090a2e36219', 'tenant_id': 'fd244633848e426182eb448efea0e2cc', 'mac_address': 'fa:16:3e:9d:50:f0', 'admin_state_up': True, 'status': 'DOWN', 'device_id': '69e6c353-b538-4b1f-9998-d2e7a3480f90', 'device_owner': 'network:router_interface', 'standard_attr_id': 76, 'fixed_ips': [{'subnet_id': 'c9ffad0b-0a21-4ca8-ad60-111f518c4a35', 'ip_address': '172.20.0.1', 'prefixlen': 28}], 'allowed_address_pairs': [], 'extra_dhcp_opts': [], 'security_groups': [], 'description': '', 'binding:vnic_type': 'normal', 'binding:profile': {}, 'binding:host_id': 'dv-neutron-837454-7-hyperv', 'binding:vif_type': 'ovs', 'binding:vif_details': {'connectivity': 'l2', 'port_filter': True, 'ovs_hybrid_plug': False, 'datapath_type': 'system', 'bridge_name': 'br-int', 'bound_drivers': {'0': 'openvswitch'}}, 'port_security_enabled': False, 'tags': [], 'created_at': '2022-06-17T17:03:52Z', 'updated_at': '2022-06-17T17:04:01Z', 'revision_number': 4, 'project_id': 'fd244633848e426182eb448efea0e2cc', 'subnets': [{'id': 'c9ffad0b-0a21-4ca8-ad60-111f518c4a35', 'cidr': '172.20.0.0/28', 'gateway_ip': '172.20.0.1', 'dns_nameservers': [], 'ipv6_ra_mode': None, 'subnetpool_id': None}], 'extra_subnets': [], 'address_scopes': {4: None, 6: None}, 'mtu': 1500}]}], 'dv-neutron-837454-7-hyperv', False) {} {{(pid=104623) wrapper /usr/local/lib/python3.8/dist-packages/oslo_log/helpers.py:65}}
Jun 17 17:04:02.575561 dv-neutron-837454-7-hyperv neutron-server[104622]: DEBUG neutron.plugins.ml2.plugin [None req-19b50906-d3b8-4174-9662-488dadc28835 None None] Current status of the port 4e4c8144-df21-4040-8c44-bf44d19987e7 is: ACTIVE; New status is: ACTIVE {{(pid=104622) _update_individual_port_db_status /opt/stack/neutron/neutron/plugins/ml2/plugin.py:2298}}
Jun 17 17:04:02.576805 dv-neutron-837454-7-hyperv neutron-server[104622]: DEBUG neutron.plugins.ml2.rpc [None req-19b50906-d3b8-4174-9662-488dadc28835 None None] Device 8ab1b845-65ed-44bc-b5f5-f280084c1b49 up at agent ovs-agent-dv-neutron-837454-7-hyperv {{(pid=104622) update_device_up /opt/stack/neutron/neutron/plugins/ml2/rpc.py:296}}
Jun 17 17:04:02.623988 dv-neutron-837454-7-hyperv neutron-server[104623]: DEBUG neutron.api.rpc.handlers.l3_rpc [None req-4067b164-6124-4f50-887c-e15d67fddda3 None None] The sync data for ids ['69e6c353-b538-4b1f-9998-d2e7a3480f90'] in dv-neutron-837454-7-hyperv is: [{'id': '69e6c353-b538-4b1f-9998-d2e7a3480f90', 'name': 'tempest-ServersTestJSON-1424757926-router', 'tenant_id': 'fd244633848e426182eb448efea0e2cc', 'admin_state_up': True, 'status': 'ACTIVE', 'external_gateway_info': {'network_id': '73bf673c-d9dc-4ecf-a3f4-b872e26369e2', 'external_fixed_ips': [{'subnet_id': 'b45e7fd8-eed7-4e39-b1e2-66a831031341', 'ip_address': '172.26.4.249'}], 'enable_snat': True}, 'gw_port_id': '8ab1b845-65ed-44bc-b5f5-f280084c1b49', 'description': '', 'availability_zones': ['nova'], 'distributed': False, 'ha': False, 'ha_vr_id': 0, 'availability_zone_hints': [], 'routes': [], 'flavor_id': None, 'tags': [], 'created_at': '2022-06-17T17:03:48Z', 'updated_at': '2022-06-17T17:03:56Z', 'revision_number': 4, 'project_id': 'fd244633848e426182eb448efea0e2cc', 'gw_port': {'id': '8ab1b845-65ed-44bc-b5f5-f280084c1b49', 'name': '', 'network_id': '73bf673c-d9dc-4ecf-a3f4-b872e26369e2', 'tenant_id': '', 'mac_address': 'fa:16:3e:e3:4b:c8', 'admin_state_up': True, 'status': 'ACTIVE', 'device_id': '69e6c353-b538-4b1f-9998-d2e7a3480f90', 'device_owner': 'network:router_gateway', 'standard_attr_id': 53, 'fixed_ips': [{'subnet_id': 'b45e7fd8-eed7-4e39-b1e2-66a831031341', 'ip_address': '172.26.4.249', 'prefixlen': 24}], 'allowed_address_pairs': [], 'extra_dhcp_opts': [], 'security_groups': [], 'description': '', 'binding:vnic_type': 'normal', 'binding:profile': {}, 'binding:host_id': 'dv-neutron-837454-7-hyperv', 'binding:vif_type': 'ovs', 'binding:vif_details': {'connectivity': 'l2', 'port_filter': True, 'ovs_hybrid_plug': False, 'datapath_type': 'system', 'bridge_name': 'br-int', 'bound_drivers': {'0': 'openvswitch'}}, 'port_security_enabled': False, 'tags': [], 'created_at': '2022-06-17T17:03:49Z', 'updated_at': '2022-06-17T17:03:58Z', 'revision_number': 4, 'project_id': '', 'subnets': [{'id': 'b45e7fd8-eed7-4e39-b1e2-66a831031341', 'cidr': '172.26.4.0/24', 'gateway_ip': '172.26.4.1', 'dns_nameservers': [], 'ipv6_ra_mode': None, 'subnetpool_id': None}], 'extra_subnets': [], 'address_scopes': {4: None, 6: None}, 'mtu': 1500}, 'enable_snat': True, 'gw_port_host': 'dv-neutron-837454-7-hyperv', '_interfaces': [{'id': '0a635caa-dcb0-4691-a09c-163d0ec389d1', 'name': '', 'network_id': '489ee1bf-43e6-4d33-9ec6-f090a2e36219', 'tenant_id': 'fd244633848e426182eb448efea0e2cc', 'mac_address': 'fa:16:3e:9d:50:f0', 'admin_state_up': True, 'status': 'DOWN', 'device_id': '69e6c353-b538-4b1f-9998-d2e7a3480f90', 'device_owner': 'network:router_interface', 'standard_attr_id': 76, 'fixed_ips': [{'subnet_id': 'c9ffad0b-0a21-4ca8-ad60-111f518c4a35', 'ip_address': '172.20.0.1', 'prefixlen': 28}], 'allowed_address_pairs': [], 'extra_dhcp_opts': [], 'security_groups': [], 'description': '', 'binding:vnic_type': 'normal', 'binding:profile': {}, 'binding:host_id': 'dv-neutron-837454-7-hyperv', 'binding:vif_type': 'ovs', 'binding:vif_details': {'connectivity': 'l2', 'port_filter': True, 'ovs_hybrid_plug': False, 'datapath_type': 'system', 'bridge_name': 'br-int', 'bound_drivers': {'0': 'openvswitch'}}, 'port_security_enabled': False, 'tags': [], 'created_at': '2022-06-17T17:03:52Z', 'updated_at': '2022-06-17T17:04:01Z', 'revision_number': 4, 'project_id': 'fd244633848e426182eb448efea0e2cc', 'subnets': [{'id': 'c9ffad0b-0a21-4ca8-ad60-111f518c4a35', 'cidr': '172.20.0.0/28', 'gateway_ip': '172.20.0.1', 'dns_nameservers': [], 'ipv6_ra_mode': None, 'subnetpool_id': None}], 'extra_subnets': [], 'address_scopes': {4: None, 6: None}, 'mtu': 1500}]}] {{(pid=104623) sync_routers /opt/stack/neutron/neutron/api/rpc/handlers/l3_rpc.py:137}}
Jun 17 17:04:02.631332 dv-neutron-837454-7-hyperv neutron-server[104621]: DEBUG neutron.db.db_base_plugin_common [None req-a056388d-6f6e-4c00-8a36-8ae8fdf9423e admin admin] Allocated IP 172.20.0.1 (1f6fcb18-e02c-4687-903c-2f0884ff8c31/afc78f01-3323-442c-a3ea-12e2c8b58f62/0571f72e-8d71-45df-a232-e1588dd4eba5) {{(pid=104621) _store_ip_allocation /opt/stack/neutron/neutron/db/db_base_plugin_common.py:131}}
Jun 17 17:04:02.742595 dv-neutron-837454-7-hyperv neutron-server[104620]: DEBUG neutron_lib.callbacks.manager [None req-c1b7cbfa-d0a6-4d23-9300-ebcea0f6fc2c admin admin] Publish callbacks [] for security_group (None), before_create {{(pid=104620) _notify_loop /usr/local/lib/python3.8/dist-packages/neutron_lib/callbacks/manager.py:176}}
Jun 17 17:04:02.767852 dv-neutron-837454-7-hyperv neutron-server[104622]: DEBUG neutron.plugins.ml2.plugin [None req-e9891ad5-ff7d-4ba7-9a6c-1895c6a22826 None None] Current status of the port 0a635caa-dcb0-4691-a09c-163d0ec389d1 is: DOWN; New status is: ACTIVE {{(pid=104622) _update_individual_port_db_status /opt/stack/neutron/neutron/plugins/ml2/plugin.py:2298}}
Jun 17 17:04:02.768248 dv-neutron-837454-7-hyperv neutron-server[104622]: DEBUG neutron_lib.callbacks.manager [None req-e9891ad5-ff7d-4ba7-9a6c-1895c6a22826 None None] Publish callbacks ['neutron.plugins.ml2.plugin.SecurityGroupDbMixin._ensure_default_security_group_handler-2075576'] for port (0a635caa-dcb0-4691-a09c-163d0ec389d1), before_update {{(pid=104622) _notify_loop /usr/local/lib/python3.8/dist-packages/neutron_lib/callbacks/manager.py:176}}
Jun 17 17:04:02.835044 dv-neutron-837454-7-hyperv neutron-server[104622]: DEBUG neutron.plugins.ml2.db [None req-e9891ad5-ff7d-4ba7-9a6c-1895c6a22826 None None] For port 0a635caa-dcb0-4691-a09c-163d0ec389d1, host dv-neutron-837454-7-hyperv, got binding levels [PortBindingLevel(driver='openvswitch',host='dv-neutron-837454-7-hyperv',level=0,port_id=0a635caa-dcb0-4691-a09c-163d0ec389d1,segment=NetworkSegment(75660ab7-e762-4592-b1f3-86fe5bad3dc5),segment_id=75660ab7-e762-4592-b1f3-86fe5bad3dc5)] {{(pid=104622) get_binding_level_objs /opt/stack/neutron/neutron/plugins/ml2/db.py:74}}
Jun 17 17:04:02.850444 dv-neutron-837454-7-hyperv neutron-server[104622]: DEBUG neutron.db.provisioning_blocks [None req-19b50906-d3b8-4174-9662-488dadc28835 None None] Provisioning complete for port 8ab1b845-65ed-44bc-b5f5-f280084c1b49 triggered by entity L2. {{(pid=104622) provisioning_complete /opt/stack/neutron/neutron/db/provisioning_blocks.py:145}}
Jun 17 17:04:02.850837 dv-neutron-837454-7-hyperv neutron-server[104622]: DEBUG neutron_lib.callbacks.manager [None req-19b50906-d3b8-4174-9662-488dadc28835 None None] Publish callbacks ['neutron.plugins.ml2.plugin.Ml2Plugin._port_provisioned-2050730'] for port (8ab1b845-65ed-44bc-b5f5-f280084c1b49), provisioning_complete {{(pid=104622) _notify_loop /usr/local/lib/python3.8/dist-packages/neutron_lib/callbacks/manager.py:176}}
Jun 17 17:04:02.854353 dv-neutron-837454-7-hyperv neutron-server[104622]: DEBUG neutron_lib.callbacks.manager [None req-e9891ad5-ff7d-4ba7-9a6c-1895c6a22826 None None] Publish callbacks ['neutron.plugins.ml2.plugin.SecurityGroupServerNotifierRpcMixin._notify_sg_on_port_change-2075519', 'neutron.plugins.ml2.ovo_rpc._ObjectChangeHandler.handle_event-95167', 'neutron.api.rpc.agentnotifiers.dhcp_rpc_agent_api.DhcpAgentNotifyAPI._native_event_send_dhcp_notification-1010587', 'neutron.db.l3_db.L3RpcNotifierMixin._notify_gateway_port_ip_changed-8767637388126', 'neutron.db.l3_dvrscheduler_db._notify_l3_agent_port_update-8767637020721', 'neutron.db.l3_hascheduler_db._notify_l3_agent_ha_port_update-8767637020739'] for port (0a635caa-dcb0-4691-a09c-163d0ec389d1), after_update {{(pid=104622) _notify_loop /usr/local/lib/python3.8/dist-packages/neutron_lib/callbacks/manager.py:176}}
Jun 17 17:04:02.856753 dv-neutron-837454-7-hyperv neutron-server[104621]: DEBUG neutron_lib.callbacks.manager [None req-a056388d-6f6e-4c00-8a36-8ae8fdf9423e admin admin] Publish callbacks [] for port (0571f72e-8d71-45df-a232-e1588dd4eba5), precommit_create {{(pid=104621) _notify_loop /usr/local/lib/python3.8/dist-packages/neutron_lib/callbacks/manager.py:176}}
Jun 17 17:04:02.894587 dv-neutron-837454-7-hyperv neutron-server[104620]: DEBUG neutron_lib.callbacks.manager [None req-848eb096-e42d-4ca1-8973-5cf08bcc4cfb tempest-DHCPAgentSchedulersTestJSON-1263243836 tempest-DHCPAgentSchedulersTestJSON-1263243836-project] Publish callbacks ['neutron.notifiers.nova.Notifier._send_nova_notification-243663'] for port (None), before_response {{(pid=104620) _notify_loop /usr/local/lib/python3.8/dist-packages/neutron_lib/callbacks/manager.py:176}}
Jun 17 17:04:02.901379 dv-neutron-837454-7-hyperv neutron-server[104620]: INFO neutron.wsgi [None req-848eb096-e42d-4ca1-8973-5cf08bcc4cfb tempest-DHCPAgentSchedulersTestJSON-1263243836 tempest-DHCPAgentSchedulersTestJSON-1263243836-project] 10.222.0.48 "DELETE /v2.0/ports/eb7d8ba5-2b54-4faf-8e89-0d1b9f6d44f6 HTTP/1.1" status: 204 len: 168 time: 2.3602657
Jun 17 17:04:02.921629 dv-neutron-837454-7-hyperv neutron-server[104620]: DEBUG neutron_lib.callbacks.manager [None req-0d864282-dfbe-4224-987b-538b1bac2788 tempest-ExternalNetworksTestJSON-1156383998 tempest-ExternalNetworksTestJSON-1156383998-project-admin] Publish callbacks [] for floatingip (ee42565b-c30c-457a-8c64-0e9d527c74d1), precommit_create {{(pid=104620) _notify_loop /usr/local/lib/python3.8/dist-packages/neutron_lib/callbacks/manager.py:176}}
Jun 17 17:04:02.931388 dv-neutron-837454-7-hyperv neutron-server[104620]: DEBUG dbcounter [-] [104620] Writing DB stats neutron:SELECT=88,neutron:INSERT=10,neutron:DELETE=2 {{(pid=104620) stat_writer /usr/local/lib/python3.8/dist-packages/dbcounter.py:114}}
Jun 17 17:04:02.937721 dv-neutron-837454-7-hyperv neutron-server[104620]: DEBUG neutron.wsgi [-] (104620) accepted ('10.222.0.48', 45374) {{(pid=104620) server /usr/local/lib/python3.8/dist-packages/eventlet/wsgi.py:1004}}
Jun 17 17:04:02.947429 dv-neutron-837454-7-hyperv neutron-server[104622]: DEBUG neutron.api.rpc.handlers.resources_rpc [None req-e9891ad5-ff7d-4ba7-9a6c-1895c6a22826 None None] Pushing event updated for resources: {'Port': ['ID=0a635caa-dcb0-4691-a09c-163d0ec389d1,revision_number=5']} {{(pid=104622) push /opt/stack/neutron/neutron/api/rpc/handlers/resources_rpc.py:237}}
Jun 17 17:04:02.965369 dv-neutron-837454-7-hyperv neutron-server[104622]: DEBUG dbcounter [-] [104622] Writing DB stats neutron:SELECT=95,neutron:UPDATE=5 {{(pid=104622) stat_writer /usr/local/lib/python3.8/dist-packages/dbcounter.py:114}}
Jun 17 17:04:03.005346 dv-neutron-837454-7-hyperv neutron-server[104622]: DEBUG neutron.db.provisioning_blocks [None req-e9891ad5-ff7d-4ba7-9a6c-1895c6a22826 None None] Provisioning complete for port 4e4c8144-df21-4040-8c44-bf44d19987e7 triggered by entity DHCP. {{(pid=104622) provisioning_complete /opt/stack/neutron/neutron/db/provisioning_blocks.py:145}}
Jun 17 17:04:03.005730 dv-neutron-837454-7-hyperv neutron-server[104622]: DEBUG neutron_lib.callbacks.manager [None req-e9891ad5-ff7d-4ba7-9a6c-1895c6a22826 None None] Publish callbacks ['neutron.plugins.ml2.plugin.Ml2Plugin._port_provisioned-2050730'] for port (4e4c8144-df21-4040-8c44-bf44d19987e7), provisioning_complete {{(pid=104622) _notify_loop /usr/local/lib/python3.8/dist-packages/neutron_lib/callbacks/manager.py:176}}
Jun 17 17:04:03.061795 dv-neutron-837454-7-hyperv neutron-server[104620]: DEBUG neutron.api.rpc.handlers.resources_rpc [None req-0d864282-dfbe-4224-987b-538b1bac2788 tempest-ExternalNetworksTestJSON-1156383998 tempest-ExternalNetworksTestJSON-1156383998-project-admin] Pushing event updated for resources: {'Port': ['ID=38aaca62-4498-44e3-8d39-47b5d3f547e0,revision_number=1']} {{(pid=104620) push /opt/stack/neutron/neutron/api/rpc/handlers/resources_rpc.py:237}}
Jun 17 17:04:03.095036 dv-neutron-837454-7-hyperv neutron-server[104620]: DEBUG neutron_lib.callbacks.manager [None req-0d864282-dfbe-4224-987b-538b1bac2788 tempest-ExternalNetworksTestJSON-1156383998 tempest-ExternalNetworksTestJSON-1156383998-project-admin] Publish callbacks ['neutron.plugins.ml2.plugin.SecurityGroupDbMixin._ensure_default_security_group_handler-2075576'] for port (38aaca62-4498-44e3-8d39-47b5d3f547e0), before_update {{(pid=104620) _notify_loop /usr/local/lib/python3.8/dist-packages/neutron_lib/callbacks/manager.py:176}}
Jun 17 17:04:03.121223 dv-neutron-837454-7-hyperv neutron-server[104622]: DEBUG dbcounter [-] [104622] Writing DB stats neutron:SELECT=100 {{(pid=104622) stat_writer /usr/local/lib/python3.8/dist-packages/dbcounter.py:114}}
Jun 17 17:04:03.138698 dv-neutron-837454-7-hyperv neutron-server[104621]: DEBUG neutron_lib.callbacks.manager [None req-34e306f6-793b-4432-a6ad-e7af1d5e1ff7 tempest-ExtraDHCPOptionsIpV6TestJSON-224714537 tempest-ExtraDHCPOptionsIpV6TestJSON-224714537-project] Publish callbacks [] for port (345fbc53-daf7-4800-a2ec-26112bf3a3ec), precommit_update {{(pid=104621) _notify_loop /usr/local/lib/python3.8/dist-packages/neutron_lib/callbacks/manager.py:176}}
Jun 17 17:04:03.140777 dv-neutron-837454-7-hyperv neutron-server[104621]: DEBUG dbcounter [-] [104621] Writing DB stats neutron:SELECT=85,neutron:INSERT=9,neutron:UPDATE=6 {{(pid=104621) stat_writer /usr/local/lib/python3.8/dist-packages/dbcounter.py:114}}
Jun 17 17:04:03.145195 dv-neutron-837454-7-hyperv neutron-server[104621]: DEBUG neutron_lib.callbacks.manager [None req-a056388d-6f6e-4c00-8a36-8ae8fdf9423e admin admin] Publish callbacks ['neutron.plugins.ml2.plugin.SecurityGroupServerNotifierRpcMixin._notify_sg_on_port_change-2075519', 'neutron.plugins.ml2.ovo_rpc._ObjectChangeHandler.handle_event-95167', 'neutron.api.rpc.agentnotifiers.dhcp_rpc_agent_api.DhcpAgentNotifyAPI._native_event_send_dhcp_notification-1010587', 'neutron.db.l3_dvrscheduler_db._notify_l3_agent_new_port-8767637020703', 'neutron.services.segments.plugin.NovaSegmentNotifier._notify_port_created_or_deleted-10104534'] for port (0571f72e-8d71-45df-a232-e1588dd4eba5), after_create {{(pid=104621) _notify_loop /usr/local/lib/python3.8/dist-packages/neutron_lib/callbacks/manager.py:176}}
Jun 17 17:04:03.162818 dv-neutron-837454-7-hyperv neutron-server[104621]: DEBUG dbcounter [-] [104621] Writing DB stats neutron:SELECT=91,neutron:INSERT=8,neutron:UPDATE=1 {{(pid=104621) stat_writer /usr/local/lib/python3.8/dist-packages/dbcounter.py:114}}
Jun 17 17:04:03.210244 dv-neutron-837454-7-hyperv neutron-server[104621]: DEBUG neutron.scheduler.dhcp_agent_scheduler [None req-a056388d-6f6e-4c00-8a36-8ae8fdf9423e admin admin] Network 1f6fcb18-e02c-4687-903c-2f0884ff8c31 is already hosted by enough agents. {{(pid=104621) _get_dhcp_agents_hosting_network /opt/stack/neutron/neutron/scheduler/dhcp_agent_scheduler.py:275}}
Jun 17 17:04:03.211940 dv-neutron-837454-7-hyperv neutron-server[104621]: DEBUG neutron_lib.callbacks.manager [None req-34e306f6-793b-4432-a6ad-e7af1d5e1ff7 tempest-ExtraDHCPOptionsIpV6TestJSON-224714537 tempest-ExtraDHCPOptionsIpV6TestJSON-224714537-project] Publish callbacks ['neutron.plugins.ml2.plugin.SecurityGroupServerNotifierRpcMixin._notify_sg_on_port_change-2075519', 'neutron.plugins.ml2.ovo_rpc._ObjectChangeHandler.handle_event-95167', 'neutron.api.rpc.agentnotifiers.dhcp_rpc_agent_api.DhcpAgentNotifyAPI._native_event_send_dhcp_notification-1010587', 'neutron.db.l3_db.L3RpcNotifierMixin._notify_gateway_port_ip_changed-8767637388126', 'neutron.db.l3_dvrscheduler_db._notify_l3_agent_port_update-8767637020721', 'neutron.db.l3_hascheduler_db._notify_l3_agent_ha_port_update-8767637020739', 'neutron.services.segments.plugin.NovaSegmentNotifier._notify_port_updated-10104365'] for port (345fbc53-daf7-4800-a2ec-26112bf3a3ec), after_update {{(pid=104621) _notify_loop /usr/local/lib/python3.8/dist-packages/neutron_lib/callbacks/manager.py:176}}
Jun 17 17:04:03.264662 dv-neutron-837454-7-hyperv neutron-server[104621]: DEBUG neutron.scheduler.base_scheduler [None req-a056388d-6f6e-4c00-8a36-8ae8fdf9423e admin admin] Resources bound (agent type, host, resource id): {{(pid=104621) schedule /opt/stack/neutron/neutron/scheduler/base_scheduler.py:57}}
Jun 17 17:04:03.295040 dv-neutron-837454-7-hyperv neutron-server[104621]: DEBUG neutron.db.l3_dvrscheduler_db [None req-a056388d-6f6e-4c00-8a36-8ae8fdf9423e admin admin] Received port after_create {{(pid=104621) _notify_l3_agent_new_port /opt/stack/neutron/neutron/db/l3_dvrscheduler_db.py:542}}
Jun 17 17:04:03.348322 dv-neutron-837454-7-hyperv neutron-server[104622]: DEBUG neutron.plugins.ml2.plugin [None req-e9891ad5-ff7d-4ba7-9a6c-1895c6a22826 None None] Current status of the port 4e4c8144-df21-4040-8c44-bf44d19987e7 is: ACTIVE; New status is: ACTIVE {{(pid=104622) _update_individual_port_db_status /opt/stack/neutron/neutron/plugins/ml2/plugin.py:2298}}
Jun 17 17:04:03.358793 dv-neutron-837454-7-hyperv neutron-server[104622]: DEBUG neutron.plugins.ml2.plugin [None req-19b50906-d3b8-4174-9662-488dadc28835 None None] Current status of the port 8ab1b845-65ed-44bc-b5f5-f280084c1b49 is: ACTIVE; New status is: ACTIVE {{(pid=104622) _update_individual_port_db_status /opt/stack/neutron/neutron/plugins/ml2/plugin.py:2298}}
Jun 17 17:04:03.467204 dv-neutron-837454-7-hyperv neutron-server[104622]: DEBUG neutron.db.provisioning_blocks [None req-efc27926-c0f6-4377-9fa9-abb92909225f None None] Could not find standard attr ID for object eb7d8ba5-2b54-4faf-8e89-0d1b9f6d44f6. {{(pid=104622) _get_standard_attr_id /opt/stack/neutron/neutron/db/provisioning_blocks.py:182}}
Jun 17 17:04:03.479937 dv-neutron-837454-7-hyperv neutron-server[104621]: DEBUG neutron_lib.callbacks.manager [None req-a056388d-6f6e-4c00-8a36-8ae8fdf9423e admin admin] Publish callbacks ['neutron.services.l3_router.l3_router_plugin.DVRResourceOperationHandler._add_csnat_on_interface_create-886857'] for router_interface (5b9a6f18-869c-4b09-81ed-a71e290686a8), before_create {{(pid=104621) _notify_loop /usr/local/lib/python3.8/dist-packages/neutron_lib/callbacks/manager.py:176}}
Jun 17 17:04:03.509072 dv-neutron-837454-7-hyperv neutron-server[104620]: DEBUG neutron_lib.callbacks.manager [None req-124ae023-d590-45cd-97a0-0d07d95f5310 admin admin] Publish callbacks ['neutron.plugins.ml2.ovo_rpc._ObjectChangeHandler.handle_event-535935'] for security_group (50b1bb6f-1dc0-4626-b498-2051c3a31d68), after_delete {{(pid=104620) _notify_loop /usr/local/lib/python3.8/dist-packages/neutron_lib/callbacks/manager.py:176}}
Jun 17 17:04:03.512132 dv-neutron-837454-7-hyperv neutron-server[104620]: DEBUG neutron_lib.callbacks.manager [None req-124ae023-d590-45cd-97a0-0d07d95f5310 admin admin] Publish callbacks [] for security_group (None), before_response {{(pid=104620) _notify_loop /usr/local/lib/python3.8/dist-packages/neutron_lib/callbacks/manager.py:176}}
Jun 17 17:04:03.517231 dv-neutron-837454-7-hyperv neutron-server[104620]: INFO neutron.wsgi [None req-124ae023-d590-45cd-97a0-0d07d95f5310 admin admin] 10.222.0.48 "DELETE /v2.0/security-groups/50b1bb6f-1dc0-4626-b498-2051c3a31d68 HTTP/1.1" status: 204 len: 168 time: 2.9173245
Jun 17 17:04:03.606603 dv-neutron-837454-7-hyperv neutron-server[104620]: INFO neutron.wsgi [None req-4f68b7f0-ad4c-44fc-8c30-975011ade269 tempest-DHCPAgentSchedulersTestJSON-909895082 tempest-DHCPAgentSchedulersTestJSON-909895082-project-admin] 10.222.0.48 "GET /v2.0/agents HTTP/1.1" status: 200 len: 4560 time: 0.6580071
Jun 17 17:04:03.606603 dv-neutron-837454-7-hyperv neutron-server[104620]: DEBUG neutron.api.rpc.handlers.resources_rpc [None req-124ae023-d590-45cd-97a0-0d07d95f5310 admin admin] Pushing event deleted for resources: {'SecurityGroup': ['ID=50b1bb6f-1dc0-4626-b498-2051c3a31d68,revision_number=None']} {{(pid=104620) push /opt/stack/neutron/neutron/api/rpc/handlers/resources_rpc.py:237}}
Jun 17 17:04:03.609576 dv-neutron-837454-7-hyperv neutron-server[104620]: DEBUG neutron.wsgi [-] (104620) accepted ('10.222.0.48', 45380) {{(pid=104620) server /usr/local/lib/python3.8/dist-packages/eventlet/wsgi.py:1004}}
Jun 17 17:04:03.650842 dv-neutron-837454-7-hyperv neutron-server[104620]: DEBUG neutron.api.v2.base [None req-418b0741-d630-4168-b7e7-4be9b7f632f5 tempest-DHCPAgentSchedulersTestJSON-1263243836 tempest-DHCPAgentSchedulersTestJSON-1263243836-project] Request body: {'network': {'name': 'tempest-DHCPAgentSchedulersTestJSON-test-network-1545691146'}} {{(pid=104620) prepare_request_body /opt/stack/neutron/neutron/api/v2/base.py:730}}
Jun 17 17:04:03.672406 dv-neutron-837454-7-hyperv neutron-server[104621]: DEBUG neutron.plugins.ml2.plugin [None req-34e306f6-793b-4432-a6ad-e7af1d5e1ff7 tempest-ExtraDHCPOptionsIpV6TestJSON-224714537 tempest-ExtraDHCPOptionsIpV6TestJSON-224714537-project] In _notify_port_updated(), no bound segment for port 345fbc53-daf7-4800-a2ec-26112bf3a3ec on network 5bce3bf2-8bd8-44b1-be40-09d3838f98d1 {{(pid=104621) _notify_port_updated /opt/stack/neutron/neutron/plugins/ml2/plugin.py:937}}
Jun 17 17:04:03.681556 dv-neutron-837454-7-hyperv neutron-server[104621]: DEBUG neutron.pecan_wsgi.hooks.policy_enforcement [None req-34e306f6-793b-4432-a6ad-e7af1d5e1ff7 tempest-ExtraDHCPOptionsIpV6TestJSON-224714537 tempest-ExtraDHCPOptionsIpV6TestJSON-224714537-project] Attributes excluded by policy engine: ['standard_attr_id', 'binding:profile', 'binding:host_id', 'binding:vif_type', 'binding:vif_details'] {{(pid=104621) _exclude_attributes_by_policy /opt/stack/neutron/neutron/pecan_wsgi/hooks/policy_enforcement.py:259}}
Jun 17 17:04:03.682924 dv-neutron-837454-7-hyperv neutron-server[104621]: DEBUG neutron_lib.callbacks.manager [None req-34e306f6-793b-4432-a6ad-e7af1d5e1ff7 tempest-ExtraDHCPOptionsIpV6TestJSON-224714537 tempest-ExtraDHCPOptionsIpV6TestJSON-224714537-project] Publish callbacks ['neutron.notifiers.nova.Notifier._send_nova_notification-243663'] for port (None), before_response {{(pid=104621) _notify_loop /usr/local/lib/python3.8/dist-packages/neutron_lib/callbacks/manager.py:176}}
Jun 17 17:04:03.689420 dv-neutron-837454-7-hyperv neutron-server[104621]: INFO neutron.wsgi [None req-34e306f6-793b-4432-a6ad-e7af1d5e1ff7 tempest-ExtraDHCPOptionsIpV6TestJSON-224714537 tempest-ExtraDHCPOptionsIpV6TestJSON-224714537-project] 10.222.0.48 "PUT /v2.0/ports/345fbc53-daf7-4800-a2ec-26112bf3a3ec HTTP/1.1" status: 200 len: 1130 time: 2.5995204
Jun 17 17:04:03.709428 dv-neutron-837454-7-hyperv neutron-server[104621]: DEBUG neutron.wsgi [-] (104621) accepted ('10.222.0.48', 45382) {{(pid=104621) server /usr/local/lib/python3.8/dist-packages/eventlet/wsgi.py:1004}}
Jun 17 17:04:03.778218 dv-neutron-837454-7-hyperv neutron-server[104621]: DEBUG neutron_lib.callbacks.manager [None req-0503dcf7-e12f-4baf-bb12-af1acdae6256 tempest-ServersTestJSON-226047785 tempest-ServersTestJSON-226047785-project] Publish callbacks [] for security_group (510ca15b-7aec-40cf-8338-9ff569096476), precommit_create {{(pid=104621) _notify_loop /usr/local/lib/python3.8/dist-packages/neutron_lib/callbacks/manager.py:176}}
Jun 17 17:04:03.803814 dv-neutron-837454-7-hyperv neutron-server[104622]: DEBUG neutron.db.provisioning_blocks [None req-098191d2-16a2-47d2-bd65-be76ddf1b7bf None None] Provisioning complete for port 0571f72e-8d71-45df-a232-e1588dd4eba5 triggered by entity DHCP. {{(pid=104622) provisioning_complete /opt/stack/neutron/neutron/db/provisioning_blocks.py:145}}
Jun 17 17:04:03.807866 dv-neutron-837454-7-hyperv neutron-server[104622]: DEBUG neutron_lib.callbacks.manager [None req-098191d2-16a2-47d2-bd65-be76ddf1b7bf None None] Publish callbacks ['neutron.plugins.ml2.plugin.Ml2Plugin._port_provisioned-2050730'] for port (0571f72e-8d71-45df-a232-e1588dd4eba5), provisioning_complete {{(pid=104622) _notify_loop /usr/local/lib/python3.8/dist-packages/neutron_lib/callbacks/manager.py:176}}
Jun 17 17:04:03.814476 dv-neutron-837454-7-hyperv neutron-server[104622]: DEBUG neutron.plugins.ml2.rpc [None req-19b50906-d3b8-4174-9662-488dadc28835 None None] Device 506c8855-7e98-4f87-b439-7a874702e4dd up at agent ovs-agent-dv-neutron-837454-7-hyperv {{(pid=104622) update_device_up /opt/stack/neutron/neutron/plugins/ml2/rpc.py:296}}
Jun 17 17:04:03.822613 dv-neutron-837454-7-hyperv neutron-server[104621]: DEBUG neutron_lib.callbacks.manager [None req-0503dcf7-e12f-4baf-bb12-af1acdae6256 tempest-ServersTestJSON-226047785 tempest-ServersTestJSON-226047785-project] Publish callbacks ['neutron.plugins.ml2.ovo_rpc._ObjectChangeHandler.handle_event-535935'] for security_group (510ca15b-7aec-40cf-8338-9ff569096476), after_create {{(pid=104621) _notify_loop /usr/local/lib/python3.8/dist-packages/neutron_lib/callbacks/manager.py:176}}
Jun 17 17:04:03.853121 dv-neutron-837454-7-hyperv neutron-server[104620]: DEBUG neutron_lib.callbacks.manager [None req-c1b7cbfa-d0a6-4d23-9300-ebcea0f6fc2c admin admin] Publish callbacks [] for security_group (e5e5a755-9b46-4aca-add2-e9633e3d6189), precommit_create {{(pid=104620) _notify_loop /usr/local/lib/python3.8/dist-packages/neutron_lib/callbacks/manager.py:176}}
Jun 17 17:04:03.875660 dv-neutron-837454-7-hyperv neutron-server[104620]: DEBUG neutron.pecan_wsgi.hooks.quota_enforcement [None req-418b0741-d630-4168-b7e7-4be9b7f632f5 tempest-DHCPAgentSchedulersTestJSON-1263243836 tempest-DHCPAgentSchedulersTestJSON-1263243836-project] Made reservation on behalf of b6da6804bffd45519a1a0bc2a5a35632 for: {'network': 1} {{(pid=104620) before /opt/stack/neutron/neutron/pecan_wsgi/hooks/quota_enforcement.py:53}}
Jun 17 17:04:03.877091 dv-neutron-837454-7-hyperv neutron-server[104621]: DEBUG neutron.api.rpc.handlers.resources_rpc [None req-a056388d-6f6e-4c00-8a36-8ae8fdf9423e admin admin] Pushing event updated for resources: {'Port': ['ID=0571f72e-8d71-45df-a232-e1588dd4eba5,revision_number=1']} {{(pid=104621) push /opt/stack/neutron/neutron/api/rpc/handlers/resources_rpc.py:237}}
Jun 17 17:04:03.881402 dv-neutron-837454-7-hyperv neutron-server[104620]: DEBUG neutron_lib.callbacks.manager [None req-418b0741-d630-4168-b7e7-4be9b7f632f5 tempest-DHCPAgentSchedulersTestJSON-1263243836 tempest-DHCPAgentSchedulersTestJSON-1263243836-project] Publish callbacks ['neutron.plugins.ml2.plugin.SecurityGroupDbMixin._ensure_default_security_group_handler-2075576'] for network (None), before_create {{(pid=104620) _notify_loop /usr/local/lib/python3.8/dist-packages/neutron_lib/callbacks/manager.py:176}}
Jun 17 17:04:03.884408 dv-neutron-837454-7-hyperv neutron-server[104620]: DEBUG neutron_lib.callbacks.manager [None req-c1b7cbfa-d0a6-4d23-9300-ebcea0f6fc2c admin admin] Publish callbacks ['neutron.plugins.ml2.ovo_rpc._ObjectChangeHandler.handle_event-535935'] for security_group (e5e5a755-9b46-4aca-add2-e9633e3d6189), after_create {{(pid=104620) _notify_loop /usr/local/lib/python3.8/dist-packages/neutron_lib/callbacks/manager.py:176}}
Jun 17 17:04:03.945782 dv-neutron-837454-7-hyperv neutron-server[104620]: DEBUG neutron_lib.callbacks.manager [None req-4045cb97-0253-40c4-86db-70b3f1655afc admin admin] Publish callbacks [] for security_group (7272099a-08a2-4149-9665-78a3575af13b), precommit_create {{(pid=104620) _notify_loop /usr/local/lib/python3.8/dist-packages/neutron_lib/callbacks/manager.py:176}}
Jun 17 17:04:03.973908 dv-neutron-837454-7-hyperv neutron-server[104621]: DEBUG neutron_lib.callbacks.manager [None req-0503dcf7-e12f-4baf-bb12-af1acdae6256 tempest-ServersTestJSON-226047785 tempest-ServersTestJSON-226047785-project] Publish callbacks [] for security_group (None), before_response {{(pid=104621) _notify_loop /usr/local/lib/python3.8/dist-packages/neutron_lib/callbacks/manager.py:176}}
Jun 17 17:04:03.977717 dv-neutron-837454-7-hyperv neutron-server[104621]: INFO neutron.wsgi [None req-0503dcf7-e12f-4baf-bb12-af1acdae6256 tempest-ServersTestJSON-226047785 tempest-ServersTestJSON-226047785-project] 10.222.0.48 "POST /v2.0/security-groups HTTP/1.1" status: 201 len: 1796 time: 2.7158637
Jun 17 17:04:03.992579 dv-neutron-837454-7-hyperv neutron-server[104621]: DEBUG neutron.pecan_wsgi.hooks.policy_enforcement [None req-0bf9fb71-67a2-4a11-95e6-7566473bb62a tempest-ExtraDHCPOptionsIpV6TestJSON-224714537 tempest-ExtraDHCPOptionsIpV6TestJSON-224714537-project] Attributes excluded by policy engine: ['standard_attr_id', 'binding:profile', 'binding:host_id', 'binding:vif_type', 'binding:vif_details'] {{(pid=104621) _exclude_attributes_by_policy /opt/stack/neutron/neutron/pecan_wsgi/hooks/policy_enforcement.py:259}}
Jun 17 17:04:03.994217 dv-neutron-837454-7-hyperv neutron-server[104621]: INFO neutron.wsgi [None req-0bf9fb71-67a2-4a11-95e6-7566473bb62a tempest-ExtraDHCPOptionsIpV6TestJSON-224714537 tempest-ExtraDHCPOptionsIpV6TestJSON-224714537-project] 10.222.0.48 "GET /v2.0/ports/345fbc53-daf7-4800-a2ec-26112bf3a3ec HTTP/1.1" status: 200 len: 1130 time: 0.2686777
Jun 17 17:04:03.998300 dv-neutron-837454-7-hyperv neutron-server[104620]: DEBUG neutron_lib.callbacks.manager [None req-0d864282-dfbe-4224-987b-538b1bac2788 tempest-ExternalNetworksTestJSON-1156383998 tempest-ExternalNetworksTestJSON-1156383998-project-admin] Publish callbacks [] for port (38aaca62-4498-44e3-8d39-47b5d3f547e0), precommit_update {{(pid=104620) _notify_loop /usr/local/lib/python3.8/dist-packages/neutron_lib/callbacks/manager.py:176}}
Jun 17 17:04:04.001651 dv-neutron-837454-7-hyperv neutron-server[104620]: DEBUG neutron.wsgi [-] (104620) accepted ('10.222.0.48', 45386) {{(pid=104620) server /usr/local/lib/python3.8/dist-packages/eventlet/wsgi.py:1004}}
Jun 17 17:04:04.002447 dv-neutron-837454-7-hyperv neutron-server[104620]: DEBUG neutron.wsgi [-] (104620) accepted ('10.222.0.48', 45388) {{(pid=104620) server /usr/local/lib/python3.8/dist-packages/eventlet/wsgi.py:1004}}
Jun 17 17:04:04.029979 dv-neutron-837454-7-hyperv neutron-server[104620]: DEBUG neutron.api.v2.base [None req-0560fedc-2847-4cc5-b172-f7fcf0aef772 tempest-ServersTestJSON-226047785 tempest-ServersTestJSON-226047785-project] Request body: {'security_group_rule': {'security_group_id': '510ca15b-7aec-40cf-8338-9ff569096476', 'protocol': 'tcp', 'ethertype': 'IPv4', 'port_range_min': 22, 'port_range_max': 22, 'direction': 'ingress'}} {{(pid=104620) prepare_request_body /opt/stack/neutron/neutron/api/v2/base.py:730}}
Jun 17 17:04:04.044116 dv-neutron-837454-7-hyperv neutron-server[104622]: DEBUG neutron.plugins.ml2.plugin [None req-098191d2-16a2-47d2-bd65-be76ddf1b7bf None None] Port 0571f72e-8d71-45df-a232-e1588dd4eba5 cannot update to ACTIVE because it is not bound. {{(pid=104622) _port_provisioned /opt/stack/neutron/neutron/plugins/ml2/plugin.py:354}}
Jun 17 17:04:04.056877 dv-neutron-837454-7-hyperv neutron-server[104622]: DEBUG neutron.db.provisioning_blocks [None req-19b50906-d3b8-4174-9662-488dadc28835 None None] Provisioning complete for port 506c8855-7e98-4f87-b439-7a874702e4dd triggered by entity L2. {{(pid=104622) provisioning_complete /opt/stack/neutron/neutron/db/provisioning_blocks.py:145}}
Jun 17 17:04:04.057568 dv-neutron-837454-7-hyperv neutron-server[104622]: DEBUG neutron_lib.callbacks.manager [None req-19b50906-d3b8-4174-9662-488dadc28835 None None] Publish callbacks ['neutron.plugins.ml2.plugin.Ml2Plugin._port_provisioned-2050730'] for port (506c8855-7e98-4f87-b439-7a874702e4dd), provisioning_complete {{(pid=104622) _notify_loop /usr/local/lib/python3.8/dist-packages/neutron_lib/callbacks/manager.py:176}}
Jun 17 17:04:04.089598 dv-neutron-837454-7-hyperv neutron-server[104620]: DEBUG neutron_lib.callbacks.manager [None req-4045cb97-0253-40c4-86db-70b3f1655afc admin admin] Publish callbacks ['neutron.plugins.ml2.ovo_rpc._ObjectChangeHandler.handle_event-535935'] for security_group (7272099a-08a2-4149-9665-78a3575af13b), after_create {{(pid=104620) _notify_loop /usr/local/lib/python3.8/dist-packages/neutron_lib/callbacks/manager.py:176}}
Jun 17 17:04:04.128305 dv-neutron-837454-7-hyperv neutron-server[104620]: DEBUG neutron_lib.callbacks.manager [None req-0d864282-dfbe-4224-987b-538b1bac2788 tempest-ExternalNetworksTestJSON-1156383998 tempest-ExternalNetworksTestJSON-1156383998-project-admin] Publish callbacks ['neutron.plugins.ml2.plugin.SecurityGroupServerNotifierRpcMixin._notify_sg_on_port_change-2075519', 'neutron.plugins.ml2.ovo_rpc._ObjectChangeHandler.handle_event-95167', 'neutron.api.rpc.agentnotifiers.dhcp_rpc_agent_api.DhcpAgentNotifyAPI._native_event_send_dhcp_notification-1010587', 'neutron.db.l3_db.L3RpcNotifierMixin._notify_gateway_port_ip_changed-8767637388126', 'neutron.db.l3_dvrscheduler_db._notify_l3_agent_port_update-8767637020721', 'neutron.db.l3_hascheduler_db._notify_l3_agent_ha_port_update-8767637020739', 'neutron.services.segments.plugin.NovaSegmentNotifier._notify_port_updated-10433388'] for port (38aaca62-4498-44e3-8d39-47b5d3f547e0), after_update {{(pid=104620) _notify_loop /usr/local/lib/python3.8/dist-packages/neutron_lib/callbacks/manager.py:176}}
Jun 17 17:04:04.135603 dv-neutron-837454-7-hyperv neutron-server[104621]: DEBUG neutron.api.rpc.handlers.resources_rpc [None req-34e306f6-793b-4432-a6ad-e7af1d5e1ff7 tempest-ExtraDHCPOptionsIpV6TestJSON-224714537 tempest-ExtraDHCPOptionsIpV6TestJSON-224714537-project] Pushing event updated for resources: {'Port': ['ID=345fbc53-daf7-4800-a2ec-26112bf3a3ec,revision_number=2']} {{(pid=104621) push /opt/stack/neutron/neutron/api/rpc/handlers/resources_rpc.py:237}}
Jun 17 17:04:04.142275 dv-neutron-837454-7-hyperv neutron-server[104621]: DEBUG neutron.api.rpc.handlers.resources_rpc [None req-0503dcf7-e12f-4baf-bb12-af1acdae6256 tempest-ServersTestJSON-226047785 tempest-ServersTestJSON-226047785-project] Pushing event updated for resources: {'SecurityGroup': ['ID=510ca15b-7aec-40cf-8338-9ff569096476,revision_number=1']} {{(pid=104621) push /opt/stack/neutron/neutron/api/rpc/handlers/resources_rpc.py:237}}
Jun 17 17:04:04.199407 dv-neutron-837454-7-hyperv neutron-server[104622]: DEBUG neutron.plugins.ml2.plugin [None req-19b50906-d3b8-4174-9662-488dadc28835 None None] Current status of the port 506c8855-7e98-4f87-b439-7a874702e4dd is: DOWN; New status is: ACTIVE {{(pid=104622) _update_individual_port_db_status /opt/stack/neutron/neutron/plugins/ml2/plugin.py:2298}}
Jun 17 17:04:04.200586 dv-neutron-837454-7-hyperv neutron-server[104622]: DEBUG neutron_lib.callbacks.manager [None req-19b50906-d3b8-4174-9662-488dadc28835 None None] Publish callbacks ['neutron.plugins.ml2.plugin.SecurityGroupDbMixin._ensure_default_security_group_handler-2075576'] for port (506c8855-7e98-4f87-b439-7a874702e4dd), before_update {{(pid=104622) _notify_loop /usr/local/lib/python3.8/dist-packages/neutron_lib/callbacks/manager.py:176}}
Jun 17 17:04:04.219168 dv-neutron-837454-7-hyperv neutron-server[104621]: DEBUG neutron_lib.callbacks.manager [None req-a056388d-6f6e-4c00-8a36-8ae8fdf9423e admin admin] Publish callbacks ['neutron.plugins.ml2.plugin.SecurityGroupDbMixin._ensure_default_security_group_handler-2075576'] for port (0571f72e-8d71-45df-a232-e1588dd4eba5), before_update {{(pid=104621) _notify_loop /usr/local/lib/python3.8/dist-packages/neutron_lib/callbacks/manager.py:176}}
Jun 17 17:04:04.230063 dv-neutron-837454-7-hyperv neutron-server[104620]: DEBUG neutron.plugins.ml2.drivers.helpers [None req-418b0741-d630-4168-b7e7-4be9b7f632f5 tempest-DHCPAgentSchedulersTestJSON-1263243836 tempest-DHCPAgentSchedulersTestJSON-1263243836-project] vlan segment allocate from pool success with {'physical_network': 'physnet1', 'vlan_id': 141} {{(pid=104620) allocate_partially_specified_segment /opt/stack/neutron/neutron/plugins/ml2/drivers/helpers.py:153}}
Jun 17 17:04:04.234837 dv-neutron-837454-7-hyperv neutron-server[104622]: DEBUG neutron.plugins.ml2.db [None req-19b50906-d3b8-4174-9662-488dadc28835 None None] For port 506c8855-7e98-4f87-b439-7a874702e4dd, host dv-neutron-837454-7-hyperv, got binding levels [PortBindingLevel(driver='openvswitch',host='dv-neutron-837454-7-hyperv',level=0,port_id=506c8855-7e98-4f87-b439-7a874702e4dd,segment=NetworkSegment(2b27b95d-1bc7-4ce4-8914-79105d465acf),segment_id=2b27b95d-1bc7-4ce4-8914-79105d465acf)] {{(pid=104622) get_binding_level_objs /opt/stack/neutron/neutron/plugins/ml2/db.py:74}}
Jun 17 17:04:04.251275 dv-neutron-837454-7-hyperv neutron-server[104622]: DEBUG neutron_lib.callbacks.manager [None req-19b50906-d3b8-4174-9662-488dadc28835 None None] Publish callbacks ['neutron.plugins.ml2.plugin.SecurityGroupServerNotifierRpcMixin._notify_sg_on_port_change-2075519', 'neutron.plugins.ml2.ovo_rpc._ObjectChangeHandler.handle_event-95167', 'neutron.api.rpc.agentnotifiers.dhcp_rpc_agent_api.DhcpAgentNotifyAPI._native_event_send_dhcp_notification-1010587', 'neutron.db.l3_db.L3RpcNotifierMixin._notify_gateway_port_ip_changed-8767637388126', 'neutron.db.l3_dvrscheduler_db._notify_l3_agent_port_update-8767637020721', 'neutron.db.l3_hascheduler_db._notify_l3_agent_ha_port_update-8767637020739'] for port (506c8855-7e98-4f87-b439-7a874702e4dd), after_update {{(pid=104622) _notify_loop /usr/local/lib/python3.8/dist-packages/neutron_lib/callbacks/manager.py:176}}
Jun 17 17:04:04.252490 dv-neutron-837454-7-hyperv neutron-server[104622]: DEBUG neutron.plugins.ml2.rpc [None req-19b50906-d3b8-4174-9662-488dadc28835 None None] Device 0a635caa-dcb0-4691-a09c-163d0ec389d1 up at agent ovs-agent-dv-neutron-837454-7-hyperv {{(pid=104622) update_device_up /opt/stack/neutron/neutron/plugins/ml2/rpc.py:296}}
Jun 17 17:04:04.264290 dv-neutron-837454-7-hyperv neutron-server[104620]: DEBUG neutron_lib.callbacks.manager [None req-418b0741-d630-4168-b7e7-4be9b7f632f5 tempest-DHCPAgentSchedulersTestJSON-1263243836 tempest-DHCPAgentSchedulersTestJSON-1263243836-project] Publish callbacks ['neutron.plugins.ml2.plugin.Ml2Plugin._handle_segment_change-2048538'] for segment (ef517951-06a9-44d9-a968-b5aa8d46b58f), precommit_create {{(pid=104620) _notify_loop /usr/local/lib/python3.8/dist-packages/neutron_lib/callbacks/manager.py:176}}
Jun 17 17:04:04.264647 dv-neutron-837454-7-hyperv neutron-server[104620]: INFO neutron.db.segments_db [None req-418b0741-d630-4168-b7e7-4be9b7f632f5 tempest-DHCPAgentSchedulersTestJSON-1263243836 tempest-DHCPAgentSchedulersTestJSON-1263243836-project] Added segment ef517951-06a9-44d9-a968-b5aa8d46b58f of type vlan for network 27cdc819-3ae6-4978-8c99-7d67e68fd3f1
Jun 17 17:04:04.307845 dv-neutron-837454-7-hyperv neutron-server[104622]: DEBUG neutron.db.provisioning_blocks [None req-1f0a250b-c096-4aa5-a7b1-a0e572eeabb7 None None] Provisioning complete for port 345fbc53-daf7-4800-a2ec-26112bf3a3ec triggered by entity DHCP. {{(pid=104622) provisioning_complete /opt/stack/neutron/neutron/db/provisioning_blocks.py:145}}
Jun 17 17:04:04.309547 dv-neutron-837454-7-hyperv neutron-server[104622]: DEBUG neutron_lib.callbacks.manager [None req-1f0a250b-c096-4aa5-a7b1-a0e572eeabb7 None None] Publish callbacks ['neutron.plugins.ml2.plugin.Ml2Plugin._port_provisioned-2050730'] for port (345fbc53-daf7-4800-a2ec-26112bf3a3ec), provisioning_complete {{(pid=104622) _notify_loop /usr/local/lib/python3.8/dist-packages/neutron_lib/callbacks/manager.py:176}}
Jun 17 17:04:04.335408 dv-neutron-837454-7-hyperv neutron-server[104620]: DEBUG neutron_lib.callbacks.manager [None req-418b0741-d630-4168-b7e7-4be9b7f632f5 tempest-DHCPAgentSchedulersTestJSON-1263243836 tempest-DHCPAgentSchedulersTestJSON-1263243836-project] Publish callbacks ['neutron.services.auto_allocate.db._ensure_external_network_default_value_callback-8767636989534'] for network (27cdc819-3ae6-4978-8c99-7d67e68fd3f1), precommit_create {{(pid=104620) _notify_loop /usr/local/lib/python3.8/dist-packages/neutron_lib/callbacks/manager.py:176}}
Jun 17 17:04:04.351164 dv-neutron-837454-7-hyperv neutron-server[104620]: DEBUG dbcounter [-] [104620] Writing DB stats neutron:UPDATE=6,neutron:INSERT=14,neutron:SELECT=80 {{(pid=104620) stat_writer /usr/local/lib/python3.8/dist-packages/dbcounter.py:114}}
Jun 17 17:04:04.357976 dv-neutron-837454-7-hyperv neutron-server[104620]: INFO neutron.wsgi [None req-4045cb97-0253-40c4-86db-70b3f1655afc admin admin] 10.222.0.48 "GET /v2.0/security-groups?tenant_id=eba83712262d4bd68d6fe7977a9e8964&name=default HTTP/1.1" status: 200 len: 2996 time: 2.6776035
Jun 17 17:04:04.358750 dv-neutron-837454-7-hyperv neutron-server[104620]: DEBUG neutron.api.rpc.handlers.resources_rpc [None req-c1b7cbfa-d0a6-4d23-9300-ebcea0f6fc2c admin admin] Pushing event updated for resources: {'SecurityGroup': ['ID=e5e5a755-9b46-4aca-add2-e9633e3d6189,revision_number=1']} {{(pid=104620) push /opt/stack/neutron/neutron/api/rpc/handlers/resources_rpc.py:237}}
Jun 17 17:04:04.360630 dv-neutron-837454-7-hyperv neutron-server[104621]: DEBUG neutron.wsgi [-] (104621) accepted ('10.222.0.48', 45394) {{(pid=104621) server /usr/local/lib/python3.8/dist-packages/eventlet/wsgi.py:1004}}
Jun 17 17:04:04.361777 dv-neutron-837454-7-hyperv neutron-server[104621]: DEBUG neutron.wsgi [-] (104621) accepted ('10.222.0.48', 45396) {{(pid=104621) server /usr/local/lib/python3.8/dist-packages/eventlet/wsgi.py:1004}}
Jun 17 17:04:04.415576 dv-neutron-837454-7-hyperv neutron-server[104620]: DEBUG neutron.api.rpc.handlers.resources_rpc [None req-0d864282-dfbe-4224-987b-538b1bac2788 tempest-ExternalNetworksTestJSON-1156383998 tempest-ExternalNetworksTestJSON-1156383998-project-admin] Pushing event updated for resources: {'Port': ['ID=38aaca62-4498-44e3-8d39-47b5d3f547e0,revision_number=2']} {{(pid=104620) push /opt/stack/neutron/neutron/api/rpc/handlers/resources_rpc.py:237}}
Jun 17 17:04:04.421774 dv-neutron-837454-7-hyperv neutron-server[104620]: INFO neutron.wsgi [None req-c1b7cbfa-d0a6-4d23-9300-ebcea0f6fc2c admin admin] 10.222.0.48 "GET /v2.0/security-groups?tenant_id=cabd2f97604042cb85005aee43b32089&name=default HTTP/1.1" status: 200 len: 2996 time: 2.6661274
Jun 17 17:04:04.438469 dv-neutron-837454-7-hyperv neutron-server[104621]: DEBUG neutron.wsgi [-] (104621) accepted ('10.222.0.48', 45398) {{(pid=104621) server /usr/local/lib/python3.8/dist-packages/eventlet/wsgi.py:1004}}
Jun 17 17:04:04.439364 dv-neutron-837454-7-hyperv neutron-server[104621]: DEBUG neutron_lib.callbacks.manager [None req-cca88b68-5ecb-471b-999b-9fb8a3a690a7 admin admin] Publish callbacks [] for security_group (None), before_create {{(pid=104621) _notify_loop /usr/local/lib/python3.8/dist-packages/neutron_lib/callbacks/manager.py:176}}
Jun 17 17:04:04.497859 dv-neutron-837454-7-hyperv neutron-server[104620]: DEBUG neutron_lib.callbacks.manager [None req-0560fedc-2847-4cc5-b172-f7fcf0aef772 tempest-ServersTestJSON-226047785 tempest-ServersTestJSON-226047785-project] Publish callbacks [] for security_group_rule (187299bd-50d4-4629-b5be-ccc9f917bad1), before_create {{(pid=104620) _notify_loop /usr/local/lib/python3.8/dist-packages/neutron_lib/callbacks/manager.py:176}}
Jun 17 17:04:04.508089 dv-neutron-837454-7-hyperv neutron-server[104620]: DEBUG dbcounter [-] [104620] Writing DB stats neutron:DELETE=2,neutron:SELECT=87,neutron:INSERT=10,neutron:UPDATE=1 {{(pid=104620) stat_writer /usr/local/lib/python3.8/dist-packages/dbcounter.py:114}}
Jun 17 17:04:04.513049 dv-neutron-837454-7-hyperv neutron-server[104622]: DEBUG neutron.plugins.ml2.plugin [None req-1f0a250b-c096-4aa5-a7b1-a0e572eeabb7 None None] Port 345fbc53-daf7-4800-a2ec-26112bf3a3ec cannot update to ACTIVE because it is not bound. {{(pid=104622) _port_provisioned /opt/stack/neutron/neutron/plugins/ml2/plugin.py:354}}
Jun 17 17:04:04.538220 dv-neutron-837454-7-hyperv neutron-server[104622]: DEBUG neutron.db.provisioning_blocks [None req-19b50906-d3b8-4174-9662-488dadc28835 None None] Provisioning complete for port 0a635caa-dcb0-4691-a09c-163d0ec389d1 triggered by entity L2. {{(pid=104622) provisioning_complete /opt/stack/neutron/neutron/db/provisioning_blocks.py:145}}
Jun 17 17:04:04.538708 dv-neutron-837454-7-hyperv neutron-server[104622]: DEBUG neutron_lib.callbacks.manager [None req-19b50906-d3b8-4174-9662-488dadc28835 None None] Publish callbacks ['neutron.plugins.ml2.plugin.Ml2Plugin._port_provisioned-2050730'] for port (0a635caa-dcb0-4691-a09c-163d0ec389d1), provisioning_complete {{(pid=104622) _notify_loop /usr/local/lib/python3.8/dist-packages/neutron_lib/callbacks/manager.py:176}}
Jun 17 17:04:04.550604 dv-neutron-837454-7-hyperv neutron-server[104620]: DEBUG neutron_lib.callbacks.manager [None req-418b0741-d630-4168-b7e7-4be9b7f632f5 tempest-DHCPAgentSchedulersTestJSON-1263243836 tempest-DHCPAgentSchedulersTestJSON-1263243836-project] Publish callbacks ['neutron.plugins.ml2.ovo_rpc._ObjectChangeHandler.handle_event-535848', 'neutron.api.rpc.agentnotifiers.dhcp_rpc_agent_api.DhcpAgentNotifyAPI._native_event_send_dhcp_notification-1010587'] for network (27cdc819-3ae6-4978-8c99-7d67e68fd3f1), after_create {{(pid=104620) _notify_loop /usr/local/lib/python3.8/dist-packages/neutron_lib/callbacks/manager.py:176}}
Jun 17 17:04:04.556249 dv-neutron-837454-7-hyperv neutron-server[104620]: DEBUG neutron.pecan_wsgi.hooks.policy_enforcement [None req-418b0741-d630-4168-b7e7-4be9b7f632f5 tempest-DHCPAgentSchedulersTestJSON-1263243836 tempest-DHCPAgentSchedulersTestJSON-1263243836-project] Attributes excluded by policy engine: ['standard_attr_id', 'provider:network_type', 'provider:physical_network', 'provider:segmentation_id', 'vlan_transparent'] {{(pid=104620) _exclude_attributes_by_policy /opt/stack/neutron/neutron/pecan_wsgi/hooks/policy_enforcement.py:259}}
