Apr 10 14:00:17.134877 dv-neutron-837219-1-hyperv neutron-server[103995]: DEBUG neutron_lib.callbacks.manager [None req-89517112-8693-4d58-89c6-88543e0c564f None None] Publish callbacks ['neutron.plugins.ml2.plugin.SecurityGroupServerNotifierRpcMixin._notify_sg_on_port_change-2025603', 'neutron.plugins.ml2.ovo_rpc._ObjectChangeHandler.handle_event-245021', 'neutron.api.rpc.agentnotifiers.dhcp_rpc_agent_api.DhcpAgentNotifyAPI._native_event_send_dhcp_notification-536062', 'neutron.db.l3_db.L3RpcNotifierMixin._notify_gateway_port_ip_changed-8774704906765', 'neutron.db.l3_dvrscheduler_db._notify_l3_agent_port_update-8774704380712', 'neutron.db.l3_hascheduler_db._notify_l3_agent_ha_port_update-8774704380730'] for port (246197ce-9cc5-40c0-8019-5d9d14f7d1ba), after_update {{(pid=103995) _notify_loop /usr/local/lib/python3.8/dist-packages/neutron_lib/callbacks/manager.py:176}}
Apr 10 14:00:17.177904 dv-neutron-837219-1-hyperv neutron-server[103993]: DEBUG neutron_lib.callbacks.manager [None req-39e741a8-c33c-465b-a011-7311b4c72341 tempest-FloatingIPAdminTestJSON-747280867 tempest-FloatingIPAdminTestJSON-747280867-project] Publish callbacks [] for router_gateway (e96dcae0-a8a7-4be8-9aeb-7530476f884c), before_create {{(pid=103993) _notify_loop /usr/local/lib/python3.8/dist-packages/neutron_lib/callbacks/manager.py:176}}
Apr 10 14:00:17.211311 dv-neutron-837219-1-hyperv neutron-server[103995]: DEBUG neutron.api.rpc.handlers.resources_rpc [None req-89517112-8693-4d58-89c6-88543e0c564f None None] Pushing event updated for resources: {'Port': ['ID=246197ce-9cc5-40c0-8019-5d9d14f7d1ba,revision_number=2']} {{(pid=103995) push /opt/stack/neutron/neutron/api/rpc/handlers/resources_rpc.py:237}}
Apr 10 14:00:17.217039 dv-neutron-837219-1-hyperv neutron-server[103993]: DEBUG neutron.scheduler.l3_agent_scheduler [None req-05b0beda-a035-48b6-b480-bbe97d20fd61 admin admin] Router 220b46f7-4274-491d-989e-49557c0a218f is scheduled to L3 agent 07ab2722-e3ee-4fe3-b773-7d70b79ee6a1 with binding_index 1 {{(pid=103993) bind_router /opt/stack/neutron/neutron/scheduler/l3_agent_scheduler.py:209}}
Apr 10 14:00:17.233844 dv-neutron-837219-1-hyperv neutron-server[103993]: DEBUG neutron_lib.callbacks.manager [None req-39e741a8-c33c-465b-a011-7311b4c72341 tempest-FloatingIPAdminTestJSON-747280867 tempest-FloatingIPAdminTestJSON-747280867-project] Publish callbacks ['neutron.plugins.ml2.plugin.SecurityGroupDbMixin._ensure_default_security_group_handler-2026099'] for port (None), before_create {{(pid=103993) _notify_loop /usr/local/lib/python3.8/dist-packages/neutron_lib/callbacks/manager.py:176}}
Apr 10 14:00:17.258434 dv-neutron-837219-1-hyperv neutron-server[103994]: DEBUG neutron.plugins.ml2.plugin [None req-f412a5c0-34e6-4e5c-a560-1452c1a87b3b tempest-ExternalNetworksTestJSON-1900733195 tempest-ExternalNetworksTestJSON-1900733195-project-admin] Deleting port f865dc0e-deb3-4fc5-be34-cd3a78807769 {{(pid=103994) _pre_delete_port /opt/stack/neutron/neutron/plugins/ml2/plugin.py:2002}}
Apr 10 14:00:17.258938 dv-neutron-837219-1-hyperv neutron-server[103994]: DEBUG neutron_lib.callbacks.manager [None req-f412a5c0-34e6-4e5c-a560-1452c1a87b3b tempest-ExternalNetworksTestJSON-1900733195 tempest-ExternalNetworksTestJSON-1900733195-project-admin] Publish callbacks ['neutron.db.l3_db.L3_NAT_dbonly_mixin._prevent_l3_port_delete_callback-8774704897293'] for port (f865dc0e-deb3-4fc5-be34-cd3a78807769), before_delete {{(pid=103994) _notify_loop /usr/local/lib/python3.8/dist-packages/neutron_lib/callbacks/manager.py:176}}
Apr 10 14:00:17.260099 dv-neutron-837219-1-hyperv neutron-server[103993]: DEBUG neutron_lib.callbacks.manager [None req-bd7d3088-d30b-462d-8a7e-ce25fcb015cd admin admin] Publish callbacks [] for port (e627271b-6422-4522-8c34-5751db4c12ea), precommit_update {{(pid=103993) _notify_loop /usr/local/lib/python3.8/dist-packages/neutron_lib/callbacks/manager.py:176}}
Apr 10 14:00:17.261877 dv-neutron-837219-1-hyperv neutron-server[103993]: DEBUG neutron.plugins.ml2.plugin [None req-a6e90840-e2af-4328-8451-9a04d963aeed tempest-BulkNetworkOpsTest-1239153615 tempest-BulkNetworkOpsTest-1239153615-project] Deleting port 7d5760d2-f267-421f-affa-99dcccd1bce4 {{(pid=103993) _pre_delete_port /opt/stack/neutron/neutron/plugins/ml2/plugin.py:2002}}
Apr 10 14:00:17.262473 dv-neutron-837219-1-hyperv neutron-server[103993]: DEBUG neutron_lib.callbacks.manager [None req-a6e90840-e2af-4328-8451-9a04d963aeed tempest-BulkNetworkOpsTest-1239153615 tempest-BulkNetworkOpsTest-1239153615-project] Publish callbacks ['neutron.db.l3_db.L3_NAT_dbonly_mixin._prevent_l3_port_delete_callback-8774704897293'] for port (7d5760d2-f267-421f-affa-99dcccd1bce4), before_delete {{(pid=103993) _notify_loop /usr/local/lib/python3.8/dist-packages/neutron_lib/callbacks/manager.py:176}}
Apr 10 14:00:17.307991 dv-neutron-837219-1-hyperv neutron-server[103995]: DEBUG neutron_lib.callbacks.manager [None req-4d881449-eea7-43dc-b90b-53b7ea0aa1dc None None] Publish callbacks ['neutron.services.segments.db._update_segment_host_mapping_for_agent-8774704874123', 'neutron.plugins.ml2.plugin.Ml2Plugin._retry_binding_revived_agents-1868235'] for agent (8aacdf6b-dec3-419d-860c-56fc2322f9d3), after_update {{(pid=103995) _notify_loop /usr/local/lib/python3.8/dist-packages/neutron_lib/callbacks/manager.py:176}}
Apr 10 14:00:17.327091 dv-neutron-837219-1-hyperv neutron-server[103994]: DEBUG neutron.pecan_wsgi.hooks.policy_enforcement [None req-dd22e1b0-cec5-4b42-8a4c-05340204f3e7 tempest-BulkNetworkOpsIpV6Test-2038360876 tempest-BulkNetworkOpsIpV6Test-2038360876-project] Attributes excluded by policy engine: ['standard_attr_id', 'binding:profile', 'binding:host_id', 'binding:vif_type', 'binding:vif_details'] {{(pid=103994) _exclude_attributes_by_policy /opt/stack/neutron/neutron/pecan_wsgi/hooks/policy_enforcement.py:255}}
Apr 10 14:00:17.329222 dv-neutron-837219-1-hyperv neutron-server[103993]: DEBUG neutron_lib.callbacks.manager [None req-bd7d3088-d30b-462d-8a7e-ce25fcb015cd admin admin] Publish callbacks ['neutron.plugins.ml2.plugin.SecurityGroupServerNotifierRpcMixin._notify_sg_on_port_change-2025603', 'neutron.plugins.ml2.ovo_rpc._ObjectChangeHandler.handle_event-245021', 'neutron.api.rpc.agentnotifiers.dhcp_rpc_agent_api.DhcpAgentNotifyAPI._native_event_send_dhcp_notification-536062', 'neutron.db.l3_db.L3RpcNotifierMixin._notify_gateway_port_ip_changed-8774704906765', 'neutron.db.l3_dvrscheduler_db._notify_l3_agent_port_update-8774704380712', 'neutron.db.l3_hascheduler_db._notify_l3_agent_ha_port_update-8774704380730', 'neutron.services.segments.plugin.NovaSegmentNotifier._notify_port_updated-2881616'] for port (e627271b-6422-4522-8c34-5751db4c12ea), after_update {{(pid=103993) _notify_loop /usr/local/lib/python3.8/dist-packages/neutron_lib/callbacks/manager.py:176}}
Apr 10 14:00:17.332560 dv-neutron-837219-1-hyperv neutron-server[103994]: DEBUG neutron.pecan_wsgi.hooks.policy_enforcement [None req-dd22e1b0-cec5-4b42-8a4c-05340204f3e7 tempest-BulkNetworkOpsIpV6Test-2038360876 tempest-BulkNetworkOpsIpV6Test-2038360876-project] Attributes excluded by policy engine: ['standard_attr_id', 'binding:profile', 'binding:host_id', 'binding:vif_type', 'binding:vif_details'] {{(pid=103994) _exclude_attributes_by_policy /opt/stack/neutron/neutron/pecan_wsgi/hooks/policy_enforcement.py:255}}
Apr 10 14:00:17.336802 dv-neutron-837219-1-hyperv neutron-server[103994]: INFO neutron.wsgi [None req-dd22e1b0-cec5-4b42-8a4c-05340204f3e7 tempest-BulkNetworkOpsIpV6Test-2038360876 tempest-BulkNetworkOpsIpV6Test-2038360876-project] 10.222.0.15 "GET /v2.0/ports HTTP/1.1" status: 200 len: 1444 time: 0.3275366
Apr 10 14:00:17.346994 dv-neutron-837219-1-hyperv neutron-server[103994]: DEBUG neutron.wsgi [-] (103994) accepted ('10.222.0.15', 50912) {{(pid=103994) server /usr/local/lib/python3.8/dist-packages/eventlet/wsgi.py:1004}}
Apr 10 14:00:17.438061 dv-neutron-837219-1-hyperv neutron-server[103994]: DEBUG neutron_lib.callbacks.manager [None req-9f49a330-42ec-449b-b57b-f07f99ff99b2 admin admin] Publish callbacks [] for port (a46904f3-8630-4804-bbbc-d220c8916b0f), precommit_update {{(pid=103994) _notify_loop /usr/local/lib/python3.8/dist-packages/neutron_lib/callbacks/manager.py:176}}
Apr 10 14:00:17.462175 dv-neutron-837219-1-hyperv neutron-server[103994]: DEBUG neutron_lib.callbacks.manager [None req-9f49a330-42ec-449b-b57b-f07f99ff99b2 admin admin] Publish callbacks ['neutron.plugins.ml2.plugin.SecurityGroupServerNotifierRpcMixin._notify_sg_on_port_change-2025603', 'neutron.plugins.ml2.ovo_rpc._ObjectChangeHandler.handle_event-245021', 'neutron.api.rpc.agentnotifiers.dhcp_rpc_agent_api.DhcpAgentNotifyAPI._native_event_send_dhcp_notification-536062', 'neutron.db.l3_db.L3RpcNotifierMixin._notify_gateway_port_ip_changed-8774704906765', 'neutron.db.l3_dvrscheduler_db._notify_l3_agent_port_update-8774704380712', 'neutron.db.l3_hascheduler_db._notify_l3_agent_ha_port_update-8774704380730', 'neutron.services.segments.plugin.NovaSegmentNotifier._notify_port_updated-2774230'] for port (a46904f3-8630-4804-bbbc-d220c8916b0f), after_update {{(pid=103994) _notify_loop /usr/local/lib/python3.8/dist-packages/neutron_lib/callbacks/manager.py:176}}
Apr 10 14:00:17.563201 dv-neutron-837219-1-hyperv neutron-server[103994]: DEBUG neutron_lib.callbacks.manager [None req-9f49a330-42ec-449b-b57b-f07f99ff99b2 admin admin] Publish callbacks ['neutron.api.rpc.agentnotifiers.dhcp_rpc_agent_api.DhcpAgentNotifyAPI._after_router_interface_created-536044', 'neutron.services.l3_router.l3_router_plugin.DVRResourceOperationHandler._update_snat_v6_addrs_after_intf_update-538092'] for router_interface (de0373c0-7c57-45c6-8b60-1ffefd327818), after_create {{(pid=103994) _notify_loop /usr/local/lib/python3.8/dist-packages/neutron_lib/callbacks/manager.py:176}}
Apr 10 14:00:17.586451 dv-neutron-837219-1-hyperv neutron-server[103994]: DEBUG neutron_lib.callbacks.manager [None req-aafe27df-1e15-4a96-90d9-af73becf8745 admin admin] Publish callbacks ['neutron.plugins.ml2.ovo_rpc._ObjectChangeHandler.handle_event-706293'] for security_group (1c43ef48-80d2-42c3-a497-ed2a89bee444), after_delete {{(pid=103994) _notify_loop /usr/local/lib/python3.8/dist-packages/neutron_lib/callbacks/manager.py:176}}
Apr 10 14:00:17.589019 dv-neutron-837219-1-hyperv neutron-server[103994]: DEBUG neutron_lib.callbacks.manager [None req-aafe27df-1e15-4a96-90d9-af73becf8745 admin admin] Publish callbacks [] for security_group (None), before_response {{(pid=103994) _notify_loop /usr/local/lib/python3.8/dist-packages/neutron_lib/callbacks/manager.py:176}}
Apr 10 14:00:17.592732 dv-neutron-837219-1-hyperv neutron-server[103994]: INFO neutron.wsgi [None req-aafe27df-1e15-4a96-90d9-af73becf8745 admin admin] 10.222.0.15 "DELETE /v2.0/security-groups/1c43ef48-80d2-42c3-a497-ed2a89bee444 HTTP/1.1" status: 204 len: 168 time: 0.8708541
Apr 10 14:00:17.640031 dv-neutron-837219-1-hyperv neutron-server[103994]: DEBUG neutron_lib.callbacks.manager [None req-f412a5c0-34e6-4e5c-a560-1452c1a87b3b tempest-ExternalNetworksTestJSON-1900733195 tempest-ExternalNetworksTestJSON-1900733195-project-admin] Publish callbacks ['neutron.services.l3_router.l3_router_plugin.L3_NAT_dbonly_mixin._precommit_delete_port_callback-545404'] for port (f865dc0e-deb3-4fc5-be34-cd3a78807769), precommit_delete {{(pid=103994) _notify_loop /usr/local/lib/python3.8/dist-packages/neutron_lib/callbacks/manager.py:176}}
Apr 10 14:00:17.640357 dv-neutron-837219-1-hyperv neutron-server[103994]: DEBUG neutron_lib.callbacks.manager [None req-f412a5c0-34e6-4e5c-a560-1452c1a87b3b tempest-ExternalNetworksTestJSON-1900733195 tempest-ExternalNetworksTestJSON-1900733195-project-admin] Publish callbacks [] for floatingip (f865dc0e-deb3-4fc5-be34-cd3a78807769), precommit_delete {{(pid=103994) _notify_loop /usr/local/lib/python3.8/dist-packages/neutron_lib/callbacks/manager.py:176}}
Apr 10 14:00:17.664014 dv-neutron-837219-1-hyperv neutron-server[103994]: DEBUG neutron.api.rpc.handlers.resources_rpc [None req-aafe27df-1e15-4a96-90d9-af73becf8745 admin admin] Pushing event deleted for resources: {'SecurityGroup': ['ID=1c43ef48-80d2-42c3-a497-ed2a89bee444,revision_number=None']} {{(pid=103994) push /opt/stack/neutron/neutron/api/rpc/handlers/resources_rpc.py:237}}
Apr 10 14:00:17.680418 dv-neutron-837219-1-hyperv neutron-server[103994]: DEBUG neutron.api.rpc.handlers.resources_rpc [None req-9f49a330-42ec-449b-b57b-f07f99ff99b2 admin admin] Pushing event updated for resources: {'Port': ['ID=a46904f3-8630-4804-bbbc-d220c8916b0f,revision_number=2']} {{(pid=103994) push /opt/stack/neutron/neutron/api/rpc/handlers/resources_rpc.py:237}}
Apr 10 14:00:17.697796 dv-neutron-837219-1-hyperv neutron-server[103994]: DEBUG neutron.plugins.ml2.plugin [None req-f412a5c0-34e6-4e5c-a560-1452c1a87b3b tempest-ExternalNetworksTestJSON-1900733195 tempest-ExternalNetworksTestJSON-1900733195-project-admin] Calling delete_port for f865dc0e-deb3-4fc5-be34-cd3a78807769 owned by network:floatingip {{(pid=103994) delete_port /opt/stack/neutron/neutron/plugins/ml2/plugin.py:2081}}
Apr 10 14:00:17.719549 dv-neutron-837219-1-hyperv neutron-server[103993]: DEBUG neutron_lib.callbacks.manager [None req-a6e90840-e2af-4328-8451-9a04d963aeed tempest-BulkNetworkOpsTest-1239153615 tempest-BulkNetworkOpsTest-1239153615-project] Publish callbacks ['neutron.services.l3_router.l3_router_plugin.L3_NAT_dbonly_mixin._precommit_delete_port_callback-545404'] for port (7d5760d2-f267-421f-affa-99dcccd1bce4), precommit_delete {{(pid=103993) _notify_loop /usr/local/lib/python3.8/dist-packages/neutron_lib/callbacks/manager.py:176}}
Apr 10 14:00:17.760818 dv-neutron-837219-1-hyperv neutron-server[103994]: DEBUG neutron.plugins.ml2.plugin [None req-a360398c-d35b-4d0a-a6a5-d1e177d64169 tempest-BulkNetworkOpsIpV6Test-2038360876 tempest-BulkNetworkOpsIpV6Test-2038360876-project] Deleting port cefb3044-7df7-4378-8e21-db017b706621 {{(pid=103994) _pre_delete_port /opt/stack/neutron/neutron/plugins/ml2/plugin.py:2002}}
Apr 10 14:00:17.761012 dv-neutron-837219-1-hyperv neutron-server[103994]: DEBUG neutron_lib.callbacks.manager [None req-a360398c-d35b-4d0a-a6a5-d1e177d64169 tempest-BulkNetworkOpsIpV6Test-2038360876 tempest-BulkNetworkOpsIpV6Test-2038360876-project] Publish callbacks ['neutron.db.l3_db.L3_NAT_dbonly_mixin._prevent_l3_port_delete_callback-8774704897293'] for port (cefb3044-7df7-4378-8e21-db017b706621), before_delete {{(pid=103994) _notify_loop /usr/local/lib/python3.8/dist-packages/neutron_lib/callbacks/manager.py:176}}
Apr 10 14:00:17.768590 dv-neutron-837219-1-hyperv neutron-server[103993]: DEBUG neutron.plugins.ml2.plugin [None req-a6e90840-e2af-4328-8451-9a04d963aeed tempest-BulkNetworkOpsTest-1239153615 tempest-BulkNetworkOpsTest-1239153615-project] Calling delete_port for 7d5760d2-f267-421f-affa-99dcccd1bce4 owned by {{(pid=103993) delete_port /opt/stack/neutron/neutron/plugins/ml2/plugin.py:2081}}
Apr 10 14:00:17.783269 dv-neutron-837219-1-hyperv neutron-server[103993]: DEBUG neutron.api.rpc.handlers.resources_rpc [None req-bd7d3088-d30b-462d-8a7e-ce25fcb015cd admin admin] Pushing event updated for resources: {'Port': ['ID=e627271b-6422-4522-8c34-5751db4c12ea,revision_number=2']} {{(pid=103993) push /opt/stack/neutron/neutron/api/rpc/handlers/resources_rpc.py:237}}
Apr 10 14:00:17.795645 dv-neutron-837219-1-hyperv neutron-server[103993]: DEBUG neutron_lib.callbacks.manager [None req-bd7d3088-d30b-462d-8a7e-ce25fcb015cd admin admin] Publish callbacks ['neutron.api.rpc.agentnotifiers.dhcp_rpc_agent_api.DhcpAgentNotifyAPI._after_router_interface_created-536044', 'neutron.services.l3_router.l3_router_plugin.DVRResourceOperationHandler._update_snat_v6_addrs_after_intf_update-538092'] for router_interface (befc435e-6d8b-4ad0-b503-6b5c5978b4ce), after_create {{(pid=103993) _notify_loop /usr/local/lib/python3.8/dist-packages/neutron_lib/callbacks/manager.py:176}}
Apr 10 14:00:17.909796 dv-neutron-837219-1-hyperv neutron-server[103994]: DEBUG neutron_lib.callbacks.manager [None req-a360398c-d35b-4d0a-a6a5-d1e177d64169 tempest-BulkNetworkOpsIpV6Test-2038360876 tempest-BulkNetworkOpsIpV6Test-2038360876-project] Publish callbacks ['neutron.services.l3_router.l3_router_plugin.L3_NAT_dbonly_mixin._precommit_delete_port_callback-545404'] for port (cefb3044-7df7-4378-8e21-db017b706621), precommit_delete {{(pid=103994) _notify_loop /usr/local/lib/python3.8/dist-packages/neutron_lib/callbacks/manager.py:176}}
Apr 10 14:00:17.938864 dv-neutron-837219-1-hyperv neutron-server[103994]: DEBUG neutron.plugins.ml2.plugin [None req-a360398c-d35b-4d0a-a6a5-d1e177d64169 tempest-BulkNetworkOpsIpV6Test-2038360876 tempest-BulkNetworkOpsIpV6Test-2038360876-project] Calling delete_port for cefb3044-7df7-4378-8e21-db017b706621 owned by {{(pid=103994) delete_port /opt/stack/neutron/neutron/plugins/ml2/plugin.py:2081}}
Apr 10 14:00:17.967126 dv-neutron-837219-1-hyperv neutron-server[103994]: DEBUG neutron.scheduler.dhcp_agent_scheduler [None req-9f49a330-42ec-449b-b57b-f07f99ff99b2 admin admin] Network 9a6c4629-2aac-4671-8579-5a722ea1d67f is already hosted by enough agents. {{(pid=103994) _get_dhcp_agents_hosting_network /opt/stack/neutron/neutron/scheduler/dhcp_agent_scheduler.py:275}}
Apr 10 14:00:17.973898 dv-neutron-837219-1-hyperv neutron-server[103994]: DEBUG neutron.wsgi [-] (103994) accepted ('10.222.0.15', 50918) {{(pid=103994) server /usr/local/lib/python3.8/dist-packages/eventlet/wsgi.py:1004}}
Apr 10 14:00:17.978022 dv-neutron-837219-1-hyperv neutron-server[103994]: DEBUG neutron.scheduler.base_scheduler [None req-9f49a330-42ec-449b-b57b-f07f99ff99b2 admin admin] Resources bound (agent type, host, resource id): {{(pid=103994) schedule /opt/stack/neutron/neutron/scheduler/base_scheduler.py:57}}
Apr 10 14:00:18.031692 dv-neutron-837219-1-hyperv neutron-server[103993]: DEBUG neutron.api.rpc.agentnotifiers.l3_rpc_agent_api [None req-05b0beda-a035-48b6-b480-bbe97d20fd61 admin admin] Notify agent at l3_agent.dv-neutron-837219-1-hyperv the message routers_updated {{(pid=103993) _agent_notification /opt/stack/neutron/neutron/api/rpc/agentnotifiers/l3_rpc_agent_api.py:65}}
Apr 10 14:00:18.042421 dv-neutron-837219-1-hyperv neutron-server[103996]: DEBUG neutron.api.rpc.handlers.l3_rpc [None req-eb37e90b-5c7b-41a0-9ce1-7c3a07cec2ed None None] Sync routers for ids ['220b46f7-4274-491d-989e-49557c0a218f'] in dv-neutron-837219-1-hyperv {{(pid=103996) sync_routers /opt/stack/neutron/neutron/api/rpc/handlers/l3_rpc.py:125}}
Apr 10 14:00:18.049286 dv-neutron-837219-1-hyperv neutron-server[103993]: DEBUG neutron.db.db_base_plugin_common [None req-39e741a8-c33c-465b-a011-7311b4c72341 tempest-FloatingIPAdminTestJSON-747280867 tempest-FloatingIPAdminTestJSON-747280867-project] Allocated IP 172.26.6.54 (1529e8c6-1d49-4119-8b30-ce2a8682aac7/1928d85a-6795-4344-90fb-ac5b545ce3d9/71fe5e4b-5285-45f6-8d9e-d533ea209e2d) {{(pid=103993) _store_ip_allocation /opt/stack/neutron/neutron/db/db_base_plugin_common.py:131}}
Apr 10 14:00:18.060917 dv-neutron-837219-1-hyperv neutron-server[103996]: DEBUG neutron.db.l3_dvrscheduler_db [None req-eb37e90b-5c7b-41a0-9ce1-7c3a07cec2ed None None] Routers {'220b46f7-4274-491d-989e-49557c0a218f'} bound to L3 agent in host dv-neutron-837219-1-hyperv {{(pid=103996) _get_router_ids_for_agent /opt/stack/neutron/neutron/db/l3_dvrscheduler_db.py:421}}
Apr 10 14:00:18.061556 dv-neutron-837219-1-hyperv neutron-server[103996]: DEBUG neutron.db.l3_hamode_db [None req-eb37e90b-5c7b-41a0-9ce1-7c3a07cec2ed None None] neutron.services.l3_router.l3_router_plugin.L3RouterPlugin method get_ha_sync_data_for_host called with arguments (, 'dv-neutron-837219-1-hyperv', Agent(admin_state_up=True,agent_type='L3 agent',availability_zone='nova',binary='neutron-l3-agent',configurations={"agent_mode": "legacy", "ex_gw_ports": 2, "extensions": [], "floating_ips": 0, "handle_internal_only_routers": true, "interface_driver": "openvswitch", "interfaces": 1, "log_agent_heartbeats": false, "routers": 2},created_at=2022-04-10T13:52:13Z,description=,heartbeat_timestamp=2022-04-10T14:00:13Z,host='dv-neutron-837219-1-hyperv',id=07ab2722-e3ee-4fe3-b773-7d70b79ee6a1,load=0,resource_versions=,resources_synced=,started_at=2022-04-10T13:52:13Z,topic='l3_agent')) {'router_ids': ['220b46f7-4274-491d-989e-49557c0a218f'], 'active': True} {{(pid=103996) wrapper /usr/local/lib/python3.8/dist-packages/oslo_log/helpers.py:65}}
Apr 10 14:00:18.079844 dv-neutron-837219-1-hyperv neutron-server[103994]: DEBUG neutron_lib.callbacks.manager [None req-3daf64f0-9197-472d-b317-c56ac38b94da admin admin] Publish callbacks [] for security_group (None), before_create {{(pid=103994) _notify_loop /usr/local/lib/python3.8/dist-packages/neutron_lib/callbacks/manager.py:176}}
Apr 10 14:00:18.110061 dv-neutron-837219-1-hyperv neutron-server[103993]: DEBUG neutron_lib.callbacks.manager [None req-05b0beda-a035-48b6-b480-bbe97d20fd61 admin admin] Publish callbacks [] for router (None), before_response {{(pid=103993) _notify_loop /usr/local/lib/python3.8/dist-packages/neutron_lib/callbacks/manager.py:176}}
Apr 10 14:00:18.111887 dv-neutron-837219-1-hyperv neutron-server[103993]: INFO neutron.wsgi [None req-05b0beda-a035-48b6-b480-bbe97d20fd61 admin admin] 10.222.0.15 "POST /v2.0/routers HTTP/1.1" status: 201 len: 924 time: 8.9134538
Apr 10 14:00:18.117401 dv-neutron-837219-1-hyperv neutron-server[103993]: DEBUG neutron_lib.callbacks.manager [None req-a6e90840-e2af-4328-8451-9a04d963aeed tempest-BulkNetworkOpsTest-1239153615 tempest-BulkNetworkOpsTest-1239153615-project] Publish callbacks ['neutron.plugins.ml2.plugin.SecurityGroupServerNotifierRpcMixin._notify_sg_on_port_change-2025603', 'neutron.plugins.ml2.ovo_rpc._ObjectChangeHandler.handle_event-245021', 'neutron.api.rpc.agentnotifiers.dhcp_rpc_agent_api.DhcpAgentNotifyAPI._native_event_send_dhcp_notification-536062', 'neutron.db.l3_db.L3RpcNotifierMixin._notify_routers_callback-8774704905463', 'neutron.db.l3_dvrscheduler_db._notify_port_delete-8774704380703', 'neutron.services.segments.plugin.NovaSegmentNotifier._notify_port_created_or_deleted-2881631'] for port (7d5760d2-f267-421f-affa-99dcccd1bce4), after_delete {{(pid=103993) _notify_loop /usr/local/lib/python3.8/dist-packages/neutron_lib/callbacks/manager.py:176}}
Apr 10 14:00:18.119172 dv-neutron-837219-1-hyperv neutron-server[103994]: DEBUG neutron.wsgi [-] (103994) accepted ('10.222.0.15', 50920) {{(pid=103994) server /usr/local/lib/python3.8/dist-packages/eventlet/wsgi.py:1004}}
Apr 10 14:00:18.181361 dv-neutron-837219-1-hyperv neutron-server[103993]: DEBUG neutron_lib.callbacks.manager [None req-a6e90840-e2af-4328-8451-9a04d963aeed tempest-BulkNetworkOpsTest-1239153615 tempest-BulkNetworkOpsTest-1239153615-project] Publish callbacks ['neutron.notifiers.nova.Notifier._send_nova_notification-223980'] for port (None), before_response {{(pid=103993) _notify_loop /usr/local/lib/python3.8/dist-packages/neutron_lib/callbacks/manager.py:176}}
Apr 10 14:00:18.185526 dv-neutron-837219-1-hyperv neutron-server[103993]: INFO neutron.wsgi [None req-a6e90840-e2af-4328-8451-9a04d963aeed tempest-BulkNetworkOpsTest-1239153615 tempest-BulkNetworkOpsTest-1239153615-project] 10.222.0.15 "DELETE /v2.0/ports/7d5760d2-f267-421f-affa-99dcccd1bce4 HTTP/1.1" status: 204 len: 168 time: 1.4269481
Apr 10 14:00:18.205001 dv-neutron-837219-1-hyperv neutron-server[103993]: DEBUG neutron.api.rpc.handlers.resources_rpc [None req-a6e90840-e2af-4328-8451-9a04d963aeed tempest-BulkNetworkOpsTest-1239153615 tempest-BulkNetworkOpsTest-1239153615-project] Pushing event deleted for resources: {'Port': ['ID=7d5760d2-f267-421f-affa-99dcccd1bce4,revision_number=None']} {{(pid=103993) push /opt/stack/neutron/neutron/api/rpc/handlers/resources_rpc.py:237}}
Apr 10 14:00:18.211367 dv-neutron-837219-1-hyperv neutron-server[103993]: DEBUG neutron.wsgi [-] (103993) accepted ('10.222.0.15', 50922) {{(pid=103993) server /usr/local/lib/python3.8/dist-packages/eventlet/wsgi.py:1004}}
Apr 10 14:00:18.231537 dv-neutron-837219-1-hyperv neutron-server[103996]: DEBUG neutron.db.l3_dvr_db [None req-eb37e90b-5c7b-41a0-9ce1-7c3a07cec2ed None None] Set router 220b46f7-4274-491d-989e-49557c0a218f gateway port host: dv-neutron-837219-1-hyperv {{(pid=103996) _build_routers_list /opt/stack/neutron/neutron/db/l3_dvr_db.py:906}}
Apr 10 14:00:18.288969 dv-neutron-837219-1-hyperv neutron-server[103993]: DEBUG neutron.scheduler.dhcp_agent_scheduler [None req-bd7d3088-d30b-462d-8a7e-ce25fcb015cd admin admin] Network 14ae6efe-e113-4e44-8be7-0a0ca3d26947 is already hosted by enough agents. {{(pid=103993) _get_dhcp_agents_hosting_network /opt/stack/neutron/neutron/scheduler/dhcp_agent_scheduler.py:275}}
Apr 10 14:00:18.293534 dv-neutron-837219-1-hyperv neutron-server[103993]: DEBUG neutron.scheduler.base_scheduler [None req-bd7d3088-d30b-462d-8a7e-ce25fcb015cd admin admin] Resources bound (agent type, host, resource id): {{(pid=103993) schedule /opt/stack/neutron/neutron/scheduler/base_scheduler.py:57}}
Apr 10 14:00:18.352676 dv-neutron-837219-1-hyperv neutron-server[103995]: DEBUG neutron.db.provisioning_blocks [None req-6a706d40-e772-43a3-bd67-9287380787d9 None None] Provisioning complete for port a46904f3-8630-4804-bbbc-d220c8916b0f triggered by entity DHCP. {{(pid=103995) provisioning_complete /opt/stack/neutron/neutron/db/provisioning_blocks.py:145}}
Apr 10 14:00:18.353541 dv-neutron-837219-1-hyperv neutron-server[103995]: DEBUG neutron_lib.callbacks.manager [None req-6a706d40-e772-43a3-bd67-9287380787d9 None None] Publish callbacks ['neutron.plugins.ml2.plugin.Ml2Plugin._port_provisioned-1868129'] for port (a46904f3-8630-4804-bbbc-d220c8916b0f), provisioning_complete {{(pid=103995) _notify_loop /usr/local/lib/python3.8/dist-packages/neutron_lib/callbacks/manager.py:176}}
Apr 10 14:00:18.360617 dv-neutron-837219-1-hyperv neutron-server[103994]: DEBUG neutron_lib.callbacks.manager [None req-f412a5c0-34e6-4e5c-a560-1452c1a87b3b tempest-ExternalNetworksTestJSON-1900733195 tempest-ExternalNetworksTestJSON-1900733195-project-admin] Publish callbacks ['neutron.plugins.ml2.plugin.SecurityGroupServerNotifierRpcMixin._notify_sg_on_port_change-2025603', 'neutron.plugins.ml2.ovo_rpc._ObjectChangeHandler.handle_event-245021', 'neutron.api.rpc.agentnotifiers.dhcp_rpc_agent_api.DhcpAgentNotifyAPI._native_event_send_dhcp_notification-536062', 'neutron.db.l3_db.L3RpcNotifierMixin._notify_routers_callback-8774704905463', 'neutron.db.l3_dvrscheduler_db._notify_port_delete-8774704380703', 'neutron.services.segments.plugin.NovaSegmentNotifier._notify_port_created_or_deleted-2774233'] for port (f865dc0e-deb3-4fc5-be34-cd3a78807769), after_delete {{(pid=103994) _notify_loop /usr/local/lib/python3.8/dist-packages/neutron_lib/callbacks/manager.py:176}}
Apr 10 14:00:18.446910 dv-neutron-837219-1-hyperv neutron-server[103995]: DEBUG neutron.plugins.ml2.rpc [None req-4d881449-eea7-43dc-b90b-53b7ea0aa1dc None None] Device 38e188c4-d4ea-425f-8327-04d73d133451 up at agent ovs-agent-dv-neutron-837219-1-hyperv {{(pid=103995) update_device_up /opt/stack/neutron/neutron/plugins/ml2/rpc.py:296}}
Apr 10 14:00:18.513725 dv-neutron-837219-1-hyperv neutron-server[103995]: DEBUG neutron.plugins.ml2.plugin [None req-6a706d40-e772-43a3-bd67-9287380787d9 None None] Port a46904f3-8630-4804-bbbc-d220c8916b0f cannot update to ACTIVE because it is not bound. {{(pid=103995) _port_provisioned /opt/stack/neutron/neutron/plugins/ml2/plugin.py:343}}
Apr 10 14:00:18.523456 dv-neutron-837219-1-hyperv neutron-server[103994]: DEBUG neutron_lib.callbacks.manager [None req-a360398c-d35b-4d0a-a6a5-d1e177d64169 tempest-BulkNetworkOpsIpV6Test-2038360876 tempest-BulkNetworkOpsIpV6Test-2038360876-project] Publish callbacks ['neutron.plugins.ml2.plugin.SecurityGroupServerNotifierRpcMixin._notify_sg_on_port_change-2025603', 'neutron.plugins.ml2.ovo_rpc._ObjectChangeHandler.handle_event-245021', 'neutron.api.rpc.agentnotifiers.dhcp_rpc_agent_api.DhcpAgentNotifyAPI._native_event_send_dhcp_notification-536062', 'neutron.db.l3_db.L3RpcNotifierMixin._notify_routers_callback-8774704905463', 'neutron.db.l3_dvrscheduler_db._notify_port_delete-8774704380703', 'neutron.services.segments.plugin.NovaSegmentNotifier._notify_port_created_or_deleted-2774233'] for port (cefb3044-7df7-4378-8e21-db017b706621), after_delete {{(pid=103994) _notify_loop /usr/local/lib/python3.8/dist-packages/neutron_lib/callbacks/manager.py:176}}
Apr 10 14:00:18.531562 dv-neutron-837219-1-hyperv neutron-server[103994]: DEBUG neutron.api.rpc.handlers.resources_rpc [None req-f412a5c0-34e6-4e5c-a560-1452c1a87b3b tempest-ExternalNetworksTestJSON-1900733195 tempest-ExternalNetworksTestJSON-1900733195-project-admin] Pushing event deleted for resources: {'Port': ['ID=f865dc0e-deb3-4fc5-be34-cd3a78807769,revision_number=None']} {{(pid=103994) push /opt/stack/neutron/neutron/api/rpc/handlers/resources_rpc.py:237}}
Apr 10 14:00:18.532994 dv-neutron-837219-1-hyperv neutron-server[103993]: DEBUG neutron.scheduler.l3_agent_scheduler [None req-bd7d3088-d30b-462d-8a7e-ce25fcb015cd admin admin] Router befc435e-6d8b-4ad0-b503-6b5c5978b4ce has already been hosted by L3 agent 07ab2722-e3ee-4fe3-b773-7d70b79ee6a1 {{(pid=103993) _get_candidates /opt/stack/neutron/neutron/scheduler/l3_agent_scheduler.py:126}}
Apr 10 14:00:18.586215 dv-neutron-837219-1-hyperv neutron-server[103996]: DEBUG neutron.db.l3_hamode_db [None req-eb37e90b-5c7b-41a0-9ce1-7c3a07cec2ed None None] neutron.services.l3_router.l3_router_plugin.L3RouterPlugin method _process_sync_ha_data called with arguments (, [{'id': '220b46f7-4274-491d-989e-49557c0a218f', 'name': 'tempest-ServerActionsTestJSON-1407826649-router', 'tenant_id': '2c23cb34e3e949479d0fb8529dcfeeaa', 'admin_state_up': True, 'status': 'ACTIVE', 'external_gateway_info': {'network_id': '1529e8c6-1d49-4119-8b30-ce2a8682aac7', 'external_fixed_ips': [{'subnet_id': '1928d85a-6795-4344-90fb-ac5b545ce3d9', 'ip_address': '172.26.6.115'}], 'enable_snat': True}, 'gw_port_id': '452c551a-e38a-4e46-8ae7-b20251a22e85', 'description': '', 'availability_zones': ['nova'], 'distributed': False, 'ha': False, 'ha_vr_id': 0, 'availability_zone_hints': [], 'routes': [], 'flavor_id': None, 'tags': [], 'created_at': '2022-04-10T14:00:09Z', 'updated_at': '2022-04-10T14:00:14Z', 'revision_number': 3, 'project_id': '2c23cb34e3e949479d0fb8529dcfeeaa', 'gw_port': {'id': '452c551a-e38a-4e46-8ae7-b20251a22e85', 'name': '', 'network_id': '1529e8c6-1d49-4119-8b30-ce2a8682aac7', 'tenant_id': '', 'mac_address': 'fa:16:3e:63:c4:5d', 'admin_state_up': True, 'status': 'DOWN', 'device_id': '220b46f7-4274-491d-989e-49557c0a218f', 'device_owner': 'network:router_gateway', 'standard_attr_id': 115, 'fixed_ips': [{'subnet_id': '1928d85a-6795-4344-90fb-ac5b545ce3d9', 'ip_address': '172.26.6.115', 'prefixlen': 24}], 'allowed_address_pairs': [], 'extra_dhcp_opts': [], 'security_groups': [], 'description': '', 'binding:vnic_type': 'normal', 'binding:profile': {}, 'binding:host_id': '', 'binding:vif_type': 'unbound', 'binding:vif_details': {}, 'port_security_enabled': False, 'tags': [], 'created_at': '2022-04-10T14:00:11Z', 'updated_at': '2022-04-10T14:00:12Z', 'revision_number': 1, 'project_id': '', 'subnets': [{'id': '1928d85a-6795-4344-90fb-ac5b545ce3d9', 'cidr': '172.26.6.0/24', 'gateway_ip': '172.26.6.1', 'dns_nameservers': [], 'ipv6_ra_mode': None, 'subnetpool_id': None}], 'extra_subnets': [], 'address_scopes': {4: None, 6: None}, 'mtu': 1500}, 'enable_snat': True, 'gw_port_host': 'dv-neutron-837219-1-hyperv'}], 'dv-neutron-837219-1-hyperv', False) {} {{(pid=103996) wrapper /usr/local/lib/python3.8/dist-packages/oslo_log/helpers.py:65}}
Apr 10 14:00:18.596573 dv-neutron-837219-1-hyperv neutron-server[103995]: DEBUG neutron.db.provisioning_blocks [None req-4d881449-eea7-43dc-b90b-53b7ea0aa1dc None None] Provisioning complete for port 38e188c4-d4ea-425f-8327-04d73d133451 triggered by entity L2. {{(pid=103995) provisioning_complete /opt/stack/neutron/neutron/db/provisioning_blocks.py:145}}
Apr 10 14:00:18.597208 dv-neutron-837219-1-hyperv neutron-server[103995]: DEBUG neutron_lib.callbacks.manager [None req-4d881449-eea7-43dc-b90b-53b7ea0aa1dc None None] Publish callbacks ['neutron.plugins.ml2.plugin.Ml2Plugin._port_provisioned-1868129'] for port (38e188c4-d4ea-425f-8327-04d73d133451), provisioning_complete {{(pid=103995) _notify_loop /usr/local/lib/python3.8/dist-packages/neutron_lib/callbacks/manager.py:176}}
Apr 10 14:00:18.619795 dv-neutron-837219-1-hyperv neutron-server[103993]: DEBUG neutron_lib.callbacks.manager [None req-39e741a8-c33c-465b-a011-7311b4c72341 tempest-FloatingIPAdminTestJSON-747280867 tempest-FloatingIPAdminTestJSON-747280867-project] Publish callbacks [] for port (71fe5e4b-5285-45f6-8d9e-d533ea209e2d), precommit_create {{(pid=103993) _notify_loop /usr/local/lib/python3.8/dist-packages/neutron_lib/callbacks/manager.py:176}}
Apr 10 14:00:18.630471 dv-neutron-837219-1-hyperv neutron-server[103993]: DEBUG neutron.plugins.ml2.plugin [None req-e93e3646-5fc2-4eb1-9789-48579961dad0 tempest-BulkNetworkOpsTest-1239153615 tempest-BulkNetworkOpsTest-1239153615-project] Deleting port 0b8f4d36-f945-4beb-9a0c-95a04c47784e {{(pid=103993) _pre_delete_port /opt/stack/neutron/neutron/plugins/ml2/plugin.py:2002}}
Apr 10 14:00:18.631081 dv-neutron-837219-1-hyperv neutron-server[103993]: DEBUG neutron_lib.callbacks.manager [None req-e93e3646-5fc2-4eb1-9789-48579961dad0 tempest-BulkNetworkOpsTest-1239153615 tempest-BulkNetworkOpsTest-1239153615-project] Publish callbacks ['neutron.db.l3_db.L3_NAT_dbonly_mixin._prevent_l3_port_delete_callback-8774704897293'] for port (0b8f4d36-f945-4beb-9a0c-95a04c47784e), before_delete {{(pid=103993) _notify_loop /usr/local/lib/python3.8/dist-packages/neutron_lib/callbacks/manager.py:176}}
Apr 10 14:00:18.638240 dv-neutron-837219-1-hyperv neutron-server[103996]: DEBUG neutron.api.rpc.handlers.l3_rpc [None req-eb37e90b-5c7b-41a0-9ce1-7c3a07cec2ed None None] Checking router: 220b46f7-4274-491d-989e-49557c0a218f for host: dv-neutron-837219-1-hyperv {{(pid=103996) _ensure_host_set_on_ports /opt/stack/neutron/neutron/api/rpc/handlers/l3_rpc.py:155}}
Apr 10 14:00:18.638881 dv-neutron-837219-1-hyperv neutron-server[103996]: DEBUG neutron.api.rpc.handlers.l3_rpc [None req-eb37e90b-5c7b-41a0-9ce1-7c3a07cec2ed None None] Updating router 220b46f7-4274-491d-989e-49557c0a218f port 452c551a-e38a-4e46-8ae7-b20251a22e85 binding host dv-neutron-837219-1-hyperv {{(pid=103996) _ensure_host_set_on_port /opt/stack/neutron/neutron/api/rpc/handlers/l3_rpc.py:205}}
Apr 10 14:00:18.655721 dv-neutron-837219-1-hyperv neutron-server[103994]: DEBUG neutron.api.rpc.handlers.resources_rpc [None req-a360398c-d35b-4d0a-a6a5-d1e177d64169 tempest-BulkNetworkOpsIpV6Test-2038360876 tempest-BulkNetworkOpsIpV6Test-2038360876-project] Pushing event deleted for resources: {'Port': ['ID=cefb3044-7df7-4378-8e21-db017b706621,revision_number=None']} {{(pid=103994) push /opt/stack/neutron/neutron/api/rpc/handlers/resources_rpc.py:237}}
Apr 10 14:00:18.715026 dv-neutron-837219-1-hyperv neutron-server[103996]: DEBUG neutron_lib.callbacks.manager [None req-eb37e90b-5c7b-41a0-9ce1-7c3a07cec2ed None None] Publish callbacks ['neutron.plugins.ml2.plugin.SecurityGroupDbMixin._ensure_default_security_group_handler-2026099'] for port (452c551a-e38a-4e46-8ae7-b20251a22e85), before_update {{(pid=103996) _notify_loop /usr/local/lib/python3.8/dist-packages/neutron_lib/callbacks/manager.py:176}}
Apr 10 14:00:18.744606 dv-neutron-837219-1-hyperv neutron-server[103994]: DEBUG neutron_lib.callbacks.manager [None req-a360398c-d35b-4d0a-a6a5-d1e177d64169 tempest-BulkNetworkOpsIpV6Test-2038360876 tempest-BulkNetworkOpsIpV6Test-2038360876-project] Publish callbacks ['neutron.notifiers.nova.Notifier._send_nova_notification-223980'] for port (None), before_response {{(pid=103994) _notify_loop /usr/local/lib/python3.8/dist-packages/neutron_lib/callbacks/manager.py:176}}
Apr 10 14:00:18.747928 dv-neutron-837219-1-hyperv neutron-server[103994]: INFO neutron.wsgi [None req-a360398c-d35b-4d0a-a6a5-d1e177d64169 tempest-BulkNetworkOpsIpV6Test-2038360876 tempest-BulkNetworkOpsIpV6Test-2038360876-project] 10.222.0.15 "DELETE /v2.0/ports/cefb3044-7df7-4378-8e21-db017b706621 HTTP/1.1" status: 204 len: 168 time: 1.3979664
Apr 10 14:00:18.759027 dv-neutron-837219-1-hyperv neutron-server[103995]: DEBUG neutron.plugins.ml2.plugin [None req-4d881449-eea7-43dc-b90b-53b7ea0aa1dc None None] Current status of the port 38e188c4-d4ea-425f-8327-04d73d133451 is: DOWN; New status is: ACTIVE {{(pid=103995) _update_individual_port_db_status /opt/stack/neutron/neutron/plugins/ml2/plugin.py:2257}}
Apr 10 14:00:18.759417 dv-neutron-837219-1-hyperv neutron-server[103995]: DEBUG neutron_lib.callbacks.manager [None req-4d881449-eea7-43dc-b90b-53b7ea0aa1dc None None] Publish callbacks ['neutron.plugins.ml2.plugin.SecurityGroupDbMixin._ensure_default_security_group_handler-2026099'] for port (38e188c4-d4ea-425f-8327-04d73d133451), before_update {{(pid=103995) _notify_loop /usr/local/lib/python3.8/dist-packages/neutron_lib/callbacks/manager.py:176}}
Apr 10 14:00:18.764388 dv-neutron-837219-1-hyperv neutron-server[103993]: DEBUG neutron_lib.callbacks.manager [None req-e93e3646-5fc2-4eb1-9789-48579961dad0 tempest-BulkNetworkOpsTest-1239153615 tempest-BulkNetworkOpsTest-1239153615-project] Publish callbacks ['neutron.services.l3_router.l3_router_plugin.L3_NAT_dbonly_mixin._precommit_delete_port_callback-545404'] for port (0b8f4d36-f945-4beb-9a0c-95a04c47784e), precommit_delete {{(pid=103993) _notify_loop /usr/local/lib/python3.8/dist-packages/neutron_lib/callbacks/manager.py:176}}
Apr 10 14:00:18.778641 dv-neutron-837219-1-hyperv neutron-server[103994]: DEBUG neutron.wsgi [-] (103994) accepted ('10.222.0.15', 50924) {{(pid=103994) server /usr/local/lib/python3.8/dist-packages/eventlet/wsgi.py:1004}}
Apr 10 14:00:18.792392 dv-neutron-837219-1-hyperv neutron-server[103993]: DEBUG neutron.plugins.ml2.plugin [None req-e93e3646-5fc2-4eb1-9789-48579961dad0 tempest-BulkNetworkOpsTest-1239153615 tempest-BulkNetworkOpsTest-1239153615-project] Calling delete_port for 0b8f4d36-f945-4beb-9a0c-95a04c47784e owned by {{(pid=103993) delete_port /opt/stack/neutron/neutron/plugins/ml2/plugin.py:2081}}
Apr 10 14:00:18.795760 dv-neutron-837219-1-hyperv neutron-server[103995]: DEBUG neutron.plugins.ml2.db [None req-4d881449-eea7-43dc-b90b-53b7ea0aa1dc None None] For port 38e188c4-d4ea-425f-8327-04d73d133451, host dv-neutron-837219-1-hyperv, got binding levels [PortBindingLevel(driver='openvswitch',host='dv-neutron-837219-1-hyperv',level=0,port_id=38e188c4-d4ea-425f-8327-04d73d133451,segment=NetworkSegment(3e6a4ec2-037d-42ab-bdd6-4bbdb3b0e28c),segment_id=3e6a4ec2-037d-42ab-bdd6-4bbdb3b0e28c)] {{(pid=103995) get_binding_level_objs /opt/stack/neutron/neutron/plugins/ml2/db.py:74}}
Apr 10 14:00:18.801420 dv-neutron-837219-1-hyperv neutron-server[103995]: DEBUG neutron.api.rpc.handlers.dhcp_rpc [None req-c0f7f4d7-b0b3-4056-8022-d35cafed3eb0 None None] Network f257d6fa-a049-4d65-bd53-ebc3dc7a67f4 requested from dv-neutron-837219-1-hyperv {{(pid=103995) get_network_info /opt/stack/neutron/neutron/api/rpc/handlers/dhcp_rpc.py:191}}
Apr 10 14:00:18.806759 dv-neutron-837219-1-hyperv neutron-server[103995]: DEBUG neutron_lib.callbacks.manager [None req-4d881449-eea7-43dc-b90b-53b7ea0aa1dc None None] Publish callbacks ['neutron.plugins.ml2.plugin.SecurityGroupServerNotifierRpcMixin._notify_sg_on_port_change-2025603', 'neutron.plugins.ml2.ovo_rpc._ObjectChangeHandler.handle_event-245021', 'neutron.api.rpc.agentnotifiers.dhcp_rpc_agent_api.DhcpAgentNotifyAPI._native_event_send_dhcp_notification-536062', 'neutron.db.l3_db.L3RpcNotifierMixin._notify_gateway_port_ip_changed-8774704906765', 'neutron.db.l3_dvrscheduler_db._notify_l3_agent_port_update-8774704380712', 'neutron.db.l3_hascheduler_db._notify_l3_agent_ha_port_update-8774704380730'] for port (38e188c4-d4ea-425f-8327-04d73d133451), after_update {{(pid=103995) _notify_loop /usr/local/lib/python3.8/dist-packages/neutron_lib/callbacks/manager.py:176}}
Apr 10 14:00:18.808923 dv-neutron-837219-1-hyperv neutron-server[103995]: DEBUG neutron.plugins.ml2.rpc [None req-4d881449-eea7-43dc-b90b-53b7ea0aa1dc None None] Device 246197ce-9cc5-40c0-8019-5d9d14f7d1ba up at agent ovs-agent-dv-neutron-837219-1-hyperv {{(pid=103995) update_device_up /opt/stack/neutron/neutron/plugins/ml2/rpc.py:296}}
Apr 10 14:00:18.866183 dv-neutron-837219-1-hyperv neutron-server[103994]: DEBUG neutron.scheduler.l3_agent_scheduler [None req-9f49a330-42ec-449b-b57b-f07f99ff99b2 admin admin] Router de0373c0-7c57-45c6-8b60-1ffefd327818 has already been hosted by L3 agent 07ab2722-e3ee-4fe3-b773-7d70b79ee6a1 {{(pid=103994) _get_candidates /opt/stack/neutron/neutron/scheduler/l3_agent_scheduler.py:126}}
Apr 10 14:00:18.944980 dv-neutron-837219-1-hyperv neutron-server[103995]: DEBUG neutron.api.rpc.handlers.resources_rpc [None req-4d881449-eea7-43dc-b90b-53b7ea0aa1dc None None] Pushing event updated for resources: {'Port': ['ID=38e188c4-d4ea-425f-8327-04d73d133451,revision_number=4']} {{(pid=103995) push /opt/stack/neutron/neutron/api/rpc/handlers/resources_rpc.py:237}}
Apr 10 14:00:18.959561 dv-neutron-837219-1-hyperv neutron-server[103994]: DEBUG neutron_lib.callbacks.manager [None req-f412a5c0-34e6-4e5c-a560-1452c1a87b3b tempest-ExternalNetworksTestJSON-1900733195 tempest-ExternalNetworksTestJSON-1900733195-project-admin] Publish callbacks [] for floatingip (a7bfc91a-b93f-4870-91ef-9fd56bcb66d2), after_delete {{(pid=103994) _notify_loop /usr/local/lib/python3.8/dist-packages/neutron_lib/callbacks/manager.py:176}}
Apr 10 14:00:19.004086 dv-neutron-837219-1-hyperv neutron-server[103996]: DEBUG neutron.db.agents_db [None req-b9acc0cd-c60b-4575-b7c0-54212d2f5a50 None None] Agent healthcheck: found 6 active agents {{(pid=103996) agent_health_check /opt/stack/neutron/neutron/db/agents_db.py:317}}
Apr 10 14:00:19.006285 dv-neutron-837219-1-hyperv neutron-server[103995]: DEBUG neutron.db.provisioning_blocks [None req-4d881449-eea7-43dc-b90b-53b7ea0aa1dc None None] Provisioning complete for port 246197ce-9cc5-40c0-8019-5d9d14f7d1ba triggered by entity L2. {{(pid=103995) provisioning_complete /opt/stack/neutron/neutron/db/provisioning_blocks.py:145}}
Apr 10 14:00:19.006659 dv-neutron-837219-1-hyperv neutron-server[103995]: DEBUG neutron_lib.callbacks.manager [None req-4d881449-eea7-43dc-b90b-53b7ea0aa1dc None None] Publish callbacks ['neutron.plugins.ml2.plugin.Ml2Plugin._port_provisioned-1868129'] for port (246197ce-9cc5-40c0-8019-5d9d14f7d1ba), provisioning_complete {{(pid=103995) _notify_loop /usr/local/lib/python3.8/dist-packages/neutron_lib/callbacks/manager.py:176}}
Apr 10 14:00:19.020132 dv-neutron-837219-1-hyperv neutron-server[103995]: DEBUG neutron.db.provisioning_blocks [None req-2af5eea3-426d-43b8-9809-53e074740c7e None None] Provisioning complete for port e627271b-6422-4522-8c34-5751db4c12ea triggered by entity DHCP. {{(pid=103995) provisioning_complete /opt/stack/neutron/neutron/db/provisioning_blocks.py:145}}
Apr 10 14:00:19.020132 dv-neutron-837219-1-hyperv neutron-server[103995]: DEBUG neutron_lib.callbacks.manager [None req-2af5eea3-426d-43b8-9809-53e074740c7e None None] Publish callbacks ['neutron.plugins.ml2.plugin.Ml2Plugin._port_provisioned-1868129'] for port (e627271b-6422-4522-8c34-5751db4c12ea), provisioning_complete {{(pid=103995) _notify_loop /usr/local/lib/python3.8/dist-packages/neutron_lib/callbacks/manager.py:176}}
Apr 10 14:00:19.020296 dv-neutron-837219-1-hyperv neutron-server[103993]: DEBUG neutron_lib.callbacks.manager [None req-e93e3646-5fc2-4eb1-9789-48579961dad0 tempest-BulkNetworkOpsTest-1239153615 tempest-BulkNetworkOpsTest-1239153615-project] Publish callbacks ['neutron.plugins.ml2.plugin.SecurityGroupServerNotifierRpcMixin._notify_sg_on_port_change-2025603', 'neutron.plugins.ml2.ovo_rpc._ObjectChangeHandler.handle_event-245021', 'neutron.api.rpc.agentnotifiers.dhcp_rpc_agent_api.DhcpAgentNotifyAPI._native_event_send_dhcp_notification-536062', 'neutron.db.l3_db.L3RpcNotifierMixin._notify_routers_callback-8774704905463', 'neutron.db.l3_dvrscheduler_db._notify_port_delete-8774704380703', 'neutron.services.segments.plugin.NovaSegmentNotifier._notify_port_created_or_deleted-2881631'] for port (0b8f4d36-f945-4beb-9a0c-95a04c47784e), after_delete {{(pid=103993) _notify_loop /usr/local/lib/python3.8/dist-packages/neutron_lib/callbacks/manager.py:176}}
Apr 10 14:00:19.028721 dv-neutron-837219-1-hyperv neutron-server[103994]: DEBUG neutron_lib.callbacks.manager [None req-3daf64f0-9197-472d-b317-c56ac38b94da admin admin] Publish callbacks [] for security_group (693819f9-0f24-4505-bd5d-3568f5ab03ac), precommit_create {{(pid=103994) _notify_loop /usr/local/lib/python3.8/dist-packages/neutron_lib/callbacks/manager.py:176}}
Apr 10 14:00:19.060918 dv-neutron-837219-1-hyperv neutron-server[103993]: DEBUG neutron_lib.callbacks.manager [None req-e93e3646-5fc2-4eb1-9789-48579961dad0 tempest-BulkNetworkOpsTest-1239153615 tempest-BulkNetworkOpsTest-1239153615-project] Publish callbacks ['neutron.notifiers.nova.Notifier._send_nova_notification-223980'] for port (None), before_response {{(pid=103993) _notify_loop /usr/local/lib/python3.8/dist-packages/neutron_lib/callbacks/manager.py:176}}
Apr 10 14:00:19.063718 dv-neutron-837219-1-hyperv neutron-server[103993]: INFO neutron.wsgi [None req-e93e3646-5fc2-4eb1-9789-48579961dad0 tempest-BulkNetworkOpsTest-1239153615 tempest-BulkNetworkOpsTest-1239153615-project] 10.222.0.15 "DELETE /v2.0/ports/0b8f4d36-f945-4beb-9a0c-95a04c47784e HTTP/1.1" status: 204 len: 168 time: 0.8511863
Apr 10 14:00:19.064984 dv-neutron-837219-1-hyperv neutron-server[103993]: DEBUG neutron.api.rpc.handlers.resources_rpc [None req-e93e3646-5fc2-4eb1-9789-48579961dad0 tempest-BulkNetworkOpsTest-1239153615 tempest-BulkNetworkOpsTest-1239153615-project] Pushing event deleted for resources: {'Port': ['ID=0b8f4d36-f945-4beb-9a0c-95a04c47784e,revision_number=None']} {{(pid=103993) push /opt/stack/neutron/neutron/api/rpc/handlers/resources_rpc.py:237}}
Apr 10 14:00:19.068329 dv-neutron-837219-1-hyperv neutron-server[103993]: DEBUG neutron.wsgi [-] (103993) accepted ('10.222.0.15', 50926) {{(pid=103993) server /usr/local/lib/python3.8/dist-packages/eventlet/wsgi.py:1004}}
Apr 10 14:00:19.069414 dv-neutron-837219-1-hyperv neutron-server[103993]: DEBUG neutron.api.rpc.agentnotifiers.l3_rpc_agent_api [None req-bd7d3088-d30b-462d-8a7e-ce25fcb015cd admin admin] Notify agent at l3_agent.dv-neutron-837219-1-hyperv the message routers_updated {{(pid=103993) _agent_notification /opt/stack/neutron/neutron/api/rpc/agentnotifiers/l3_rpc_agent_api.py:65}}
Apr 10 14:00:19.080634 dv-neutron-837219-1-hyperv neutron-server[103994]: DEBUG neutron_lib.callbacks.manager [None req-3daf64f0-9197-472d-b317-c56ac38b94da admin admin] Publish callbacks ['neutron.plugins.ml2.ovo_rpc._ObjectChangeHandler.handle_event-706293'] for security_group (693819f9-0f24-4505-bd5d-3568f5ab03ac), after_create {{(pid=103994) _notify_loop /usr/local/lib/python3.8/dist-packages/neutron_lib/callbacks/manager.py:176}}
Apr 10 14:00:19.093712 dv-neutron-837219-1-hyperv neutron-server[103995]: DEBUG neutron.api.rpc.handlers.l3_rpc [None req-93b728f1-11a2-43d6-afc2-64a95a286320 None None] Sync routers for ids ['befc435e-6d8b-4ad0-b503-6b5c5978b4ce'] in dv-neutron-837219-1-hyperv {{(pid=103995) sync_routers /opt/stack/neutron/neutron/api/rpc/handlers/l3_rpc.py:125}}
Apr 10 14:00:19.095065 dv-neutron-837219-1-hyperv neutron-server[103993]: INFO neutron.wsgi [None req-bd7d3088-d30b-462d-8a7e-ce25fcb015cd admin admin] 10.222.0.15 "PUT /v2.0/routers/befc435e-6d8b-4ad0-b503-6b5c5978b4ce/add_router_interface HTTP/1.1" status: 200 len: 503 time: 8.2371821
Apr 10 14:00:19.095800 dv-neutron-837219-1-hyperv neutron-server[103995]: DEBUG neutron.plugins.ml2.plugin [None req-2af5eea3-426d-43b8-9809-53e074740c7e None None] Port e627271b-6422-4522-8c34-5751db4c12ea cannot update to ACTIVE because it is not bound. {{(pid=103995) _port_provisioned /opt/stack/neutron/neutron/plugins/ml2/plugin.py:343}}
Apr 10 14:00:19.126934 dv-neutron-837219-1-hyperv neutron-server[103993]: INFO neutron.wsgi [None req-5081f74a-993a-472e-a127-0eb49325b299 tempest-BulkNetworkOpsTest-1239153615 tempest-BulkNetworkOpsTest-1239153615-project] 10.222.0.15 "GET /v2.0/ports HTTP/1.1" status: 200 len: 205 time: 0.0556314
Apr 10 14:00:19.130658 dv-neutron-837219-1-hyperv neutron-server[103993]: DEBUG neutron.wsgi [-] (103993) accepted ('10.222.0.15', 50930) {{(pid=103993) server /usr/local/lib/python3.8/dist-packages/eventlet/wsgi.py:1004}}
Apr 10 14:00:19.131212 dv-neutron-837219-1-hyperv neutron-server[103994]: INFO neutron.wsgi [None req-3daf64f0-9197-472d-b317-c56ac38b94da admin admin] 10.222.0.15 "GET /v2.0/security-groups?tenant_id=48f41740f2b04dd4a64a809483eadb28&name=default HTTP/1.1" status: 200 len: 2996 time: 1.1546724
Apr 10 14:00:19.134833 dv-neutron-837219-1-hyperv neutron-server[103993]: DEBUG neutron.wsgi [-] (103993) accepted ('10.222.0.15', 50932) {{(pid=103993) server /usr/local/lib/python3.8/dist-packages/eventlet/wsgi.py:1004}}
Apr 10 14:00:19.139678 dv-neutron-837219-1-hyperv neutron-server[103993]: DEBUG neutron.api.v2.base [None req-39a84b62-7ffb-450d-8a4c-27cfed583eb9 tempest-BulkNetworkOpsTest-1239153615 tempest-BulkNetworkOpsTest-1239153615-project] Request body: {'network': {'name': 'tempest-BulkNetworkOpsTest-test-network-176811508'}} {{(pid=103993) prepare_request_body /opt/stack/neutron/neutron/api/v2/base.py:729}}
Apr 10 14:00:19.154307 dv-neutron-837219-1-hyperv neutron-server[103995]: DEBUG neutron.db.provisioning_blocks [None req-2af5eea3-426d-43b8-9809-53e074740c7e None None] Provisioning complete for port 246197ce-9cc5-40c0-8019-5d9d14f7d1ba triggered by entity DHCP. {{(pid=103995) provisioning_complete /opt/stack/neutron/neutron/db/provisioning_blocks.py:145}}
