Apr 08 10:38:07.407587 dv-neutron-837109-1-hyperv neutron-server[88612]: DEBUG neutron_lib.callbacks.manager [None req-018373a0-740c-4d3c-b587-53d4dae9783c tempest-NetworksIpV6TestAttrs-739036235 tempest-NetworksIpV6TestAttrs-739036235-project] Notify callbacks ['neutron.services.segments.plugin.SegmentHostRoutes.host_routes_before_create-1671390'] for subnet, before_create {{(pid=88612) _notify_loop /usr/local/lib/python3.8/dist-packages/neutron_lib/callbacks/manager.py:192}}
Apr 08 10:38:07.424334 dv-neutron-837109-1-hyperv neutron-server[88613]: INFO neutron.wsgi [req-ae4b654d-e3d3-48b5-b110-d6d07f5ad743 req-785f4820-38fb-4824-abf6-bcef223e3f10 service neutron] 10.222.0.23 "GET /v2.0/networks/cc958a3c-3466-4f4a-99ea-19d5d53114c8?fields=segments HTTP/1.1" status: 200 len: 212 time: 0.5453815
Apr 08 10:38:07.439878 dv-neutron-837109-1-hyperv neutron-server[88612]: INFO neutron.plugins.ml2.plugin [None req-aafe5643-2656-4361-967d-22f3c785ca6d tempest-PortsAdminExtendedAttrsIpV6TestJSON-369509320 tempest-PortsAdminExtendedAttrsIpV6TestJSON-369509320-project-admin] Attempt 9 to bind port 96342d1a-1bda-47ca-a37f-5706b3f87448
Apr 08 10:38:07.509621 dv-neutron-837109-1-hyperv neutron-server[88612]: DEBUG neutron.plugins.ml2.managers [None req-aafe5643-2656-4361-967d-22f3c785ca6d tempest-PortsAdminExtendedAttrsIpV6TestJSON-369509320 tempest-PortsAdminExtendedAttrsIpV6TestJSON-369509320-project-admin] Attempting to bind port 96342d1a-1bda-47ca-a37f-5706b3f87448 on host hv-neutron-8371 for vnic_type normal with profile {{(pid=88612) bind_port /opt/stack/neutron/neutron/plugins/ml2/managers.py:790}}
Apr 08 10:38:07.510311 dv-neutron-837109-1-hyperv neutron-server[88612]: DEBUG neutron.plugins.ml2.managers [None req-aafe5643-2656-4361-967d-22f3c785ca6d tempest-PortsAdminExtendedAttrsIpV6TestJSON-369509320 tempest-PortsAdminExtendedAttrsIpV6TestJSON-369509320-project-admin] Attempting to bind port 96342d1a-1bda-47ca-a37f-5706b3f87448 by drivers openvswitch,hyperv on host hv-neutron-8371 at level 0 using segments [{'id': '79be6b88-26f3-4355-b89b-257b396be5ff', 'network_type': 'vlan', 'physical_network': 'physnet1', 'segmentation_id': 535, 'network_id': 'c797c73b-f733-4279-893d-3e6eca392688'}] {{(pid=88612) _bind_port_level /opt/stack/neutron/neutron/plugins/ml2/managers.py:815}}
Apr 08 10:38:07.510958 dv-neutron-837109-1-hyperv neutron-server[88612]: DEBUG neutron.plugins.ml2.drivers.mech_agent [None req-aafe5643-2656-4361-967d-22f3c785ca6d tempest-PortsAdminExtendedAttrsIpV6TestJSON-369509320 tempest-PortsAdminExtendedAttrsIpV6TestJSON-369509320-project-admin] Attempting to bind port 96342d1a-1bda-47ca-a37f-5706b3f87448 on network c797c73b-f733-4279-893d-3e6eca392688 {{(pid=88612) bind_port /opt/stack/neutron/neutron/plugins/ml2/drivers/mech_agent.py:86}}
Apr 08 10:38:07.547129 dv-neutron-837109-1-hyperv neutron-server[88613]: INFO neutron.wsgi [None req-12664e5f-4c67-4b3b-a4b9-56b0263a4182 tempest-PortsAdminExtendedAttrsTestJSON-938874232 tempest-PortsAdminExtendedAttrsTestJSON-938874232-project-admin] 10.222.0.23 "POST /v2.0/ports HTTP/1.1" status: 201 len: 959 time: 1.5345335
Apr 08 10:38:07.551130 dv-neutron-837109-1-hyperv neutron-server[88613]: DEBUG neutron.wsgi [-] (88613) accepted ('10.222.0.23', 45814) {{(pid=88613) server /usr/local/lib/python3.8/dist-packages/eventlet/wsgi.py:992}}
Apr 08 10:38:07.563838 dv-neutron-837109-1-hyperv neutron-server[88613]: DEBUG neutron.api.v2.base [None req-b016a577-455e-4b5b-9b68-1c37619ee7d9 tempest-PortsAdminExtendedAttrsTestJSON-938874232 tempest-PortsAdminExtendedAttrsTestJSON-938874232-project-admin] Request body: {'port': {'binding:host_id': 'hv-neutron-8371'}} {{(pid=88613) prepare_request_body /opt/stack/neutron/neutron/api/v2/base.py:729}}
Apr 08 10:38:07.572788 dv-neutron-837109-1-hyperv neutron-server[88612]: DEBUG neutron.plugins.ml2.drivers.mech_agent [None req-aafe5643-2656-4361-967d-22f3c785ca6d tempest-PortsAdminExtendedAttrsIpV6TestJSON-369509320 tempest-PortsAdminExtendedAttrsIpV6TestJSON-369509320-project-admin] Port 96342d1a-1bda-47ca-a37f-5706b3f87448 on network c797c73b-f733-4279-893d-3e6eca392688 not bound, no agent of type Open vSwitch agent registered on host hv-neutron-8371 {{(pid=88612) bind_port /opt/stack/neutron/neutron/plugins/ml2/drivers/mech_agent.py:98}}
Apr 08 10:38:07.574092 dv-neutron-837109-1-hyperv neutron-server[88612]: ERROR neutron.plugins.ml2.managers [None req-aafe5643-2656-4361-967d-22f3c785ca6d tempest-PortsAdminExtendedAttrsIpV6TestJSON-369509320 tempest-PortsAdminExtendedAttrsIpV6TestJSON-369509320-project-admin] Failed to bind port 96342d1a-1bda-47ca-a37f-5706b3f87448 on host hv-neutron-8371 for vnic_type normal using segments [{'id': '79be6b88-26f3-4355-b89b-257b396be5ff', 'network_type': 'vlan', 'physical_network': 'physnet1', 'segmentation_id': 535, 'network_id': 'c797c73b-f733-4279-893d-3e6eca392688'}]
Apr 08 10:38:07.580151 dv-neutron-837109-1-hyperv neutron-server[88612]: INFO neutron.plugins.ml2.plugin [None req-aafe5643-2656-4361-967d-22f3c785ca6d tempest-PortsAdminExtendedAttrsIpV6TestJSON-369509320 tempest-PortsAdminExtendedAttrsIpV6TestJSON-369509320-project-admin] Attempt 10 to bind port 96342d1a-1bda-47ca-a37f-5706b3f87448
Apr 08 10:38:07.610554 dv-neutron-837109-1-hyperv neutron-server[88612]: DEBUG neutron_lib.callbacks.manager [None req-80ef8e88-3364-4e87-9a9d-d4d602f4c6ee tempest-ExternalNetworksTestJSON-1654622449 tempest-ExternalNetworksTestJSON-1654622449-project-admin] Notify callbacks ['neutron.plugins.ml2.ovo_rpc._ObjectChangeHandler.handle_event-584769', 'neutron.api.rpc.agentnotifiers.dhcp_rpc_agent_api.DhcpAgentNotifyAPI._native_event_send_dhcp_notification-525686'] for network, after_create {{(pid=88612) _notify_loop /usr/local/lib/python3.8/dist-packages/neutron_lib/callbacks/manager.py:192}}
Apr 08 10:38:07.612498 dv-neutron-837109-1-hyperv neutron-server[88612]: DEBUG neutron.pecan_wsgi.hooks.policy_enforcement [None req-80ef8e88-3364-4e87-9a9d-d4d602f4c6ee tempest-ExternalNetworksTestJSON-1654622449 tempest-ExternalNetworksTestJSON-1654622449-project-admin] Attributes excluded by policy engine: ['standard_attr_id', 'vlan_transparent'] {{(pid=88612) _exclude_attributes_by_policy /opt/stack/neutron/neutron/pecan_wsgi/hooks/policy_enforcement.py:255}}
Apr 08 10:38:07.613170 dv-neutron-837109-1-hyperv neutron-server[88612]: DEBUG neutron_lib.callbacks.manager [None req-80ef8e88-3364-4e87-9a9d-d4d602f4c6ee tempest-ExternalNetworksTestJSON-1654622449 tempest-ExternalNetworksTestJSON-1654622449-project-admin] Notify callbacks ['neutron.api.rpc.agentnotifiers.dhcp_rpc_agent_api.DhcpAgentNotifyAPI._send_dhcp_notification-525664'] for network, before_response {{(pid=88612) _notify_loop /usr/local/lib/python3.8/dist-packages/neutron_lib/callbacks/manager.py:192}}
Apr 08 10:38:07.616721 dv-neutron-837109-1-hyperv neutron-server[88612]: DEBUG neutron_lib.callbacks.manager [None req-0affc43a-040a-4ea2-923f-97e6fd881d1c admin admin] Notify callbacks [] for security_group, before_delete {{(pid=88612) _notify_loop /usr/local/lib/python3.8/dist-packages/neutron_lib/callbacks/manager.py:192}}
Apr 08 10:38:07.660622 dv-neutron-837109-1-hyperv neutron-server[88612]: DEBUG neutron.plugins.ml2.managers [None req-aafe5643-2656-4361-967d-22f3c785ca6d tempest-PortsAdminExtendedAttrsIpV6TestJSON-369509320 tempest-PortsAdminExtendedAttrsIpV6TestJSON-369509320-project-admin] Attempting to bind port 96342d1a-1bda-47ca-a37f-5706b3f87448 on host hv-neutron-8371 for vnic_type normal with profile {{(pid=88612) bind_port /opt/stack/neutron/neutron/plugins/ml2/managers.py:790}}
Apr 08 10:38:07.660963 dv-neutron-837109-1-hyperv neutron-server[88612]: DEBUG neutron.plugins.ml2.managers [None req-aafe5643-2656-4361-967d-22f3c785ca6d tempest-PortsAdminExtendedAttrsIpV6TestJSON-369509320 tempest-PortsAdminExtendedAttrsIpV6TestJSON-369509320-project-admin] Attempting to bind port 96342d1a-1bda-47ca-a37f-5706b3f87448 by drivers openvswitch,hyperv on host hv-neutron-8371 at level 0 using segments [{'id': '79be6b88-26f3-4355-b89b-257b396be5ff', 'network_type': 'vlan', 'physical_network': 'physnet1', 'segmentation_id': 535, 'network_id': 'c797c73b-f733-4279-893d-3e6eca392688'}] {{(pid=88612) _bind_port_level /opt/stack/neutron/neutron/plugins/ml2/managers.py:815}}
Apr 08 10:38:07.661405 dv-neutron-837109-1-hyperv neutron-server[88612]: DEBUG neutron.plugins.ml2.drivers.mech_agent [None req-aafe5643-2656-4361-967d-22f3c785ca6d tempest-PortsAdminExtendedAttrsIpV6TestJSON-369509320 tempest-PortsAdminExtendedAttrsIpV6TestJSON-369509320-project-admin] Attempting to bind port 96342d1a-1bda-47ca-a37f-5706b3f87448 on network c797c73b-f733-4279-893d-3e6eca392688 {{(pid=88612) bind_port /opt/stack/neutron/neutron/plugins/ml2/drivers/mech_agent.py:86}}
Apr 08 10:38:07.667434 dv-neutron-837109-1-hyperv neutron-server[88612]: DEBUG neutron.wsgi [-] (88612) accepted ('10.222.0.41', 49851) {{(pid=88612) server /usr/local/lib/python3.8/dist-packages/eventlet/wsgi.py:992}}
Apr 08 10:38:07.688871 dv-neutron-837109-1-hyperv neutron-server[88613]: INFO neutron.wsgi [req-ae4b654d-e3d3-48b5-b110-d6d07f5ad743 req-14f0399c-b6b8-4df5-aeb9-d457d319b279 service neutron] 10.222.0.23 "GET /v2.0/networks/cc958a3c-3466-4f4a-99ea-19d5d53114c8?fields=provider%3Aphysical_network&fields=provider%3Anetwork_type HTTP/1.1" status: 200 len: 281 time: 0.2585404
Apr 08 10:38:07.739444 dv-neutron-837109-1-hyperv neutron-server[88613]: DEBUG neutron_lib.callbacks.manager [None req-b016a577-455e-4b5b-9b68-1c37619ee7d9 tempest-PortsAdminExtendedAttrsTestJSON-938874232 tempest-PortsAdminExtendedAttrsTestJSON-938874232-project-admin] Notify callbacks ['neutron.plugins.ml2.plugin.SecurityGroupDbMixin._ensure_default_security_group_handler-7887833'] for port, before_update {{(pid=88613) _notify_loop /usr/local/lib/python3.8/dist-packages/neutron_lib/callbacks/manager.py:192}}
Apr 08 10:38:07.842202 dv-neutron-837109-1-hyperv neutron-server[88612]: DEBUG neutron.api.rpc.handlers.resources_rpc [None req-80ef8e88-3364-4e87-9a9d-d4d602f4c6ee tempest-ExternalNetworksTestJSON-1654622449 tempest-ExternalNetworksTestJSON-1654622449-project-admin] Pushing event updated for resources: {'Network': ['ID=9b111677-1261-41b7-ba4b-5a2577e404b0,revision_number=1']} {{(pid=88612) push /opt/stack/neutron/neutron/api/rpc/handlers/resources_rpc.py:237}}
Apr 08 10:38:07.860603 dv-neutron-837109-1-hyperv neutron-server[88614]: DEBUG neutron.plugins.ml2.rpc [None req-42692371-910b-4f1a-a45a-75f05012e254 None None] Network 9b111677-1261-41b7-ba4b-5a2577e404b0 details requested by agent ovs-agent-dv-neutron-837109-1-hyperv with host dv-neutron-837109-1-hyperv {{(pid=88614) get_network_details /opt/stack/neutron/neutron/plugins/ml2/rpc.py:232}}
Apr 08 10:38:07.884055 dv-neutron-837109-1-hyperv neutron-server[88612]: DEBUG neutron.plugins.ml2.drivers.mech_agent [None req-aafe5643-2656-4361-967d-22f3c785ca6d tempest-PortsAdminExtendedAttrsIpV6TestJSON-369509320 tempest-PortsAdminExtendedAttrsIpV6TestJSON-369509320-project-admin] Port 96342d1a-1bda-47ca-a37f-5706b3f87448 on network c797c73b-f733-4279-893d-3e6eca392688 not bound, no agent of type Open vSwitch agent registered on host hv-neutron-8371 {{(pid=88612) bind_port /opt/stack/neutron/neutron/plugins/ml2/drivers/mech_agent.py:98}}
Apr 08 10:38:07.884503 dv-neutron-837109-1-hyperv neutron-server[88612]: ERROR neutron.plugins.ml2.managers [None req-aafe5643-2656-4361-967d-22f3c785ca6d tempest-PortsAdminExtendedAttrsIpV6TestJSON-369509320 tempest-PortsAdminExtendedAttrsIpV6TestJSON-369509320-project-admin] Failed to bind port 96342d1a-1bda-47ca-a37f-5706b3f87448 on host hv-neutron-8371 for vnic_type normal using segments [{'id': '79be6b88-26f3-4355-b89b-257b396be5ff', 'network_type': 'vlan', 'physical_network': 'physnet1', 'segmentation_id': 535, 'network_id': 'c797c73b-f733-4279-893d-3e6eca392688'}]
Apr 08 10:38:07.884919 dv-neutron-837109-1-hyperv neutron-server[88612]: DEBUG neutron_lib.callbacks.manager [None req-aafe5643-2656-4361-967d-22f3c785ca6d tempest-PortsAdminExtendedAttrsIpV6TestJSON-369509320 tempest-PortsAdminExtendedAttrsIpV6TestJSON-369509320-project-admin] Notify callbacks ['neutron.plugins.ml2.plugin.SecurityGroupDbMixin._ensure_default_security_group_handler-7887833'] for port, before_update {{(pid=88612) _notify_loop /usr/local/lib/python3.8/dist-packages/neutron_lib/callbacks/manager.py:192}}
Apr 08 10:38:07.904037 dv-neutron-837109-1-hyperv neutron-server[88612]: DEBUG neutron_lib.callbacks.manager [None req-0affc43a-040a-4ea2-923f-97e6fd881d1c admin admin] Notify callbacks [] for security_group, precommit_delete {{(pid=88612) _notify_loop /usr/local/lib/python3.8/dist-packages/neutron_lib/callbacks/manager.py:192}}
Apr 08 10:38:08.180120 dv-neutron-837109-1-hyperv neutron-server[88612]: INFO neutron.wsgi [None req-80ef8e88-3364-4e87-9a9d-d4d602f4c6ee tempest-ExternalNetworksTestJSON-1654622449 tempest-ExternalNetworksTestJSON-1654622449-project-admin] 10.222.0.23 "POST /v2.0/networks HTTP/1.1" status: 201 len: 864 time: 1.4353263
Apr 08 10:38:08.183089 dv-neutron-837109-1-hyperv neutron-server[88612]: INFO neutron.wsgi [req-dd5325ef-64c3-4a9b-bc24-51507b9897e8 req-8b1e1ab8-60d4-46d0-8e53-76b8524f0f9b tempest-ServerActionsTestJSON-1769863593 tempest-ServerActionsTestJSON-1769863593-project] 10.222.0.23 "GET /v2.0/ports?device_id=3276bdd1-0924-4a19-940d-6440125f171d HTTP/1.1" status: 200 len: 210 time: 0.2447391
Apr 08 10:38:08.190173 dv-neutron-837109-1-hyperv neutron-server[88613]: DEBUG neutron.wsgi [-] (88613) accepted ('10.222.0.23', 45848) {{(pid=88613) server /usr/local/lib/python3.8/dist-packages/eventlet/wsgi.py:992}}
Apr 08 10:38:08.278278 dv-neutron-837109-1-hyperv neutron-server[88613]: INFO neutron.wsgi [req-5b146359-5744-4d2f-8e75-e7e145fa749c req-44195f93-b487-4910-b285-2e65e483bad1 tempest-ServersTestManualDisk-1497372823 tempest-ServersTestManualDisk-1497372823-project] 10.222.0.23 "GET /v2.0/ports?device_id=d5a2efed-70f2-4d86-8de9-2787dbe0bed8 HTTP/1.1" status: 200 len: 210 time: 0.1412530
Apr 08 10:38:08.284226 dv-neutron-837109-1-hyperv neutron-server[88613]: DEBUG neutron.api.v2.base [None req-86e04822-f335-49bd-9bf3-ff576fecd5c8 tempest-ExternalNetworksTestJSON-1654622449 tempest-ExternalNetworksTestJSON-1654622449-project-admin] Request body: {'network': {'router:external': True}} {{(pid=88613) prepare_request_body /opt/stack/neutron/neutron/api/v2/base.py:729}}
Apr 08 10:38:08.297700 dv-neutron-837109-1-hyperv neutron-server[88612]: DEBUG neutron.plugins.ml2.db [None req-aafe5643-2656-4361-967d-22f3c785ca6d tempest-PortsAdminExtendedAttrsIpV6TestJSON-369509320 tempest-PortsAdminExtendedAttrsIpV6TestJSON-369509320-project-admin] For port 96342d1a-1bda-47ca-a37f-5706b3f87448, host hv-neutron-8371, cleared binding levels {{(pid=88612) clear_binding_levels /opt/stack/neutron/neutron/plugins/ml2/db.py:88}}
Apr 08 10:38:08.298082 dv-neutron-837109-1-hyperv neutron-server[88612]: DEBUG neutron.plugins.ml2.db [None req-aafe5643-2656-4361-967d-22f3c785ca6d tempest-PortsAdminExtendedAttrsIpV6TestJSON-369509320 tempest-PortsAdminExtendedAttrsIpV6TestJSON-369509320-project-admin] Attempted to set empty binding levels {{(pid=88612) set_binding_levels /opt/stack/neutron/neutron/plugins/ml2/db.py:66}}
Apr 08 10:38:08.354611 dv-neutron-837109-1-hyperv neutron-server[88613]: DEBUG neutron.notifiers.nova [None req-b016a577-455e-4b5b-9b68-1c37619ee7d9 tempest-PortsAdminExtendedAttrsTestJSON-938874232 tempest-PortsAdminExtendedAttrsTestJSON-938874232-project-admin] device_id is not set on port f036c267-9bba-4d12-b3c9-e19754537782 yet. {{(pid=88613) _can_notify /opt/stack/neutron/neutron/notifiers/nova.py:199}}
Apr 08 10:38:08.363196 dv-neutron-837109-1-hyperv neutron-server[88612]: INFO neutron.wsgi [req-d1c72967-48d0-4a76-998c-b9644e74c6c4 req-a7198c2c-0181-4d88-81e6-f6b46efd3a05 tempest-ServersTestJSON-1280221253 tempest-ServersTestJSON-1280221253-project] 10.222.0.23 "GET /v2.0/ports?device_id=ce3a41bd-0c7e-40f5-af66-0bf03fefa7ab HTTP/1.1" status: 200 len: 210 time: 0.0867271
Apr 08 10:38:08.393381 dv-neutron-837109-1-hyperv neutron-server[88613]: DEBUG neutron_lib.callbacks.manager [None req-b016a577-455e-4b5b-9b68-1c37619ee7d9 tempest-PortsAdminExtendedAttrsTestJSON-938874232 tempest-PortsAdminExtendedAttrsTestJSON-938874232-project-admin] Notify callbacks [] for port, precommit_update {{(pid=88613) _notify_loop /usr/local/lib/python3.8/dist-packages/neutron_lib/callbacks/manager.py:192}}
Apr 08 10:38:08.440874 dv-neutron-837109-1-hyperv neutron-server[88612]: DEBUG neutron.pecan_wsgi.hooks.policy_enforcement [req-a4bb51eb-87eb-429f-a0d6-8c20fda29db3 req-d4c8e8f7-04b7-4fa9-b90c-cde863a36b67 tempest-ServerActionsTestJSON-1769863593 tempest-ServerActionsTestJSON-1769863593-project] Attributes excluded by policy engine: ['standard_attr_id', 'vlan_transparent', 'provider:network_type', 'provider:physical_network', 'provider:segmentation_id'] {{(pid=88612) _exclude_attributes_by_policy /opt/stack/neutron/neutron/pecan_wsgi/hooks/policy_enforcement.py:255}}
Apr 08 10:38:08.442265 dv-neutron-837109-1-hyperv neutron-server[88612]: INFO neutron.wsgi [req-a4bb51eb-87eb-429f-a0d6-8c20fda29db3 req-d4c8e8f7-04b7-4fa9-b90c-cde863a36b67 tempest-ServerActionsTestJSON-1769863593 tempest-ServerActionsTestJSON-1769863593-project] 10.222.0.41 "GET /v2.0/networks?id=86331d7c-f8b8-4aad-b18f-88ecd1f6de99 HTTP/1.1" status: 200 len: 811 time: 0.6020708
Apr 08 10:38:08.457805 dv-neutron-837109-1-hyperv neutron-server[88612]: DEBUG neutron_lib.callbacks.manager [None req-aafe5643-2656-4361-967d-22f3c785ca6d tempest-PortsAdminExtendedAttrsIpV6TestJSON-369509320 tempest-PortsAdminExtendedAttrsIpV6TestJSON-369509320-project-admin] Notify callbacks ['neutron.plugins.ml2.plugin.SecurityGroupServerNotifierRpcMixin.notify_sg_on_port_change-7887110', 'neutron.plugins.ml2.ovo_rpc._ObjectChangeHandler.handle_event-86158', 'neutron.api.rpc.agentnotifiers.dhcp_rpc_agent_api.DhcpAgentNotifyAPI._native_event_send_dhcp_notification-525686', 'neutron.db.l3_db.L3RpcNotifierMixin._notify_gateway_port_ip_changed-8750043322628', 'neutron.db.l3_dvrscheduler_db._notify_l3_agent_port_update-8750042957388', 'neutron.db.l3_hascheduler_db._notify_l3_agent_ha_port_update-8750042957433', 'neutron.services.segments.plugin.NovaSegmentNotifier._notify_port_updated-2510433'] for port, after_update {{(pid=88612) _notify_loop /usr/local/lib/python3.8/dist-packages/neutron_lib/callbacks/manager.py:192}}
Apr 08 10:38:08.548058 dv-neutron-837109-1-hyperv neutron-server[88613]: DEBUG neutron.db.provisioning_blocks [None req-b016a577-455e-4b5b-9b68-1c37619ee7d9 tempest-PortsAdminExtendedAttrsTestJSON-938874232 tempest-PortsAdminExtendedAttrsTestJSON-938874232-project-admin] Transition to ACTIVE for port object f036c267-9bba-4d12-b3c9-e19754537782 will not be triggered until provisioned by entity L2. {{(pid=88613) add_provisioning_component /opt/stack/neutron/neutron/db/provisioning_blocks.py:73}}
Apr 08 10:38:08.618328 dv-neutron-837109-1-hyperv neutron-server[88612]: DEBUG neutron_lib.callbacks.manager [None req-0affc43a-040a-4ea2-923f-97e6fd881d1c admin admin] Notify callbacks ['neutron.plugins.ml2.ovo_rpc._ObjectChangeHandler.handle_event-584756'] for security_group, after_delete {{(pid=88612) _notify_loop /usr/local/lib/python3.8/dist-packages/neutron_lib/callbacks/manager.py:192}}
Apr 08 10:38:08.659405 dv-neutron-837109-1-hyperv neutron-server[88612]: DEBUG neutron.plugins.ml2.plugin [None req-aafe5643-2656-4361-967d-22f3c785ca6d tempest-PortsAdminExtendedAttrsIpV6TestJSON-369509320 tempest-PortsAdminExtendedAttrsIpV6TestJSON-369509320-project-admin] In _notify_port_updated(), no bound segment for port 96342d1a-1bda-47ca-a37f-5706b3f87448 on network c797c73b-f733-4279-893d-3e6eca392688 {{(pid=88612) _notify_port_updated /opt/stack/neutron/neutron/plugins/ml2/plugin.py:870}}
Apr 08 10:38:08.660280 dv-neutron-837109-1-hyperv neutron-server[88612]: DEBUG neutron.pecan_wsgi.hooks.policy_enforcement [None req-aafe5643-2656-4361-967d-22f3c785ca6d tempest-PortsAdminExtendedAttrsIpV6TestJSON-369509320 tempest-PortsAdminExtendedAttrsIpV6TestJSON-369509320-project-admin] Attributes excluded by policy engine: ['standard_attr_id'] {{(pid=88612) _exclude_attributes_by_policy /opt/stack/neutron/neutron/pecan_wsgi/hooks/policy_enforcement.py:255}}
Apr 08 10:38:08.660921 dv-neutron-837109-1-hyperv neutron-server[88612]: DEBUG neutron_lib.callbacks.manager [None req-aafe5643-2656-4361-967d-22f3c785ca6d tempest-PortsAdminExtendedAttrsIpV6TestJSON-369509320 tempest-PortsAdminExtendedAttrsIpV6TestJSON-369509320-project-admin] Notify callbacks ['neutron.notifiers.nova.Notifier._send_nova_notification-225245'] for port, before_response {{(pid=88612) _notify_loop /usr/local/lib/python3.8/dist-packages/neutron_lib/callbacks/manager.py:192}}
Apr 08 10:38:08.665292 dv-neutron-837109-1-hyperv neutron-server[88612]: INFO neutron.wsgi [None req-aafe5643-2656-4361-967d-22f3c785ca6d tempest-PortsAdminExtendedAttrsIpV6TestJSON-369509320 tempest-PortsAdminExtendedAttrsIpV6TestJSON-369509320-project-admin] 10.222.0.23 "PUT /v2.0/ports/96342d1a-1bda-47ca-a37f-5706b3f87448 HTTP/1.1" status: 200 len: 980 time: 5.0123546
Apr 08 10:38:08.665855 dv-neutron-837109-1-hyperv neutron-server[88613]: DEBUG neutron.wsgi [-] (88613) accepted ('10.222.0.23', 45864) {{(pid=88613) server /usr/local/lib/python3.8/dist-packages/eventlet/wsgi.py:992}}
Apr 08 10:38:08.668120 dv-neutron-837109-1-hyperv neutron-server[88612]: DEBUG neutron.api.rpc.handlers.resources_rpc [None req-0affc43a-040a-4ea2-923f-97e6fd881d1c admin admin] Pushing event deleted for resources: {'SecurityGroup': ['ID=1e6b26e8-20e1-4a8b-86b1-3f5d708ee86a,revision_number=None']} {{(pid=88612) push /opt/stack/neutron/neutron/api/rpc/handlers/resources_rpc.py:237}}
Apr 08 10:38:08.716217 dv-neutron-837109-1-hyperv neutron-server[88612]: DEBUG neutron_lib.callbacks.manager [None req-0affc43a-040a-4ea2-923f-97e6fd881d1c admin admin] Notify callbacks [] for security_group, before_response {{(pid=88612) _notify_loop /usr/local/lib/python3.8/dist-packages/neutron_lib/callbacks/manager.py:192}}
Apr 08 10:38:08.720766 dv-neutron-837109-1-hyperv neutron-server[88612]: INFO neutron.wsgi [None req-0affc43a-040a-4ea2-923f-97e6fd881d1c admin admin] 10.222.0.23 "DELETE /v2.0/security-groups/1e6b26e8-20e1-4a8b-86b1-3f5d708ee86a HTTP/1.1" status: 204 len: 168 time: 1.3951538
Apr 08 10:38:08.722752 dv-neutron-837109-1-hyperv neutron-server[88612]: INFO neutron.wsgi [req-a4bb51eb-87eb-429f-a0d6-8c20fda29db3 req-a2e6a1cb-9b7b-4d0c-b8ac-8e5c402fbbee tempest-ServerActionsTestJSON-1769863593 tempest-ServerActionsTestJSON-1769863593-project] 10.222.0.41 "GET /v2.0/security-groups?fields=id&fields=name&tenant_id=4ff8d365fe7a49148aab825402ef3c73 HTTP/1.1" status: 200 len: 379 time: 0.1285009
Apr 08 10:38:08.723240 dv-neutron-837109-1-hyperv neutron-server[88612]: DEBUG neutron.api.rpc.handlers.resources_rpc [None req-aafe5643-2656-4361-967d-22f3c785ca6d tempest-PortsAdminExtendedAttrsIpV6TestJSON-369509320 tempest-PortsAdminExtendedAttrsIpV6TestJSON-369509320-project-admin] Pushing event updated for resources: {'Port': ['ID=96342d1a-1bda-47ca-a37f-5706b3f87448,revision_number=3']} {{(pid=88612) push /opt/stack/neutron/neutron/api/rpc/handlers/resources_rpc.py:237}}
Apr 08 10:38:08.731428 dv-neutron-837109-1-hyperv neutron-server[88612]: DEBUG neutron.api.v2.base [req-a4bb51eb-87eb-429f-a0d6-8c20fda29db3 req-d8c84d5d-e397-43ea-adad-4a32666c89b6 tempest-ServerActionsTestJSON-1769863593 tempest-ServerActionsTestJSON-1769863593-project] Request body: {'port': {'device_id': '3276bdd1-0924-4a19-940d-6440125f171d', 'network_id': '86331d7c-f8b8-4aad-b18f-88ecd1f6de99', 'admin_state_up': True, 'tenant_id': '4ff8d365fe7a49148aab825402ef3c73', 'security_groups': ['3b41af29-186d-4e94-b2d6-98dad7ae18a6']}} {{(pid=88612) prepare_request_body /opt/stack/neutron/neutron/api/v2/base.py:729}}
Apr 08 10:38:08.734839 dv-neutron-837109-1-hyperv neutron-server[88613]: DEBUG neutron_lib.callbacks.manager [None req-b016a577-455e-4b5b-9b68-1c37619ee7d9 tempest-PortsAdminExtendedAttrsTestJSON-938874232 tempest-PortsAdminExtendedAttrsTestJSON-938874232-project-admin] Notify callbacks ['neutron.plugins.ml2.plugin.SecurityGroupServerNotifierRpcMixin.notify_sg_on_port_change-7887110', 'neutron.plugins.ml2.ovo_rpc._ObjectChangeHandler.handle_event-86158', 'neutron.api.rpc.agentnotifiers.dhcp_rpc_agent_api.DhcpAgentNotifyAPI._native_event_send_dhcp_notification-525686', 'neutron.db.l3_db.L3RpcNotifierMixin._notify_gateway_port_ip_changed-8750043322628', 'neutron.db.l3_dvrscheduler_db._notify_l3_agent_port_update-8750042957388', 'neutron.db.l3_hascheduler_db._notify_l3_agent_ha_port_update-8750042957433'] for port, after_update {{(pid=88613) _notify_loop /usr/local/lib/python3.8/dist-packages/neutron_lib/callbacks/manager.py:192}}
Apr 08 10:38:08.768960 dv-neutron-837109-1-hyperv neutron-server[88613]: DEBUG neutron_lib.callbacks.manager [None req-86e04822-f335-49bd-9bf3-ff576fecd5c8 tempest-ExternalNetworksTestJSON-1654622449 tempest-ExternalNetworksTestJSON-1654622449-project-admin] Notify callbacks ['neutron.services.auto_allocate.db._ensure_external_network_default_value_callback-8750042928824'] for network, precommit_update {{(pid=88613) _notify_loop /usr/local/lib/python3.8/dist-packages/neutron_lib/callbacks/manager.py:192}}
Apr 08 10:38:08.875404 dv-neutron-837109-1-hyperv neutron-server[88613]: DEBUG neutron.api.rpc.handlers.resources_rpc [None req-b016a577-455e-4b5b-9b68-1c37619ee7d9 tempest-PortsAdminExtendedAttrsTestJSON-938874232 tempest-PortsAdminExtendedAttrsTestJSON-938874232-project-admin] Pushing event updated for resources: {'Port': ['ID=f036c267-9bba-4d12-b3c9-e19754537782,revision_number=2']} {{(pid=88613) push /opt/stack/neutron/neutron/api/rpc/handlers/resources_rpc.py:237}}
Apr 08 10:38:08.895684 dv-neutron-837109-1-hyperv neutron-server[88612]: DEBUG neutron_lib.callbacks.manager [None req-018373a0-740c-4d3c-b587-53d4dae9783c tempest-NetworksIpV6TestAttrs-739036235 tempest-NetworksIpV6TestAttrs-739036235-project] Notify callbacks ['neutron.plugins.ml2.ovo_rpc._ObjectChangeHandler.handle_event-584863', 'neutron.api.rpc.agentnotifiers.dhcp_rpc_agent_api.DhcpAgentNotifyAPI._native_event_send_dhcp_notification-525686', 'neutron.services.segments.plugin.NovaSegmentNotifier._notify_subnet_created-2508954', 'neutron.services.segments.plugin.SegmentHostRoutes.host_routes_after_create-1671404'] for subnet, after_create {{(pid=88612) _notify_loop /usr/local/lib/python3.8/dist-packages/neutron_lib/callbacks/manager.py:192}}
Apr 08 10:38:08.951891 dv-neutron-837109-1-hyperv neutron-server[88613]: DEBUG neutron.plugins.ml2.plugin [None req-9fd13b07-5827-49b7-8078-0b54b582bd45 tempest-PortsAdminExtendedAttrsIpV6TestJSON-369509320 tempest-PortsAdminExtendedAttrsIpV6TestJSON-369509320-project-admin] Deleting port 96342d1a-1bda-47ca-a37f-5706b3f87448 {{(pid=88613) _pre_delete_port /opt/stack/neutron/neutron/plugins/ml2/plugin.py:1915}}
Apr 08 10:38:08.951891 dv-neutron-837109-1-hyperv neutron-server[88613]: DEBUG neutron_lib.callbacks.manager [None req-9fd13b07-5827-49b7-8078-0b54b582bd45 tempest-PortsAdminExtendedAttrsIpV6TestJSON-369509320 tempest-PortsAdminExtendedAttrsIpV6TestJSON-369509320-project-admin] Notify callbacks ['neutron.db.l3_db.L3_NAT_dbonly_mixin._prevent_l3_port_delete_callback-8750043316484'] for port, before_delete {{(pid=88613) _notify_loop /usr/local/lib/python3.8/dist-packages/neutron_lib/callbacks/manager.py:192}}
Apr 08 10:38:09.009126 dv-neutron-837109-1-hyperv neutron-server[88612]: DEBUG neutron.db.quota.driver [req-a4bb51eb-87eb-429f-a0d6-8c20fda29db3 req-d8c84d5d-e397-43ea-adad-4a32666c89b6 tempest-ServerActionsTestJSON-1769863593 tempest-ServerActionsTestJSON-1769863593-project] Resources subnetpool have unlimited quota limit. It is not required to calculate headroom {{(pid=88612) make_reservation /opt/stack/neutron/neutron/db/quota/driver.py:219}}
Apr 08 10:38:09.035155 dv-neutron-837109-1-hyperv neutron-server[88612]: DEBUG neutron.db.quota.driver [req-a4bb51eb-87eb-429f-a0d6-8c20fda29db3 req-d8c84d5d-e397-43ea-adad-4a32666c89b6 tempest-ServerActionsTestJSON-1769863593 tempest-ServerActionsTestJSON-1769863593-project] Attempting to reserve 1 items for resource port. Total usage: 3; quota limit: 500; headroom:497 {{(pid=88612) make_reservation /opt/stack/neutron/neutron/db/quota/driver.py:246}}
Apr 08 10:38:09.039567 dv-neutron-837109-1-hyperv neutron-server[88612]: DEBUG neutron.api.rpc.handlers.resources_rpc [None req-018373a0-740c-4d3c-b587-53d4dae9783c tempest-NetworksIpV6TestAttrs-739036235 tempest-NetworksIpV6TestAttrs-739036235-project] Pushing event updated for resources: {'Subnet': ['ID=42c87bc9-ea01-448a-9404-ac99f0c4e130,revision_number=0']} {{(pid=88612) push /opt/stack/neutron/neutron/api/rpc/handlers/resources_rpc.py:237}}
Apr 08 10:38:09.045494 dv-neutron-837109-1-hyperv neutron-server[88612]: DEBUG neutron.plugins.ml2.drivers.mech_agent [None req-018373a0-740c-4d3c-b587-53d4dae9783c tempest-NetworksIpV6TestAttrs-739036235 tempest-NetworksIpV6TestAttrs-739036235-project] Checking segment: {'id': '7e8b0c5c-06b4-4b99-a25f-a5d2b429d483', 'network_type': 'vlan', 'physical_network': 'physnet1', 'segmentation_id': 540, 'network_id': 'f9d488e2-82a8-4bfe-aaf4-1a8964ece2e8'} for mappings: {'physnet1': 'br-data'} with network types: ['local', 'flat', 'vlan'] {{(pid=88612) check_segment_for_agent /opt/stack/neutron/neutron/plugins/ml2/drivers/mech_agent.py:343}}
Apr 08 10:38:09.046065 dv-neutron-837109-1-hyperv neutron-server[88612]: DEBUG neutron.scheduler.dhcp_agent_scheduler [None req-018373a0-740c-4d3c-b587-53d4dae9783c tempest-NetworksIpV6TestAttrs-739036235 tempest-NetworksIpV6TestAttrs-739036235-project] Network hostable DHCP agents. Network: f9d488e2-82a8-4bfe-aaf4-1a8964ece2e8, hostable agents: ['19c33f1f-c57f-459d-9d9a-27e245e3a6dc'], hosted agents: [] {{(pid=88612) _get_network_hostable_dhcp_agents /opt/stack/neutron/neutron/scheduler/dhcp_agent_scheduler.py:329}}
Apr 08 10:38:09.057162 dv-neutron-837109-1-hyperv neutron-server[88613]: DEBUG neutron.plugins.ml2.managers [None req-b016a577-455e-4b5b-9b68-1c37619ee7d9 tempest-PortsAdminExtendedAttrsTestJSON-938874232 tempest-PortsAdminExtendedAttrsTestJSON-938874232-project-admin] Attempting to bind port f036c267-9bba-4d12-b3c9-e19754537782 on host hv-neutron-8371 for vnic_type normal with profile {{(pid=88613) bind_port /opt/stack/neutron/neutron/plugins/ml2/managers.py:790}}
Apr 08 10:38:09.057477 dv-neutron-837109-1-hyperv neutron-server[88613]: DEBUG neutron.plugins.ml2.managers [None req-b016a577-455e-4b5b-9b68-1c37619ee7d9 tempest-PortsAdminExtendedAttrsTestJSON-938874232 tempest-PortsAdminExtendedAttrsTestJSON-938874232-project-admin] Attempting to bind port f036c267-9bba-4d12-b3c9-e19754537782 by drivers openvswitch,hyperv on host hv-neutron-8371 at level 0 using segments [{'id': '7c50608e-0b72-4d62-9241-3248816a184b', 'network_type': 'vlan', 'physical_network': 'physnet1', 'segmentation_id': 548, 'network_id': '40923a71-913d-4ac7-accc-ee6640c32553'}] {{(pid=88613) _bind_port_level /opt/stack/neutron/neutron/plugins/ml2/managers.py:815}}
Apr 08 10:38:09.057809 dv-neutron-837109-1-hyperv neutron-server[88613]: DEBUG neutron.plugins.ml2.drivers.mech_agent [None req-b016a577-455e-4b5b-9b68-1c37619ee7d9 tempest-PortsAdminExtendedAttrsTestJSON-938874232 tempest-PortsAdminExtendedAttrsTestJSON-938874232-project-admin] Attempting to bind port f036c267-9bba-4d12-b3c9-e19754537782 on network 40923a71-913d-4ac7-accc-ee6640c32553 {{(pid=88613) bind_port /opt/stack/neutron/neutron/plugins/ml2/drivers/mech_agent.py:86}}
Apr 08 10:38:09.071971 dv-neutron-837109-1-hyperv neutron-server[88613]: DEBUG neutron.plugins.ml2.drivers.mech_agent [None req-b016a577-455e-4b5b-9b68-1c37619ee7d9 tempest-PortsAdminExtendedAttrsTestJSON-938874232 tempest-PortsAdminExtendedAttrsTestJSON-938874232-project-admin] Port f036c267-9bba-4d12-b3c9-e19754537782 on network 40923a71-913d-4ac7-accc-ee6640c32553 not bound, no agent of type Open vSwitch agent registered on host hv-neutron-8371 {{(pid=88613) bind_port /opt/stack/neutron/neutron/plugins/ml2/drivers/mech_agent.py:98}}
Apr 08 10:38:09.072307 dv-neutron-837109-1-hyperv neutron-server[88613]: ERROR neutron.plugins.ml2.managers [None req-b016a577-455e-4b5b-9b68-1c37619ee7d9 tempest-PortsAdminExtendedAttrsTestJSON-938874232 tempest-PortsAdminExtendedAttrsTestJSON-938874232-project-admin] Failed to bind port f036c267-9bba-4d12-b3c9-e19754537782 on host hv-neutron-8371 for vnic_type normal using segments [{'id': '7c50608e-0b72-4d62-9241-3248816a184b', 'network_type': 'vlan', 'physical_network': 'physnet1', 'segmentation_id': 548, 'network_id': '40923a71-913d-4ac7-accc-ee6640c32553'}]
Apr 08 10:38:09.074454 dv-neutron-837109-1-hyperv neutron-server[88613]: INFO neutron.plugins.ml2.plugin [None req-b016a577-455e-4b5b-9b68-1c37619ee7d9 tempest-PortsAdminExtendedAttrsTestJSON-938874232 tempest-PortsAdminExtendedAttrsTestJSON-938874232-project-admin] Attempt 2 to bind port f036c267-9bba-4d12-b3c9-e19754537782
Apr 08 10:38:09.128650 dv-neutron-837109-1-hyperv neutron-server[88613]: DEBUG neutron.plugins.ml2.managers [None req-b016a577-455e-4b5b-9b68-1c37619ee7d9 tempest-PortsAdminExtendedAttrsTestJSON-938874232 tempest-PortsAdminExtendedAttrsTestJSON-938874232-project-admin] Attempting to bind port f036c267-9bba-4d12-b3c9-e19754537782 on host hv-neutron-8371 for vnic_type normal with profile {{(pid=88613) bind_port /opt/stack/neutron/neutron/plugins/ml2/managers.py:790}}
Apr 08 10:38:09.128982 dv-neutron-837109-1-hyperv neutron-server[88613]: DEBUG neutron.plugins.ml2.managers [None req-b016a577-455e-4b5b-9b68-1c37619ee7d9 tempest-PortsAdminExtendedAttrsTestJSON-938874232 tempest-PortsAdminExtendedAttrsTestJSON-938874232-project-admin] Attempting to bind port f036c267-9bba-4d12-b3c9-e19754537782 by drivers openvswitch,hyperv on host hv-neutron-8371 at level 0 using segments [{'id': '7c50608e-0b72-4d62-9241-3248816a184b', 'network_type': 'vlan', 'physical_network': 'physnet1', 'segmentation_id': 548, 'network_id': '40923a71-913d-4ac7-accc-ee6640c32553'}] {{(pid=88613) _bind_port_level /opt/stack/neutron/neutron/plugins/ml2/managers.py:815}}
Apr 08 10:38:09.129327 dv-neutron-837109-1-hyperv neutron-server[88613]: DEBUG neutron.plugins.ml2.drivers.mech_agent [None req-b016a577-455e-4b5b-9b68-1c37619ee7d9 tempest-PortsAdminExtendedAttrsTestJSON-938874232 tempest-PortsAdminExtendedAttrsTestJSON-938874232-project-admin] Attempting to bind port f036c267-9bba-4d12-b3c9-e19754537782 on network 40923a71-913d-4ac7-accc-ee6640c32553 {{(pid=88613) bind_port /opt/stack/neutron/neutron/plugins/ml2/drivers/mech_agent.py:86}}
Apr 08 10:38:09.138387 dv-neutron-837109-1-hyperv neutron-server[88613]: DEBUG neutron.plugins.ml2.drivers.mech_agent [None req-b016a577-455e-4b5b-9b68-1c37619ee7d9 tempest-PortsAdminExtendedAttrsTestJSON-938874232 tempest-PortsAdminExtendedAttrsTestJSON-938874232-project-admin] Port f036c267-9bba-4d12-b3c9-e19754537782 on network 40923a71-913d-4ac7-accc-ee6640c32553 not bound, no agent of type Open vSwitch agent registered on host hv-neutron-8371 {{(pid=88613) bind_port /opt/stack/neutron/neutron/plugins/ml2/drivers/mech_agent.py:98}}
Apr 08 10:38:09.138784 dv-neutron-837109-1-hyperv neutron-server[88613]: ERROR neutron.plugins.ml2.managers [None req-b016a577-455e-4b5b-9b68-1c37619ee7d9 tempest-PortsAdminExtendedAttrsTestJSON-938874232 tempest-PortsAdminExtendedAttrsTestJSON-938874232-project-admin] Failed to bind port f036c267-9bba-4d12-b3c9-e19754537782 on host hv-neutron-8371 for vnic_type normal using segments [{'id': '7c50608e-0b72-4d62-9241-3248816a184b', 'network_type': 'vlan', 'physical_network': 'physnet1', 'segmentation_id': 548, 'network_id': '40923a71-913d-4ac7-accc-ee6640c32553'}]
Apr 08 10:38:09.141275 dv-neutron-837109-1-hyperv neutron-server[88613]: INFO neutron.plugins.ml2.plugin [None req-b016a577-455e-4b5b-9b68-1c37619ee7d9 tempest-PortsAdminExtendedAttrsTestJSON-938874232 tempest-PortsAdminExtendedAttrsTestJSON-938874232-project-admin] Attempt 3 to bind port f036c267-9bba-4d12-b3c9-e19754537782
Apr 08 10:38:09.215422 dv-neutron-837109-1-hyperv neutron-server[88613]: DEBUG neutron_lib.callbacks.manager [None req-86e04822-f335-49bd-9bf3-ff576fecd5c8 tempest-ExternalNetworksTestJSON-1654622449 tempest-ExternalNetworksTestJSON-1654622449-project-admin] Notify callbacks ['neutron.plugins.ml2.ovo_rpc._ObjectChangeHandler.handle_event-584769', 'neutron.api.rpc.agentnotifiers.dhcp_rpc_agent_api.DhcpAgentNotifyAPI._native_event_send_dhcp_notification-525686'] for network, after_update {{(pid=88613) _notify_loop /usr/local/lib/python3.8/dist-packages/neutron_lib/callbacks/manager.py:192}}
Apr 08 10:38:09.261006 dv-neutron-837109-1-hyperv neutron-server[88612]: DEBUG neutron.scheduler.dhcp_agent_scheduler [None req-018373a0-740c-4d3c-b587-53d4dae9783c tempest-NetworksIpV6TestAttrs-739036235 tempest-NetworksIpV6TestAttrs-739036235-project] Network f9d488e2-82a8-4bfe-aaf4-1a8964ece2e8 is scheduled to be hosted by DHCP agent 19c33f1f-c57f-459d-9d9a-27e245e3a6dc with binding_index 1 {{(pid=88612) bind /opt/stack/neutron/neutron/scheduler/dhcp_agent_scheduler.py:227}}
Apr 08 10:38:09.262137 dv-neutron-837109-1-hyperv neutron-server[88612]: DEBUG neutron.pecan_wsgi.hooks.quota_enforcement [req-a4bb51eb-87eb-429f-a0d6-8c20fda29db3 req-d8c84d5d-e397-43ea-adad-4a32666c89b6 tempest-ServerActionsTestJSON-1769863593 tempest-ServerActionsTestJSON-1769863593-project] Made reservation on behalf of 4ff8d365fe7a49148aab825402ef3c73 for: {'port': 1} {{(pid=88612) before /opt/stack/neutron/neutron/pecan_wsgi/hooks/quota_enforcement.py:53}}
Apr 08 10:38:09.266633 dv-neutron-837109-1-hyperv neutron-server[88612]: DEBUG neutron_lib.callbacks.manager [req-a4bb51eb-87eb-429f-a0d6-8c20fda29db3 req-d8c84d5d-e397-43ea-adad-4a32666c89b6 tempest-ServerActionsTestJSON-1769863593 tempest-ServerActionsTestJSON-1769863593-project] Notify callbacks ['neutron.plugins.ml2.plugin.SecurityGroupDbMixin._ensure_default_security_group_handler-7887833'] for port, before_create {{(pid=88612) _notify_loop /usr/local/lib/python3.8/dist-packages/neutron_lib/callbacks/manager.py:192}}
Apr 08 10:38:09.275934 dv-neutron-837109-1-hyperv neutron-server[88613]: DEBUG neutron.plugins.ml2.managers [None req-b016a577-455e-4b5b-9b68-1c37619ee7d9 tempest-PortsAdminExtendedAttrsTestJSON-938874232 tempest-PortsAdminExtendedAttrsTestJSON-938874232-project-admin] Attempting to bind port f036c267-9bba-4d12-b3c9-e19754537782 on host hv-neutron-8371 for vnic_type normal with profile {{(pid=88613) bind_port /opt/stack/neutron/neutron/plugins/ml2/managers.py:790}}
Apr 08 10:38:09.275934 dv-neutron-837109-1-hyperv neutron-server[88613]: DEBUG neutron.plugins.ml2.managers [None req-b016a577-455e-4b5b-9b68-1c37619ee7d9 tempest-PortsAdminExtendedAttrsTestJSON-938874232 tempest-PortsAdminExtendedAttrsTestJSON-938874232-project-admin] Attempting to bind port f036c267-9bba-4d12-b3c9-e19754537782 by drivers openvswitch,hyperv on host hv-neutron-8371 at level 0 using segments [{'id': '7c50608e-0b72-4d62-9241-3248816a184b', 'network_type': 'vlan', 'physical_network': 'physnet1', 'segmentation_id': 548, 'network_id': '40923a71-913d-4ac7-accc-ee6640c32553'}] {{(pid=88613) _bind_port_level /opt/stack/neutron/neutron/plugins/ml2/managers.py:815}}
Apr 08 10:38:09.275934 dv-neutron-837109-1-hyperv neutron-server[88613]: DEBUG neutron.plugins.ml2.drivers.mech_agent [None req-b016a577-455e-4b5b-9b68-1c37619ee7d9 tempest-PortsAdminExtendedAttrsTestJSON-938874232 tempest-PortsAdminExtendedAttrsTestJSON-938874232-project-admin] Attempting to bind port f036c267-9bba-4d12-b3c9-e19754537782 on network 40923a71-913d-4ac7-accc-ee6640c32553 {{(pid=88613) bind_port /opt/stack/neutron/neutron/plugins/ml2/drivers/mech_agent.py:86}}
Apr 08 10:38:09.279646 dv-neutron-837109-1-hyperv neutron-server[88613]: DEBUG neutron.api.rpc.agentnotifiers.dhcp_rpc_agent_api [None req-86e04822-f335-49bd-9bf3-ff576fecd5c8 tempest-ExternalNetworksTestJSON-1654622449 tempest-ExternalNetworksTestJSON-1654622449-project-admin] Network 9b111677-1261-41b7-ba4b-5a2577e404b0 is not hosted by any dhcp agent {{(pid=88613) _notify_agents /opt/stack/neutron/neutron/api/rpc/agentnotifiers/dhcp_rpc_agent_api.py:228}}
Apr 08 10:38:09.281034 dv-neutron-837109-1-hyperv neutron-server[88613]: DEBUG neutron.pecan_wsgi.hooks.policy_enforcement [None req-86e04822-f335-49bd-9bf3-ff576fecd5c8 tempest-ExternalNetworksTestJSON-1654622449 tempest-ExternalNetworksTestJSON-1654622449-project-admin] Attributes excluded by policy engine: ['standard_attr_id', 'vlan_transparent'] {{(pid=88613) _exclude_attributes_by_policy /opt/stack/neutron/neutron/pecan_wsgi/hooks/policy_enforcement.py:255}}
Apr 08 10:38:09.281988 dv-neutron-837109-1-hyperv neutron-server[88613]: DEBUG neutron_lib.callbacks.manager [None req-86e04822-f335-49bd-9bf3-ff576fecd5c8 tempest-ExternalNetworksTestJSON-1654622449 tempest-ExternalNetworksTestJSON-1654622449-project-admin] Notify callbacks ['neutron.api.rpc.agentnotifiers.dhcp_rpc_agent_api.DhcpAgentNotifyAPI._send_dhcp_notification-525664'] for network, before_response {{(pid=88613) _notify_loop /usr/local/lib/python3.8/dist-packages/neutron_lib/callbacks/manager.py:192}}
Apr 08 10:38:09.284632 dv-neutron-837109-1-hyperv neutron-server[88613]: INFO neutron.wsgi [None req-86e04822-f335-49bd-9bf3-ff576fecd5c8 tempest-ExternalNetworksTestJSON-1654622449 tempest-ExternalNetworksTestJSON-1654622449-project-admin] 10.222.0.23 "PUT /v2.0/networks/9b111677-1261-41b7-ba4b-5a2577e404b0 HTTP/1.1" status: 200 len: 858 time: 1.0774932
Apr 08 10:38:09.289641 dv-neutron-837109-1-hyperv neutron-server[88612]: DEBUG neutron.wsgi [-] (88612) accepted ('10.222.0.23', 45888) {{(pid=88612) server /usr/local/lib/python3.8/dist-packages/eventlet/wsgi.py:992}}
Apr 08 10:38:09.303866 dv-neutron-837109-1-hyperv neutron-server[88613]: DEBUG neutron.plugins.ml2.db [None req-9fd13b07-5827-49b7-8078-0b54b582bd45 tempest-PortsAdminExtendedAttrsIpV6TestJSON-369509320 tempest-PortsAdminExtendedAttrsIpV6TestJSON-369509320-project-admin] For port 96342d1a-1bda-47ca-a37f-5706b3f87448, host hv-neutron-8371, got binding levels [] {{(pid=88613) get_binding_level_objs /opt/stack/neutron/neutron/plugins/ml2/db.py:75}}
Apr 08 10:38:09.304452 dv-neutron-837109-1-hyperv neutron-server[88613]: DEBUG neutron_lib.callbacks.manager [None req-9fd13b07-5827-49b7-8078-0b54b582bd45 tempest-PortsAdminExtendedAttrsIpV6TestJSON-369509320 tempest-PortsAdminExtendedAttrsIpV6TestJSON-369509320-project-admin] Notify callbacks ['neutron.services.l3_router.l3_router_plugin.L3_NAT_dbonly_mixin._precommit_delete_port_callback-876332'] for port, precommit_delete {{(pid=88613) _notify_loop /usr/local/lib/python3.8/dist-packages/neutron_lib/callbacks/manager.py:192}}
Apr 08 10:38:09.320338 dv-neutron-837109-1-hyperv neutron-server[88613]: DEBUG neutron.plugins.ml2.drivers.mech_agent [None req-b016a577-455e-4b5b-9b68-1c37619ee7d9 tempest-PortsAdminExtendedAttrsTestJSON-938874232 tempest-PortsAdminExtendedAttrsTestJSON-938874232-project-admin] Port f036c267-9bba-4d12-b3c9-e19754537782 on network 40923a71-913d-4ac7-accc-ee6640c32553 not bound, no agent of type Open vSwitch agent registered on host hv-neutron-8371 {{(pid=88613) bind_port /opt/stack/neutron/neutron/plugins/ml2/drivers/mech_agent.py:98}}
Apr 08 10:38:09.320881 dv-neutron-837109-1-hyperv neutron-server[88613]: ERROR neutron.plugins.ml2.managers [None req-b016a577-455e-4b5b-9b68-1c37619ee7d9 tempest-PortsAdminExtendedAttrsTestJSON-938874232 tempest-PortsAdminExtendedAttrsTestJSON-938874232-project-admin] Failed to bind port f036c267-9bba-4d12-b3c9-e19754537782 on host hv-neutron-8371 for vnic_type normal using segments [{'id': '7c50608e-0b72-4d62-9241-3248816a184b', 'network_type': 'vlan', 'physical_network': 'physnet1', 'segmentation_id': 548, 'network_id': '40923a71-913d-4ac7-accc-ee6640c32553'}]
Apr 08 10:38:09.329848 dv-neutron-837109-1-hyperv neutron-server[88613]: INFO neutron.plugins.ml2.plugin [None req-b016a577-455e-4b5b-9b68-1c37619ee7d9 tempest-PortsAdminExtendedAttrsTestJSON-938874232 tempest-PortsAdminExtendedAttrsTestJSON-938874232-project-admin] Attempt 4 to bind port f036c267-9bba-4d12-b3c9-e19754537782
Apr 08 10:38:09.467213 dv-neutron-837109-1-hyperv neutron-server[88612]: DEBUG neutron.scheduler.base_scheduler [None req-018373a0-740c-4d3c-b587-53d4dae9783c tempest-NetworksIpV6TestAttrs-739036235 tempest-NetworksIpV6TestAttrs-739036235-project] Resources bound (agent type, host, resource id): (DHCP agent, dv-neutron-837109-1-hyperv, f9d488e2-82a8-4bfe-aaf4-1a8964ece2e8) {{(pid=88612) schedule /opt/stack/neutron/neutron/scheduler/base_scheduler.py:57}}
Apr 08 10:38:09.477845 dv-neutron-837109-1-hyperv neutron-server[88614]: DEBUG neutron.api.rpc.handlers.dhcp_rpc [None req-2602e3fc-975d-4eb7-8bd7-46c92d4abf30 None None] Network f9d488e2-82a8-4bfe-aaf4-1a8964ece2e8 requested from dv-neutron-837109-1-hyperv {{(pid=88614) get_network_info /opt/stack/neutron/neutron/api/rpc/handlers/dhcp_rpc.py:213}}
Apr 08 10:38:09.613936 dv-neutron-837109-1-hyperv neutron-server[88612]: INFO neutron.wsgi [req-243514bb-4044-4287-b3dc-83c6c6fe3eac req-4b1979c6-e8e9-4106-b7e8-8083d2b7e255 tempest-ServersTestManualDisk-1497372823 tempest-ServersTestManualDisk-1497372823-project] 10.222.0.23 "GET /v2.0/ports?device_id=d5a2efed-70f2-4d86-8de9-2787dbe0bed8 HTTP/1.1" status: 200 len: 210 time: 0.2334781
Apr 08 10:38:09.785780 dv-neutron-837109-1-hyperv neutron-server[88613]: DEBUG neutron.plugins.ml2.managers [None req-b016a577-455e-4b5b-9b68-1c37619ee7d9 tempest-PortsAdminExtendedAttrsTestJSON-938874232 tempest-PortsAdminExtendedAttrsTestJSON-938874232-project-admin] Attempting to bind port f036c267-9bba-4d12-b3c9-e19754537782 on host hv-neutron-8371 for vnic_type normal with profile {{(pid=88613) bind_port /opt/stack/neutron/neutron/plugins/ml2/managers.py:790}}
Apr 08 10:38:09.786108 dv-neutron-837109-1-hyperv neutron-server[88613]: DEBUG neutron.plugins.ml2.managers [None req-b016a577-455e-4b5b-9b68-1c37619ee7d9 tempest-PortsAdminExtendedAttrsTestJSON-938874232 tempest-PortsAdminExtendedAttrsTestJSON-938874232-project-admin] Attempting to bind port f036c267-9bba-4d12-b3c9-e19754537782 by drivers openvswitch,hyperv on host hv-neutron-8371 at level 0 using segments [{'id': '7c50608e-0b72-4d62-9241-3248816a184b', 'network_type': 'vlan', 'physical_network': 'physnet1', 'segmentation_id': 548, 'network_id': '40923a71-913d-4ac7-accc-ee6640c32553'}] {{(pid=88613) _bind_port_level /opt/stack/neutron/neutron/plugins/ml2/managers.py:815}}
Apr 08 10:38:09.786444 dv-neutron-837109-1-hyperv neutron-server[88613]: DEBUG neutron.plugins.ml2.drivers.mech_agent [None req-b016a577-455e-4b5b-9b68-1c37619ee7d9 tempest-PortsAdminExtendedAttrsTestJSON-938874232 tempest-PortsAdminExtendedAttrsTestJSON-938874232-project-admin] Attempting to bind port f036c267-9bba-4d12-b3c9-e19754537782 on network 40923a71-913d-4ac7-accc-ee6640c32553 {{(pid=88613) bind_port /opt/stack/neutron/neutron/plugins/ml2/drivers/mech_agent.py:86}}
Apr 08 10:38:09.818691 dv-neutron-837109-1-hyperv neutron-server[88612]: DEBUG neutron_lib.callbacks.manager [None req-efda283b-c198-4e0c-88b2-0b2a21954718 tempest-ExternalNetworksTestJSON-1654622449 tempest-ExternalNetworksTestJSON-1654622449-project-admin] Notify callbacks ['neutron.plugins.ml2.plugin.External_net_db_mixin._before_network_delete_handler-7927549'] for network, before_delete {{(pid=88612) _notify_loop /usr/local/lib/python3.8/dist-packages/neutron_lib/callbacks/manager.py:192}}
Apr 08 10:38:09.833309 dv-neutron-837109-1-hyperv neutron-server[88612]: DEBUG neutron.pecan_wsgi.hooks.policy_enforcement [None req-018373a0-740c-4d3c-b587-53d4dae9783c tempest-NetworksIpV6TestAttrs-739036235 tempest-NetworksIpV6TestAttrs-739036235-project] Attributes excluded by policy engine: ['standard_attr_id', 'shared', 'segment_id', 'network'] {{(pid=88612) _exclude_attributes_by_policy /opt/stack/neutron/neutron/pecan_wsgi/hooks/policy_enforcement.py:255}}
Apr 08 10:38:09.835762 dv-neutron-837109-1-hyperv neutron-server[88612]: DEBUG neutron_lib.callbacks.manager [None req-018373a0-740c-4d3c-b587-53d4dae9783c tempest-NetworksIpV6TestAttrs-739036235 tempest-NetworksIpV6TestAttrs-739036235-project] Notify callbacks [] for subnet, before_response {{(pid=88612) _notify_loop /usr/local/lib/python3.8/dist-packages/neutron_lib/callbacks/manager.py:192}}
Apr 08 10:38:09.855702 dv-neutron-837109-1-hyperv neutron-server[88613]: DEBUG neutron.api.rpc.handlers.resources_rpc [None req-86e04822-f335-49bd-9bf3-ff576fecd5c8 tempest-ExternalNetworksTestJSON-1654622449 tempest-ExternalNetworksTestJSON-1654622449-project-admin] Pushing event updated for resources: {'Network': ['ID=9b111677-1261-41b7-ba4b-5a2577e404b0,revision_number=2']} {{(pid=88613) push /opt/stack/neutron/neutron/api/rpc/handlers/resources_rpc.py:237}}
Apr 08 10:38:09.869546 dv-neutron-837109-1-hyperv neutron-server[88613]: DEBUG neutron.plugins.ml2.plugin [None req-9fd13b07-5827-49b7-8078-0b54b582bd45 tempest-PortsAdminExtendedAttrsIpV6TestJSON-369509320 tempest-PortsAdminExtendedAttrsIpV6TestJSON-369509320-project-admin] Calling delete_port for 96342d1a-1bda-47ca-a37f-5706b3f87448 owned by {{(pid=88613) delete_port /opt/stack/neutron/neutron/plugins/ml2/plugin.py:1987}}
Apr 08 10:38:09.945335 dv-neutron-837109-1-hyperv neutron-server[88613]: INFO neutron.wsgi [req-2fe1e353-9bc6-45dd-8f88-4878eb61beb1 req-cf364452-5933-432b-b5f2-8672a8450b53 tempest-ServerActionsTestJSON-1769863593 tempest-ServerActionsTestJSON-1769863593-project] 10.222.0.23 "GET /v2.0/ports?device_id=3276bdd1-0924-4a19-940d-6440125f171d HTTP/1.1" status: 200 len: 210 time: 0.5016696
