Apr 08 10:15:20.809454 dv-neutron-837108-1-hyperv neutron-server[102738]: DEBUG neutron.pecan_wsgi.hooks.quota_enforcement [None req-ee3ea606-ac05-4190-bf6b-b59fac5efb4b tempest-BulkNetworkOpsTest-720610186 tempest-BulkNetworkOpsTest-720610186-project] Made reservation on behalf of 15bf3586a457408aa8e127cc72b3a427 for: {'subnet': 2} {{(pid=102738) before /opt/stack/neutron/neutron/pecan_wsgi/hooks/quota_enforcement.py:53}}
Apr 08 10:15:20.814795 dv-neutron-837108-1-hyperv neutron-server[102738]: DEBUG neutron_lib.callbacks.manager [None req-ee3ea606-ac05-4190-bf6b-b59fac5efb4b tempest-BulkNetworkOpsTest-720610186 tempest-BulkNetworkOpsTest-720610186-project] Notify callbacks ['neutron.services.segments.plugin.SegmentHostRoutes.host_routes_before_create-3363792'] for subnet, before_create {{(pid=102738) _notify_loop /usr/local/lib/python3.8/dist-packages/neutron_lib/callbacks/manager.py:192}}
Apr 08 10:15:20.815721 dv-neutron-837108-1-hyperv neutron-server[102738]: DEBUG neutron_lib.callbacks.manager [None req-ee3ea606-ac05-4190-bf6b-b59fac5efb4b tempest-BulkNetworkOpsTest-720610186 tempest-BulkNetworkOpsTest-720610186-project] Notify callbacks ['neutron.services.segments.plugin.SegmentHostRoutes.host_routes_before_create-3363792'] for subnet, before_create {{(pid=102738) _notify_loop /usr/local/lib/python3.8/dist-packages/neutron_lib/callbacks/manager.py:192}}
Apr 08 10:15:20.820763 dv-neutron-837108-1-hyperv neutron-server[102737]: DEBUG neutron.plugins.ml2.plugin [None req-ed773e43-0b6d-4593-b917-57c7aeb93bf6 tempest-DHCPAgentSchedulersTestJSON-1445484480 tempest-DHCPAgentSchedulersTestJSON-1445484480-project] Calling delete_port for 4e19d504-0325-45e7-ad64-0b2e17da3f87 owned by network:dhcp {{(pid=102737) delete_port /opt/stack/neutron/neutron/plugins/ml2/plugin.py:2062}}
Apr 08 10:15:20.839197 dv-neutron-837108-1-hyperv neutron-server[102740]: DEBUG neutron.db.l3_hamode_db [None req-2bbe1b4a-fdae-4294-8260-b1069505a862 None None] neutron.services.l3_router.l3_router_plugin.L3RouterPlugin method _process_sync_ha_data called with arguments (, [], 'dv-neutron-837108-1-hyperv', False) {} {{(pid=102740) wrapper /usr/local/lib/python3.8/dist-packages/oslo_log/helpers.py:65}}
Apr 08 10:15:20.840142 dv-neutron-837108-1-hyperv neutron-server[102740]: DEBUG neutron.api.rpc.handlers.l3_rpc [None req-2bbe1b4a-fdae-4294-8260-b1069505a862 None None] The sync data for ids ['c8e954dc-0024-440e-b541-23390cacd84d'] in dv-neutron-837108-1-hyperv is: [] {{(pid=102740) sync_routers /opt/stack/neutron/neutron/api/rpc/handlers/l3_rpc.py:137}}
Apr 08 10:15:20.847950 dv-neutron-837108-1-hyperv neutron-server[102737]: DEBUG neutron_lib.callbacks.manager [None req-3b788913-02e2-4c45-b0ed-bf38685994d8 tempest-ServersTestJSON-135632392 tempest-ServersTestJSON-135632392-project] Notify callbacks [] for floatingip, precommit_create {{(pid=102737) _notify_loop /usr/local/lib/python3.8/dist-packages/neutron_lib/callbacks/manager.py:192}}
Apr 08 10:15:20.859889 dv-neutron-837108-1-hyperv neutron-server[102738]: DEBUG neutron.pecan_wsgi.hooks.policy_enforcement [None req-f86eda46-9b09-497a-9760-7149c66d04da tempest-ExternalNetworksTestJSON-1451478149 tempest-ExternalNetworksTestJSON-1451478149-project] Attributes excluded by policy engine: ['standard_attr_id', 'vlan_transparent', 'provider:network_type', 'provider:physical_network', 'provider:segmentation_id'] {{(pid=102738) _exclude_attributes_by_policy /opt/stack/neutron/neutron/pecan_wsgi/hooks/policy_enforcement.py:255}}
Apr 08 10:15:20.865556 dv-neutron-837108-1-hyperv neutron-server[102738]: INFO neutron.wsgi [None req-f86eda46-9b09-497a-9760-7149c66d04da tempest-ExternalNetworksTestJSON-1451478149 tempest-ExternalNetworksTestJSON-1451478149-project] 10.222.0.10 "GET /v2.0/networks/2e389d2c-061c-443c-b2b9-d691155256d2 HTTP/1.1" status: 200 len: 757 time: 0.2937467
Apr 08 10:15:20.868722 dv-neutron-837108-1-hyperv neutron-server[102737]: DEBUG neutron.wsgi [-] (102737) accepted ('10.222.0.10', 37804) {{(pid=102737) server /usr/local/lib/python3.8/dist-packages/eventlet/wsgi.py:982}}
Apr 08 10:15:21.087697 dv-neutron-837108-1-hyperv neutron-server[102739]: DEBUG neutron_lib.callbacks.manager [None req-fc07670d-84c4-4ebe-adab-443d01b40f36 None None] Notify callbacks ['neutron.services.segments.db._update_segment_host_mapping_for_agent-8793270173534', 'neutron.plugins.ml2.plugin.Ml2Plugin._retry_binding_revived_agents-7997152'] for agent, after_update {{(pid=102739) _notify_loop /usr/local/lib/python3.8/dist-packages/neutron_lib/callbacks/manager.py:192}}
Apr 08 10:15:21.100579 dv-neutron-837108-1-hyperv neutron-server[102739]: DEBUG neutron.db.l3_dvrscheduler_db [None req-0d7e1a6a-ff05-4197-81fb-2a9b2180ff3f None None] Routers {'ea7b71ff-4525-4b5a-bd79-f0daa9931eb7'} bound to L3 agent in host dv-neutron-837108-1-hyperv {{(pid=102739) _get_router_ids_for_agent /opt/stack/neutron/neutron/db/l3_dvrscheduler_db.py:421}}
Apr 08 10:15:21.101382 dv-neutron-837108-1-hyperv neutron-server[102739]: DEBUG neutron.db.l3_hamode_db [None req-0d7e1a6a-ff05-4197-81fb-2a9b2180ff3f None None] neutron.services.l3_router.l3_router_plugin.L3RouterPlugin method get_ha_sync_data_for_host called with arguments (, 'dv-neutron-837108-1-hyperv', Agent(admin_state_up=True,agent_type='L3 agent',availability_zone='nova',binary='neutron-l3-agent',configurations={"agent_mode": "legacy", "ex_gw_ports": 3, "extensions": [], "floating_ips": 0, "handle_internal_only_routers": true, "interface_driver": "openvswitch", "interfaces": 2, "log_agent_heartbeats": false, "routers": 3},created_at=2022-04-08T10:06:48Z,description=,heartbeat_timestamp=2022-04-08T10:15:18Z,host='dv-neutron-837108-1-hyperv',id=b4734457-91b0-4e9c-b70a-ecd36a534810,load=0,resource_versions=,resources_synced=,started_at=2022-04-08T10:06:48Z,topic='l3_agent')) {'router_ids': ['ea7b71ff-4525-4b5a-bd79-f0daa9931eb7'], 'active': True} {{(pid=102739) wrapper /usr/local/lib/python3.8/dist-packages/oslo_log/helpers.py:65}}
Apr 08 10:15:21.150600 dv-neutron-837108-1-hyperv neutron-server[102738]: DEBUG neutron.wsgi [-] (102738) accepted ('10.222.0.10', 37806) {{(pid=102738) server /usr/local/lib/python3.8/dist-packages/eventlet/wsgi.py:982}}
Apr 08 10:15:21.152533 dv-neutron-837108-1-hyperv neutron-server[102739]: DEBUG neutron.plugins.ml2.rpc [None req-fc07670d-84c4-4ebe-adab-443d01b40f36 None None] Device 4e19d504-0325-45e7-ad64-0b2e17da3f87 no longer exists at agent ovs-agent-dv-neutron-837108-1-hyperv {{(pid=102739) update_device_down /opt/stack/neutron/neutron/plugins/ml2/rpc.py:259}}
Apr 08 10:15:21.162615 dv-neutron-837108-1-hyperv neutron-server[102738]: DEBUG neutron.api.v2.base [None req-84b189f7-7259-464b-90ea-8d007957793e tempest-ServersTestManualDisk-564931131 tempest-ServersTestManualDisk-564931131-project] Request body: {'security_group': {'name': 'tempest-securitygroup--685642543', 'description': 'tempest-description--1268366539'}} {{(pid=102738) prepare_request_body /opt/stack/neutron/neutron/api/v2/base.py:729}}
Apr 08 10:15:21.200587 dv-neutron-837108-1-hyperv neutron-server[102738]: DEBUG neutron_lib.callbacks.manager [None req-84b189f7-7259-464b-90ea-8d007957793e tempest-ServersTestManualDisk-564931131 tempest-ServersTestManualDisk-564931131-project] Notify callbacks [] for security_group, before_create {{(pid=102738) _notify_loop /usr/local/lib/python3.8/dist-packages/neutron_lib/callbacks/manager.py:192}}
Apr 08 10:15:21.261983 dv-neutron-837108-1-hyperv neutron-server[102738]: DEBUG neutron_lib.callbacks.manager [None req-abc5c6be-c6bf-42d5-832b-841d4b7cdb37 tempest-PortsAdminExtendedAttrsTestJSON-1534070168 tempest-PortsAdminExtendedAttrsTestJSON-1534070168-project-admin] Notify callbacks [] for security_group, precommit_create {{(pid=102738) _notify_loop /usr/local/lib/python3.8/dist-packages/neutron_lib/callbacks/manager.py:192}}
Apr 08 10:15:21.288428 dv-neutron-837108-1-hyperv neutron-server[102739]: DEBUG neutron_lib.callbacks.manager [None req-3c350118-86ff-4267-b95f-9dd0ac52bc0d None None] Notify callbacks ['neutron.plugins.ml2.plugin.SecurityGroupServerNotifierRpcMixin._notify_sg_on_port_change-7873854', 'neutron.plugins.ml2.ovo_rpc._ObjectChangeHandler.handle_event-453831', 'neutron.api.rpc.agentnotifiers.dhcp_rpc_agent_api.DhcpAgentNotifyAPI._native_event_send_dhcp_notification-602570', 'neutron.db.l3_db.L3RpcNotifierMixin._notify_routers_callback-8793270163887', 'neutron.db.l3_dvrscheduler_db._notify_port_delete-8793269623004'] for port, after_delete {{(pid=102739) _notify_loop /usr/local/lib/python3.8/dist-packages/neutron_lib/callbacks/manager.py:192}}
Apr 08 10:15:21.293253 dv-neutron-837108-1-hyperv neutron-server[102738]: DEBUG neutron_lib.callbacks.manager [None req-abc5c6be-c6bf-42d5-832b-841d4b7cdb37 tempest-PortsAdminExtendedAttrsTestJSON-1534070168 tempest-PortsAdminExtendedAttrsTestJSON-1534070168-project-admin] Notify callbacks ['neutron.plugins.ml2.ovo_rpc._ObjectChangeHandler.handle_event-750135'] for security_group, after_create {{(pid=102738) _notify_loop /usr/local/lib/python3.8/dist-packages/neutron_lib/callbacks/manager.py:192}}
Apr 08 10:15:21.305310 dv-neutron-837108-1-hyperv neutron-server[102737]: DEBUG neutron_lib.callbacks.manager [None req-3b788913-02e2-4c45-b0ed-bf38685994d8 tempest-ServersTestJSON-135632392 tempest-ServersTestJSON-135632392-project] Notify callbacks ['neutron.plugins.ml2.plugin.SecurityGroupDbMixin._ensure_default_security_group_handler-7874041'] for port, before_update {{(pid=102737) _notify_loop /usr/local/lib/python3.8/dist-packages/neutron_lib/callbacks/manager.py:192}}
Apr 08 10:15:21.318666 dv-neutron-837108-1-hyperv neutron-server[102738]: DEBUG neutron.notifiers.nova [None req-abc5c6be-c6bf-42d5-832b-841d4b7cdb37 tempest-PortsAdminExtendedAttrsTestJSON-1534070168 tempest-PortsAdminExtendedAttrsTestJSON-1534070168-project-admin] device_id is not set on port 731aac3b-581c-4569-a9ba-040650f02c1e yet. {{(pid=102738) _can_notify /opt/stack/neutron/neutron/notifiers/nova.py:199}}
Apr 08 10:15:21.320868 dv-neutron-837108-1-hyperv neutron-server[102739]: DEBUG neutron.plugins.ml2.db [None req-fc07670d-84c4-4ebe-adab-443d01b40f36 None None] No active binding found for port 4e19d504-0325-45e7-ad64-0b2e17da3f87 {{(pid=102739) get_port_binding_host /opt/stack/neutron/neutron/plugins/ml2/db.py:216}}
Apr 08 10:15:21.321607 dv-neutron-837108-1-hyperv neutron-server[102739]: DEBUG neutron.plugins.ml2.rpc [None req-fc07670d-84c4-4ebe-adab-443d01b40f36 None None] Device 4e19d504-0325-45e7-ad64-0b2e17da3f87 not bound to the agent host dv-neutron-837108-1-hyperv {{(pid=102739) update_device_down /opt/stack/neutron/neutron/plugins/ml2/rpc.py:269}}
Apr 08 10:15:21.332946 dv-neutron-837108-1-hyperv neutron-server[102739]: DEBUG neutron.api.rpc.handlers.resources_rpc [None req-3c350118-86ff-4267-b95f-9dd0ac52bc0d None None] Pushing event deleted for resources: {'Port': ['ID=4e19d504-0325-45e7-ad64-0b2e17da3f87,revision_number=None']} {{(pid=102739) push /opt/stack/neutron/neutron/api/rpc/handlers/resources_rpc.py:237}}
Apr 08 10:15:21.341158 dv-neutron-837108-1-hyperv neutron-server[102739]: DEBUG neutron.db.l3_dvrscheduler_db [None req-3c350118-86ff-4267-b95f-9dd0ac52bc0d None None] No DVR routers for this DVR port 4e19d504-0325-45e7-ad64-0b2e17da3f87 on host dv-neutron-837108-1-hyperv {{(pid=102739) get_dvr_routers_to_remove /opt/stack/neutron/neutron/db/l3_dvrscheduler_db.py:214}}
Apr 08 10:15:21.356222 dv-neutron-837108-1-hyperv neutron-server[102739]: DEBUG neutron.db.l3_dvr_db [None req-0d7e1a6a-ff05-4197-81fb-2a9b2180ff3f None None] Set router ea7b71ff-4525-4b5a-bd79-f0daa9931eb7 gateway port host: dv-neutron-837108-1-hyperv {{(pid=102739) _build_routers_list /opt/stack/neutron/neutron/db/l3_dvr_db.py:906}}
Apr 08 10:15:21.490299 dv-neutron-837108-1-hyperv neutron-server[102737]: DEBUG neutron.pecan_wsgi.hooks.policy_enforcement [None req-d0183dd3-a784-4bcc-9ad8-b59a3b4a565c tempest-ExternalNetworksTestJSON-1451478149 tempest-ExternalNetworksTestJSON-1451478149-project] Attributes excluded by policy engine: ['standard_attr_id', 'vlan_transparent', 'provider:network_type', 'provider:physical_network', 'provider:segmentation_id'] {{(pid=102737) _exclude_attributes_by_policy /opt/stack/neutron/neutron/pecan_wsgi/hooks/policy_enforcement.py:255}}
Apr 08 10:15:21.491666 dv-neutron-837108-1-hyperv neutron-server[102737]: INFO neutron.wsgi [None req-d0183dd3-a784-4bcc-9ad8-b59a3b4a565c tempest-ExternalNetworksTestJSON-1451478149 tempest-ExternalNetworksTestJSON-1451478149-project] 10.222.0.10 "GET /v2.0/networks/6547608a-a3ca-4848-864a-74b7555c2bd4 HTTP/1.1" status: 200 len: 768 time: 0.6193950
Apr 08 10:15:21.497311 dv-neutron-837108-1-hyperv neutron-server[102737]: DEBUG neutron.wsgi [-] (102737) accepted ('10.222.0.10', 37808) {{(pid=102737) server /usr/local/lib/python3.8/dist-packages/eventlet/wsgi.py:982}}
Apr 08 10:15:21.544787 dv-neutron-837108-1-hyperv neutron-server[102738]: DEBUG neutron.api.rpc.handlers.resources_rpc [None req-abc5c6be-c6bf-42d5-832b-841d4b7cdb37 tempest-PortsAdminExtendedAttrsTestJSON-1534070168 tempest-PortsAdminExtendedAttrsTestJSON-1534070168-project-admin] Pushing event updated for resources: {'SecurityGroup': ['ID=75e269be-1f2e-48b4-8054-f3f1e08bd961,revision_number=1']} {{(pid=102738) push /opt/stack/neutron/neutron/api/rpc/handlers/resources_rpc.py:237}}
Apr 08 10:15:21.566239 dv-neutron-837108-1-hyperv neutron-server[102738]: DEBUG neutron_lib.callbacks.manager [None req-a39fe5e5-0014-4b22-9e36-9889d4796b69 tempest-ExtraDHCPOptionsIpV6TestJSON-274051696 tempest-ExtraDHCPOptionsIpV6TestJSON-274051696-project] Notify callbacks ['neutron.plugins.ml2.ovo_rpc._ObjectChangeHandler.handle_event-741254', 'neutron.api.rpc.agentnotifiers.dhcp_rpc_agent_api.DhcpAgentNotifyAPI._native_event_send_dhcp_notification-602570', 'neutron.services.segments.plugin.NovaSegmentNotifier._notify_subnet_created-3219647', 'neutron.services.segments.plugin.SegmentHostRoutes.host_routes_after_create-3363782'] for subnet, after_create {{(pid=102738) _notify_loop /usr/local/lib/python3.8/dist-packages/neutron_lib/callbacks/manager.py:192}}
Apr 08 10:15:21.594777 dv-neutron-837108-1-hyperv neutron-server[102737]: DEBUG neutron_lib.callbacks.manager [None req-1fa254cb-6a02-406b-8fb5-72988ca1ba7f tempest-ExternalNetworksTestJSON-2085033306 tempest-ExternalNetworksTestJSON-2085033306-project-admin] Notify callbacks ['neutron.plugins.ml2.plugin.External_net_db_mixin._before_network_delete_handler-7885455'] for network, before_delete {{(pid=102737) _notify_loop /usr/local/lib/python3.8/dist-packages/neutron_lib/callbacks/manager.py:192}}
Apr 08 10:15:21.613247 dv-neutron-837108-1-hyperv neutron-server[102737]: DEBUG neutron_lib.callbacks.manager [None req-ed773e43-0b6d-4593-b917-57c7aeb93bf6 tempest-DHCPAgentSchedulersTestJSON-1445484480 tempest-DHCPAgentSchedulersTestJSON-1445484480-project] Notify callbacks ['neutron.plugins.ml2.plugin.SecurityGroupServerNotifierRpcMixin._notify_sg_on_port_change-7873854', 'neutron.plugins.ml2.ovo_rpc._ObjectChangeHandler.handle_event-453831', 'neutron.api.rpc.agentnotifiers.dhcp_rpc_agent_api.DhcpAgentNotifyAPI._native_event_send_dhcp_notification-602570', 'neutron.db.l3_db.L3RpcNotifierMixin._notify_routers_callback-8793270163887', 'neutron.db.l3_dvrscheduler_db._notify_port_delete-8793269623004', 'neutron.services.segments.plugin.NovaSegmentNotifier._notify_port_created_or_deleted-3055006'] for port, after_delete {{(pid=102737) _notify_loop /usr/local/lib/python3.8/dist-packages/neutron_lib/callbacks/manager.py:192}}
Apr 08 10:15:21.653228 dv-neutron-837108-1-hyperv neutron-server[102739]: DEBUG neutron.db.l3_hamode_db [None req-0d7e1a6a-ff05-4197-81fb-2a9b2180ff3f None None] neutron.services.l3_router.l3_router_plugin.L3RouterPlugin method _process_sync_ha_data called with arguments (, [{'id': 'ea7b71ff-4525-4b5a-bd79-f0daa9931eb7', 'name': 'tempest-ServersTestManualDisk-1946680365-router', 'tenant_id': 'a704ddb0019648c1bce11fe8456cb298', 'admin_state_up': True, 'status': 'ACTIVE', 'external_gateway_info': {'network_id': 'bff504f7-66a4-478d-a74d-82df50ac6d31', 'external_fixed_ips': [{'subnet_id': '90e531d3-8f98-48df-8ec4-08cf6a7e3d7f', 'ip_address': '172.26.4.136'}], 'enable_snat': True}, 'gw_port_id': '1cd48f92-2cf5-4989-9d0e-ccb61c77bca0', 'description': '', 'availability_zones': ['nova'], 'distributed': False, 'ha': False, 'ha_vr_id': 0, 'availability_zone_hints': [], 'routes': [], 'flavor_id': None, 'tags': [], 'created_at': '2022-04-08T10:15:00Z', 'updated_at': '2022-04-08T10:15:16Z', 'revision_number': 4, 'project_id': 'a704ddb0019648c1bce11fe8456cb298', 'gw_port': {'id': '1cd48f92-2cf5-4989-9d0e-ccb61c77bca0', 'name': '', 'network_id': 'bff504f7-66a4-478d-a74d-82df50ac6d31', 'tenant_id': '', 'mac_address': 'fa:16:3e:5a:fc:46', 'admin_state_up': True, 'status': 'ACTIVE', 'device_id': 'ea7b71ff-4525-4b5a-bd79-f0daa9931eb7', 'device_owner': 'network:router_gateway', 'standard_attr_id': 76, 'fixed_ips': [{'subnet_id': '90e531d3-8f98-48df-8ec4-08cf6a7e3d7f', 'ip_address': '172.26.4.136', 'prefixlen': 24}], 'allowed_address_pairs': [], 'extra_dhcp_opts': [], 'security_groups': [], 'description': '', 'binding:vnic_type': 'normal', 'binding:profile': {}, 'binding:host_id': 'dv-neutron-837108-1-hyperv', 'binding:vif_type': 'ovs', 'binding:vif_details': {'connectivity': 'l2', 'port_filter': True, 'ovs_hybrid_plug': False, 'datapath_type': 'system', 'bridge_name': 'br-int'}, 'port_security_enabled': False, 'tags': [], 'created_at': '2022-04-08T10:15:02Z', 'updated_at': '2022-04-08T10:15:18Z', 'revision_number': 4, 'project_id': '', 'subnets': [{'id': '90e531d3-8f98-48df-8ec4-08cf6a7e3d7f', 'cidr': '172.26.4.0/24', 'gateway_ip': '172.26.4.1', 'dns_nameservers': [], 'ipv6_ra_mode': None, 'subnetpool_id': None}], 'extra_subnets': [], 'address_scopes': {4: None, 6: None}, 'mtu': 1500}, 'enable_snat': True, 'gw_port_host': 'dv-neutron-837108-1-hyperv', '_interfaces': [{'id': '59f0dcb0-fab0-4901-a764-f36481632e04', 'name': '', 'network_id': '302f7a01-892d-42d3-a562-187fd3ba5f24', 'tenant_id': 'a704ddb0019648c1bce11fe8456cb298', 'mac_address': 'fa:16:3e:c4:4e:f2', 'admin_state_up': True, 'status': 'DOWN', 'device_id': 'ea7b71ff-4525-4b5a-bd79-f0daa9931eb7', 'device_owner': 'network:router_interface', 'standard_attr_id': 134, 'fixed_ips': [{'subnet_id': 'e077478e-7cde-41b9-b99d-e3e449b7cea1', 'ip_address': '172.20.0.1', 'prefixlen': 28}], 'allowed_address_pairs': [], 'extra_dhcp_opts': [], 'security_groups': [], 'description': '', 'binding:vnic_type': 'normal', 'binding:profile': {}, 'binding:host_id': '', 'binding:vif_type': 'unbound', 'binding:vif_details': {}, 'port_security_enabled': False, 'tags': [], 'created_at': '2022-04-08T10:15:12Z', 'updated_at': '2022-04-08T10:15:16Z', 'revision_number': 2, 'project_id': 'a704ddb0019648c1bce11fe8456cb298', 'subnets': [{'id': 'e077478e-7cde-41b9-b99d-e3e449b7cea1', 'cidr': '172.20.0.0/28', 'gateway_ip': '172.20.0.1', 'dns_nameservers': [], 'ipv6_ra_mode': None, 'subnetpool_id': None}], 'extra_subnets': [], 'address_scopes': {4: None, 6: None}, 'mtu': 1500}]}], 'dv-neutron-837108-1-hyperv', False) {} {{(pid=102739) wrapper /usr/local/lib/python3.8/dist-packages/oslo_log/helpers.py:65}}
Apr 08 10:15:21.675235 dv-neutron-837108-1-hyperv neutron-server[102737]: DEBUG neutron.api.rpc.handlers.resources_rpc [None req-ed773e43-0b6d-4593-b917-57c7aeb93bf6 tempest-DHCPAgentSchedulersTestJSON-1445484480 tempest-DHCPAgentSchedulersTestJSON-1445484480-project] Pushing event deleted for resources: {'Port': ['ID=4e19d504-0325-45e7-ad64-0b2e17da3f87,revision_number=None']} {{(pid=102737) push /opt/stack/neutron/neutron/api/rpc/handlers/resources_rpc.py:237}}
Apr 08 10:15:21.688869 dv-neutron-837108-1-hyperv neutron-server[102739]: DEBUG neutron.api.rpc.handlers.l3_rpc [None req-0d7e1a6a-ff05-4197-81fb-2a9b2180ff3f None None] Checking router: ea7b71ff-4525-4b5a-bd79-f0daa9931eb7 for host: dv-neutron-837108-1-hyperv {{(pid=102739) _ensure_host_set_on_ports /opt/stack/neutron/neutron/api/rpc/handlers/l3_rpc.py:155}}
Apr 08 10:15:21.689225 dv-neutron-837108-1-hyperv neutron-server[102739]: DEBUG neutron.api.rpc.handlers.l3_rpc [None req-0d7e1a6a-ff05-4197-81fb-2a9b2180ff3f None None] Updating router ea7b71ff-4525-4b5a-bd79-f0daa9931eb7 port 59f0dcb0-fab0-4901-a764-f36481632e04 binding host dv-neutron-837108-1-hyperv {{(pid=102739) _ensure_host_set_on_port /opt/stack/neutron/neutron/api/rpc/handlers/l3_rpc.py:205}}
Apr 08 10:15:21.708146 dv-neutron-837108-1-hyperv neutron-server[102738]: DEBUG neutron_lib.callbacks.manager [None req-84b189f7-7259-464b-90ea-8d007957793e tempest-ServersTestManualDisk-564931131 tempest-ServersTestManualDisk-564931131-project] Notify callbacks [] for security_group, precommit_create {{(pid=102738) _notify_loop /usr/local/lib/python3.8/dist-packages/neutron_lib/callbacks/manager.py:192}}
Apr 08 10:15:21.720368 dv-neutron-837108-1-hyperv neutron-server[102737]: DEBUG neutron.db.l3_dvrscheduler_db [None req-ed773e43-0b6d-4593-b917-57c7aeb93bf6 tempest-DHCPAgentSchedulersTestJSON-1445484480 tempest-DHCPAgentSchedulersTestJSON-1445484480-project] No DVR routers for this DVR port 4e19d504-0325-45e7-ad64-0b2e17da3f87 on host dv-neutron-837108-1-hyperv {{(pid=102737) get_dvr_routers_to_remove /opt/stack/neutron/neutron/db/l3_dvrscheduler_db.py:214}}
Apr 08 10:15:21.722529 dv-neutron-837108-1-hyperv neutron-server[102739]: DEBUG neutron_lib.callbacks.manager [None req-0d7e1a6a-ff05-4197-81fb-2a9b2180ff3f None None] Notify callbacks ['neutron.plugins.ml2.plugin.SecurityGroupDbMixin._ensure_default_security_group_handler-7874041'] for port, before_update {{(pid=102739) _notify_loop /usr/local/lib/python3.8/dist-packages/neutron_lib/callbacks/manager.py:192}}
Apr 08 10:15:21.735637 dv-neutron-837108-1-hyperv neutron-server[102738]: DEBUG neutron_lib.callbacks.manager [None req-84b189f7-7259-464b-90ea-8d007957793e tempest-ServersTestManualDisk-564931131 tempest-ServersTestManualDisk-564931131-project] Notify callbacks ['neutron.plugins.ml2.ovo_rpc._ObjectChangeHandler.handle_event-750135'] for security_group, after_create {{(pid=102738) _notify_loop /usr/local/lib/python3.8/dist-packages/neutron_lib/callbacks/manager.py:192}}
Apr 08 10:15:21.828642 dv-neutron-837108-1-hyperv neutron-server[102738]: DEBUG neutron.api.rpc.handlers.resources_rpc [None req-a39fe5e5-0014-4b22-9e36-9889d4796b69 tempest-ExtraDHCPOptionsIpV6TestJSON-274051696 tempest-ExtraDHCPOptionsIpV6TestJSON-274051696-project] Pushing event updated for resources: {'Subnet': ['ID=02134539-b2b3-43ab-ab48-cfa59ed21ac8,revision_number=0']} {{(pid=102738) push /opt/stack/neutron/neutron/api/rpc/handlers/resources_rpc.py:237}}
Apr 08 10:15:21.880964 dv-neutron-837108-1-hyperv neutron-server[102738]: DEBUG neutron_lib.callbacks.manager [None req-84b189f7-7259-464b-90ea-8d007957793e tempest-ServersTestManualDisk-564931131 tempest-ServersTestManualDisk-564931131-project] Notify callbacks [] for security_group, before_response {{(pid=102738) _notify_loop /usr/local/lib/python3.8/dist-packages/neutron_lib/callbacks/manager.py:192}}
Apr 08 10:15:21.882455 dv-neutron-837108-1-hyperv neutron-server[102738]: INFO neutron.wsgi [None req-84b189f7-7259-464b-90ea-8d007957793e tempest-ServersTestManualDisk-564931131 tempest-ServersTestManualDisk-564931131-project] 10.222.0.10 "POST /v2.0/security-groups HTTP/1.1" status: 201 len: 1779 time: 0.7288105
Apr 08 10:15:21.888066 dv-neutron-837108-1-hyperv neutron-server[102738]: DEBUG neutron.wsgi [-] (102738) accepted ('10.222.0.10', 37810) {{(pid=102738) server /usr/local/lib/python3.8/dist-packages/eventlet/wsgi.py:982}}
Apr 08 10:15:21.897061 dv-neutron-837108-1-hyperv neutron-server[102738]: DEBUG neutron.api.v2.base [None req-6abca7b7-d9fa-4ba5-9002-2d81ab436ba4 tempest-ServersTestManualDisk-564931131 tempest-ServersTestManualDisk-564931131-project] Request body: {'security_group_rule': {'security_group_id': '28e3c939-e538-43de-84fd-b35cf9a99fcf', 'protocol': 'tcp', 'ethertype': 'IPv4', 'port_range_min': 22, 'port_range_max': 22, 'direction': 'ingress'}} {{(pid=102738) prepare_request_body /opt/stack/neutron/neutron/api/v2/base.py:729}}
Apr 08 10:15:21.907061 dv-neutron-837108-1-hyperv neutron-server[102738]: DEBUG neutron.api.rpc.handlers.resources_rpc [None req-84b189f7-7259-464b-90ea-8d007957793e tempest-ServersTestManualDisk-564931131 tempest-ServersTestManualDisk-564931131-project] Pushing event updated for resources: {'SecurityGroup': ['ID=28e3c939-e538-43de-84fd-b35cf9a99fcf,revision_number=1']} {{(pid=102738) push /opt/stack/neutron/neutron/api/rpc/handlers/resources_rpc.py:237}}
Apr 08 10:15:21.931974 dv-neutron-837108-1-hyperv neutron-server[102738]: DEBUG neutron.plugins.ml2.drivers.mech_agent [None req-a39fe5e5-0014-4b22-9e36-9889d4796b69 tempest-ExtraDHCPOptionsIpV6TestJSON-274051696 tempest-ExtraDHCPOptionsIpV6TestJSON-274051696-project] Checking segment: {'id': '480083e9-5dbd-4d6f-8c91-7464e766b79b', 'network_type': 'vlan', 'physical_network': 'physnet1', 'segmentation_id': 66, 'network_id': '9402dab8-88fe-4505-b336-da688876d584'} for mappings: {'physnet1': 'br-data'} with network types: ['local', 'flat', 'vlan'] {{(pid=102738) check_segment_for_agent /opt/stack/neutron/neutron/plugins/ml2/drivers/mech_agent.py:360}}
Apr 08 10:15:21.932336 dv-neutron-837108-1-hyperv neutron-server[102738]: DEBUG neutron.scheduler.dhcp_agent_scheduler [None req-a39fe5e5-0014-4b22-9e36-9889d4796b69 tempest-ExtraDHCPOptionsIpV6TestJSON-274051696 tempest-ExtraDHCPOptionsIpV6TestJSON-274051696-project] Network hostable DHCP agents. Network: 9402dab8-88fe-4505-b336-da688876d584, hostable agents: ['3c71026a-3ebc-4873-a901-b064822f1217'], hosted agents: [] {{(pid=102738) _get_network_hostable_dhcp_agents /opt/stack/neutron/neutron/scheduler/dhcp_agent_scheduler.py:329}}
Apr 08 10:15:21.943647 dv-neutron-837108-1-hyperv neutron-server[102737]: DEBUG neutron_lib.callbacks.manager [None req-ed773e43-0b6d-4593-b917-57c7aeb93bf6 tempest-DHCPAgentSchedulersTestJSON-1445484480 tempest-DHCPAgentSchedulersTestJSON-1445484480-project] Notify callbacks ['neutron.plugins.ml2.plugin.Ml2Plugin._network_delete_precommit_handler-7996738', 'neutron.services.segments.db._delete_segments_for_network-8793270173552'] for network, precommit_delete {{(pid=102737) _notify_loop /usr/local/lib/python3.8/dist-packages/neutron_lib/callbacks/manager.py:192}}
Apr 08 10:15:21.965085 dv-neutron-837108-1-hyperv neutron-server[102737]: DEBUG neutron_lib.callbacks.manager [None req-1fa254cb-6a02-406b-8fb5-72988ca1ba7f tempest-ExternalNetworksTestJSON-2085033306 tempest-ExternalNetworksTestJSON-2085033306-project-admin] Notify callbacks ['neutron.plugins.ml2.plugin.Ml2Plugin._network_delete_precommit_handler-7996738', 'neutron.services.segments.db._delete_segments_for_network-8793270173552'] for network, precommit_delete {{(pid=102737) _notify_loop /usr/local/lib/python3.8/dist-packages/neutron_lib/callbacks/manager.py:192}}
Apr 08 10:15:21.973148 dv-neutron-837108-1-hyperv neutron-server[102737]: DEBUG neutron_lib.callbacks.manager [None req-3b788913-02e2-4c45-b0ed-bf38685994d8 tempest-ServersTestJSON-135632392 tempest-ServersTestJSON-135632392-project] Notify callbacks [] for port, precommit_update {{(pid=102737) _notify_loop /usr/local/lib/python3.8/dist-packages/neutron_lib/callbacks/manager.py:192}}
Apr 08 10:15:21.991445 dv-neutron-837108-1-hyperv neutron-server[102737]: DEBUG neutron.services.segments.db [None req-ed773e43-0b6d-4593-b917-57c7aeb93bf6 tempest-DHCPAgentSchedulersTestJSON-1445484480 tempest-DHCPAgentSchedulersTestJSON-1445484480-project] neutron.services.segments.plugin.Plugin method get_segments called with arguments (,) {'filters': {'network_id': ['e8285c34-9080-409e-b3d6-dc3b7eb0a560']}} {{(pid=102737) wrapper /usr/local/lib/python3.8/dist-packages/oslo_log/helpers.py:65}}
Apr 08 10:15:21.994317 dv-neutron-837108-1-hyperv neutron-server[102737]: DEBUG neutron_lib.callbacks.manager [None req-3b788913-02e2-4c45-b0ed-bf38685994d8 tempest-ServersTestJSON-135632392 tempest-ServersTestJSON-135632392-project] Notify callbacks ['neutron.plugins.ml2.plugin.SecurityGroupServerNotifierRpcMixin._notify_sg_on_port_change-7873854', 'neutron.plugins.ml2.ovo_rpc._ObjectChangeHandler.handle_event-453831', 'neutron.api.rpc.agentnotifiers.dhcp_rpc_agent_api.DhcpAgentNotifyAPI._native_event_send_dhcp_notification-602570', 'neutron.db.l3_db.L3RpcNotifierMixin._notify_gateway_port_ip_changed-8793270163905', 'neutron.db.l3_dvrscheduler_db._notify_l3_agent_port_update-8793269622986', 'neutron.db.l3_hascheduler_db._notify_l3_agent_ha_port_update-8793269634160', 'neutron.services.segments.plugin.NovaSegmentNotifier._notify_port_updated-3054999'] for port, after_update {{(pid=102737) _notify_loop /usr/local/lib/python3.8/dist-packages/neutron_lib/callbacks/manager.py:192}}
Apr 08 10:15:22.020257 dv-neutron-837108-1-hyperv neutron-server[102737]: DEBUG neutron.services.segments.db [None req-ed773e43-0b6d-4593-b917-57c7aeb93bf6 tempest-DHCPAgentSchedulersTestJSON-1445484480 tempest-DHCPAgentSchedulersTestJSON-1445484480-project] neutron.services.segments.plugin.Plugin method delete_segment called with arguments (, 'ffd3bd44-9267-4fe3-936c-3be0cfdc8305') {'for_net_delete': True} {{(pid=102737) wrapper /usr/local/lib/python3.8/dist-packages/oslo_log/helpers.py:65}}
Apr 08 10:15:22.020509 dv-neutron-837108-1-hyperv neutron-server[102738]: DEBUG neutron_lib.callbacks.manager [None req-6abca7b7-d9fa-4ba5-9002-2d81ab436ba4 tempest-ServersTestManualDisk-564931131 tempest-ServersTestManualDisk-564931131-project] Notify callbacks [] for security_group_rule, before_create {{(pid=102738) _notify_loop /usr/local/lib/python3.8/dist-packages/neutron_lib/callbacks/manager.py:192}}
Apr 08 10:15:22.020615 dv-neutron-837108-1-hyperv neutron-server[102737]: DEBUG neutron.services.segments.db [None req-ed773e43-0b6d-4593-b917-57c7aeb93bf6 tempest-DHCPAgentSchedulersTestJSON-1445484480 tempest-DHCPAgentSchedulersTestJSON-1445484480-project] neutron.services.segments.plugin.Plugin method get_segment called with arguments (, 'ffd3bd44-9267-4fe3-936c-3be0cfdc8305') {} {{(pid=102737) wrapper /usr/local/lib/python3.8/dist-packages/oslo_log/helpers.py:65}}
Apr 08 10:15:22.029781 dv-neutron-837108-1-hyperv neutron-server[102738]: DEBUG neutron.scheduler.dhcp_agent_scheduler [None req-a39fe5e5-0014-4b22-9e36-9889d4796b69 tempest-ExtraDHCPOptionsIpV6TestJSON-274051696 tempest-ExtraDHCPOptionsIpV6TestJSON-274051696-project] Network 9402dab8-88fe-4505-b336-da688876d584 is scheduled to be hosted by DHCP agent 3c71026a-3ebc-4873-a901-b064822f1217 with binding_index 1 {{(pid=102738) bind /opt/stack/neutron/neutron/scheduler/dhcp_agent_scheduler.py:227}}
Apr 08 10:15:22.061148 dv-neutron-837108-1-hyperv neutron-server[102738]: DEBUG neutron.notifiers.nova [None req-abc5c6be-c6bf-42d5-832b-841d4b7cdb37 tempest-PortsAdminExtendedAttrsTestJSON-1534070168 tempest-PortsAdminExtendedAttrsTestJSON-1534070168-project-admin] device_id is not set on port 731aac3b-581c-4569-a9ba-040650f02c1e yet. {{(pid=102738) _can_notify /opt/stack/neutron/neutron/notifiers/nova.py:199}}
Apr 08 10:15:22.065438 dv-neutron-837108-1-hyperv neutron-server[102739]: DEBUG neutron_lib.callbacks.manager [None req-0d7e1a6a-ff05-4197-81fb-2a9b2180ff3f None None] Notify callbacks [] for port, precommit_update {{(pid=102739) _notify_loop /usr/local/lib/python3.8/dist-packages/neutron_lib/callbacks/manager.py:192}}
Apr 08 10:15:22.074281 dv-neutron-837108-1-hyperv neutron-server[102737]: DEBUG neutron.services.segments.db [None req-1fa254cb-6a02-406b-8fb5-72988ca1ba7f tempest-ExternalNetworksTestJSON-2085033306 tempest-ExternalNetworksTestJSON-2085033306-project-admin] neutron.services.segments.plugin.Plugin method get_segments called with arguments (,) {'filters': {'network_id': ['2e389d2c-061c-443c-b2b9-d691155256d2']}} {{(pid=102737) wrapper /usr/local/lib/python3.8/dist-packages/oslo_log/helpers.py:65}}
Apr 08 10:15:22.074509 dv-neutron-837108-1-hyperv neutron-server[102739]: DEBUG neutron_lib.callbacks.manager [None req-0d7e1a6a-ff05-4197-81fb-2a9b2180ff3f None None] Notify callbacks ['neutron.plugins.ml2.plugin.SecurityGroupServerNotifierRpcMixin._notify_sg_on_port_change-7873854', 'neutron.plugins.ml2.ovo_rpc._ObjectChangeHandler.handle_event-453831', 'neutron.api.rpc.agentnotifiers.dhcp_rpc_agent_api.DhcpAgentNotifyAPI._native_event_send_dhcp_notification-602570', 'neutron.db.l3_db.L3RpcNotifierMixin._notify_gateway_port_ip_changed-8793270163905', 'neutron.db.l3_dvrscheduler_db._notify_l3_agent_port_update-8793269622986', 'neutron.db.l3_hascheduler_db._notify_l3_agent_ha_port_update-8793269634160'] for port, after_update {{(pid=102739) _notify_loop /usr/local/lib/python3.8/dist-packages/neutron_lib/callbacks/manager.py:192}}
Apr 08 10:15:22.083195 dv-neutron-837108-1-hyperv neutron-server[102737]: DEBUG neutron_lib.callbacks.manager [None req-ed773e43-0b6d-4593-b917-57c7aeb93bf6 tempest-DHCPAgentSchedulersTestJSON-1445484480 tempest-DHCPAgentSchedulersTestJSON-1445484480-project] Notify callbacks ['neutron.plugins.ml2.db._prevent_segment_delete_with_port_bound-8793270173305', 'neutron.services.segments.plugin.Plugin._prevent_segment_delete_with_subnet_associated-3254251'] for segment, before_delete {{(pid=102737) _notify_loop /usr/local/lib/python3.8/dist-packages/neutron_lib/callbacks/manager.py:192}}
Apr 08 10:15:22.092153 dv-neutron-837108-1-hyperv neutron-server[102738]: DEBUG neutron_lib.callbacks.manager [None req-abc5c6be-c6bf-42d5-832b-841d4b7cdb37 tempest-PortsAdminExtendedAttrsTestJSON-1534070168 tempest-PortsAdminExtendedAttrsTestJSON-1534070168-project-admin] Notify callbacks [] for port, precommit_create {{(pid=102738) _notify_loop /usr/local/lib/python3.8/dist-packages/neutron_lib/callbacks/manager.py:192}}
Apr 08 10:15:22.111588 dv-neutron-837108-1-hyperv neutron-server[102738]: DEBUG neutron.scheduler.base_scheduler [None req-a39fe5e5-0014-4b22-9e36-9889d4796b69 tempest-ExtraDHCPOptionsIpV6TestJSON-274051696 tempest-ExtraDHCPOptionsIpV6TestJSON-274051696-project] Resources bound (agent type, host, resource id): (DHCP agent, dv-neutron-837108-1-hyperv, 9402dab8-88fe-4505-b336-da688876d584) {{(pid=102738) schedule /opt/stack/neutron/neutron/scheduler/base_scheduler.py:57}}
Apr 08 10:15:22.111948 dv-neutron-837108-1-hyperv neutron-server[102737]: DEBUG neutron.services.segments.db [None req-1fa254cb-6a02-406b-8fb5-72988ca1ba7f tempest-ExternalNetworksTestJSON-2085033306 tempest-ExternalNetworksTestJSON-2085033306-project-admin] neutron.services.segments.plugin.Plugin method delete_segment called with arguments (, 'b83a7497-967f-4775-8f44-3731346c64f8') {'for_net_delete': True} {{(pid=102737) wrapper /usr/local/lib/python3.8/dist-packages/oslo_log/helpers.py:65}}
Apr 08 10:15:22.112193 dv-neutron-837108-1-hyperv neutron-server[102737]: DEBUG neutron.services.segments.db [None req-1fa254cb-6a02-406b-8fb5-72988ca1ba7f tempest-ExternalNetworksTestJSON-2085033306 tempest-ExternalNetworksTestJSON-2085033306-project-admin] neutron.services.segments.plugin.Plugin method get_segment called with arguments (, 'b83a7497-967f-4775-8f44-3731346c64f8') {} {{(pid=102737) wrapper /usr/local/lib/python3.8/dist-packages/oslo_log/helpers.py:65}}
Apr 08 10:15:22.121172 dv-neutron-837108-1-hyperv neutron-server[102738]: DEBUG neutron_lib.callbacks.manager [None req-abc5c6be-c6bf-42d5-832b-841d4b7cdb37 tempest-PortsAdminExtendedAttrsTestJSON-1534070168 tempest-PortsAdminExtendedAttrsTestJSON-1534070168-project-admin] Notify callbacks ['neutron.plugins.ml2.plugin.SecurityGroupServerNotifierRpcMixin._notify_sg_on_port_change-7873854', 'neutron.plugins.ml2.ovo_rpc._ObjectChangeHandler.handle_event-453831', 'neutron.api.rpc.agentnotifiers.dhcp_rpc_agent_api.DhcpAgentNotifyAPI._native_event_send_dhcp_notification-602570', 'neutron.db.l3_dvrscheduler_db._notify_l3_agent_new_port-8793269623013', 'neutron.services.segments.plugin.NovaSegmentNotifier._notify_port_created_or_deleted-3219983'] for port, after_create {{(pid=102738) _notify_loop /usr/local/lib/python3.8/dist-packages/neutron_lib/callbacks/manager.py:192}}
Apr 08 10:15:22.128434 dv-neutron-837108-1-hyperv neutron-server[102738]: DEBUG neutron.pecan_wsgi.hooks.policy_enforcement [None req-a39fe5e5-0014-4b22-9e36-9889d4796b69 tempest-ExtraDHCPOptionsIpV6TestJSON-274051696 tempest-ExtraDHCPOptionsIpV6TestJSON-274051696-project] Attributes excluded by policy engine: ['standard_attr_id', 'shared', 'segment_id', 'network'] {{(pid=102738) _exclude_attributes_by_policy /opt/stack/neutron/neutron/pecan_wsgi/hooks/policy_enforcement.py:255}}
Apr 08 10:15:22.129027 dv-neutron-837108-1-hyperv neutron-server[102738]: DEBUG neutron_lib.callbacks.manager [None req-a39fe5e5-0014-4b22-9e36-9889d4796b69 tempest-ExtraDHCPOptionsIpV6TestJSON-274051696 tempest-ExtraDHCPOptionsIpV6TestJSON-274051696-project] Notify callbacks [] for subnet, before_response {{(pid=102738) _notify_loop /usr/local/lib/python3.8/dist-packages/neutron_lib/callbacks/manager.py:192}}
Apr 08 10:15:22.131564 dv-neutron-837108-1-hyperv neutron-server[102739]: DEBUG neutron.api.rpc.handlers.dhcp_rpc [None req-f07e3054-2c95-4b10-83f1-b01b7b16e832 None None] Network 9402dab8-88fe-4505-b336-da688876d584 requested from dv-neutron-837108-1-hyperv {{(pid=102739) get_network_info /opt/stack/neutron/neutron/api/rpc/handlers/dhcp_rpc.py:218}}
Apr 08 10:15:22.164905 dv-neutron-837108-1-hyperv neutron-server[102737]: DEBUG neutron_lib.callbacks.manager [None req-1fa254cb-6a02-406b-8fb5-72988ca1ba7f tempest-ExternalNetworksTestJSON-2085033306 tempest-ExternalNetworksTestJSON-2085033306-project-admin] Notify callbacks ['neutron.plugins.ml2.db._prevent_segment_delete_with_port_bound-8793270173305', 'neutron.services.segments.plugin.Plugin._prevent_segment_delete_with_subnet_associated-3254251'] for segment, before_delete {{(pid=102737) _notify_loop /usr/local/lib/python3.8/dist-packages/neutron_lib/callbacks/manager.py:192}}
Apr 08 10:15:22.194302 dv-neutron-837108-1-hyperv neutron-server[102737]: DEBUG neutron_lib.callbacks.manager [None req-ed773e43-0b6d-4593-b917-57c7aeb93bf6 tempest-DHCPAgentSchedulersTestJSON-1445484480 tempest-DHCPAgentSchedulersTestJSON-1445484480-project] Notify callbacks ['neutron.plugins.ml2.plugin.Ml2Plugin._handle_segment_change-8060712'] for segment, precommit_delete {{(pid=102737) _notify_loop /usr/local/lib/python3.8/dist-packages/neutron_lib/callbacks/manager.py:192}}
Apr 08 10:15:22.203871 dv-neutron-837108-1-hyperv neutron-server[102739]: DEBUG neutron.api.rpc.handlers.resources_rpc [None req-f7de3dac-d1d3-4c02-9de4-00ca8c321e38 None None] Pushing event updated for resources: {'Port': ['ID=59f0dcb0-fab0-4901-a764-f36481632e04,revision_number=3']} {{(pid=102739) push /opt/stack/neutron/neutron/api/rpc/handlers/resources_rpc.py:237}}
Apr 08 10:15:22.215287 dv-neutron-837108-1-hyperv neutron-server[102737]: DEBUG neutron.api.rpc.handlers.resources_rpc [None req-3b788913-02e2-4c45-b0ed-bf38685994d8 tempest-ServersTestJSON-135632392 tempest-ServersTestJSON-135632392-project] Pushing event updated for resources: {'Port': ['ID=9369167e-1b57-4765-94d4-788dd6a9e5db,revision_number=2']} {{(pid=102737) push /opt/stack/neutron/neutron/api/rpc/handlers/resources_rpc.py:237}}
Apr 08 10:15:22.223363 dv-neutron-837108-1-hyperv neutron-server[102737]: DEBUG neutron_lib.callbacks.manager [None req-1fa254cb-6a02-406b-8fb5-72988ca1ba7f tempest-ExternalNetworksTestJSON-2085033306 tempest-ExternalNetworksTestJSON-2085033306-project-admin] Notify callbacks ['neutron.plugins.ml2.plugin.Ml2Plugin._handle_segment_change-8060712'] for segment, precommit_delete {{(pid=102737) _notify_loop /usr/local/lib/python3.8/dist-packages/neutron_lib/callbacks/manager.py:192}}
Apr 08 10:15:22.228113 dv-neutron-837108-1-hyperv neutron-server[102737]: DEBUG neutron.plugins.ml2.drivers.type_vlan [None req-ed773e43-0b6d-4593-b917-57c7aeb93bf6 tempest-DHCPAgentSchedulersTestJSON-1445484480 tempest-DHCPAgentSchedulersTestJSON-1445484480-project] Releasing vlan 69 on physical network physnet1 to pool {{(pid=102737) release_segment /opt/stack/neutron/neutron/plugins/ml2/drivers/type_vlan.py:304}}
Apr 08 10:15:22.228514 dv-neutron-837108-1-hyperv neutron-server[102737]: DEBUG neutron_lib.callbacks.manager [None req-ed773e43-0b6d-4593-b917-57c7aeb93bf6 tempest-DHCPAgentSchedulersTestJSON-1445484480 tempest-DHCPAgentSchedulersTestJSON-1445484480-project] Notify callbacks ['neutron.plugins.ml2.plugin.Ml2Plugin._handle_segment_change-8060712', 'neutron.services.segments.plugin.NovaSegmentNotifier._notify_segment_deleted-3055051'] for segment, after_delete {{(pid=102737) _notify_loop /usr/local/lib/python3.8/dist-packages/neutron_lib/callbacks/manager.py:192}}
Apr 08 10:15:22.246927 dv-neutron-837108-1-hyperv neutron-server[102738]: INFO neutron.wsgi [None req-a39fe5e5-0014-4b22-9e36-9889d4796b69 tempest-ExtraDHCPOptionsIpV6TestJSON-274051696 tempest-ExtraDHCPOptionsIpV6TestJSON-274051696-project] 10.222.0.10 "POST /v2.0/subnets HTTP/1.1" status: 201 len: 821 time: 2.2608645
Apr 08 10:15:22.252768 dv-neutron-837108-1-hyperv neutron-server[102737]: /usr/local/lib/python3.8/dist-packages/oslo_db/sqlalchemy/enginefacade.py:676: SAWarning: DELETE statement on table 'portsecuritybindings' expected to delete 1 row(s); 0 were matched. Please set confirm_deleted_rows=False within the mapper configuration to prevent this warning.
Apr 08 10:15:22.252768 dv-neutron-837108-1-hyperv neutron-server[102737]: self.session.flush()
Apr 08 10:15:22.252768 dv-neutron-837108-1-hyperv neutron-server[102737]: /usr/local/lib/python3.8/dist-packages/oslo_db/sqlalchemy/enginefacade.py:676: SAWarning: DELETE statement on table 'ml2_port_bindings' expected to delete 1 row(s); 0 were matched. Please set confirm_deleted_rows=False within the mapper configuration to prevent this warning.
Apr 08 10:15:22.252768 dv-neutron-837108-1-hyperv neutron-server[102737]: self.session.flush()
Apr 08 10:15:22.252768 dv-neutron-837108-1-hyperv neutron-server[102737]: /usr/local/lib/python3.8/dist-packages/oslo_db/sqlalchemy/enginefacade.py:676: SAWarning: DELETE statement on table 'ml2_port_binding_levels' expected to delete 1 row(s); 0 were matched. Please set confirm_deleted_rows=False within the mapper configuration to prevent this warning.
Apr 08 10:15:22.252768 dv-neutron-837108-1-hyperv neutron-server[102737]: self.session.flush()
Apr 08 10:15:22.252768 dv-neutron-837108-1-hyperv neutron-server[102737]: /usr/local/lib/python3.8/dist-packages/oslo_db/sqlalchemy/enginefacade.py:676: SAWarning: DELETE statement on table 'ports' expected to delete 1 row(s); 0 were matched. Please set confirm_deleted_rows=False within the mapper configuration to prevent this warning.
Apr 08 10:15:22.252768 dv-neutron-837108-1-hyperv neutron-server[102737]: self.session.flush()
Apr 08 10:15:22.252768 dv-neutron-837108-1-hyperv neutron-server[102737]: Traceback (most recent call last):
Apr 08 10:15:22.252768 dv-neutron-837108-1-hyperv neutron-server[102737]: File "/usr/local/lib/python3.8/dist-packages/eventlet/hubs/hub.py", line 476, in fire_timers
Apr 08 10:15:22.252768 dv-neutron-837108-1-hyperv neutron-server[102737]: timer()
Apr 08 10:15:22.252768 dv-neutron-837108-1-hyperv neutron-server[102737]: File "/usr/local/lib/python3.8/dist-packages/eventlet/hubs/timer.py", line 59, in __call__
Apr 08 10:15:22.252768 dv-neutron-837108-1-hyperv neutron-server[102737]: cb(*args, **kw)
Apr 08 10:15:22.252768 dv-neutron-837108-1-hyperv neutron-server[102737]: File "/opt/stack/neutron/neutron/common/utils.py", line 921, in wrapper
Apr 08 10:15:22.252768 dv-neutron-837108-1-hyperv neutron-server[102737]: return func(*args, **kwargs)
Apr 08 10:15:22.252768 dv-neutron-837108-1-hyperv neutron-server[102737]: File "/opt/stack/neutron/neutron/notifiers/batch_notifier.py", line 58, in synced_send
Apr 08 10:15:22.252768 dv-neutron-837108-1-hyperv neutron-server[102737]: self._notify()
Apr 08 10:15:22.252768 dv-neutron-837108-1-hyperv neutron-server[102737]: File "/opt/stack/neutron/neutron/notifiers/batch_notifier.py", line 69, in _notify
Apr 08 10:15:22.252768 dv-neutron-837108-1-hyperv neutron-server[102737]: self.callback(batched_events)
Apr 08 10:15:22.252768 dv-neutron-837108-1-hyperv neutron-server[102737]: File "/opt/stack/neutron/neutron/services/segments/plugin.py", line 211, in _send_notifications
Apr 08 10:15:22.252768 dv-neutron-837108-1-hyperv neutron-server[102737]: event.method(event)
Apr 08 10:15:22.252768 dv-neutron-837108-1-hyperv neutron-server[102737]: File "/opt/stack/neutron/neutron/services/segments/plugin.py", line 383, in _delete_nova_inventory
Apr 08 10:15:22.252768 dv-neutron-837108-1-hyperv neutron-server[102737]: aggregate_id = self._get_aggregate_id(event.segment_id)
Apr 08 10:15:22.252768 dv-neutron-837108-1-hyperv neutron-server[102737]: File "/opt/stack/neutron/neutron/services/segments/plugin.py", line 370, in _get_aggregate_id
Apr 08 10:15:22.252768 dv-neutron-837108-1-hyperv neutron-server[102737]: aggregate_uuid = self.p_client.list_aggregates(
Apr 08 10:15:22.252768 dv-neutron-837108-1-hyperv neutron-server[102737]: File "/usr/local/lib/python3.8/dist-packages/neutron_lib/placement/client.py", line 58, in wrapper
Apr 08 10:15:22.252768 dv-neutron-837108-1-hyperv neutron-server[102737]: return f(self, *a, **k)
Apr 08 10:15:22.252768 dv-neutron-837108-1-hyperv neutron-server[102737]: File "/usr/local/lib/python3.8/dist-packages/neutron_lib/placement/client.py", line 554, in list_aggregates
Apr 08 10:15:22.252768 dv-neutron-837108-1-hyperv neutron-server[102737]: return self._get(url).json()
Apr 08 10:15:22.252768 dv-neutron-837108-1-hyperv neutron-server[102737]: File "/usr/local/lib/python3.8/dist-packages/neutron_lib/placement/client.py", line 190, in _get
Apr 08 10:15:22.252768 dv-neutron-837108-1-hyperv neutron-server[102737]: return self._client.get(url, endpoint_filter=self._ks_filter,
Apr 08 10:15:22.252768 dv-neutron-837108-1-hyperv neutron-server[102737]: File "/usr/local/lib/python3.8/dist-packages/keystoneauth1/session.py", line 1141, in get
Apr 08 10:15:22.252768 dv-neutron-837108-1-hyperv neutron-server[102737]: return self.request(url, 'GET', **kwargs)
Apr 08 10:15:22.252768 dv-neutron-837108-1-hyperv neutron-server[102737]: File "/usr/local/lib/python3.8/dist-packages/keystoneauth1/session.py", line 811, in request
Apr 08 10:15:22.252768 dv-neutron-837108-1-hyperv neutron-server[102737]: base_url = self.get_endpoint(auth, allow=allow,
Apr 08 10:15:22.252768 dv-neutron-837108-1-hyperv neutron-server[102737]: File "/usr/local/lib/python3.8/dist-packages/keystoneauth1/session.py", line 1241, in get_endpoint
Apr 08 10:15:22.252768 dv-neutron-837108-1-hyperv neutron-server[102737]: auth = self._auth_required(auth, 'determine endpoint URL')
Apr 08 10:15:22.252768 dv-neutron-837108-1-hyperv neutron-server[102737]: File "/usr/local/lib/python3.8/dist-packages/keystoneauth1/session.py", line 1181, in _auth_required
Apr 08 10:15:22.252768 dv-neutron-837108-1-hyperv neutron-server[102737]: raise exceptions.MissingAuthPlugin(msg_fmt % msg)
Apr 08 10:15:22.252768 dv-neutron-837108-1-hyperv neutron-server[102737]: keystoneauth1.exceptions.auth_plugins.MissingAuthPlugin: An auth plugin is required to determine endpoint URL
Apr 08 10:15:22.264078 dv-neutron-837108-1-hyperv neutron-server[102737]: DEBUG neutron.wsgi [-] (102737) accepted ('10.222.0.10', 37812) {{(pid=102737) server /usr/local/lib/python3.8/dist-packages/eventlet/wsgi.py:982}}
Apr 08 10:15:22.268110 dv-neutron-837108-1-hyperv neutron-server[102737]: DEBUG neutron_lib.callbacks.manager [None req-3b788913-02e2-4c45-b0ed-bf38685994d8 tempest-ServersTestJSON-135632392 tempest-ServersTestJSON-135632392-project] Notify callbacks ['neutron.services.l3_router.l3_router_plugin.DVRResourceOperationHandler._create_dvr_floating_gw_port-568922'] for floatingip, after_create {{(pid=102737) _notify_loop /usr/local/lib/python3.8/dist-packages/neutron_lib/callbacks/manager.py:192}}
Apr 08 10:15:22.272806 dv-neutron-837108-1-hyperv neutron-server[102737]: DEBUG neutron.plugins.ml2.drivers.type_vlan [None req-1fa254cb-6a02-406b-8fb5-72988ca1ba7f tempest-ExternalNetworksTestJSON-2085033306 tempest-ExternalNetworksTestJSON-2085033306-project-admin] Releasing vlan 97 on physical network physnet1 to pool {{(pid=102737) release_segment /opt/stack/neutron/neutron/plugins/ml2/drivers/type_vlan.py:304}}
Apr 08 10:15:22.273205 dv-neutron-837108-1-hyperv neutron-server[102737]: DEBUG neutron_lib.callbacks.manager [None req-1fa254cb-6a02-406b-8fb5-72988ca1ba7f tempest-ExternalNetworksTestJSON-2085033306 tempest-ExternalNetworksTestJSON-2085033306-project-admin] Notify callbacks ['neutron.plugins.ml2.plugin.Ml2Plugin._handle_segment_change-8060712', 'neutron.services.segments.plugin.NovaSegmentNotifier._notify_segment_deleted-3055051'] for segment, after_delete {{(pid=102737) _notify_loop /usr/local/lib/python3.8/dist-packages/neutron_lib/callbacks/manager.py:192}}
Apr 08 10:15:22.282382 dv-neutron-837108-1-hyperv neutron-server[102737]: DEBUG neutron.api.v2.base [None req-47bdd7b1-fc66-4334-878f-dd34073ee446 tempest-ExtraDHCPOptionsIpV6TestJSON-274051696 tempest-ExtraDHCPOptionsIpV6TestJSON-274051696-project] Request body: {'port': {'network_id': '9402dab8-88fe-4505-b336-da688876d584', 'name': 'tempest-ExtraDHCPOptionsIpV6TestJSON-1307214481'}} {{(pid=102737) prepare_request_body /opt/stack/neutron/neutron/api/v2/base.py:729}}
Apr 08 10:15:22.285909 dv-neutron-837108-1-hyperv neutron-server[102737]: Traceback (most recent call last):
Apr 08 10:15:22.285909 dv-neutron-837108-1-hyperv neutron-server[102737]: File "/usr/local/lib/python3.8/dist-packages/eventlet/hubs/hub.py", line 476, in fire_timers
Apr 08 10:15:22.285909 dv-neutron-837108-1-hyperv neutron-server[102737]: timer()
