Apr 18 12:01:39.918612 dv-neutron-837087-1-hyperv neutron-server[103166]: DEBUG neutron.api.rpc.handlers.l3_rpc [None req-ba2a6cd4-b39d-4592-bcfc-ac9a12712b54 None None] The sync data for ids ['42bd8d9d-4cd1-4a1c-a6a9-a22cfa5540be'] in dv-neutron-837087-1-hyperv is: [{'id': '42bd8d9d-4cd1-4a1c-a6a9-a22cfa5540be', 'name': 'tempest-ServersTestJSON-649824490-router', 'tenant_id': '2f287f73562644b38e6ced0217d11955', 'admin_state_up': True, 'status': 'ACTIVE', 'external_gateway_info': {'network_id': 'a1dfcef4-b184-4a96-8d40-f6853bf41c46', 'external_fixed_ips': [{'subnet_id': 'a59de085-c263-42b8-b282-9be6652b860c', 'ip_address': '172.26.1.59'}], 'enable_snat': True}, 'gw_port_id': '7778fd69-4490-4e48-b32d-f71f91ffc6fb', 'description': '', 'availability_zones': ['nova'], 'distributed': False, 'ha': False, 'ha_vr_id': 0, 'availability_zone_hints': [], 'routes': [], 'flavor_id': None, 'tags': [], 'created_at': '2022-04-18T12:01:26Z', 'updated_at': '2022-04-18T12:01:33Z', 'revision_number': 3, 'project_id': '2f287f73562644b38e6ced0217d11955', 'gw_port': {'id': '7778fd69-4490-4e48-b32d-f71f91ffc6fb', 'name': '', 'network_id': 'a1dfcef4-b184-4a96-8d40-f6853bf41c46', 'tenant_id': '', 'mac_address': 'fa:16:3e:ee:bc:e8', 'admin_state_up': True, 'status': 'DOWN', 'device_id': '42bd8d9d-4cd1-4a1c-a6a9-a22cfa5540be', 'device_owner': 'network:router_gateway', 'standard_attr_id': 91, 'fixed_ips': [{'subnet_id': 'a59de085-c263-42b8-b282-9be6652b860c', 'ip_address': '172.26.1.59', 'prefixlen': 24}], 'allowed_address_pairs': [], 'extra_dhcp_opts': [], 'security_groups': [], 'description': '', 'binding:vnic_type': 'normal', 'binding:profile': {}, 'binding:host_id': 'dv-neutron-837087-1-hyperv', 'binding:vif_type': 'ovs', 'binding:vif_details': {'connectivity': 'l2', 'port_filter': True, 'ovs_hybrid_plug': False, 'datapath_type': 'system', 'bridge_name': 'br-int'}, 'port_security_enabled': False, 'tags': [], 'created_at': '2022-04-18T12:01:28Z', 'updated_at': '2022-04-18T12:01:38Z', 'revision_number': 3, 'project_id': '', 'subnets': [{'id': 'a59de085-c263-42b8-b282-9be6652b860c', 'cidr': '172.26.1.0/24', 'gateway_ip': '172.26.1.1', 'dns_nameservers': [], 'ipv6_ra_mode': None, 'subnetpool_id': None}], 'extra_subnets': [], 'address_scopes': {4: None, 6: None}, 'mtu': 1500}, 'enable_snat': True, 'gw_port_host': 'dv-neutron-837087-1-hyperv'}] {{(pid=103166) sync_routers /opt/stack/neutron/neutron/api/rpc/handlers/l3_rpc.py:137}}
Apr 18 12:01:39.985798 dv-neutron-837087-1-hyperv neutron-server[103164]: DEBUG neutron.api.v2.base [None req-4776ea82-d8ba-4a73-8b77-547adb4fc02f tempest-ServerActionsTestJSON-1312464085 tempest-ServerActionsTestJSON-1312464085-project] Request body: {'floatingip': {'floating_network_id': 'a1dfcef4-b184-4a96-8d40-f6853bf41c46'}} {{(pid=103164) prepare_request_body /opt/stack/neutron/neutron/api/v2/base.py:729}}
Apr 18 12:01:40.004107 dv-neutron-837087-1-hyperv neutron-server[103164]: INFO neutron.wsgi [None req-5bd7c62a-40d7-4fb7-810b-baee13063f2a tempest-DHCPAgentSchedulersTestJSON-136275388 tempest-DHCPAgentSchedulersTestJSON-136275388-project-admin] 10.222.0.32 "GET /v2.0/agents/ad0c6809-3d47-4fb5-bc46-b25b5b79ea60/dhcp-networks HTTP/1.1" status: 200 len: 8860 time: 1.4019477
Apr 18 12:01:40.014356 dv-neutron-837087-1-hyperv neutron-server[103164]: DEBUG neutron_lib.callbacks.manager [None req-3bf5467b-c145-4953-b709-711877edf713 admin admin] Notify callbacks ['neutron.plugins.ml2.plugin.SecurityGroupDbMixin._ensure_default_security_group_handler-7875605'] for port, before_create {{(pid=103164) _notify_loop /usr/local/lib/python3.8/dist-packages/neutron_lib/callbacks/manager.py:192}}
Apr 18 12:01:40.024835 dv-neutron-837087-1-hyperv neutron-server[103163]: DEBUG neutron.wsgi [-] (103163) accepted ('10.222.0.32', 56142) {{(pid=103163) server /usr/local/lib/python3.8/dist-packages/eventlet/wsgi.py:982}}
Apr 18 12:01:40.116277 dv-neutron-837087-1-hyperv neutron-server[103164]: DEBUG neutron_lib.callbacks.manager [None req-2b0cc2c6-8a57-4366-810b-904ac9967be3 tempest-RoutersIpV6AdminTest-882116891 tempest-RoutersIpV6AdminTest-882116891-project-admin] Notify callbacks [] for router_gateway, after_create {{(pid=103164) _notify_loop /usr/local/lib/python3.8/dist-packages/neutron_lib/callbacks/manager.py:192}}
Apr 18 12:01:40.150800 dv-neutron-837087-1-hyperv neutron-server[103165]: DEBUG neutron.db.provisioning_blocks [None req-ac868134-8bea-4999-8345-5d7dce5df329 None None] Provisioning complete for port 989abbab-05c9-4af4-9e85-697b2b5aefe7 triggered by entity DHCP. {{(pid=103165) provisioning_complete /opt/stack/neutron/neutron/db/provisioning_blocks.py:139}}
Apr 18 12:01:40.151168 dv-neutron-837087-1-hyperv neutron-server[103165]: DEBUG neutron_lib.callbacks.manager [None req-ac868134-8bea-4999-8345-5d7dce5df329 None None] Notify callbacks ['neutron.plugins.ml2.plugin.Ml2Plugin._port_provisioned-8080586'] for port, provisioning_complete {{(pid=103165) _notify_loop /usr/local/lib/python3.8/dist-packages/neutron_lib/callbacks/manager.py:192}}
Apr 18 12:01:40.159476 dv-neutron-837087-1-hyperv neutron-server[103165]: DEBUG neutron.api.rpc.handlers.resources_rpc [None req-6f3d7a7d-d369-4ad2-b8b3-919149b42414 None None] Pushing event updated for resources: {'Port': ['ID=0bc2598f-3f5b-42e3-98b8-2359009fbdbd,revision_number=4']} {{(pid=103165) push /opt/stack/neutron/neutron/api/rpc/handlers/resources_rpc.py:237}}
Apr 18 12:01:40.176877 dv-neutron-837087-1-hyperv neutron-server[103163]: DEBUG neutron_lib.callbacks.manager [None req-ee7ecb08-c371-4ca3-b6d6-10bd363f3678 tempest-ExtraDHCPOptionsTestJSON-979319093 tempest-ExtraDHCPOptionsTestJSON-979319093-project] Notify callbacks [] for port, precommit_update {{(pid=103163) _notify_loop /usr/local/lib/python3.8/dist-packages/neutron_lib/callbacks/manager.py:192}}
Apr 18 12:01:40.283856 dv-neutron-837087-1-hyperv neutron-server[103163]: DEBUG neutron_lib.callbacks.manager [None req-ee7ecb08-c371-4ca3-b6d6-10bd363f3678 tempest-ExtraDHCPOptionsTestJSON-979319093 tempest-ExtraDHCPOptionsTestJSON-979319093-project] Notify callbacks ['neutron.plugins.ml2.plugin.SecurityGroupServerNotifierRpcMixin._notify_sg_on_port_change-7875674', 'neutron.plugins.ml2.ovo_rpc._ObjectChangeHandler.handle_event-114102', 'neutron.api.rpc.agentnotifiers.dhcp_rpc_agent_api.DhcpAgentNotifyAPI._native_event_send_dhcp_notification-577719', 'neutron.db.l3_db.L3RpcNotifierMixin._notify_gateway_port_ip_changed-8771878920641', 'neutron.db.l3_dvrscheduler_db._notify_l3_agent_port_update-8771878399281', 'neutron.db.l3_hascheduler_db._notify_l3_agent_ha_port_update-8771878397413'] for port, after_update {{(pid=103163) _notify_loop /usr/local/lib/python3.8/dist-packages/neutron_lib/callbacks/manager.py:192}}
Apr 18 12:01:40.308012 dv-neutron-837087-1-hyperv neutron-server[103164]: DEBUG neutron_lib.callbacks.manager [None req-4776ea82-d8ba-4a73-8b77-547adb4fc02f tempest-ServerActionsTestJSON-1312464085 tempest-ServerActionsTestJSON-1312464085-project] Notify callbacks [] for floatingip, before_create {{(pid=103164) _notify_loop /usr/local/lib/python3.8/dist-packages/neutron_lib/callbacks/manager.py:192}}
Apr 18 12:01:40.344028 dv-neutron-837087-1-hyperv neutron-server[103163]: DEBUG neutron.plugins.ml2.plugin [None req-ee7ecb08-c371-4ca3-b6d6-10bd363f3678 tempest-ExtraDHCPOptionsTestJSON-979319093 tempest-ExtraDHCPOptionsTestJSON-979319093-project] In _notify_port_updated(), no bound segment for port a123fd2d-a630-4ec8-9f1a-e7c23d3640e5 on network 8e39f05d-dc64-4f72-a10d-a4d0ae553e62 {{(pid=103163) _notify_port_updated /opt/stack/neutron/neutron/plugins/ml2/plugin.py:879}}
Apr 18 12:01:40.359639 dv-neutron-837087-1-hyperv neutron-server[103163]: DEBUG neutron.pecan_wsgi.hooks.policy_enforcement [None req-ee7ecb08-c371-4ca3-b6d6-10bd363f3678 tempest-ExtraDHCPOptionsTestJSON-979319093 tempest-ExtraDHCPOptionsTestJSON-979319093-project] Attributes excluded by policy engine: ['standard_attr_id', 'binding:profile', 'binding:host_id', 'binding:vif_type', 'binding:vif_details'] {{(pid=103163) _exclude_attributes_by_policy /opt/stack/neutron/neutron/pecan_wsgi/hooks/policy_enforcement.py:255}}
Apr 18 12:01:40.360707 dv-neutron-837087-1-hyperv neutron-server[103163]: DEBUG neutron_lib.callbacks.manager [None req-ee7ecb08-c371-4ca3-b6d6-10bd363f3678 tempest-ExtraDHCPOptionsTestJSON-979319093 tempest-ExtraDHCPOptionsTestJSON-979319093-project] Notify callbacks ['neutron.notifiers.nova.Notifier._send_nova_notification-95272', 'neutron.api.rpc.agentnotifiers.dhcp_rpc_agent_api.DhcpAgentNotifyAPI._send_dhcp_notification-578381'] for port, before_response {{(pid=103163) _notify_loop /usr/local/lib/python3.8/dist-packages/neutron_lib/callbacks/manager.py:192}}
Apr 18 12:01:40.362328 dv-neutron-837087-1-hyperv neutron-server[103163]: INFO neutron.wsgi [None req-ee7ecb08-c371-4ca3-b6d6-10bd363f3678 tempest-ExtraDHCPOptionsTestJSON-979319093 tempest-ExtraDHCPOptionsTestJSON-979319093-project] 10.222.0.32 "PUT /v2.0/ports/a123fd2d-a630-4ec8-9f1a-e7c23d3640e5 HTTP/1.1" status: 200 len: 1136 time: 1.3296666
Apr 18 12:01:40.371319 dv-neutron-837087-1-hyperv neutron-server[103165]: DEBUG neutron.db.provisioning_blocks [None req-6f3d7a7d-d369-4ad2-b8b3-919149b42414 None None] Provisioning complete for port f2f3075e-3c87-43b4-8639-7d9b19e9b623 triggered by entity L2. {{(pid=103165) provisioning_complete /opt/stack/neutron/neutron/db/provisioning_blocks.py:139}}
Apr 18 12:01:40.371700 dv-neutron-837087-1-hyperv neutron-server[103165]: DEBUG neutron_lib.callbacks.manager [None req-6f3d7a7d-d369-4ad2-b8b3-919149b42414 None None] Notify callbacks ['neutron.plugins.ml2.plugin.Ml2Plugin._port_provisioned-8080586'] for port, provisioning_complete {{(pid=103165) _notify_loop /usr/local/lib/python3.8/dist-packages/neutron_lib/callbacks/manager.py:192}}
Apr 18 12:01:40.375869 dv-neutron-837087-1-hyperv neutron-server[103164]: DEBUG neutron.wsgi [-] (103164) accepted ('10.222.0.32', 56148) {{(pid=103164) server /usr/local/lib/python3.8/dist-packages/eventlet/wsgi.py:982}}
Apr 18 12:01:40.402065 dv-neutron-837087-1-hyperv neutron-server[103163]: INFO neutron.wsgi [None req-7782ac3d-881e-47d3-a286-b72abb27bd27 tempest-DHCPAgentSchedulersTestJSON-136275388 tempest-DHCPAgentSchedulersTestJSON-136275388-project-admin] 10.222.0.32 "DELETE /v2.0/agents/ad0c6809-3d47-4fb5-bc46-b25b5b79ea60/dhcp-networks/8e0d74fa-3aef-4d5d-be24-af6d9854bd0f HTTP/1.1" status: 204 len: 168 time: 0.3760233
Apr 18 12:01:40.402799 dv-neutron-837087-1-hyperv neutron-server[103163]: DEBUG neutron.wsgi [-] (103163) accepted ('10.222.0.32', 56150) {{(pid=103163) server /usr/local/lib/python3.8/dist-packages/eventlet/wsgi.py:982}}
Apr 18 12:01:40.408616 dv-neutron-837087-1-hyperv neutron-server[103163]: DEBUG neutron_lib.callbacks.manager [None req-1c6a1e95-3226-4879-b6be-a89e824c05e3 tempest-FloatingIPAdminTestJSON-1778391952 tempest-FloatingIPAdminTestJSON-1778391952-project] Notify callbacks ['neutron.services.l3_router.l3_router_plugin.L3_HA_NAT_db_mixin._after_router_create-536693', 'neutron.services.l3_router.l3_router_plugin.DVRResourceOperationHandler._create_snat_interfaces_after_change-534007'] for router, after_create {{(pid=103163) _notify_loop /usr/local/lib/python3.8/dist-packages/neutron_lib/callbacks/manager.py:192}}
Apr 18 12:01:40.426961 dv-neutron-837087-1-hyperv neutron-server[103163]: DEBUG neutron.api.rpc.handlers.resources_rpc [None req-ee7ecb08-c371-4ca3-b6d6-10bd363f3678 tempest-ExtraDHCPOptionsTestJSON-979319093 tempest-ExtraDHCPOptionsTestJSON-979319093-project] Pushing event updated for resources: {'Port': ['ID=a123fd2d-a630-4ec8-9f1a-e7c23d3640e5,revision_number=2']} {{(pid=103163) push /opt/stack/neutron/neutron/api/rpc/handlers/resources_rpc.py:237}}
Apr 18 12:01:40.510942 dv-neutron-837087-1-hyperv neutron-server[103163]: DEBUG neutron.wsgi [-] (103163) accepted ('10.222.0.32', 56152) {{(pid=103163) server /usr/local/lib/python3.8/dist-packages/eventlet/wsgi.py:982}}
Apr 18 12:01:40.523266 dv-neutron-837087-1-hyperv neutron-server[103165]: DEBUG neutron_lib.callbacks.manager [None req-ac868134-8bea-4999-8345-5d7dce5df329 None None] Notify callbacks ['neutron.plugins.ml2.plugin.SecurityGroupDbMixin._ensure_default_security_group_handler-7875605'] for port, before_update {{(pid=103165) _notify_loop /usr/local/lib/python3.8/dist-packages/neutron_lib/callbacks/manager.py:192}}
Apr 18 12:01:40.681403 dv-neutron-837087-1-hyperv neutron-server[103164]: DEBUG neutron_lib.callbacks.manager [None req-2b0cc2c6-8a57-4366-810b-904ac9967be3 tempest-RoutersIpV6AdminTest-882116891 tempest-RoutersIpV6AdminTest-882116891-project-admin] Notify callbacks ['neutron.services.l3_router.l3_router_plugin.L3_HA_NAT_db_mixin._after_router_create-536693', 'neutron.services.l3_router.l3_router_plugin.DVRResourceOperationHandler._create_snat_interfaces_after_change-534007'] for router, after_create {{(pid=103164) _notify_loop /usr/local/lib/python3.8/dist-packages/neutron_lib/callbacks/manager.py:192}}
Apr 18 12:01:40.703728 dv-neutron-837087-1-hyperv neutron-server[103165]: DEBUG neutron_lib.callbacks.manager [None req-0961ab8e-b8ee-4492-aa77-6eb70c24654a None None] Notify callbacks ['neutron.services.segments.db._update_segment_host_mapping_for_agent-8771878908142', 'neutron.plugins.ml2.plugin.Ml2Plugin._retry_binding_revived_agents-8077928'] for agent, after_update {{(pid=103165) _notify_loop /usr/local/lib/python3.8/dist-packages/neutron_lib/callbacks/manager.py:192}}
Apr 18 12:01:40.763433 dv-neutron-837087-1-hyperv neutron-server[103164]: DEBUG neutron.db.db_base_plugin_common [None req-3bf5467b-c145-4953-b709-711877edf713 admin admin] Allocated IP 172.20.0.1 (e944269d-d5f1-44f0-aeff-1f068398cae3/681c7c4b-649c-4bd2-9363-b5a1d80f88cc/c6981321-ff2f-42b7-821e-e715a26e2df4) {{(pid=103164) _store_ip_allocation /opt/stack/neutron/neutron/db/db_base_plugin_common.py:131}}
Apr 18 12:01:40.765603 dv-neutron-837087-1-hyperv neutron-server[103165]: DEBUG neutron.plugins.ml2.db [None req-ac868134-8bea-4999-8345-5d7dce5df329 None None] For port 989abbab-05c9-4af4-9e85-697b2b5aefe7, host dv-neutron-837087-1-hyperv, got binding levels [PortBindingLevel(driver='openvswitch',host='dv-neutron-837087-1-hyperv',level=0,port_id=989abbab-05c9-4af4-9e85-697b2b5aefe7,segment=NetworkSegment(989d30e1-d244-4e50-a39d-7fd5ddfaf6c2),segment_id=989d30e1-d244-4e50-a39d-7fd5ddfaf6c2)] {{(pid=103165) get_binding_level_objs /opt/stack/neutron/neutron/plugins/ml2/db.py:74}}
Apr 18 12:01:40.791860 dv-neutron-837087-1-hyperv neutron-server[103163]: INFO neutron.wsgi [None req-9005e02a-8042-485f-bd81-e2f29f0d06eb admin admin] 10.222.0.32 "GET /v2.0/security-groups?tenant_id=1a401b3409244123986b04bbea97fefe&name=default HTTP/1.1" status: 200 len: 2978 time: 0.2664754
Apr 18 12:01:40.796344 dv-neutron-837087-1-hyperv neutron-server[103164]: DEBUG neutron.wsgi [-] (103164) accepted ('10.222.0.32', 56156) {{(pid=103164) server /usr/local/lib/python3.8/dist-packages/eventlet/wsgi.py:982}}
Apr 18 12:01:40.832489 dv-neutron-837087-1-hyperv neutron-server[103165]: DEBUG neutron_lib.callbacks.manager [None req-ac868134-8bea-4999-8345-5d7dce5df329 None None] Notify callbacks ['neutron.plugins.ml2.plugin.SecurityGroupServerNotifierRpcMixin._notify_sg_on_port_change-7875674', 'neutron.plugins.ml2.ovo_rpc._ObjectChangeHandler.handle_event-114102', 'neutron.api.rpc.agentnotifiers.dhcp_rpc_agent_api.DhcpAgentNotifyAPI._native_event_send_dhcp_notification-577719', 'neutron.db.l3_db.L3RpcNotifierMixin._notify_gateway_port_ip_changed-8771878920641', 'neutron.db.l3_dvrscheduler_db._notify_l3_agent_port_update-8771878399281', 'neutron.db.l3_hascheduler_db._notify_l3_agent_ha_port_update-8771878397413'] for port, after_update {{(pid=103165) _notify_loop /usr/local/lib/python3.8/dist-packages/neutron_lib/callbacks/manager.py:192}}
Apr 18 12:01:40.832706 dv-neutron-837087-1-hyperv neutron-server[103164]: DEBUG neutron.pecan_wsgi.hooks.policy_enforcement [None req-97f4bba1-520b-486e-9da1-039e2b862551 tempest-ExtraDHCPOptionsTestJSON-979319093 tempest-ExtraDHCPOptionsTestJSON-979319093-project] Attributes excluded by policy engine: ['standard_attr_id', 'binding:profile', 'binding:host_id', 'binding:vif_type', 'binding:vif_details'] {{(pid=103164) _exclude_attributes_by_policy /opt/stack/neutron/neutron/pecan_wsgi/hooks/policy_enforcement.py:255}}
Apr 18 12:01:40.841892 dv-neutron-837087-1-hyperv neutron-server[103164]: INFO neutron.wsgi [None req-97f4bba1-520b-486e-9da1-039e2b862551 tempest-ExtraDHCPOptionsTestJSON-979319093 tempest-ExtraDHCPOptionsTestJSON-979319093-project] 10.222.0.32 "GET /v2.0/ports/a123fd2d-a630-4ec8-9f1a-e7c23d3640e5 HTTP/1.1" status: 200 len: 1136 time: 0.3995571
Apr 18 12:01:40.844285 dv-neutron-837087-1-hyperv neutron-server[103164]: DEBUG neutron.wsgi [-] (103164) accepted ('10.222.0.32', 56158) {{(pid=103164) server /usr/local/lib/python3.8/dist-packages/eventlet/wsgi.py:982}}
Apr 18 12:01:40.864963 dv-neutron-837087-1-hyperv neutron-server[103163]: INFO neutron.wsgi [None req-a25e5fd5-9430-4fea-bed9-d43b1401a3a5 tempest-DHCPAgentSchedulersTestJSON-136275388 tempest-DHCPAgentSchedulersTestJSON-136275388-project-admin] 10.222.0.32 "GET /v2.0/agents/ad0c6809-3d47-4fb5-bc46-b25b5b79ea60/dhcp-networks HTTP/1.1" status: 200 len: 8090 time: 0.4575391
Apr 18 12:01:40.865638 dv-neutron-837087-1-hyperv neutron-server[103163]: DEBUG neutron.wsgi [-] (103163) accepted ('10.222.0.32', 56160) {{(pid=103163) server /usr/local/lib/python3.8/dist-packages/eventlet/wsgi.py:982}}
Apr 18 12:01:40.899493 dv-neutron-837087-1-hyperv neutron-server[103163]: INFO neutron.wsgi [None req-fceda0fa-82be-46bd-a401-f780feed70b8 tempest-DHCPAgentSchedulersTestJSON-136275388 tempest-DHCPAgentSchedulersTestJSON-136275388-project-admin] 10.222.0.32 "GET /v2.0/networks/3cff0197-544b-4ee5-9868-c82253b4b864/dhcp-agents HTTP/1.1" status: 200 len: 809 time: 0.0313504
Apr 18 12:01:40.901082 dv-neutron-837087-1-hyperv neutron-server[103163]: DEBUG neutron.wsgi [-] (103163) accepted ('10.222.0.32', 56162) {{(pid=103163) server /usr/local/lib/python3.8/dist-packages/eventlet/wsgi.py:982}}
Apr 18 12:01:40.926116 dv-neutron-837087-1-hyperv neutron-server[103163]: INFO neutron.wsgi [None req-b7d9be2f-6628-442a-b345-bd3d186413e4 tempest-DHCPAgentSchedulersTestJSON-136275388 tempest-DHCPAgentSchedulersTestJSON-136275388-project-admin] 10.222.0.32 "GET /v2.0/networks/3cff0197-544b-4ee5-9868-c82253b4b864/dhcp-agents HTTP/1.1" status: 200 len: 809 time: 0.0238700
Apr 18 12:01:40.926735 dv-neutron-837087-1-hyperv neutron-server[103163]: DEBUG neutron.wsgi [-] (103163) accepted ('10.222.0.32', 56164) {{(pid=103163) server /usr/local/lib/python3.8/dist-packages/eventlet/wsgi.py:982}}
Apr 18 12:01:40.989846 dv-neutron-837087-1-hyperv neutron-server[103165]: DEBUG neutron.api.rpc.handlers.resources_rpc [None req-ac868134-8bea-4999-8345-5d7dce5df329 None None] Pushing event updated for resources: {'Port': ['ID=989abbab-05c9-4af4-9e85-697b2b5aefe7,revision_number=3']} {{(pid=103165) push /opt/stack/neutron/neutron/api/rpc/handlers/resources_rpc.py:237}}
Apr 18 12:01:41.008897 dv-neutron-837087-1-hyperv neutron-server[103165]: DEBUG neutron_lib.callbacks.manager [None req-80016869-3217-439d-af17-3cb191530295 None None] Notify callbacks [] for port, precommit_update {{(pid=103165) _notify_loop /usr/local/lib/python3.8/dist-packages/neutron_lib/callbacks/manager.py:192}}
Apr 18 12:01:41.037184 dv-neutron-837087-1-hyperv neutron-server[103163]: DEBUG neutron.scheduler.l3_agent_scheduler [None req-1c6a1e95-3226-4879-b6be-a89e824c05e3 tempest-FloatingIPAdminTestJSON-1778391952 tempest-FloatingIPAdminTestJSON-1778391952-project] Router 75dd197f-b9c9-42c2-9a8c-5da4de3c545e is scheduled to L3 agent 06f3446b-cbf7-4490-8362-a5a82728db18 with binding_index 1 {{(pid=103163) bind_router /opt/stack/neutron/neutron/scheduler/l3_agent_scheduler.py:209}}
Apr 18 12:01:41.060634 dv-neutron-837087-1-hyperv neutron-server[103165]: DEBUG neutron.db.provisioning_blocks [None req-654a5914-95ff-472d-ac14-6d00fdefe2c4 None None] Provisioning complete for port a123fd2d-a630-4ec8-9f1a-e7c23d3640e5 triggered by entity DHCP. {{(pid=103165) provisioning_complete /opt/stack/neutron/neutron/db/provisioning_blocks.py:139}}
Apr 18 12:01:41.061012 dv-neutron-837087-1-hyperv neutron-server[103165]: DEBUG neutron_lib.callbacks.manager [None req-654a5914-95ff-472d-ac14-6d00fdefe2c4 None None] Notify callbacks ['neutron.plugins.ml2.plugin.Ml2Plugin._port_provisioned-8080586'] for port, provisioning_complete {{(pid=103165) _notify_loop /usr/local/lib/python3.8/dist-packages/neutron_lib/callbacks/manager.py:192}}
Apr 18 12:01:41.119826 dv-neutron-837087-1-hyperv neutron-server[103165]: DEBUG neutron_lib.callbacks.manager [None req-80016869-3217-439d-af17-3cb191530295 None None] Notify callbacks ['neutron.plugins.ml2.plugin.SecurityGroupServerNotifierRpcMixin._notify_sg_on_port_change-7875674', 'neutron.plugins.ml2.ovo_rpc._ObjectChangeHandler.handle_event-114102', 'neutron.api.rpc.agentnotifiers.dhcp_rpc_agent_api.DhcpAgentNotifyAPI._native_event_send_dhcp_notification-577719', 'neutron.db.l3_db.L3RpcNotifierMixin._notify_gateway_port_ip_changed-8771878920641', 'neutron.db.l3_dvrscheduler_db._notify_l3_agent_port_update-8771878399281', 'neutron.db.l3_hascheduler_db._notify_l3_agent_ha_port_update-8771878397413'] for port, after_update {{(pid=103165) _notify_loop /usr/local/lib/python3.8/dist-packages/neutron_lib/callbacks/manager.py:192}}
Apr 18 12:01:41.146675 dv-neutron-837087-1-hyperv neutron-server[103163]: INFO neutron.wsgi [None req-5f308535-c97d-4d3b-896c-ac8c518eba6e tempest-DHCPAgentSchedulersTestJSON-136275388 tempest-DHCPAgentSchedulersTestJSON-136275388-project-admin] 10.222.0.32 "GET /v2.0/agents/ad0c6809-3d47-4fb5-bc46-b25b5b79ea60/dhcp-networks HTTP/1.1" status: 200 len: 8090 time: 0.2187812
Apr 18 12:01:41.149644 dv-neutron-837087-1-hyperv neutron-server[103163]: DEBUG neutron.wsgi [-] (103163) accepted ('10.222.0.32', 56166) {{(pid=103163) server /usr/local/lib/python3.8/dist-packages/eventlet/wsgi.py:982}}
Apr 18 12:01:41.193573 dv-neutron-837087-1-hyperv neutron-server[103165]: DEBUG neutron.plugins.ml2.plugin [None req-654a5914-95ff-472d-ac14-6d00fdefe2c4 None None] Port a123fd2d-a630-4ec8-9f1a-e7c23d3640e5 cannot update to ACTIVE because it is not bound. {{(pid=103165) _port_provisioned /opt/stack/neutron/neutron/plugins/ml2/plugin.py:339}}
Apr 18 12:01:41.236655 dv-neutron-837087-1-hyperv neutron-server[103165]: DEBUG neutron.api.rpc.handlers.resources_rpc [None req-1dd56d10-d576-4fd9-82aa-568d68292097 None None] Pushing event updated for resources: {'Port': ['ID=a35aae21-a315-4dac-8b67-c9698b4f64ec,revision_number=3']} {{(pid=103165) push /opt/stack/neutron/neutron/api/rpc/handlers/resources_rpc.py:237}}
Apr 18 12:01:41.330673 dv-neutron-837087-1-hyperv neutron-server[103165]: DEBUG neutron.plugins.ml2.managers [None req-80016869-3217-439d-af17-3cb191530295 None None] Attempting to bind port a35aae21-a315-4dac-8b67-c9698b4f64ec on host dv-neutron-837087-1-hyperv for vnic_type normal with profile {{(pid=103165) bind_port /opt/stack/neutron/neutron/plugins/ml2/managers.py:790}}
Apr 18 12:01:41.331282 dv-neutron-837087-1-hyperv neutron-server[103165]: DEBUG neutron.plugins.ml2.managers [None req-80016869-3217-439d-af17-3cb191530295 None None] Attempting to bind port a35aae21-a315-4dac-8b67-c9698b4f64ec by drivers openvswitch,hyperv on host dv-neutron-837087-1-hyperv at level 0 using segments [{'id': '977d1fd8-d573-4a15-9c92-d724c3af61ec', 'network_type': 'vlan', 'physical_network': 'physnet1', 'segmentation_id': 107, 'network_id': '666febd0-2ced-4f5e-b072-202f774feff0'}] {{(pid=103165) _bind_port_level /opt/stack/neutron/neutron/plugins/ml2/managers.py:815}}
Apr 18 12:01:41.331792 dv-neutron-837087-1-hyperv neutron-server[103165]: DEBUG neutron.plugins.ml2.drivers.mech_agent [None req-80016869-3217-439d-af17-3cb191530295 None None] Attempting to bind port a35aae21-a315-4dac-8b67-c9698b4f64ec on network 666febd0-2ced-4f5e-b072-202f774feff0 {{(pid=103165) bind_port /opt/stack/neutron/neutron/plugins/ml2/drivers/mech_agent.py:91}}
Apr 18 12:01:41.345391 dv-neutron-837087-1-hyperv neutron-server[103163]: DEBUG neutron.wsgi [-] (103163) accepted ('10.222.0.32', 56168) {{(pid=103163) server /usr/local/lib/python3.8/dist-packages/eventlet/wsgi.py:982}}
Apr 18 12:01:41.348621 dv-neutron-837087-1-hyperv neutron-server[103165]: DEBUG neutron.plugins.ml2.rpc [None req-6f3d7a7d-d369-4ad2-b8b3-919149b42414 None None] Device 9c6a7eed-9df8-47d7-b967-d262ed369ecd up at agent ovs-agent-dv-neutron-837087-1-hyperv {{(pid=103165) update_device_up /opt/stack/neutron/neutron/plugins/ml2/rpc.py:296}}
Apr 18 12:01:41.350278 dv-neutron-837087-1-hyperv neutron-server[103163]: DEBUG neutron.api.v2.base [None req-68e597db-8455-4eea-b7a8-a984df684120 tempest-ServersTestManualDisk-992866355 tempest-ServersTestManualDisk-992866355-project] Request body: {'security_group': {'name': 'tempest-securitygroup--870445356', 'description': 'tempest-description--642759886'}} {{(pid=103163) prepare_request_body /opt/stack/neutron/neutron/api/v2/base.py:729}}
Apr 18 12:01:41.355825 dv-neutron-837087-1-hyperv neutron-server[103165]: DEBUG neutron.plugins.ml2.drivers.mech_agent [None req-80016869-3217-439d-af17-3cb191530295 None None] Checking agent: {'id': '96810fc9-8879-4fa6-b32d-5ce3303eb377', 'agent_type': 'Open vSwitch agent', 'binary': 'neutron-openvswitch-agent', 'topic': 'N/A', 'host': 'dv-neutron-837087-1-hyperv', 'admin_state_up': True, 'created_at': datetime.datetime(2022, 4, 18, 11, 53, 13), 'started_at': datetime.datetime(2022, 4, 18, 11, 53, 43), 'heartbeat_timestamp': datetime.datetime(2022, 4, 18, 12, 1, 13), 'description': None, 'resources_synced': None, 'availability_zone': None, 'alive': True, 'configurations': {'arp_responder_enabled': False, 'baremetal_smartnic': False, 'bridge_mappings': {'physnet1': 'br-data'}, 'datapath_type': 'system', 'devices': 0, 'enable_distributed_routing': False, 'extensions': [], 'in_distributed_mode': False, 'integration_bridge': 'br-int', 'l2_population': False, 'log_agent_heartbeats': False, 'ovs_capabilities': {'datapath_types': ['netdev', 'system'], 'iface_types': ['erspan', 'geneve', 'gre', 'internal', 'ip6erspan', 'ip6gre', 'lisp', 'patch', 'stt', 'system', 'tap', 'vxlan']}, 'ovs_hybrid_plug': False, 'resource_provider_bandwidths': {}, 'resource_provider_hypervisors': {'br-data': 'dv-neutron-837087-1-hyperv'}, 'resource_provider_inventory_defaults': {'allocation_ratio': 1.0, 'min_unit': 1, 'step_size': 1, 'reserved': 0}, 'tunnel_types': [], 'tunneling_ip': None, 'vhostuser_socket_dir': '/var/run/openvswitch'}, 'resource_versions': {'AddressGroup': '1.2', 'ConntrackHelper': '1.0', 'Log': '1.0', 'Network': '1.1', 'Port': '1.7', 'PortForwarding': '1.2', 'QosPolicy': '1.9', 'SecurityGroup': '1.4', 'SecurityGroupRule': '1.2', 'SubPort': '1.0', 'Subnet': '1.1', 'Trunk': '1.1'}} {{(pid=103165) bind_port /opt/stack/neutron/neutron/plugins/ml2/drivers/mech_agent.py:110}}
Apr 18 12:01:41.356474 dv-neutron-837087-1-hyperv neutron-server[103165]: DEBUG neutron.plugins.ml2.drivers.mech_agent [None req-80016869-3217-439d-af17-3cb191530295 None None] Checking segment: {'id': '977d1fd8-d573-4a15-9c92-d724c3af61ec', 'network_type': 'vlan', 'physical_network': 'physnet1', 'segmentation_id': 107, 'network_id': '666febd0-2ced-4f5e-b072-202f774feff0'} for mappings: {'physnet1': 'br-data'} with network types: ['local', 'flat', 'vlan'] {{(pid=103165) check_segment_for_agent /opt/stack/neutron/neutron/plugins/ml2/drivers/mech_agent.py:360}}
Apr 18 12:01:41.357025 dv-neutron-837087-1-hyperv neutron-server[103165]: DEBUG neutron_lib.callbacks.manager [None req-80016869-3217-439d-af17-3cb191530295 None None] Notify callbacks [] for ovs_bridge_name, before_read {{(pid=103165) _notify_loop /usr/local/lib/python3.8/dist-packages/neutron_lib/callbacks/manager.py:192}}
Apr 18 12:01:41.357550 dv-neutron-837087-1-hyperv neutron-server[103165]: DEBUG neutron.plugins.ml2.drivers.mech_agent [None req-80016869-3217-439d-af17-3cb191530295 None None] Bound using segment: {'id': '977d1fd8-d573-4a15-9c92-d724c3af61ec', 'network_type': 'vlan', 'physical_network': 'physnet1', 'segmentation_id': 107, 'network_id': '666febd0-2ced-4f5e-b072-202f774feff0'} {{(pid=103165) bind_port /opt/stack/neutron/neutron/plugins/ml2/drivers/mech_agent.py:120}}
Apr 18 12:01:41.358170 dv-neutron-837087-1-hyperv neutron-server[103165]: DEBUG neutron.plugins.ml2.managers [None req-80016869-3217-439d-af17-3cb191530295 None None] Bound port: a35aae21-a315-4dac-8b67-c9698b4f64ec, host: dv-neutron-837087-1-hyperv, vif_type: ovs, vif_details: {"connectivity": "l2", "port_filter": true, "ovs_hybrid_plug": false, "datapath_type": "system", "bridge_name": "br-int"}, binding_levels: [{'bound_driver': 'openvswitch', 'bound_segment': {'id': '977d1fd8-d573-4a15-9c92-d724c3af61ec', 'network_type': 'vlan', 'physical_network': 'physnet1', 'segmentation_id': 107, 'network_id': '666febd0-2ced-4f5e-b072-202f774feff0'}}] {{(pid=103165) _bind_port_level /opt/stack/neutron/neutron/plugins/ml2/managers.py:928}}
Apr 18 12:01:41.358715 dv-neutron-837087-1-hyperv neutron-server[103165]: DEBUG neutron_lib.callbacks.manager [None req-80016869-3217-439d-af17-3cb191530295 None None] Notify callbacks ['neutron.plugins.ml2.plugin.SecurityGroupDbMixin._ensure_default_security_group_handler-7875605'] for port, before_update {{(pid=103165) _notify_loop /usr/local/lib/python3.8/dist-packages/neutron_lib/callbacks/manager.py:192}}
Apr 18 12:01:41.448599 dv-neutron-837087-1-hyperv neutron-server[103164]: DEBUG neutron_lib.callbacks.manager [None req-3bf5467b-c145-4953-b709-711877edf713 admin admin] Notify callbacks [] for port, precommit_create {{(pid=103164) _notify_loop /usr/local/lib/python3.8/dist-packages/neutron_lib/callbacks/manager.py:192}}
Apr 18 12:01:41.488136 dv-neutron-837087-1-hyperv neutron-server[103165]: DEBUG neutron.db.provisioning_blocks [None req-77e60c1c-7cfc-4188-8000-46279ca9059d None None] Provisioning complete for port 989abbab-05c9-4af4-9e85-697b2b5aefe7 triggered by entity DHCP. {{(pid=103165) provisioning_complete /opt/stack/neutron/neutron/db/provisioning_blocks.py:139}}
Apr 18 12:01:41.488481 dv-neutron-837087-1-hyperv neutron-server[103165]: DEBUG neutron_lib.callbacks.manager [None req-77e60c1c-7cfc-4188-8000-46279ca9059d None None] Notify callbacks ['neutron.plugins.ml2.plugin.Ml2Plugin._port_provisioned-8080586'] for port, provisioning_complete {{(pid=103165) _notify_loop /usr/local/lib/python3.8/dist-packages/neutron_lib/callbacks/manager.py:192}}
Apr 18 12:01:41.500576 dv-neutron-837087-1-hyperv neutron-server[103163]: DEBUG neutron_lib.callbacks.manager [None req-bf7f99b0-f5d1-49af-9f5c-446d14af7a5d tempest-DHCPAgentSchedulersTestJSON-824009339 tempest-DHCPAgentSchedulersTestJSON-824009339-project] Notify callbacks ['neutron.plugins.ml2.plugin.External_net_db_mixin._before_network_delete_handler-8102789'] for network, before_delete {{(pid=103163) _notify_loop /usr/local/lib/python3.8/dist-packages/neutron_lib/callbacks/manager.py:192}}
Apr 18 12:01:41.532444 dv-neutron-837087-1-hyperv neutron-server[103163]: DEBUG neutron.api.rpc.agentnotifiers.l3_rpc_agent_api [None req-1c6a1e95-3226-4879-b6be-a89e824c05e3 tempest-FloatingIPAdminTestJSON-1778391952 tempest-FloatingIPAdminTestJSON-1778391952-project] Notify agent at l3_agent.dv-neutron-837087-1-hyperv the message routers_updated {{(pid=103163) _agent_notification /opt/stack/neutron/neutron/api/rpc/agentnotifiers/l3_rpc_agent_api.py:65}}
Apr 18 12:01:41.560119 dv-neutron-837087-1-hyperv neutron-server[103166]: DEBUG neutron.api.rpc.handlers.l3_rpc [None req-5a3a8a45-cea3-4ec6-a5c3-d61321bb0874 None None] Sync routers for ids ['75dd197f-b9c9-42c2-9a8c-5da4de3c545e'] in dv-neutron-837087-1-hyperv {{(pid=103166) sync_routers /opt/stack/neutron/neutron/api/rpc/handlers/l3_rpc.py:125}}
Apr 18 12:01:41.560697 dv-neutron-837087-1-hyperv neutron-server[103164]: DEBUG neutron_lib.callbacks.manager [None req-8a51f7d5-9403-4125-a95f-516a0850f118 admin admin] Notify callbacks [] for security_group, before_delete {{(pid=103164) _notify_loop /usr/local/lib/python3.8/dist-packages/neutron_lib/callbacks/manager.py:192}}
Apr 18 12:01:41.566619 dv-neutron-837087-1-hyperv neutron-server[103165]: DEBUG neutron_lib.callbacks.manager [None req-fcbb17e8-780f-45d3-89f6-7b5c4fc03f3d None None] Notify callbacks ['neutron.services.segments.db._update_segment_host_mapping_for_agent-8771878908142', 'neutron.plugins.ml2.plugin.Ml2Plugin._retry_binding_revived_agents-8077928'] for agent, after_update {{(pid=103165) _notify_loop /usr/local/lib/python3.8/dist-packages/neutron_lib/callbacks/manager.py:192}}
Apr 18 12:01:41.575987 dv-neutron-837087-1-hyperv neutron-server[103166]: DEBUG neutron.db.l3_dvrscheduler_db [None req-5a3a8a45-cea3-4ec6-a5c3-d61321bb0874 None None] Routers {'75dd197f-b9c9-42c2-9a8c-5da4de3c545e'} bound to L3 agent in host dv-neutron-837087-1-hyperv {{(pid=103166) _get_router_ids_for_agent /opt/stack/neutron/neutron/db/l3_dvrscheduler_db.py:421}}
Apr 18 12:01:41.579256 dv-neutron-837087-1-hyperv neutron-server[103166]: DEBUG neutron.db.l3_hamode_db [None req-5a3a8a45-cea3-4ec6-a5c3-d61321bb0874 None None] neutron.services.l3_router.l3_router_plugin.L3RouterPlugin method get_ha_sync_data_for_host called with arguments (, 'dv-neutron-837087-1-hyperv', Agent(admin_state_up=True,agent_type='L3 agent',availability_zone='nova',binary='neutron-l3-agent',configurations={"agent_mode": "legacy", "ex_gw_ports": 4, "extensions": [], "floating_ips": 0, "handle_internal_only_routers": true, "interface_driver": "openvswitch", "interfaces": 3, "log_agent_heartbeats": false, "routers": 4},created_at=2022-04-18T11:53:10Z,description=,heartbeat_timestamp=2022-04-18T12:01:40Z,host='dv-neutron-837087-1-hyperv',id=06f3446b-cbf7-4490-8362-a5a82728db18,load=0,resource_versions=,resources_synced=,started_at=2022-04-18T11:53:11Z,topic='l3_agent')) {'router_ids': ['75dd197f-b9c9-42c2-9a8c-5da4de3c545e'], 'active': True} {{(pid=103166) wrapper /usr/local/lib/python3.8/dist-packages/oslo_log/helpers.py:65}}
Apr 18 12:01:41.595085 dv-neutron-837087-1-hyperv neutron-server[103164]: DEBUG neutron_lib.callbacks.manager [None req-8a51f7d5-9403-4125-a95f-516a0850f118 admin admin] Notify callbacks [] for security_group, precommit_delete {{(pid=103164) _notify_loop /usr/local/lib/python3.8/dist-packages/neutron_lib/callbacks/manager.py:192}}
Apr 18 12:01:41.609714 dv-neutron-837087-1-hyperv neutron-server[103165]: DEBUG neutron.db.provisioning_blocks [None req-6f3d7a7d-d369-4ad2-b8b3-919149b42414 None None] Provisioning complete for port 9c6a7eed-9df8-47d7-b967-d262ed369ecd triggered by entity L2. {{(pid=103165) provisioning_complete /opt/stack/neutron/neutron/db/provisioning_blocks.py:139}}
Apr 18 12:01:41.610374 dv-neutron-837087-1-hyperv neutron-server[103165]: DEBUG neutron_lib.callbacks.manager [None req-6f3d7a7d-d369-4ad2-b8b3-919149b42414 None None] Notify callbacks ['neutron.plugins.ml2.plugin.Ml2Plugin._port_provisioned-8080586'] for port, provisioning_complete {{(pid=103165) _notify_loop /usr/local/lib/python3.8/dist-packages/neutron_lib/callbacks/manager.py:192}}
Apr 18 12:01:41.620665 dv-neutron-837087-1-hyperv neutron-server[103163]: DEBUG neutron_lib.callbacks.manager [None req-68e597db-8455-4eea-b7a8-a984df684120 tempest-ServersTestManualDisk-992866355 tempest-ServersTestManualDisk-992866355-project] Notify callbacks [] for security_group, before_create {{(pid=103163) _notify_loop /usr/local/lib/python3.8/dist-packages/neutron_lib/callbacks/manager.py:192}}
Apr 18 12:01:41.655048 dv-neutron-837087-1-hyperv neutron-server[103166]: DEBUG neutron.db.l3_hamode_db [None req-5a3a8a45-cea3-4ec6-a5c3-d61321bb0874 None None] neutron.services.l3_router.l3_router_plugin.L3RouterPlugin method _process_sync_ha_data called with arguments (, [], 'dv-neutron-837087-1-hyperv', False) {} {{(pid=103166) wrapper /usr/local/lib/python3.8/dist-packages/oslo_log/helpers.py:65}}
Apr 18 12:01:41.657518 dv-neutron-837087-1-hyperv neutron-server[103163]: DEBUG neutron_lib.callbacks.manager [None req-bf7f99b0-f5d1-49af-9f5c-446d14af7a5d tempest-DHCPAgentSchedulersTestJSON-824009339 tempest-DHCPAgentSchedulersTestJSON-824009339-project] Notify callbacks ['neutron.plugins.ml2.plugin.Ml2Plugin._network_delete_precommit_handler-8084072', 'neutron.services.segments.db._delete_segments_for_network-8771878945540'] for network, precommit_delete {{(pid=103163) _notify_loop /usr/local/lib/python3.8/dist-packages/neutron_lib/callbacks/manager.py:192}}
Apr 18 12:01:41.667481 dv-neutron-837087-1-hyperv neutron-server[103166]: DEBUG neutron.db.l3_dvrscheduler_db [None req-5a3a8a45-cea3-4ec6-a5c3-d61321bb0874 None None] Routers {'75dd197f-b9c9-42c2-9a8c-5da4de3c545e'} bound to L3 agent in host dv-neutron-837087-1-hyperv {{(pid=103166) _get_router_ids_for_agent /opt/stack/neutron/neutron/db/l3_dvrscheduler_db.py:421}}
Apr 18 12:01:41.668180 dv-neutron-837087-1-hyperv neutron-server[103166]: DEBUG neutron.db.l3_hamode_db [None req-5a3a8a45-cea3-4ec6-a5c3-d61321bb0874 None None] neutron.services.l3_router.l3_router_plugin.L3RouterPlugin method get_ha_sync_data_for_host called with arguments (, 'dv-neutron-837087-1-hyperv', Agent(admin_state_up=True,agent_type='L3 agent',availability_zone='nova',binary='neutron-l3-agent',configurations={"agent_mode": "legacy", "ex_gw_ports": 4, "extensions": [], "floating_ips": 0, "handle_internal_only_routers": true, "interface_driver": "openvswitch", "interfaces": 3, "log_agent_heartbeats": false, "routers": 4},created_at=2022-04-18T11:53:10Z,description=,heartbeat_timestamp=2022-04-18T12:01:40Z,host='dv-neutron-837087-1-hyperv',id=06f3446b-cbf7-4490-8362-a5a82728db18,load=0,resource_versions=,resources_synced=,started_at=2022-04-18T11:53:11Z,topic='l3_agent')) {'router_ids': ['75dd197f-b9c9-42c2-9a8c-5da4de3c545e'], 'active': True} {{(pid=103166) wrapper /usr/local/lib/python3.8/dist-packages/oslo_log/helpers.py:65}}
Apr 18 12:01:41.693778 dv-neutron-837087-1-hyperv neutron-server[103163]: DEBUG neutron_lib.callbacks.manager [None req-1c6a1e95-3226-4879-b6be-a89e824c05e3 tempest-FloatingIPAdminTestJSON-1778391952 tempest-FloatingIPAdminTestJSON-1778391952-project] Notify callbacks [] for router, before_response {{(pid=103163) _notify_loop /usr/local/lib/python3.8/dist-packages/neutron_lib/callbacks/manager.py:192}}
Apr 18 12:01:41.695063 dv-neutron-837087-1-hyperv neutron-server[103163]: INFO neutron.wsgi [None req-1c6a1e95-3226-4879-b6be-a89e824c05e3 tempest-FloatingIPAdminTestJSON-1778391952 tempest-FloatingIPAdminTestJSON-1778391952-project] 10.222.0.32 "POST /v2.0/routers HTTP/1.1" status: 201 len: 891 time: 7.1749063
Apr 18 12:01:41.702072 dv-neutron-837087-1-hyperv neutron-server[103163]: DEBUG neutron.wsgi [-] (103163) accepted ('10.222.0.32', 56170) {{(pid=103163) server /usr/local/lib/python3.8/dist-packages/eventlet/wsgi.py:982}}
Apr 18 12:01:41.707236 dv-neutron-837087-1-hyperv neutron-server[103163]: DEBUG neutron_lib.callbacks.manager [None req-bf7f99b0-f5d1-49af-9f5c-446d14af7a5d tempest-DHCPAgentSchedulersTestJSON-824009339 tempest-DHCPAgentSchedulersTestJSON-824009339-project] Subscribe: > segment before_delete 55550000 {{(pid=103163) subscribe /usr/local/lib/python3.8/dist-packages/neutron_lib/callbacks/manager.py:45}}
Apr 18 12:01:41.707682 dv-neutron-837087-1-hyperv neutron-server[103163]: DEBUG neutron_lib.callbacks.manager [None req-bf7f99b0-f5d1-49af-9f5c-446d14af7a5d tempest-DHCPAgentSchedulersTestJSON-824009339 tempest-DHCPAgentSchedulersTestJSON-824009339-project] Subscribe: > subnet precommit_delete_associations 55550000 {{(pid=103163) subscribe /usr/local/lib/python3.8/dist-packages/neutron_lib/callbacks/manager.py:45}}
Apr 18 12:01:41.708781 dv-neutron-837087-1-hyperv neutron-server[103163]: DEBUG neutron_lib.callbacks.manager [None req-bf7f99b0-f5d1-49af-9f5c-446d14af7a5d tempest-DHCPAgentSchedulersTestJSON-824009339 tempest-DHCPAgentSchedulersTestJSON-824009339-project] Subscribe: > segment_host_mapping after_create 55550000 {{(pid=103163) subscribe /usr/local/lib/python3.8/dist-packages/neutron_lib/callbacks/manager.py:45}}
Apr 18 12:01:41.709127 dv-neutron-837087-1-hyperv neutron-server[103163]: DEBUG neutron_lib.callbacks.manager [None req-bf7f99b0-f5d1-49af-9f5c-446d14af7a5d tempest-DHCPAgentSchedulersTestJSON-824009339 tempest-DHCPAgentSchedulersTestJSON-824009339-project] Subscribe: > port after_create 55550000 {{(pid=103163) subscribe /usr/local/lib/python3.8/dist-packages/neutron_lib/callbacks/manager.py:45}}
Apr 18 12:01:41.709463 dv-neutron-837087-1-hyperv neutron-server[103163]: DEBUG neutron_lib.callbacks.manager [None req-bf7f99b0-f5d1-49af-9f5c-446d14af7a5d tempest-DHCPAgentSchedulersTestJSON-824009339 tempest-DHCPAgentSchedulersTestJSON-824009339-project] Subscribe: > port after_delete 55550000 {{(pid=103163) subscribe /usr/local/lib/python3.8/dist-packages/neutron_lib/callbacks/manager.py:45}}
Apr 18 12:01:41.709794 dv-neutron-837087-1-hyperv neutron-server[103163]: DEBUG neutron_lib.callbacks.manager [None req-bf7f99b0-f5d1-49af-9f5c-446d14af7a5d tempest-DHCPAgentSchedulersTestJSON-824009339 tempest-DHCPAgentSchedulersTestJSON-824009339-project] Subscribe: > port after_update 55550000 {{(pid=103163) subscribe /usr/local/lib/python3.8/dist-packages/neutron_lib/callbacks/manager.py:45}}
Apr 18 12:01:41.710113 dv-neutron-837087-1-hyperv neutron-server[103163]: DEBUG neutron_lib.callbacks.manager [None req-bf7f99b0-f5d1-49af-9f5c-446d14af7a5d tempest-DHCPAgentSchedulersTestJSON-824009339 tempest-DHCPAgentSchedulersTestJSON-824009339-project] Subscribe: > segment after_delete 55550000 {{(pid=103163) subscribe /usr/local/lib/python3.8/dist-packages/neutron_lib/callbacks/manager.py:45}}
Apr 18 12:01:41.710431 dv-neutron-837087-1-hyperv neutron-server[103163]: DEBUG neutron_lib.callbacks.manager [None req-bf7f99b0-f5d1-49af-9f5c-446d14af7a5d tempest-DHCPAgentSchedulersTestJSON-824009339 tempest-DHCPAgentSchedulersTestJSON-824009339-project] Subscribe: > subnet after_create 55550000 {{(pid=103163) subscribe /usr/local/lib/python3.8/dist-packages/neutron_lib/callbacks/manager.py:45}}
Apr 18 12:01:41.710742 dv-neutron-837087-1-hyperv neutron-server[103163]: DEBUG neutron_lib.callbacks.manager [None req-bf7f99b0-f5d1-49af-9f5c-446d14af7a5d tempest-DHCPAgentSchedulersTestJSON-824009339 tempest-DHCPAgentSchedulersTestJSON-824009339-project] Subscribe: > subnet after_delete 55550000 {{(pid=103163) subscribe /usr/local/lib/python3.8/dist-packages/neutron_lib/callbacks/manager.py:45}}
Apr 18 12:01:41.711059 dv-neutron-837087-1-hyperv neutron-server[103163]: DEBUG neutron_lib.callbacks.manager [None req-bf7f99b0-f5d1-49af-9f5c-446d14af7a5d tempest-DHCPAgentSchedulersTestJSON-824009339 tempest-DHCPAgentSchedulersTestJSON-824009339-project] Subscribe: > subnet after_update 55550000 {{(pid=103163) subscribe /usr/local/lib/python3.8/dist-packages/neutron_lib/callbacks/manager.py:45}}
Apr 18 12:01:41.736345 dv-neutron-837087-1-hyperv neutron-server[103166]: DEBUG neutron.db.l3_hamode_db [None req-5a3a8a45-cea3-4ec6-a5c3-d61321bb0874 None None] neutron.services.l3_router.l3_router_plugin.L3RouterPlugin method _process_sync_ha_data called with arguments (, [], 'dv-neutron-837087-1-hyperv', False) {} {{(pid=103166) wrapper /usr/local/lib/python3.8/dist-packages/oslo_log/helpers.py:65}}
Apr 18 12:01:41.737015 dv-neutron-837087-1-hyperv neutron-server[103166]: DEBUG neutron.api.rpc.handlers.l3_rpc [None req-5a3a8a45-cea3-4ec6-a5c3-d61321bb0874 None None] The sync data for ids ['75dd197f-b9c9-42c2-9a8c-5da4de3c545e'] in dv-neutron-837087-1-hyperv is: [] {{(pid=103166) sync_routers /opt/stack/neutron/neutron/api/rpc/handlers/l3_rpc.py:137}}
Apr 18 12:01:41.812982 dv-neutron-837087-1-hyperv neutron-server[103165]: DEBUG neutron.plugins.ml2.db [None req-80016869-3217-439d-af17-3cb191530295 None None] For port a35aae21-a315-4dac-8b67-c9698b4f64ec, host dv-neutron-837087-1-hyperv, cleared binding levels {{(pid=103165) clear_binding_levels /opt/stack/neutron/neutron/plugins/ml2/db.py:87}}
Apr 18 12:01:41.816717 dv-neutron-837087-1-hyperv neutron-server[103165]: DEBUG neutron.plugins.ml2.db [None req-80016869-3217-439d-af17-3cb191530295 None None] For port a35aae21-a315-4dac-8b67-c9698b4f64ec, host dv-neutron-837087-1-hyperv, set binding levels [PortBindingLevel(driver='openvswitch',host='dv-neutron-837087-1-hyperv',level=0,port_id=a35aae21-a315-4dac-8b67-c9698b4f64ec,segment=NetworkSegment(977d1fd8-d573-4a15-9c92-d724c3af61ec),segment_id=977d1fd8-d573-4a15-9c92-d724c3af61ec)] {{(pid=103165) set_binding_levels /opt/stack/neutron/neutron/plugins/ml2/db.py:59}}
Apr 18 12:01:41.910792 dv-neutron-837087-1-hyperv neutron-server[103165]: DEBUG neutron.api.rpc.handlers.l3_rpc [None req-b88c55e8-6c7c-49d0-a855-de90f0e7b5a0 None None] Sync routers for ids ['b8fb0505-34f5-451e-9896-0f603422ccda'] in dv-neutron-837087-1-hyperv {{(pid=103165) sync_routers /opt/stack/neutron/neutron/api/rpc/handlers/l3_rpc.py:125}}
Apr 18 12:01:41.920052 dv-neutron-837087-1-hyperv neutron-server[103165]: DEBUG neutron_lib.callbacks.manager [None req-80016869-3217-439d-af17-3cb191530295 None None] Notify callbacks ['neutron.plugins.ml2.plugin.SecurityGroupServerNotifierRpcMixin._notify_sg_on_port_change-7875674', 'neutron.plugins.ml2.ovo_rpc._ObjectChangeHandler.handle_event-114102', 'neutron.api.rpc.agentnotifiers.dhcp_rpc_agent_api.DhcpAgentNotifyAPI._native_event_send_dhcp_notification-577719', 'neutron.db.l3_db.L3RpcNotifierMixin._notify_gateway_port_ip_changed-8771878920641', 'neutron.db.l3_dvrscheduler_db._notify_l3_agent_port_update-8771878399281', 'neutron.db.l3_hascheduler_db._notify_l3_agent_ha_port_update-8771878397413'] for port, after_update {{(pid=103165) _notify_loop /usr/local/lib/python3.8/dist-packages/neutron_lib/callbacks/manager.py:192}}
Apr 18 12:01:41.929768 dv-neutron-837087-1-hyperv neutron-server[103164]: DEBUG neutron.plugins.ml2.plugin [None req-9b7f3623-d003-425f-8151-d83cf63b0700 tempest-ExtraDHCPOptionsTestJSON-979319093 tempest-ExtraDHCPOptionsTestJSON-979319093-project] Deleting port a123fd2d-a630-4ec8-9f1a-e7c23d3640e5 {{(pid=103164) _pre_delete_port /opt/stack/neutron/neutron/plugins/ml2/plugin.py:1984}}
Apr 18 12:01:41.932279 dv-neutron-837087-1-hyperv neutron-server[103164]: DEBUG neutron_lib.callbacks.manager [None req-9b7f3623-d003-425f-8151-d83cf63b0700 tempest-ExtraDHCPOptionsTestJSON-979319093 tempest-ExtraDHCPOptionsTestJSON-979319093-project] Notify callbacks ['neutron.db.l3_db.L3_NAT_dbonly_mixin._prevent_l3_port_delete_callback-8771878913509'] for port, before_delete {{(pid=103164) _notify_loop /usr/local/lib/python3.8/dist-packages/neutron_lib/callbacks/manager.py:192}}
Apr 18 12:01:41.935171 dv-neutron-837087-1-hyperv neutron-server[103164]: DEBUG neutron_lib.callbacks.manager [None req-4776ea82-d8ba-4a73-8b77-547adb4fc02f tempest-ServerActionsTestJSON-1312464085 tempest-ServerActionsTestJSON-1312464085-project] Notify callbacks ['neutron.plugins.ml2.plugin.SecurityGroupDbMixin._ensure_default_security_group_handler-7875605'] for port, before_create {{(pid=103164) _notify_loop /usr/local/lib/python3.8/dist-packages/neutron_lib/callbacks/manager.py:192}}
Apr 18 12:01:42.014341 dv-neutron-837087-1-hyperv neutron-server[103165]: DEBUG neutron.db.l3_dvrscheduler_db [None req-b88c55e8-6c7c-49d0-a855-de90f0e7b5a0 None None] Routers {'b8fb0505-34f5-451e-9896-0f603422ccda'} bound to L3 agent in host dv-neutron-837087-1-hyperv {{(pid=103165) _get_router_ids_for_agent /opt/stack/neutron/neutron/db/l3_dvrscheduler_db.py:421}}
Apr 18 12:01:42.015249 dv-neutron-837087-1-hyperv neutron-server[103165]: DEBUG neutron.db.l3_hamode_db [None req-b88c55e8-6c7c-49d0-a855-de90f0e7b5a0 None None] neutron.services.l3_router.l3_router_plugin.L3RouterPlugin method get_ha_sync_data_for_host called with arguments (, 'dv-neutron-837087-1-hyperv', Agent(admin_state_up=True,agent_type='L3 agent',availability_zone='nova',binary='neutron-l3-agent',configurations={"agent_mode": "legacy", "ex_gw_ports": 4, "extensions": [], "floating_ips": 0, "handle_internal_only_routers": true, "interface_driver": "openvswitch", "interfaces": 3, "log_agent_heartbeats": false, "routers": 4},created_at=2022-04-18T11:53:10Z,description=,heartbeat_timestamp=2022-04-18T12:01:40Z,host='dv-neutron-837087-1-hyperv',id=06f3446b-cbf7-4490-8362-a5a82728db18,load=0,resource_versions=,resources_synced=,started_at=2022-04-18T11:53:11Z,topic='l3_agent')) {'router_ids': ['b8fb0505-34f5-451e-9896-0f603422ccda'], 'active': True} {{(pid=103165) wrapper /usr/local/lib/python3.8/dist-packages/oslo_log/helpers.py:65}}
Apr 18 12:01:42.065903 dv-neutron-837087-1-hyperv neutron-server[103165]: DEBUG neutron_lib.callbacks.manager [None req-6f3d7a7d-d369-4ad2-b8b3-919149b42414 None None] Notify callbacks ['neutron.plugins.ml2.plugin.SecurityGroupDbMixin._ensure_default_security_group_handler-7875605'] for port, before_update {{(pid=103165) _notify_loop /usr/local/lib/python3.8/dist-packages/neutron_lib/callbacks/manager.py:192}}
Apr 18 12:01:42.096133 dv-neutron-837087-1-hyperv neutron-server[103163]: DEBUG neutron_lib.callbacks.manager [None req-bf7f99b0-f5d1-49af-9f5c-446d14af7a5d tempest-DHCPAgentSchedulersTestJSON-824009339 tempest-DHCPAgentSchedulersTestJSON-824009339-project] Subscribe: > subnet after_create 55550000 {{(pid=103163) subscribe /usr/local/lib/python3.8/dist-packages/neutron_lib/callbacks/manager.py:45}}
Apr 18 12:01:42.100352 dv-neutron-837087-1-hyperv neutron-server[103163]: DEBUG neutron_lib.callbacks.manager [None req-bf7f99b0-f5d1-49af-9f5c-446d14af7a5d tempest-DHCPAgentSchedulersTestJSON-824009339 tempest-DHCPAgentSchedulersTestJSON-824009339-project] Subscribe: > subnet after_delete 55550000 {{(pid=103163) subscribe /usr/local/lib/python3.8/dist-packages/neutron_lib/callbacks/manager.py:45}}
