Apr 07 01:47:28.600742 dv-neutron-836863-2-hyperv neutron-server[110985]: DEBUG neutron.plugins.ml2.drivers.mech_agent [None req-c9479bb0-2e63-43f0-9d0d-d039a0727151 None None] Checking agent: {'id': 'a20b7204-b4f3-4aed-a20b-cb905a46ca50', 'agent_type': 'Open vSwitch agent', 'binary': 'neutron-openvswitch-agent', 'topic': 'N/A', 'host': 'dv-neutron-836863-2-hyperv', 'admin_state_up': True, 'created_at': datetime.datetime(2022, 4, 7, 1, 38, 35), 'started_at': datetime.datetime(2022, 4, 7, 1, 39, 5), 'heartbeat_timestamp': datetime.datetime(2022, 4, 7, 1, 47, 5), 'description': None, 'resources_synced': None, 'availability_zone': None, 'alive': True, 'configurations': {'arp_responder_enabled': False, 'baremetal_smartnic': False, 'bridge_mappings': {'physnet1': 'br-data'}, 'datapath_type': 'system', 'devices': 0, 'enable_distributed_routing': False, 'extensions': [], 'in_distributed_mode': False, 'integration_bridge': 'br-int', 'l2_population': False, 'log_agent_heartbeats': False, 'ovs_capabilities': {'datapath_types': ['netdev', 'system'], 'iface_types': ['erspan', 'geneve', 'gre', 'internal', 'ip6erspan', 'ip6gre', 'lisp', 'patch', 'stt', 'system', 'tap', 'vxlan']}, 'ovs_hybrid_plug': False, 'resource_provider_bandwidths': {}, 'resource_provider_hypervisors': {'br-data': 'dv-neutron-836863-2-hyperv'}, 'resource_provider_inventory_defaults': {'allocation_ratio': 1.0, 'min_unit': 1, 'step_size': 1, 'reserved': 0}, 'resource_provider_packet_processing_inventory_defaults': {'allocation_ratio': 1.0, 'min_unit': 1, 'step_size': 1, 'reserved': 0}, 'resource_provider_packet_processing_with_direction': {}, 'resource_provider_packet_processing_without_direction': {}, 'tunnel_types': [], 'tunneling_ip': None, 'vhostuser_socket_dir': '/var/run/openvswitch'}, 'resource_versions': {'AddressGroup': '1.2', 'Agent': '1.1', 'ConntrackHelper': '1.0', 'LocalIPAssociation': '1.0', 'Log': '1.0', 'NDPProxy': '1.0', 'Network': '1.1', 'Port': '1.7', 'PortForwarding': '1.3', 'QosPolicy': '1.10', 'SecurityGroup': '1.5', 'SecurityGroupRule': '1.2', 'SubPort': '1.0', 'Subnet': '1.1', 'Trunk': '1.1'}} {{(pid=110985) bind_port /opt/stack/neutron/neutron/plugins/ml2/drivers/mech_agent.py:110}}
Apr 07 01:47:28.601139 dv-neutron-836863-2-hyperv neutron-server[110985]: DEBUG neutron.plugins.ml2.drivers.mech_agent [None req-c9479bb0-2e63-43f0-9d0d-d039a0727151 None None] Checking segment: {'id': '84a2f428-1cc5-4ea0-805c-14054dec4dfd', 'network_type': 'vlan', 'physical_network': 'physnet1', 'segmentation_id': 62, 'network_id': '99be3410-b1d5-4ffe-a5ed-5e884639249c'} for mappings: {'physnet1': 'br-data'} with network types: ['local', 'flat', 'vlan'] {{(pid=110985) check_segment_for_agent /opt/stack/neutron/neutron/plugins/ml2/drivers/mech_agent.py:373}}
Apr 07 01:47:28.601547 dv-neutron-836863-2-hyperv neutron-server[110985]: DEBUG neutron_lib.callbacks.manager [None req-c9479bb0-2e63-43f0-9d0d-d039a0727151 None None] Publish callbacks [] for ovs_bridge_name (None), before_read {{(pid=110985) _notify_loop /usr/local/lib/python3.8/dist-packages/neutron_lib/callbacks/manager.py:176}}
Apr 07 01:47:28.601942 dv-neutron-836863-2-hyperv neutron-server[110985]: DEBUG neutron.plugins.ml2.drivers.mech_agent [None req-c9479bb0-2e63-43f0-9d0d-d039a0727151 None None] Bound using segment: {'id': '84a2f428-1cc5-4ea0-805c-14054dec4dfd', 'network_type': 'vlan', 'physical_network': 'physnet1', 'segmentation_id': 62, 'network_id': '99be3410-b1d5-4ffe-a5ed-5e884639249c'} {{(pid=110985) bind_port /opt/stack/neutron/neutron/plugins/ml2/drivers/mech_agent.py:120}}
Apr 07 01:47:28.602424 dv-neutron-836863-2-hyperv neutron-server[110985]: DEBUG neutron.plugins.ml2.managers [None req-c9479bb0-2e63-43f0-9d0d-d039a0727151 None None] Bound port: 392f1273-65af-4be5-98e2-d69e0346fd89, host: dv-neutron-836863-2-hyperv, vif_type: ovs, vif_details: {"connectivity": "l2", "port_filter": true, "ovs_hybrid_plug": false, "datapath_type": "system", "bridge_name": "br-int"}, binding_levels: [{'bound_driver': 'openvswitch', 'bound_segment': {'id': '84a2f428-1cc5-4ea0-805c-14054dec4dfd', 'network_type': 'vlan', 'physical_network': 'physnet1', 'segmentation_id': 62, 'network_id': '99be3410-b1d5-4ffe-a5ed-5e884639249c'}}] {{(pid=110985) _bind_port_level /opt/stack/neutron/neutron/plugins/ml2/managers.py:932}}
Apr 07 01:47:28.603082 dv-neutron-836863-2-hyperv neutron-server[110985]: DEBUG neutron_lib.callbacks.manager [None req-c9479bb0-2e63-43f0-9d0d-d039a0727151 None None] Publish callbacks ['neutron.plugins.ml2.plugin.SecurityGroupDbMixin._ensure_default_security_group_handler-3897546'] for port (392f1273-65af-4be5-98e2-d69e0346fd89), before_update {{(pid=110985) _notify_loop /usr/local/lib/python3.8/dist-packages/neutron_lib/callbacks/manager.py:176}}
Apr 07 01:47:28.658992 dv-neutron-836863-2-hyperv neutron-server[110984]: DEBUG neutron.plugins.ml2.managers [None req-0ada0eb3-c59b-4bcc-8db2-dcc061702ebc tempest-PortsAdminExtendedAttrsTestJSON-1617677900 tempest-PortsAdminExtendedAttrsTestJSON-1617677900-project-admin] Attempting to bind port 6d96ff60-6376-4f02-80b2-1b7ddaf99942 on host hv-neutron-8368 for vnic_type normal with profile {{(pid=110984) bind_port /opt/stack/neutron/neutron/plugins/ml2/managers.py:795}}
Apr 07 01:47:28.659422 dv-neutron-836863-2-hyperv neutron-server[110984]: DEBUG neutron.plugins.ml2.managers [None req-0ada0eb3-c59b-4bcc-8db2-dcc061702ebc tempest-PortsAdminExtendedAttrsTestJSON-1617677900 tempest-PortsAdminExtendedAttrsTestJSON-1617677900-project-admin] Attempting to bind port 6d96ff60-6376-4f02-80b2-1b7ddaf99942 by drivers openvswitch,hyperv on host hv-neutron-8368 at level 0 using segments [{'id': '8c5c653f-9016-4045-81d7-03fc9990c675', 'network_type': 'vlan', 'physical_network': 'physnet1', 'segmentation_id': 97, 'network_id': '8ce0a2d0-bd92-44f5-9bc0-898d9d436698'}] {{(pid=110984) _bind_port_level /opt/stack/neutron/neutron/plugins/ml2/managers.py:820}}
Apr 07 01:47:28.662403 dv-neutron-836863-2-hyperv neutron-server[110984]: DEBUG neutron.plugins.ml2.drivers.mech_agent [None req-0ada0eb3-c59b-4bcc-8db2-dcc061702ebc tempest-PortsAdminExtendedAttrsTestJSON-1617677900 tempest-PortsAdminExtendedAttrsTestJSON-1617677900-project-admin] Attempting to bind port 6d96ff60-6376-4f02-80b2-1b7ddaf99942 on network 8ce0a2d0-bd92-44f5-9bc0-898d9d436698 {{(pid=110984) bind_port /opt/stack/neutron/neutron/plugins/ml2/drivers/mech_agent.py:91}}
Apr 07 01:47:28.708787 dv-neutron-836863-2-hyperv neutron-server[110983]: DEBUG neutron.pecan_wsgi.hooks.policy_enforcement [None req-6249acc4-0ecf-4c14-b19c-2ce38df90b21 tempest-NetworksTestDHCPv6-1631705601 tempest-NetworksTestDHCPv6-1631705601-project] Attributes excluded by policy engine: ['standard_attr_id', 'shared', 'segment_id'] {{(pid=110983) _exclude_attributes_by_policy /opt/stack/neutron/neutron/pecan_wsgi/hooks/policy_enforcement.py:255}}
Apr 07 01:47:28.708787 dv-neutron-836863-2-hyperv neutron-server[110983]: DEBUG neutron.pecan_wsgi.hooks.policy_enforcement [None req-6249acc4-0ecf-4c14-b19c-2ce38df90b21 tempest-NetworksTestDHCPv6-1631705601 tempest-NetworksTestDHCPv6-1631705601-project] Attributes excluded by policy engine: ['standard_attr_id', 'shared', 'segment_id'] {{(pid=110983) _exclude_attributes_by_policy /opt/stack/neutron/neutron/pecan_wsgi/hooks/policy_enforcement.py:255}}
Apr 07 01:47:28.708787 dv-neutron-836863-2-hyperv neutron-server[110983]: INFO neutron.wsgi [None req-6249acc4-0ecf-4c14-b19c-2ce38df90b21 tempest-NetworksTestDHCPv6-1631705601 tempest-NetworksTestDHCPv6-1631705601-project] 10.222.0.25 "GET /v2.0/subnets HTTP/1.1" status: 200 len: 1477 time: 0.2250137
Apr 07 01:47:28.716732 dv-neutron-836863-2-hyperv neutron-server[110983]: DEBUG neutron.wsgi [-] (110983) accepted ('10.222.0.25', 47396) {{(pid=110983) server /usr/local/lib/python3.8/dist-packages/eventlet/wsgi.py:1004}}
Apr 07 01:47:28.749103 dv-neutron-836863-2-hyperv neutron-server[110984]: DEBUG neutron.pecan_wsgi.hooks.policy_enforcement [req-bc4dbc10-918e-46a0-b937-bb92ebdf227a req-1c72994a-f078-4cbe-9677-46849d5196d2 tempest-ServersTestJSON-1343101700 tempest-ServersTestJSON-1343101700-project] Attributes excluded by policy engine: ['standard_attr_id', 'vlan_transparent', 'provider:network_type', 'provider:physical_network', 'provider:segmentation_id'] {{(pid=110984) _exclude_attributes_by_policy /opt/stack/neutron/neutron/pecan_wsgi/hooks/policy_enforcement.py:255}}
Apr 07 01:47:28.751011 dv-neutron-836863-2-hyperv neutron-server[110984]: INFO neutron.wsgi [req-bc4dbc10-918e-46a0-b937-bb92ebdf227a req-1c72994a-f078-4cbe-9677-46849d5196d2 tempest-ServersTestJSON-1343101700 tempest-ServersTestJSON-1343101700-project] 10.222.0.25 "GET /v2.0/networks?id=35b7a864-29c8-4773-84ad-08804773fdae HTTP/1.1" status: 200 len: 805 time: 0.3803892
Apr 07 01:47:28.758206 dv-neutron-836863-2-hyperv neutron-server[110984]: DEBUG neutron.plugins.ml2.drivers.mech_agent [None req-0ada0eb3-c59b-4bcc-8db2-dcc061702ebc tempest-PortsAdminExtendedAttrsTestJSON-1617677900 tempest-PortsAdminExtendedAttrsTestJSON-1617677900-project-admin] Port 6d96ff60-6376-4f02-80b2-1b7ddaf99942 on network 8ce0a2d0-bd92-44f5-9bc0-898d9d436698 not bound, no agent of type Open vSwitch agent registered on host hv-neutron-8368 {{(pid=110984) bind_port /opt/stack/neutron/neutron/plugins/ml2/drivers/mech_agent.py:103}}
Apr 07 01:47:28.758572 dv-neutron-836863-2-hyperv neutron-server[110984]: ERROR neutron.plugins.ml2.managers [None req-0ada0eb3-c59b-4bcc-8db2-dcc061702ebc tempest-PortsAdminExtendedAttrsTestJSON-1617677900 tempest-PortsAdminExtendedAttrsTestJSON-1617677900-project-admin] Failed to bind port 6d96ff60-6376-4f02-80b2-1b7ddaf99942 on host hv-neutron-8368 for vnic_type normal using segments [{'id': '8c5c653f-9016-4045-81d7-03fc9990c675', 'network_type': 'vlan', 'physical_network': 'physnet1', 'segmentation_id': 97, 'network_id': '8ce0a2d0-bd92-44f5-9bc0-898d9d436698'}]
Apr 07 01:47:28.764226 dv-neutron-836863-2-hyperv neutron-server[110984]: INFO neutron.plugins.ml2.plugin [None req-0ada0eb3-c59b-4bcc-8db2-dcc061702ebc tempest-PortsAdminExtendedAttrsTestJSON-1617677900 tempest-PortsAdminExtendedAttrsTestJSON-1617677900-project-admin] Attempt 2 to bind port 6d96ff60-6376-4f02-80b2-1b7ddaf99942
Apr 07 01:47:28.771381 dv-neutron-836863-2-hyperv neutron-server[110985]: DEBUG neutron.plugins.ml2.db [None req-c9479bb0-2e63-43f0-9d0d-d039a0727151 None None] For port 392f1273-65af-4be5-98e2-d69e0346fd89, host dv-neutron-836863-2-hyperv, cleared binding levels {{(pid=110985) clear_binding_levels /opt/stack/neutron/neutron/plugins/ml2/db.py:87}}
Apr 07 01:47:28.772485 dv-neutron-836863-2-hyperv neutron-server[110985]: DEBUG neutron.plugins.ml2.db [None req-c9479bb0-2e63-43f0-9d0d-d039a0727151 None None] For port 392f1273-65af-4be5-98e2-d69e0346fd89, host dv-neutron-836863-2-hyperv, set binding levels [PortBindingLevel(driver='openvswitch',host='dv-neutron-836863-2-hyperv',level=0,port_id=392f1273-65af-4be5-98e2-d69e0346fd89,segment=NetworkSegment(84a2f428-1cc5-4ea0-805c-14054dec4dfd),segment_id=84a2f428-1cc5-4ea0-805c-14054dec4dfd)] {{(pid=110985) set_binding_levels /opt/stack/neutron/neutron/plugins/ml2/db.py:59}}
Apr 07 01:47:28.793802 dv-neutron-836863-2-hyperv neutron-server[110983]: INFO neutron.pecan_wsgi.hooks.translation [None req-44a2e7bf-6ee0-467a-af80-f660f9eef5b5 tempest-ExternalNetworksTestJSON-967143477 tempest-ExternalNetworksTestJSON-967143477-project] DELETE failed (client error): The resource could not be found.
Apr 07 01:47:28.794605 dv-neutron-836863-2-hyperv neutron-server[110983]: DEBUG neutron.pecan_wsgi.hooks.notifier [None req-44a2e7bf-6ee0-467a-af80-f660f9eef5b5 tempest-ExternalNetworksTestJSON-967143477 tempest-ExternalNetworksTestJSON-967143477-project] No notification will be sent due to unsuccessful status code: 404 {{(pid=110983) after /opt/stack/neutron/neutron/pecan_wsgi/hooks/notifier.py:78}}
Apr 07 01:47:28.798527 dv-neutron-836863-2-hyperv neutron-server[110983]: INFO neutron.wsgi [None req-44a2e7bf-6ee0-467a-af80-f660f9eef5b5 tempest-ExternalNetworksTestJSON-967143477 tempest-ExternalNetworksTestJSON-967143477-project] 10.222.0.25 "DELETE /v2.0/subnets/c290a7b7-f39d-4ec9-ae7a-aa05e174237c HTTP/1.1" status: 404 len: 337 time: 0.3145142
Apr 07 01:47:28.809835 dv-neutron-836863-2-hyperv neutron-server[110984]: DEBUG neutron.wsgi [-] (110984) accepted ('10.222.0.25', 47400) {{(pid=110984) server /usr/local/lib/python3.8/dist-packages/eventlet/wsgi.py:1004}}
Apr 07 01:47:28.816311 dv-neutron-836863-2-hyperv neutron-server[110984]: INFO neutron.wsgi [req-3914f4d7-d593-4915-bcf8-99cbbaa10b89 req-fb5f7b2e-baae-4518-a9bf-b840d969e802 tempest-ServersTestManualDisk-734233679 tempest-ServersTestManualDisk-734233679-project] 10.222.0.25 "GET /v2.0/security-groups?name=tempest-securitygroup--924220283&fields=id&tenant_id=d061ef913c014b11ae2a7b2c9d2c33bd HTTP/1.1" status: 200 len: 267 time: 0.2263277
Apr 07 01:47:28.836871 dv-neutron-836863-2-hyperv neutron-server[110984]: DEBUG neutron.plugins.ml2.managers [None req-0ada0eb3-c59b-4bcc-8db2-dcc061702ebc tempest-PortsAdminExtendedAttrsTestJSON-1617677900 tempest-PortsAdminExtendedAttrsTestJSON-1617677900-project-admin] Attempting to bind port 6d96ff60-6376-4f02-80b2-1b7ddaf99942 on host hv-neutron-8368 for vnic_type normal with profile {{(pid=110984) bind_port /opt/stack/neutron/neutron/plugins/ml2/managers.py:795}}
Apr 07 01:47:28.837219 dv-neutron-836863-2-hyperv neutron-server[110984]: DEBUG neutron.plugins.ml2.managers [None req-0ada0eb3-c59b-4bcc-8db2-dcc061702ebc tempest-PortsAdminExtendedAttrsTestJSON-1617677900 tempest-PortsAdminExtendedAttrsTestJSON-1617677900-project-admin] Attempting to bind port 6d96ff60-6376-4f02-80b2-1b7ddaf99942 by drivers openvswitch,hyperv on host hv-neutron-8368 at level 0 using segments [{'id': '8c5c653f-9016-4045-81d7-03fc9990c675', 'network_type': 'vlan', 'physical_network': 'physnet1', 'segmentation_id': 97, 'network_id': '8ce0a2d0-bd92-44f5-9bc0-898d9d436698'}] {{(pid=110984) _bind_port_level /opt/stack/neutron/neutron/plugins/ml2/managers.py:820}}
Apr 07 01:47:28.837563 dv-neutron-836863-2-hyperv neutron-server[110984]: DEBUG neutron.plugins.ml2.drivers.mech_agent [None req-0ada0eb3-c59b-4bcc-8db2-dcc061702ebc tempest-PortsAdminExtendedAttrsTestJSON-1617677900 tempest-PortsAdminExtendedAttrsTestJSON-1617677900-project-admin] Attempting to bind port 6d96ff60-6376-4f02-80b2-1b7ddaf99942 on network 8ce0a2d0-bd92-44f5-9bc0-898d9d436698 {{(pid=110984) bind_port /opt/stack/neutron/neutron/plugins/ml2/drivers/mech_agent.py:91}}
Apr 07 01:47:28.842346 dv-neutron-836863-2-hyperv neutron-server[110985]: DEBUG neutron_lib.callbacks.manager [None req-c9479bb0-2e63-43f0-9d0d-d039a0727151 None None] Publish callbacks ['neutron.plugins.ml2.plugin.SecurityGroupServerNotifierRpcMixin._notify_sg_on_port_change-3897353', 'neutron.plugins.ml2.ovo_rpc._ObjectChangeHandler.handle_event-159764', 'neutron.api.rpc.agentnotifiers.dhcp_rpc_agent_api.DhcpAgentNotifyAPI._native_event_send_dhcp_notification-632843', 'neutron.db.l3_db.L3RpcNotifierMixin._notify_gateway_port_ip_changed-8794723352598', 'neutron.db.l3_dvrscheduler_db._notify_l3_agent_port_update-8794722969110', 'neutron.db.l3_hascheduler_db._notify_l3_agent_ha_port_update-8794722969128'] for port (392f1273-65af-4be5-98e2-d69e0346fd89), after_update {{(pid=110985) _notify_loop /usr/local/lib/python3.8/dist-packages/neutron_lib/callbacks/manager.py:176}}
Apr 07 01:47:28.858906 dv-neutron-836863-2-hyperv neutron-server[110984]: DEBUG neutron.plugins.ml2.drivers.mech_agent [None req-0ada0eb3-c59b-4bcc-8db2-dcc061702ebc tempest-PortsAdminExtendedAttrsTestJSON-1617677900 tempest-PortsAdminExtendedAttrsTestJSON-1617677900-project-admin] Port 6d96ff60-6376-4f02-80b2-1b7ddaf99942 on network 8ce0a2d0-bd92-44f5-9bc0-898d9d436698 not bound, no agent of type Open vSwitch agent registered on host hv-neutron-8368 {{(pid=110984) bind_port /opt/stack/neutron/neutron/plugins/ml2/drivers/mech_agent.py:103}}
Apr 07 01:47:28.859220 dv-neutron-836863-2-hyperv neutron-server[110984]: ERROR neutron.plugins.ml2.managers [None req-0ada0eb3-c59b-4bcc-8db2-dcc061702ebc tempest-PortsAdminExtendedAttrsTestJSON-1617677900 tempest-PortsAdminExtendedAttrsTestJSON-1617677900-project-admin] Failed to bind port 6d96ff60-6376-4f02-80b2-1b7ddaf99942 on host hv-neutron-8368 for vnic_type normal using segments [{'id': '8c5c653f-9016-4045-81d7-03fc9990c675', 'network_type': 'vlan', 'physical_network': 'physnet1', 'segmentation_id': 97, 'network_id': '8ce0a2d0-bd92-44f5-9bc0-898d9d436698'}]
Apr 07 01:47:28.860543 dv-neutron-836863-2-hyperv neutron-server[110984]: INFO neutron.wsgi [req-bc4dbc10-918e-46a0-b937-bb92ebdf227a req-988bafd2-dbd2-4630-ac79-266a803b61fc tempest-ServersTestJSON-1343101700 tempest-ServersTestJSON-1343101700-project] 10.222.0.25 "GET /v2.0/quotas/dc54b863393740859b1a7a06cc8f3b60 HTTP/1.1" status: 200 len: 375 time: 0.0757921
Apr 07 01:47:28.880446 dv-neutron-836863-2-hyperv neutron-server[110983]: DEBUG neutron.db.db_base_plugin_v2 [None req-9533b4dd-06b9-4d16-93fa-bd4f184a5c3f tempest-NetworksTestDHCPv6-1631705601 tempest-NetworksTestDHCPv6-1631705601-project] Deleting subnet 0e1362d7-70b6-4724-81be-6f69af012b14 {{(pid=110983) delete_subnet /opt/stack/neutron/neutron/db/db_base_plugin_v2.py:1066}}
Apr 07 01:47:28.891658 dv-neutron-836863-2-hyperv neutron-server[110983]: DEBUG neutron_lib.callbacks.manager [None req-9533b4dd-06b9-4d16-93fa-bd4f184a5c3f tempest-NetworksTestDHCPv6-1631705601 tempest-NetworksTestDHCPv6-1631705601-project] Publish callbacks [] for subnet (0e1362d7-70b6-4724-81be-6f69af012b14), before_delete {{(pid=110983) _notify_loop /usr/local/lib/python3.8/dist-packages/neutron_lib/callbacks/manager.py:176}}
Apr 07 01:47:28.901371 dv-neutron-836863-2-hyperv neutron-server[110985]: DEBUG neutron.api.rpc.handlers.resources_rpc [None req-c9479bb0-2e63-43f0-9d0d-d039a0727151 None None] Pushing event updated for resources: {'Port': ['ID=392f1273-65af-4be5-98e2-d69e0346fd89,revision_number=2']} {{(pid=110985) push /opt/stack/neutron/neutron/api/rpc/handlers/resources_rpc.py:237}}
Apr 07 01:47:28.922500 dv-neutron-836863-2-hyperv neutron-server[110984]: INFO neutron.plugins.ml2.plugin [None req-0ada0eb3-c59b-4bcc-8db2-dcc061702ebc tempest-PortsAdminExtendedAttrsTestJSON-1617677900 tempest-PortsAdminExtendedAttrsTestJSON-1617677900-project-admin] Attempt 3 to bind port 6d96ff60-6376-4f02-80b2-1b7ddaf99942
Apr 07 01:47:29.021475 dv-neutron-836863-2-hyperv neutron-server[110983]: DEBUG neutron_lib.callbacks.manager [None req-9533b4dd-06b9-4d16-93fa-bd4f184a5c3f tempest-NetworksTestDHCPv6-1631705601 tempest-NetworksTestDHCPv6-1631705601-project] Publish callbacks ['neutron.services.segments.plugin.Plugin._validate_auto_address_subnet_delete-62540331'] for subnet (0e1362d7-70b6-4724-81be-6f69af012b14), precommit_delete_associations {{(pid=110983) _notify_loop /usr/local/lib/python3.8/dist-packages/neutron_lib/callbacks/manager.py:176}}
Apr 07 01:47:29.024030 dv-neutron-836863-2-hyperv neutron-server[110985]: DEBUG neutron_lib.callbacks.manager [None req-9581d22e-1c71-41d7-8487-5cca87b8a259 None None] Publish callbacks ['neutron.services.segments.db._update_segment_host_mapping_for_agent-8794723423335', 'neutron.plugins.ml2.plugin.Ml2Plugin._retry_binding_revived_agents-3903725'] for agent (97b3ec24-35bc-453d-b069-18adc7ebaed0), after_update {{(pid=110985) _notify_loop /usr/local/lib/python3.8/dist-packages/neutron_lib/callbacks/manager.py:176}}
Apr 07 01:47:29.207067 dv-neutron-836863-2-hyperv neutron-server[110983]: DEBUG neutron_lib.callbacks.manager [None req-9533b4dd-06b9-4d16-93fa-bd4f184a5c3f tempest-NetworksTestDHCPv6-1631705601 tempest-NetworksTestDHCPv6-1631705601-project] Publish callbacks ['neutron.plugins.ml2.plugin.Ml2Plugin._subnet_delete_precommit_handler-3906775'] for subnet (0e1362d7-70b6-4724-81be-6f69af012b14), precommit_delete {{(pid=110983) _notify_loop /usr/local/lib/python3.8/dist-packages/neutron_lib/callbacks/manager.py:176}}
Apr 07 01:47:29.407086 dv-neutron-836863-2-hyperv neutron-server[110983]: DEBUG neutron_lib.callbacks.manager [None req-9533b4dd-06b9-4d16-93fa-bd4f184a5c3f tempest-NetworksTestDHCPv6-1631705601 tempest-NetworksTestDHCPv6-1631705601-project] Publish callbacks ['neutron.plugins.ml2.plugin.Ml2Plugin._subnet_delete_after_delete_handler-3906776', 'neutron.plugins.ml2.ovo_rpc._ObjectChangeHandler.handle_event-648216', 'neutron.api.rpc.agentnotifiers.dhcp_rpc_agent_api.DhcpAgentNotifyAPI._native_event_send_dhcp_notification-632843', 'neutron.services.segments.plugin.NovaSegmentNotifier._notify_subnet_deleted-1665365', 'neutron.services.segments.plugin.SegmentHostRoutes.host_routes_after_delete-58808242'] for subnet (0e1362d7-70b6-4724-81be-6f69af012b14), after_delete {{(pid=110983) _notify_loop /usr/local/lib/python3.8/dist-packages/neutron_lib/callbacks/manager.py:176}}
Apr 07 01:47:29.441416 dv-neutron-836863-2-hyperv neutron-server[110983]: DEBUG neutron.api.rpc.handlers.resources_rpc [None req-9533b4dd-06b9-4d16-93fa-bd4f184a5c3f tempest-NetworksTestDHCPv6-1631705601 tempest-NetworksTestDHCPv6-1631705601-project] Pushing event deleted for resources: {'Subnet': ['ID=0e1362d7-70b6-4724-81be-6f69af012b14,revision_number=None']} {{(pid=110983) push /opt/stack/neutron/neutron/api/rpc/handlers/resources_rpc.py:237}}
Apr 07 01:47:29.444037 dv-neutron-836863-2-hyperv neutron-server[110983]: DEBUG neutron_lib.callbacks.manager [None req-9533b4dd-06b9-4d16-93fa-bd4f184a5c3f tempest-NetworksTestDHCPv6-1631705601 tempest-NetworksTestDHCPv6-1631705601-project] Publish callbacks [] for subnet (None), before_response {{(pid=110983) _notify_loop /usr/local/lib/python3.8/dist-packages/neutron_lib/callbacks/manager.py:176}}
Apr 07 01:47:29.447426 dv-neutron-836863-2-hyperv neutron-server[110983]: INFO neutron.wsgi [None req-9533b4dd-06b9-4d16-93fa-bd4f184a5c3f tempest-NetworksTestDHCPv6-1631705601 tempest-NetworksTestDHCPv6-1631705601-project] 10.222.0.25 "DELETE /v2.0/subnets/0e1362d7-70b6-4724-81be-6f69af012b14 HTTP/1.1" status: 204 len: 168 time: 0.7195218
Apr 07 01:47:29.450052 dv-neutron-836863-2-hyperv neutron-server[110983]: DEBUG neutron.wsgi [-] (110983) accepted ('10.222.0.25', 47422) {{(pid=110983) server /usr/local/lib/python3.8/dist-packages/eventlet/wsgi.py:1004}}
Apr 07 01:47:29.454074 dv-neutron-836863-2-hyperv neutron-server[110985]: DEBUG neutron.api.rpc.handlers.dhcp_rpc [None req-d3341a37-012f-4112-9bc2-e39c23b2a39d None None] Network 90b9273a-c012-429c-a675-14d31428d1d8 requested from dv-neutron-836863-2-hyperv {{(pid=110985) get_network_info /opt/stack/neutron/neutron/api/rpc/handlers/dhcp_rpc.py:191}}
Apr 07 01:47:29.473233 dv-neutron-836863-2-hyperv neutron-server[110984]: DEBUG neutron.plugins.ml2.managers [None req-0ada0eb3-c59b-4bcc-8db2-dcc061702ebc tempest-PortsAdminExtendedAttrsTestJSON-1617677900 tempest-PortsAdminExtendedAttrsTestJSON-1617677900-project-admin] Attempting to bind port 6d96ff60-6376-4f02-80b2-1b7ddaf99942 on host hv-neutron-8368 for vnic_type normal with profile {{(pid=110984) bind_port /opt/stack/neutron/neutron/plugins/ml2/managers.py:795}}
Apr 07 01:47:29.473823 dv-neutron-836863-2-hyperv neutron-server[110984]: DEBUG neutron.plugins.ml2.managers [None req-0ada0eb3-c59b-4bcc-8db2-dcc061702ebc tempest-PortsAdminExtendedAttrsTestJSON-1617677900 tempest-PortsAdminExtendedAttrsTestJSON-1617677900-project-admin] Attempting to bind port 6d96ff60-6376-4f02-80b2-1b7ddaf99942 by drivers openvswitch,hyperv on host hv-neutron-8368 at level 0 using segments [{'id': '8c5c653f-9016-4045-81d7-03fc9990c675', 'network_type': 'vlan', 'physical_network': 'physnet1', 'segmentation_id': 97, 'network_id': '8ce0a2d0-bd92-44f5-9bc0-898d9d436698'}] {{(pid=110984) _bind_port_level /opt/stack/neutron/neutron/plugins/ml2/managers.py:820}}
Apr 07 01:47:29.474291 dv-neutron-836863-2-hyperv neutron-server[110984]: DEBUG neutron.plugins.ml2.drivers.mech_agent [None req-0ada0eb3-c59b-4bcc-8db2-dcc061702ebc tempest-PortsAdminExtendedAttrsTestJSON-1617677900 tempest-PortsAdminExtendedAttrsTestJSON-1617677900-project-admin] Attempting to bind port 6d96ff60-6376-4f02-80b2-1b7ddaf99942 on network 8ce0a2d0-bd92-44f5-9bc0-898d9d436698 {{(pid=110984) bind_port /opt/stack/neutron/neutron/plugins/ml2/drivers/mech_agent.py:91}}
Apr 07 01:47:29.511438 dv-neutron-836863-2-hyperv neutron-server[110984]: DEBUG neutron.plugins.ml2.drivers.mech_agent [None req-0ada0eb3-c59b-4bcc-8db2-dcc061702ebc tempest-PortsAdminExtendedAttrsTestJSON-1617677900 tempest-PortsAdminExtendedAttrsTestJSON-1617677900-project-admin] Port 6d96ff60-6376-4f02-80b2-1b7ddaf99942 on network 8ce0a2d0-bd92-44f5-9bc0-898d9d436698 not bound, no agent of type Open vSwitch agent registered on host hv-neutron-8368 {{(pid=110984) bind_port /opt/stack/neutron/neutron/plugins/ml2/drivers/mech_agent.py:103}}
Apr 07 01:47:29.511837 dv-neutron-836863-2-hyperv neutron-server[110984]: ERROR neutron.plugins.ml2.managers [None req-0ada0eb3-c59b-4bcc-8db2-dcc061702ebc tempest-PortsAdminExtendedAttrsTestJSON-1617677900 tempest-PortsAdminExtendedAttrsTestJSON-1617677900-project-admin] Failed to bind port 6d96ff60-6376-4f02-80b2-1b7ddaf99942 on host hv-neutron-8368 for vnic_type normal using segments [{'id': '8c5c653f-9016-4045-81d7-03fc9990c675', 'network_type': 'vlan', 'physical_network': 'physnet1', 'segmentation_id': 97, 'network_id': '8ce0a2d0-bd92-44f5-9bc0-898d9d436698'}]
Apr 07 01:47:29.515716 dv-neutron-836863-2-hyperv neutron-server[110984]: DEBUG neutron_lib.callbacks.manager [None req-a3023134-be68-4608-aa8d-e3fe7c173cec tempest-ExternalNetworksTestJSON-967143477 tempest-ExternalNetworksTestJSON-967143477-project] Publish callbacks ['neutron.plugins.ml2.plugin.External_net_db_mixin._before_network_delete_handler-3866512'] for network (9666d72a-5ea4-4694-b358-01661f152bd4), before_delete {{(pid=110984) _notify_loop /usr/local/lib/python3.8/dist-packages/neutron_lib/callbacks/manager.py:176}}
Apr 07 01:47:29.539979 dv-neutron-836863-2-hyperv neutron-server[110984]: INFO neutron.plugins.ml2.plugin [None req-0ada0eb3-c59b-4bcc-8db2-dcc061702ebc tempest-PortsAdminExtendedAttrsTestJSON-1617677900 tempest-PortsAdminExtendedAttrsTestJSON-1617677900-project-admin] Attempt 4 to bind port 6d96ff60-6376-4f02-80b2-1b7ddaf99942
Apr 07 01:47:29.541049 dv-neutron-836863-2-hyperv neutron-server[110983]: INFO neutron.wsgi [None req-7695b58b-7650-4f32-8230-d5ce75ad9d67 tempest-NetworksTestDHCPv6-1631705601 tempest-NetworksTestDHCPv6-1631705601-project] 10.222.0.25 "GET /v2.0/routers HTTP/1.1" status: 200 len: 208 time: 0.0898974
Apr 07 01:47:29.544351 dv-neutron-836863-2-hyperv neutron-server[110984]: DEBUG neutron.wsgi [-] (110984) accepted ('10.222.0.25', 47426) {{(pid=110984) server /usr/local/lib/python3.8/dist-packages/eventlet/wsgi.py:1004}}
Apr 07 01:47:29.562312 dv-neutron-836863-2-hyperv neutron-server[110984]: DEBUG neutron.api.v2.base [None req-28af3dba-d90e-4783-8de0-8199e12eeae8 tempest-NetworksTestDHCPv6-1631705601 tempest-NetworksTestDHCPv6-1631705601-project] Request body: {'subnet': {'network_id': '90b9273a-c012-429c-a675-14d31428d1d8', 'cidr': '2001:db8::/64', 'ip_version': 6, 'gateway_ip': '2001:db8::1', 'ipv6_ra_mode': 'dhcpv6-stateful'}} {{(pid=110984) prepare_request_body /opt/stack/neutron/neutron/api/v2/base.py:729}}
Apr 07 01:47:29.676078 dv-neutron-836863-2-hyperv neutron-server[110984]: INFO neutron.wsgi [req-bc4dbc10-918e-46a0-b937-bb92ebdf227a req-b18af974-59a3-422f-b2f7-98e52daeda4b tempest-ServersTestJSON-1343101700 tempest-ServersTestJSON-1343101700-project] 10.222.0.25 "GET /v2.0/ports?tenant_id=dc54b863393740859b1a7a06cc8f3b60&fields=id HTTP/1.1" status: 200 len: 302 time: 0.7496350
Apr 07 01:47:29.682881 dv-neutron-836863-2-hyperv neutron-server[110985]: DEBUG neutron.api.rpc.handlers.dhcp_rpc [None req-606aaaa2-8758-46f2-b267-0d13447175e3 None None] DHCP port deletion for 90b9273a-c012-429c-a675-14d31428d1d8 request from dv-neutron-836863-2-hyperv {{(pid=110985) release_dhcp_port /opt/stack/neutron/neutron/api/rpc/handlers/dhcp_rpc.py:249}}
Apr 07 01:47:29.684552 dv-neutron-836863-2-hyperv neutron-server[110984]: DEBUG neutron.plugins.ml2.managers [None req-0ada0eb3-c59b-4bcc-8db2-dcc061702ebc tempest-PortsAdminExtendedAttrsTestJSON-1617677900 tempest-PortsAdminExtendedAttrsTestJSON-1617677900-project-admin] Attempting to bind port 6d96ff60-6376-4f02-80b2-1b7ddaf99942 on host hv-neutron-8368 for vnic_type normal with profile {{(pid=110984) bind_port /opt/stack/neutron/neutron/plugins/ml2/managers.py:795}}
Apr 07 01:47:29.684950 dv-neutron-836863-2-hyperv neutron-server[110984]: DEBUG neutron.plugins.ml2.managers [None req-0ada0eb3-c59b-4bcc-8db2-dcc061702ebc tempest-PortsAdminExtendedAttrsTestJSON-1617677900 tempest-PortsAdminExtendedAttrsTestJSON-1617677900-project-admin] Attempting to bind port 6d96ff60-6376-4f02-80b2-1b7ddaf99942 by drivers openvswitch,hyperv on host hv-neutron-8368 at level 0 using segments [{'id': '8c5c653f-9016-4045-81d7-03fc9990c675', 'network_type': 'vlan', 'physical_network': 'physnet1', 'segmentation_id': 97, 'network_id': '8ce0a2d0-bd92-44f5-9bc0-898d9d436698'}] {{(pid=110984) _bind_port_level /opt/stack/neutron/neutron/plugins/ml2/managers.py:820}}
Apr 07 01:47:29.685290 dv-neutron-836863-2-hyperv neutron-server[110984]: DEBUG neutron.plugins.ml2.drivers.mech_agent [None req-0ada0eb3-c59b-4bcc-8db2-dcc061702ebc tempest-PortsAdminExtendedAttrsTestJSON-1617677900 tempest-PortsAdminExtendedAttrsTestJSON-1617677900-project-admin] Attempting to bind port 6d96ff60-6376-4f02-80b2-1b7ddaf99942 on network 8ce0a2d0-bd92-44f5-9bc0-898d9d436698 {{(pid=110984) bind_port /opt/stack/neutron/neutron/plugins/ml2/drivers/mech_agent.py:91}}
Apr 07 01:47:29.712824 dv-neutron-836863-2-hyperv neutron-server[110984]: DEBUG neutron.pecan_wsgi.hooks.policy_enforcement [req-3914f4d7-d593-4915-bcf8-99cbbaa10b89 req-47c38d8e-6acf-433c-8584-f556338a7593 tempest-ServersTestManualDisk-734233679 tempest-ServersTestManualDisk-734233679-project] Attributes excluded by policy engine: ['standard_attr_id', 'vlan_transparent', 'provider:network_type', 'provider:physical_network', 'provider:segmentation_id'] {{(pid=110984) _exclude_attributes_by_policy /opt/stack/neutron/neutron/pecan_wsgi/hooks/policy_enforcement.py:255}}
Apr 07 01:47:29.719634 dv-neutron-836863-2-hyperv neutron-server[110984]: INFO neutron.wsgi [req-3914f4d7-d593-4915-bcf8-99cbbaa10b89 req-47c38d8e-6acf-433c-8584-f556338a7593 tempest-ServersTestManualDisk-734233679 tempest-ServersTestManualDisk-734233679-project] 10.222.0.25 "GET /v2.0/networks?id=56670783-ae18-446d-be98-28b9cfdf36b5 HTTP/1.1" status: 200 len: 811 time: 0.8870289
Apr 07 01:47:29.753235 dv-neutron-836863-2-hyperv neutron-server[110985]: DEBUG neutron.plugins.ml2.plugin [None req-606aaaa2-8758-46f2-b267-0d13447175e3 None None] Deleting port 7664061f-10fd-48a0-8876-9e87f355e18b {{(pid=110985) _pre_delete_port /opt/stack/neutron/neutron/plugins/ml2/plugin.py:2002}}
Apr 07 01:47:29.754316 dv-neutron-836863-2-hyperv neutron-server[110985]: DEBUG neutron_lib.callbacks.manager [None req-606aaaa2-8758-46f2-b267-0d13447175e3 None None] Publish callbacks ['neutron.db.l3_db.L3_NAT_dbonly_mixin._prevent_l3_port_delete_callback-8794723346993'] for port (7664061f-10fd-48a0-8876-9e87f355e18b), before_delete {{(pid=110985) _notify_loop /usr/local/lib/python3.8/dist-packages/neutron_lib/callbacks/manager.py:176}}
Apr 07 01:47:29.759455 dv-neutron-836863-2-hyperv neutron-server[110984]: DEBUG neutron.plugins.ml2.drivers.mech_agent [None req-0ada0eb3-c59b-4bcc-8db2-dcc061702ebc tempest-PortsAdminExtendedAttrsTestJSON-1617677900 tempest-PortsAdminExtendedAttrsTestJSON-1617677900-project-admin] Port 6d96ff60-6376-4f02-80b2-1b7ddaf99942 on network 8ce0a2d0-bd92-44f5-9bc0-898d9d436698 not bound, no agent of type Open vSwitch agent registered on host hv-neutron-8368 {{(pid=110984) bind_port /opt/stack/neutron/neutron/plugins/ml2/drivers/mech_agent.py:103}}
Apr 07 01:47:29.759785 dv-neutron-836863-2-hyperv neutron-server[110984]: ERROR neutron.plugins.ml2.managers [None req-0ada0eb3-c59b-4bcc-8db2-dcc061702ebc tempest-PortsAdminExtendedAttrsTestJSON-1617677900 tempest-PortsAdminExtendedAttrsTestJSON-1617677900-project-admin] Failed to bind port 6d96ff60-6376-4f02-80b2-1b7ddaf99942 on host hv-neutron-8368 for vnic_type normal using segments [{'id': '8c5c653f-9016-4045-81d7-03fc9990c675', 'network_type': 'vlan', 'physical_network': 'physnet1', 'segmentation_id': 97, 'network_id': '8ce0a2d0-bd92-44f5-9bc0-898d9d436698'}]
Apr 07 01:47:29.781722 dv-neutron-836863-2-hyperv neutron-server[110984]: INFO neutron.plugins.ml2.plugin [None req-0ada0eb3-c59b-4bcc-8db2-dcc061702ebc tempest-PortsAdminExtendedAttrsTestJSON-1617677900 tempest-PortsAdminExtendedAttrsTestJSON-1617677900-project-admin] Attempt 5 to bind port 6d96ff60-6376-4f02-80b2-1b7ddaf99942
Apr 07 01:47:29.810494 dv-neutron-836863-2-hyperv neutron-server[110984]: INFO neutron.wsgi [req-3914f4d7-d593-4915-bcf8-99cbbaa10b89 req-608b7b34-0005-4c92-a2aa-a67b61189065 tempest-ServersTestManualDisk-734233679 tempest-ServersTestManualDisk-734233679-project] 10.222.0.25 "GET /v2.0/quotas/d061ef913c014b11ae2a7b2c9d2c33bd HTTP/1.1" status: 200 len: 375 time: 0.0891178
Apr 07 01:47:29.816275 dv-neutron-836863-2-hyperv neutron-server[110984]: DEBUG neutron_lib.callbacks.manager [None req-3d46323a-6de5-40a2-a2c2-4cd1bc9457ab tempest-AllowedAddressPairTestJSON-1270602615 tempest-AllowedAddressPairTestJSON-1270602615-project] Publish callbacks [] for port (2c3211be-dc67-458a-b2f0-03340dd840cd), precommit_create {{(pid=110984) _notify_loop /usr/local/lib/python3.8/dist-packages/neutron_lib/callbacks/manager.py:176}}
Apr 07 01:47:29.851758 dv-neutron-836863-2-hyperv neutron-server[110985]: DEBUG neutron.plugins.ml2.db [None req-606aaaa2-8758-46f2-b267-0d13447175e3 None None] For port 7664061f-10fd-48a0-8876-9e87f355e18b, host dv-neutron-836863-2-hyperv, got binding levels [PortBindingLevel(driver='openvswitch',host='dv-neutron-836863-2-hyperv',level=0,port_id=7664061f-10fd-48a0-8876-9e87f355e18b,segment=NetworkSegment(9fee83e6-0752-4238-9d8a-f92ef286352d),segment_id=9fee83e6-0752-4238-9d8a-f92ef286352d)] {{(pid=110985) get_binding_level_objs /opt/stack/neutron/neutron/plugins/ml2/db.py:74}}
Apr 07 01:47:29.851758 dv-neutron-836863-2-hyperv neutron-server[110985]: DEBUG neutron_lib.callbacks.manager [None req-606aaaa2-8758-46f2-b267-0d13447175e3 None None] Publish callbacks ['neutron.services.l3_router.l3_router_plugin.L3_NAT_dbonly_mixin._precommit_delete_port_callback-695522'] for port (7664061f-10fd-48a0-8876-9e87f355e18b), precommit_delete {{(pid=110985) _notify_loop /usr/local/lib/python3.8/dist-packages/neutron_lib/callbacks/manager.py:176}}
Apr 07 01:47:29.867710 dv-neutron-836863-2-hyperv neutron-server[110985]: DEBUG neutron.plugins.ml2.plugin [None req-606aaaa2-8758-46f2-b267-0d13447175e3 None None] Calling delete_port for 7664061f-10fd-48a0-8876-9e87f355e18b owned by network:dhcp {{(pid=110985) delete_port /opt/stack/neutron/neutron/plugins/ml2/plugin.py:2080}}
Apr 07 01:47:29.885507 dv-neutron-836863-2-hyperv neutron-server[110984]: DEBUG neutron.plugins.ml2.managers [None req-0ada0eb3-c59b-4bcc-8db2-dcc061702ebc tempest-PortsAdminExtendedAttrsTestJSON-1617677900 tempest-PortsAdminExtendedAttrsTestJSON-1617677900-project-admin] Attempting to bind port 6d96ff60-6376-4f02-80b2-1b7ddaf99942 on host hv-neutron-8368 for vnic_type normal with profile {{(pid=110984) bind_port /opt/stack/neutron/neutron/plugins/ml2/managers.py:795}}
Apr 07 01:47:29.885842 dv-neutron-836863-2-hyperv neutron-server[110984]: DEBUG neutron.plugins.ml2.managers [None req-0ada0eb3-c59b-4bcc-8db2-dcc061702ebc tempest-PortsAdminExtendedAttrsTestJSON-1617677900 tempest-PortsAdminExtendedAttrsTestJSON-1617677900-project-admin] Attempting to bind port 6d96ff60-6376-4f02-80b2-1b7ddaf99942 by drivers openvswitch,hyperv on host hv-neutron-8368 at level 0 using segments [{'id': '8c5c653f-9016-4045-81d7-03fc9990c675', 'network_type': 'vlan', 'physical_network': 'physnet1', 'segmentation_id': 97, 'network_id': '8ce0a2d0-bd92-44f5-9bc0-898d9d436698'}] {{(pid=110984) _bind_port_level /opt/stack/neutron/neutron/plugins/ml2/managers.py:820}}
Apr 07 01:47:29.886404 dv-neutron-836863-2-hyperv neutron-server[110984]: DEBUG neutron.plugins.ml2.drivers.mech_agent [None req-0ada0eb3-c59b-4bcc-8db2-dcc061702ebc tempest-PortsAdminExtendedAttrsTestJSON-1617677900 tempest-PortsAdminExtendedAttrsTestJSON-1617677900-project-admin] Attempting to bind port 6d96ff60-6376-4f02-80b2-1b7ddaf99942 on network 8ce0a2d0-bd92-44f5-9bc0-898d9d436698 {{(pid=110984) bind_port /opt/stack/neutron/neutron/plugins/ml2/drivers/mech_agent.py:91}}
Apr 07 01:47:29.930645 dv-neutron-836863-2-hyperv neutron-server[110984]: DEBUG neutron.plugins.ml2.drivers.mech_agent [None req-0ada0eb3-c59b-4bcc-8db2-dcc061702ebc tempest-PortsAdminExtendedAttrsTestJSON-1617677900 tempest-PortsAdminExtendedAttrsTestJSON-1617677900-project-admin] Port 6d96ff60-6376-4f02-80b2-1b7ddaf99942 on network 8ce0a2d0-bd92-44f5-9bc0-898d9d436698 not bound, no agent of type Open vSwitch agent registered on host hv-neutron-8368 {{(pid=110984) bind_port /opt/stack/neutron/neutron/plugins/ml2/drivers/mech_agent.py:103}}
Apr 07 01:47:29.931011 dv-neutron-836863-2-hyperv neutron-server[110984]: ERROR neutron.plugins.ml2.managers [None req-0ada0eb3-c59b-4bcc-8db2-dcc061702ebc tempest-PortsAdminExtendedAttrsTestJSON-1617677900 tempest-PortsAdminExtendedAttrsTestJSON-1617677900-project-admin] Failed to bind port 6d96ff60-6376-4f02-80b2-1b7ddaf99942 on host hv-neutron-8368 for vnic_type normal using segments [{'id': '8c5c653f-9016-4045-81d7-03fc9990c675', 'network_type': 'vlan', 'physical_network': 'physnet1', 'segmentation_id': 97, 'network_id': '8ce0a2d0-bd92-44f5-9bc0-898d9d436698'}]
Apr 07 01:47:29.941403 dv-neutron-836863-2-hyperv neutron-server[110984]: INFO neutron.plugins.ml2.plugin [None req-0ada0eb3-c59b-4bcc-8db2-dcc061702ebc tempest-PortsAdminExtendedAttrsTestJSON-1617677900 tempest-PortsAdminExtendedAttrsTestJSON-1617677900-project-admin] Attempt 6 to bind port 6d96ff60-6376-4f02-80b2-1b7ddaf99942
Apr 07 01:47:29.951219 dv-neutron-836863-2-hyperv neutron-server[110984]: DEBUG neutron_lib.callbacks.manager [None req-a3023134-be68-4608-aa8d-e3fe7c173cec tempest-ExternalNetworksTestJSON-967143477 tempest-ExternalNetworksTestJSON-967143477-project] Publish callbacks ['neutron.plugins.ml2.plugin.Ml2Plugin._network_delete_precommit_handler-3906092', 'neutron.services.segments.db._delete_segments_for_network-8794723423353'] for network (9666d72a-5ea4-4694-b358-01661f152bd4), precommit_delete {{(pid=110984) _notify_loop /usr/local/lib/python3.8/dist-packages/neutron_lib/callbacks/manager.py:176}}
Apr 07 01:47:29.998196 dv-neutron-836863-2-hyperv neutron-server[110984]: DEBUG neutron.plugins.ml2.managers [None req-0ada0eb3-c59b-4bcc-8db2-dcc061702ebc tempest-PortsAdminExtendedAttrsTestJSON-1617677900 tempest-PortsAdminExtendedAttrsTestJSON-1617677900-project-admin] Attempting to bind port 6d96ff60-6376-4f02-80b2-1b7ddaf99942 on host hv-neutron-8368 for vnic_type normal with profile {{(pid=110984) bind_port /opt/stack/neutron/neutron/plugins/ml2/managers.py:795}}
Apr 07 01:47:29.998554 dv-neutron-836863-2-hyperv neutron-server[110984]: DEBUG neutron.plugins.ml2.managers [None req-0ada0eb3-c59b-4bcc-8db2-dcc061702ebc tempest-PortsAdminExtendedAttrsTestJSON-1617677900 tempest-PortsAdminExtendedAttrsTestJSON-1617677900-project-admin] Attempting to bind port 6d96ff60-6376-4f02-80b2-1b7ddaf99942 by drivers openvswitch,hyperv on host hv-neutron-8368 at level 0 using segments [{'id': '8c5c653f-9016-4045-81d7-03fc9990c675', 'network_type': 'vlan', 'physical_network': 'physnet1', 'segmentation_id': 97, 'network_id': '8ce0a2d0-bd92-44f5-9bc0-898d9d436698'}] {{(pid=110984) _bind_port_level /opt/stack/neutron/neutron/plugins/ml2/managers.py:820}}
Apr 07 01:47:29.998874 dv-neutron-836863-2-hyperv neutron-server[110984]: DEBUG neutron.plugins.ml2.drivers.mech_agent [None req-0ada0eb3-c59b-4bcc-8db2-dcc061702ebc tempest-PortsAdminExtendedAttrsTestJSON-1617677900 tempest-PortsAdminExtendedAttrsTestJSON-1617677900-project-admin] Attempting to bind port 6d96ff60-6376-4f02-80b2-1b7ddaf99942 on network 8ce0a2d0-bd92-44f5-9bc0-898d9d436698 {{(pid=110984) bind_port /opt/stack/neutron/neutron/plugins/ml2/drivers/mech_agent.py:91}}
Apr 07 01:47:30.011399 dv-neutron-836863-2-hyperv neutron-server[110984]: DEBUG neutron.wsgi [req-bc4dbc10-918e-46a0-b937-bb92ebdf227a req-d8686e51-ff08-4e1a-a111-b973546d7d7d service neutron] http://10.222.0.25:9696/v2.0/extensions returned with HTTP 200 {{(pid=110984) __call__ /opt/stack/neutron/neutron/wsgi.py:730}}
Apr 07 01:47:30.012441 dv-neutron-836863-2-hyperv neutron-server[110984]: INFO neutron.wsgi [req-bc4dbc10-918e-46a0-b937-bb92ebdf227a req-d8686e51-ff08-4e1a-a111-b973546d7d7d service neutron] 10.222.0.25 "GET /v2.0/extensions HTTP/1.1" status: 200 len: 14082 time: 0.1031642
Apr 07 01:47:30.014426 dv-neutron-836863-2-hyperv neutron-server[110984]: DEBUG neutron.services.segments.db [None req-a3023134-be68-4608-aa8d-e3fe7c173cec tempest-ExternalNetworksTestJSON-967143477 tempest-ExternalNetworksTestJSON-967143477-project] neutron.services.segments.plugin.Plugin method get_segments called with arguments (,) {'filters': {'network_id': ['9666d72a-5ea4-4694-b358-01661f152bd4']}} {{(pid=110984) wrapper /usr/local/lib/python3.8/dist-packages/oslo_log/helpers.py:65}}
Apr 07 01:47:30.026580 dv-neutron-836863-2-hyperv neutron-server[110984]: DEBUG neutron.pecan_wsgi.hooks.quota_enforcement [None req-28af3dba-d90e-4783-8de0-8199e12eeae8 tempest-NetworksTestDHCPv6-1631705601 tempest-NetworksTestDHCPv6-1631705601-project] Made reservation on behalf of 8ba690e80de94dda8b96d79b9755cde5 for: {'subnet': 1} {{(pid=110984) before /opt/stack/neutron/neutron/pecan_wsgi/hooks/quota_enforcement.py:53}}
Apr 07 01:47:30.029881 dv-neutron-836863-2-hyperv neutron-server[110984]: DEBUG neutron_lib.callbacks.manager [None req-28af3dba-d90e-4783-8de0-8199e12eeae8 tempest-NetworksTestDHCPv6-1631705601 tempest-NetworksTestDHCPv6-1631705601-project] Publish callbacks ['neutron.services.segments.plugin.SegmentHostRoutes.host_routes_before_create-62910019'] for subnet (None), before_create {{(pid=110984) _notify_loop /usr/local/lib/python3.8/dist-packages/neutron_lib/callbacks/manager.py:176}}
Apr 07 01:47:30.039771 dv-neutron-836863-2-hyperv neutron-server[110984]: DEBUG neutron.plugins.ml2.drivers.mech_agent [None req-0ada0eb3-c59b-4bcc-8db2-dcc061702ebc tempest-PortsAdminExtendedAttrsTestJSON-1617677900 tempest-PortsAdminExtendedAttrsTestJSON-1617677900-project-admin] Port 6d96ff60-6376-4f02-80b2-1b7ddaf99942 on network 8ce0a2d0-bd92-44f5-9bc0-898d9d436698 not bound, no agent of type Open vSwitch agent registered on host hv-neutron-8368 {{(pid=110984) bind_port /opt/stack/neutron/neutron/plugins/ml2/drivers/mech_agent.py:103}}
Apr 07 01:47:30.040058 dv-neutron-836863-2-hyperv neutron-server[110984]: ERROR neutron.plugins.ml2.managers [None req-0ada0eb3-c59b-4bcc-8db2-dcc061702ebc tempest-PortsAdminExtendedAttrsTestJSON-1617677900 tempest-PortsAdminExtendedAttrsTestJSON-1617677900-project-admin] Failed to bind port 6d96ff60-6376-4f02-80b2-1b7ddaf99942 on host hv-neutron-8368 for vnic_type normal using segments [{'id': '8c5c653f-9016-4045-81d7-03fc9990c675', 'network_type': 'vlan', 'physical_network': 'physnet1', 'segmentation_id': 97, 'network_id': '8ce0a2d0-bd92-44f5-9bc0-898d9d436698'}]
Apr 07 01:47:30.058842 dv-neutron-836863-2-hyperv neutron-server[110984]: DEBUG neutron.services.segments.db [None req-a3023134-be68-4608-aa8d-e3fe7c173cec tempest-ExternalNetworksTestJSON-967143477 tempest-ExternalNetworksTestJSON-967143477-project] neutron.services.segments.plugin.Plugin method delete_segment called with arguments (, 'd7714174-f388-47ca-9f50-d5c24484fecd') {'for_net_delete': True} {{(pid=110984) wrapper /usr/local/lib/python3.8/dist-packages/oslo_log/helpers.py:65}}
Apr 07 01:47:30.059144 dv-neutron-836863-2-hyperv neutron-server[110984]: DEBUG neutron.services.segments.db [None req-a3023134-be68-4608-aa8d-e3fe7c173cec tempest-ExternalNetworksTestJSON-967143477 tempest-ExternalNetworksTestJSON-967143477-project] neutron.services.segments.plugin.Plugin method get_segment called with arguments (, 'd7714174-f388-47ca-9f50-d5c24484fecd') {} {{(pid=110984) wrapper /usr/local/lib/python3.8/dist-packages/oslo_log/helpers.py:65}}
Apr 07 01:47:30.060818 dv-neutron-836863-2-hyperv neutron-server[110984]: INFO neutron.plugins.ml2.plugin [None req-0ada0eb3-c59b-4bcc-8db2-dcc061702ebc tempest-PortsAdminExtendedAttrsTestJSON-1617677900 tempest-PortsAdminExtendedAttrsTestJSON-1617677900-project-admin] Attempt 7 to bind port 6d96ff60-6376-4f02-80b2-1b7ddaf99942
Apr 07 01:47:30.097927 dv-neutron-836863-2-hyperv neutron-server[110985]: DEBUG neutron_lib.callbacks.manager [None req-606aaaa2-8758-46f2-b267-0d13447175e3 None None] Publish callbacks ['neutron.plugins.ml2.plugin.SecurityGroupServerNotifierRpcMixin._notify_sg_on_port_change-3897353', 'neutron.plugins.ml2.ovo_rpc._ObjectChangeHandler.handle_event-159764', 'neutron.api.rpc.agentnotifiers.dhcp_rpc_agent_api.DhcpAgentNotifyAPI._native_event_send_dhcp_notification-632843', 'neutron.db.l3_db.L3RpcNotifierMixin._notify_routers_callback-8794723352580', 'neutron.db.l3_dvrscheduler_db._notify_port_delete-8794722969101'] for port (7664061f-10fd-48a0-8876-9e87f355e18b), after_delete {{(pid=110985) _notify_loop /usr/local/lib/python3.8/dist-packages/neutron_lib/callbacks/manager.py:176}}
Apr 07 01:47:30.128135 dv-neutron-836863-2-hyperv neutron-server[110985]: DEBUG neutron.api.rpc.handlers.resources_rpc [None req-606aaaa2-8758-46f2-b267-0d13447175e3 None None] Pushing event deleted for resources: {'Port': ['ID=7664061f-10fd-48a0-8876-9e87f355e18b,revision_number=None']} {{(pid=110985) push /opt/stack/neutron/neutron/api/rpc/handlers/resources_rpc.py:237}}
Apr 07 01:47:30.135141 dv-neutron-836863-2-hyperv neutron-server[110985]: DEBUG neutron.db.l3_dvrscheduler_db [None req-606aaaa2-8758-46f2-b267-0d13447175e3 None None] No DVR routers for this DVR port 7664061f-10fd-48a0-8876-9e87f355e18b on host dv-neutron-836863-2-hyperv {{(pid=110985) get_dvr_routers_to_remove /opt/stack/neutron/neutron/db/l3_dvrscheduler_db.py:214}}
Apr 07 01:47:30.148200 dv-neutron-836863-2-hyperv neutron-server[110984]: DEBUG neutron_lib.callbacks.manager [None req-a3023134-be68-4608-aa8d-e3fe7c173cec tempest-ExternalNetworksTestJSON-967143477 tempest-ExternalNetworksTestJSON-967143477-project] Publish callbacks ['neutron.plugins.ml2.db._prevent_segment_delete_with_port_bound-8794723424130', 'neutron.services.segments.plugin.Plugin._prevent_segment_delete_with_subnet_associated-62227784'] for segment (d7714174-f388-47ca-9f50-d5c24484fecd), before_delete {{(pid=110984) _notify_loop /usr/local/lib/python3.8/dist-packages/neutron_lib/callbacks/manager.py:176}}
Apr 07 01:47:30.157473 dv-neutron-836863-2-hyperv neutron-server[110984]: INFO neutron.wsgi [req-3914f4d7-d593-4915-bcf8-99cbbaa10b89 req-ccb366c5-ebed-48ab-8c93-c8958bd02b62 tempest-ServersTestManualDisk-734233679 tempest-ServersTestManualDisk-734233679-project] 10.222.0.25 "GET /v2.0/ports?tenant_id=d061ef913c014b11ae2a7b2c9d2c33bd&fields=id HTTP/1.1" status: 200 len: 302 time: 0.3459342
Apr 07 01:47:30.191931 dv-neutron-836863-2-hyperv neutron-server[110984]: DEBUG neutron.plugins.ml2.managers [None req-0ada0eb3-c59b-4bcc-8db2-dcc061702ebc tempest-PortsAdminExtendedAttrsTestJSON-1617677900 tempest-PortsAdminExtendedAttrsTestJSON-1617677900-project-admin] Attempting to bind port 6d96ff60-6376-4f02-80b2-1b7ddaf99942 on host hv-neutron-8368 for vnic_type normal with profile {{(pid=110984) bind_port /opt/stack/neutron/neutron/plugins/ml2/managers.py:795}}
Apr 07 01:47:30.192298 dv-neutron-836863-2-hyperv neutron-server[110984]: DEBUG neutron.plugins.ml2.managers [None req-0ada0eb3-c59b-4bcc-8db2-dcc061702ebc tempest-PortsAdminExtendedAttrsTestJSON-1617677900 tempest-PortsAdminExtendedAttrsTestJSON-1617677900-project-admin] Attempting to bind port 6d96ff60-6376-4f02-80b2-1b7ddaf99942 by drivers openvswitch,hyperv on host hv-neutron-8368 at level 0 using segments [{'id': '8c5c653f-9016-4045-81d7-03fc9990c675', 'network_type': 'vlan', 'physical_network': 'physnet1', 'segmentation_id': 97, 'network_id': '8ce0a2d0-bd92-44f5-9bc0-898d9d436698'}] {{(pid=110984) _bind_port_level /opt/stack/neutron/neutron/plugins/ml2/managers.py:820}}
Apr 07 01:47:30.192635 dv-neutron-836863-2-hyperv neutron-server[110984]: DEBUG neutron.plugins.ml2.drivers.mech_agent [None req-0ada0eb3-c59b-4bcc-8db2-dcc061702ebc tempest-PortsAdminExtendedAttrsTestJSON-1617677900 tempest-PortsAdminExtendedAttrsTestJSON-1617677900-project-admin] Attempting to bind port 6d96ff60-6376-4f02-80b2-1b7ddaf99942 on network 8ce0a2d0-bd92-44f5-9bc0-898d9d436698 {{(pid=110984) bind_port /opt/stack/neutron/neutron/plugins/ml2/drivers/mech_agent.py:91}}
Apr 07 01:47:30.212369 dv-neutron-836863-2-hyperv neutron-server[110984]: DEBUG neutron_lib.callbacks.manager [None req-a3023134-be68-4608-aa8d-e3fe7c173cec tempest-ExternalNetworksTestJSON-967143477 tempest-ExternalNetworksTestJSON-967143477-project] Publish callbacks ['neutron.plugins.ml2.plugin.Ml2Plugin._handle_segment_change-3761196'] for segment (d7714174-f388-47ca-9f50-d5c24484fecd), precommit_delete {{(pid=110984) _notify_loop /usr/local/lib/python3.8/dist-packages/neutron_lib/callbacks/manager.py:176}}
