Apr 05 16:35:17.132737 dv-neutron-836656-2-hyperv neutron-server[104161]: DEBUG neutron_lib.callbacks.manager [req-3eccb794-b4aa-439f-9064-7cdb2d7164ef req-4e3971b5-d67c-44a0-a966-abfc21aad607 tempest-ServersTestJSON-2139701217 tempest-ServersTestJSON-2139701217-project] Publish callbacks ['neutron.plugins.ml2.plugin.SecurityGroupServerNotifierRpcMixin._notify_sg_on_port_change-1302265', 'neutron.plugins.ml2.ovo_rpc._ObjectChangeHandler.handle_event-124414', 'neutron.api.rpc.agentnotifiers.dhcp_rpc_agent_api.DhcpAgentNotifyAPI._native_event_send_dhcp_notification-566686', 'neutron.db.l3_dvrscheduler_db._notify_l3_agent_new_port-8750054208260', 'neutron.services.segments.plugin.NovaSegmentNotifier._notify_port_created_or_deleted-10287843'] for port (e6d3fbad-1a4d-4d28-ac2a-76f13b2a74b9), after_create {{(pid=104161) _notify_loop /usr/local/lib/python3.8/dist-packages/neutron_lib/callbacks/manager.py:176}}
Apr 05 16:35:17.133491 dv-neutron-836656-2-hyperv neutron-server[104162]: DEBUG neutron.plugins.ml2.db [None req-deea61ee-2f4e-4ddb-b1cd-8609ff771c27 None None] For port b2ddf1d5-341d-47a3-b2a1-9212ef66c60d, host dv-neutron-836656-2-hyperv, cleared binding levels {{(pid=104162) clear_binding_levels /opt/stack/neutron/neutron/plugins/ml2/db.py:87}}
Apr 05 16:35:17.140382 dv-neutron-836656-2-hyperv neutron-server[104162]: DEBUG neutron.plugins.ml2.db [None req-deea61ee-2f4e-4ddb-b1cd-8609ff771c27 None None] For port b2ddf1d5-341d-47a3-b2a1-9212ef66c60d, host dv-neutron-836656-2-hyperv, set binding levels [PortBindingLevel(driver='openvswitch',host='dv-neutron-836656-2-hyperv',level=0,port_id=b2ddf1d5-341d-47a3-b2a1-9212ef66c60d,segment=NetworkSegment(6662a7eb-dd1f-47b4-884c-c8da675c343a),segment_id=6662a7eb-dd1f-47b4-884c-c8da675c343a)] {{(pid=104162) set_binding_levels /opt/stack/neutron/neutron/plugins/ml2/db.py:59}}
Apr 05 16:35:17.146562 dv-neutron-836656-2-hyperv neutron-server[104162]: DEBUG neutron_lib.callbacks.manager [None req-deea61ee-2f4e-4ddb-b1cd-8609ff771c27 None None] Publish callbacks ['neutron.plugins.ml2.plugin.SecurityGroupServerNotifierRpcMixin._notify_sg_on_port_change-1302265', 'neutron.plugins.ml2.ovo_rpc._ObjectChangeHandler.handle_event-124414', 'neutron.api.rpc.agentnotifiers.dhcp_rpc_agent_api.DhcpAgentNotifyAPI._native_event_send_dhcp_notification-566686', 'neutron.db.l3_db.L3RpcNotifierMixin._notify_gateway_port_ip_changed-8750054718742', 'neutron.db.l3_dvrscheduler_db._notify_l3_agent_port_update-8750054208278', 'neutron.db.l3_hascheduler_db._notify_l3_agent_ha_port_update-8750054208296'] for port (b2ddf1d5-341d-47a3-b2a1-9212ef66c60d), after_update {{(pid=104162) _notify_loop /usr/local/lib/python3.8/dist-packages/neutron_lib/callbacks/manager.py:176}}
Apr 05 16:35:17.174949 dv-neutron-836656-2-hyperv neutron-server[104160]: DEBUG neutron.api.rpc.handlers.resources_rpc [None req-9c3e1c6b-6dab-4625-8e95-5d83e147bed9 tempest-ServerActionsTestJSON-1953129872 tempest-ServerActionsTestJSON-1953129872-project] Pushing event updated for resources: {'Port': ['ID=ae257191-7f88-4d96-8747-efc5ff0bf109,revision_number=1']} {{(pid=104160) push /opt/stack/neutron/neutron/api/rpc/handlers/resources_rpc.py:237}}
Apr 05 16:35:17.231353 dv-neutron-836656-2-hyperv neutron-server[104161]: DEBUG neutron.scheduler.dhcp_agent_scheduler [req-ebed0f0a-e4d4-4981-b009-614fe8f2e785 req-a1d2e076-31f5-4cc2-bc64-3a0c6f83da20 tempest-ServersTestManualDisk-1994042848 tempest-ServersTestManualDisk-1994042848-project] Network f997b0fd-6953-4cfb-b291-fb6bea46fd30 is already hosted by enough agents. {{(pid=104161) _get_dhcp_agents_hosting_network /opt/stack/neutron/neutron/scheduler/dhcp_agent_scheduler.py:275}}
Apr 05 16:35:17.293703 dv-neutron-836656-2-hyperv neutron-server[104161]: INFO neutron.wsgi [None req-30ab3703-0569-4762-998c-d8ef635d9a5d admin admin] 10.222.0.15 "GET /v2.0/security-groups?tenant_id=62dbadbe076a44fb83f2b19fef503dde&name=default HTTP/1.1" status: 200 len: 2992 time: 0.1738217
Apr 05 16:35:17.301122 dv-neutron-836656-2-hyperv neutron-server[104162]: DEBUG neutron.api.rpc.handlers.resources_rpc [None req-deea61ee-2f4e-4ddb-b1cd-8609ff771c27 None None] Pushing event updated for resources: {'Port': ['ID=b2ddf1d5-341d-47a3-b2a1-9212ef66c60d,revision_number=2']} {{(pid=104162) push /opt/stack/neutron/neutron/api/rpc/handlers/resources_rpc.py:237}}
Apr 05 16:35:17.307321 dv-neutron-836656-2-hyperv neutron-server[104161]: DEBUG neutron.scheduler.base_scheduler [req-ebed0f0a-e4d4-4981-b009-614fe8f2e785 req-a1d2e076-31f5-4cc2-bc64-3a0c6f83da20 tempest-ServersTestManualDisk-1994042848 tempest-ServersTestManualDisk-1994042848-project] Resources bound (agent type, host, resource id): {{(pid=104161) schedule /opt/stack/neutron/neutron/scheduler/base_scheduler.py:57}}
Apr 05 16:35:17.327110 dv-neutron-836656-2-hyperv neutron-server[104161]: DEBUG neutron.wsgi [-] (104161) accepted ('10.222.0.15', 54578) {{(pid=104161) server /usr/local/lib/python3.8/dist-packages/eventlet/wsgi.py:1004}}
Apr 05 16:35:17.333207 dv-neutron-836656-2-hyperv neutron-server[104160]: DEBUG neutron_lib.callbacks.manager [None req-b5470d67-6371-45a9-b063-2da7425cde5e tempest-NetworksTestDHCPv6-1533014693 tempest-NetworksTestDHCPv6-1533014693-project] Publish callbacks [] for port (84fe2a35-9106-44ac-8285-705f6a6b240b), precommit_create {{(pid=104160) _notify_loop /usr/local/lib/python3.8/dist-packages/neutron_lib/callbacks/manager.py:176}}
Apr 05 16:35:17.333593 dv-neutron-836656-2-hyperv neutron-server[104162]: DEBUG neutron.plugins.ml2.rpc [None req-81bdc98c-13c5-44d2-b8a8-e359f7fa242f None None] Device 2c912e73-3c71-45d0-b7c4-d3042e54539b up at agent ovs-agent-dv-neutron-836656-2-hyperv {{(pid=104162) update_device_up /opt/stack/neutron/neutron/plugins/ml2/rpc.py:296}}
Apr 05 16:35:17.352120 dv-neutron-836656-2-hyperv neutron-server[104161]: DEBUG neutron.db.l3_dvrscheduler_db [req-ebed0f0a-e4d4-4981-b009-614fe8f2e785 req-a1d2e076-31f5-4cc2-bc64-3a0c6f83da20 tempest-ServersTestManualDisk-1994042848 tempest-ServersTestManualDisk-1994042848-project] Received port after_create {{(pid=104161) _notify_l3_agent_new_port /opt/stack/neutron/neutron/db/l3_dvrscheduler_db.py:536}}
Apr 05 16:35:17.402311 dv-neutron-836656-2-hyperv neutron-server[104160]: DEBUG neutron.scheduler.dhcp_agent_scheduler [req-1e884e1b-29f4-4250-8871-6997aa59914c req-9c3e1c6b-6dab-4625-8e95-5d83e147bed9 tempest-ServerActionsTestJSON-1953129872 tempest-ServerActionsTestJSON-1953129872-project] Network 5fd5004c-f2be-4ce8-9260-6db9ae4041a0 is already hosted by enough agents. {{(pid=104160) _get_dhcp_agents_hosting_network /opt/stack/neutron/neutron/scheduler/dhcp_agent_scheduler.py:275}}
Apr 05 16:35:17.417798 dv-neutron-836656-2-hyperv neutron-server[104160]: DEBUG neutron.notifiers.nova [None req-ccface38-3e75-4653-b0c0-476e3edb161c tempest-PortsAdminExtendedAttrsIpV6TestJSON-1537800324 tempest-PortsAdminExtendedAttrsIpV6TestJSON-1537800324-project-admin] device_id is not set on port ca935bf0-d62c-4fbe-8528-f9ea14591429 yet. {{(pid=104160) _can_notify /opt/stack/neutron/neutron/notifiers/nova.py:199}}
Apr 05 16:35:17.484732 dv-neutron-836656-2-hyperv neutron-server[104161]: DEBUG neutron.pecan_wsgi.hooks.policy_enforcement [req-ebed0f0a-e4d4-4981-b009-614fe8f2e785 req-a1d2e076-31f5-4cc2-bc64-3a0c6f83da20 tempest-ServersTestManualDisk-1994042848 tempest-ServersTestManualDisk-1994042848-project] Attributes excluded by policy engine: ['standard_attr_id', 'binding:profile', 'binding:host_id', 'binding:vif_type', 'binding:vif_details', 'network'] {{(pid=104161) _exclude_attributes_by_policy /opt/stack/neutron/neutron/pecan_wsgi/hooks/policy_enforcement.py:255}}
Apr 05 16:35:17.485439 dv-neutron-836656-2-hyperv neutron-server[104161]: DEBUG neutron_lib.callbacks.manager [req-ebed0f0a-e4d4-4981-b009-614fe8f2e785 req-a1d2e076-31f5-4cc2-bc64-3a0c6f83da20 tempest-ServersTestManualDisk-1994042848 tempest-ServersTestManualDisk-1994042848-project] Publish callbacks ['neutron.notifiers.nova.Notifier._send_nova_notification-203656'] for port (None), before_response {{(pid=104161) _notify_loop /usr/local/lib/python3.8/dist-packages/neutron_lib/callbacks/manager.py:176}}
Apr 05 16:35:17.505654 dv-neutron-836656-2-hyperv neutron-server[104161]: DEBUG neutron.scheduler.dhcp_agent_scheduler [req-3eccb794-b4aa-439f-9064-7cdb2d7164ef req-4e3971b5-d67c-44a0-a966-abfc21aad607 tempest-ServersTestJSON-2139701217 tempest-ServersTestJSON-2139701217-project] Network 36f7786b-6f65-4d9d-b69f-0035e85e61ae is already hosted by enough agents. {{(pid=104161) _get_dhcp_agents_hosting_network /opt/stack/neutron/neutron/scheduler/dhcp_agent_scheduler.py:275}}
Apr 05 16:35:17.547759 dv-neutron-836656-2-hyperv neutron-server[104161]: DEBUG neutron.scheduler.base_scheduler [req-3eccb794-b4aa-439f-9064-7cdb2d7164ef req-4e3971b5-d67c-44a0-a966-abfc21aad607 tempest-ServersTestJSON-2139701217 tempest-ServersTestJSON-2139701217-project] Resources bound (agent type, host, resource id): {{(pid=104161) schedule /opt/stack/neutron/neutron/scheduler/base_scheduler.py:57}}
Apr 05 16:35:17.556831 dv-neutron-836656-2-hyperv neutron-server[104161]: INFO neutron.wsgi [req-ebed0f0a-e4d4-4981-b009-614fe8f2e785 req-a1d2e076-31f5-4cc2-bc64-3a0c6f83da20 tempest-ServersTestManualDisk-1994042848 tempest-ServersTestManualDisk-1994042848-project] 10.222.0.41 "POST /v2.0/ports HTTP/1.1" status: 201 len: 933 time: 3.1487217
Apr 05 16:35:17.577662 dv-neutron-836656-2-hyperv neutron-server[104162]: DEBUG neutron.db.provisioning_blocks [None req-81bdc98c-13c5-44d2-b8a8-e359f7fa242f None None] Provisioning complete for port 2c912e73-3c71-45d0-b7c4-d3042e54539b triggered by entity L2. {{(pid=104162) provisioning_complete /opt/stack/neutron/neutron/db/provisioning_blocks.py:140}}
Apr 05 16:35:17.578229 dv-neutron-836656-2-hyperv neutron-server[104162]: DEBUG neutron_lib.callbacks.manager [None req-81bdc98c-13c5-44d2-b8a8-e359f7fa242f None None] Publish callbacks ['neutron.plugins.ml2.plugin.Ml2Plugin._port_provisioned-1192315'] for port (2c912e73-3c71-45d0-b7c4-d3042e54539b), provisioning_complete {{(pid=104162) _notify_loop /usr/local/lib/python3.8/dist-packages/neutron_lib/callbacks/manager.py:176}}
Apr 05 16:35:17.588551 dv-neutron-836656-2-hyperv neutron-server[104161]: DEBUG neutron.db.l3_dvrscheduler_db [req-3eccb794-b4aa-439f-9064-7cdb2d7164ef req-4e3971b5-d67c-44a0-a966-abfc21aad607 tempest-ServersTestJSON-2139701217 tempest-ServersTestJSON-2139701217-project] Received port after_create {{(pid=104161) _notify_l3_agent_new_port /opt/stack/neutron/neutron/db/l3_dvrscheduler_db.py:536}}
Apr 05 16:35:17.593810 dv-neutron-836656-2-hyperv neutron-server[104161]: DEBUG neutron.api.rpc.handlers.resources_rpc [None req-a1d2e076-31f5-4cc2-bc64-3a0c6f83da20 tempest-ServersTestManualDisk-1994042848 tempest-ServersTestManualDisk-1994042848-project] Pushing event updated for resources: {'Port': ['ID=0881c9b8-2270-4982-8185-644f10489d95,revision_number=1']} {{(pid=104161) push /opt/stack/neutron/neutron/api/rpc/handlers/resources_rpc.py:237}}
Apr 05 16:35:17.605594 dv-neutron-836656-2-hyperv neutron-server[104161]: DEBUG neutron.wsgi [req-ebed0f0a-e4d4-4981-b009-614fe8f2e785 req-68d75082-10f9-4dc3-9d0d-9068bce808b6 tempest-ServersTestManualDisk-1994042848 tempest-ServersTestManualDisk-1994042848-project] http://10.222.0.15:9696/v2.0/extensions returned with HTTP 200 {{(pid=104161) __call__ /opt/stack/neutron/neutron/wsgi.py:730}}
Apr 05 16:35:17.606570 dv-neutron-836656-2-hyperv neutron-server[104161]: INFO neutron.wsgi [req-ebed0f0a-e4d4-4981-b009-614fe8f2e785 req-68d75082-10f9-4dc3-9d0d-9068bce808b6 tempest-ServersTestManualDisk-1994042848 tempest-ServersTestManualDisk-1994042848-project] 10.222.0.41 "GET /v2.0/extensions HTTP/1.1" status: 200 len: 14082 time: 0.0072134
Apr 05 16:35:17.713741 dv-neutron-836656-2-hyperv neutron-server[104160]: DEBUG neutron_lib.callbacks.manager [None req-ccface38-3e75-4653-b0c0-476e3edb161c tempest-PortsAdminExtendedAttrsIpV6TestJSON-1537800324 tempest-PortsAdminExtendedAttrsIpV6TestJSON-1537800324-project-admin] Publish callbacks [] for port (ca935bf0-d62c-4fbe-8528-f9ea14591429), precommit_create {{(pid=104160) _notify_loop /usr/local/lib/python3.8/dist-packages/neutron_lib/callbacks/manager.py:176}}
Apr 05 16:35:17.849938 dv-neutron-836656-2-hyperv neutron-server[104161]: DEBUG neutron.api.rpc.handlers.resources_rpc [None req-4e3971b5-d67c-44a0-a966-abfc21aad607 tempest-ServersTestJSON-2139701217 tempest-ServersTestJSON-2139701217-project] Pushing event updated for resources: {'Port': ['ID=e6d3fbad-1a4d-4d28-ac2a-76f13b2a74b9,revision_number=1']} {{(pid=104161) push /opt/stack/neutron/neutron/api/rpc/handlers/resources_rpc.py:237}}
Apr 05 16:35:17.861621 dv-neutron-836656-2-hyperv neutron-server[104160]: DEBUG neutron.scheduler.base_scheduler [req-1e884e1b-29f4-4250-8871-6997aa59914c req-9c3e1c6b-6dab-4625-8e95-5d83e147bed9 tempest-ServerActionsTestJSON-1953129872 tempest-ServerActionsTestJSON-1953129872-project] Resources bound (agent type, host, resource id): {{(pid=104160) schedule /opt/stack/neutron/neutron/scheduler/base_scheduler.py:57}}
Apr 05 16:35:17.865501 dv-neutron-836656-2-hyperv neutron-server[104160]: DEBUG neutron.db.l3_dvrscheduler_db [req-1e884e1b-29f4-4250-8871-6997aa59914c req-9c3e1c6b-6dab-4625-8e95-5d83e147bed9 tempest-ServerActionsTestJSON-1953129872 tempest-ServerActionsTestJSON-1953129872-project] Received port after_create {{(pid=104160) _notify_l3_agent_new_port /opt/stack/neutron/neutron/db/l3_dvrscheduler_db.py:536}}
Apr 05 16:35:17.877540 dv-neutron-836656-2-hyperv neutron-server[104160]: DEBUG neutron.pecan_wsgi.hooks.policy_enforcement [req-1e884e1b-29f4-4250-8871-6997aa59914c req-9c3e1c6b-6dab-4625-8e95-5d83e147bed9 tempest-ServerActionsTestJSON-1953129872 tempest-ServerActionsTestJSON-1953129872-project] Attributes excluded by policy engine: ['standard_attr_id', 'binding:profile', 'binding:host_id', 'binding:vif_type', 'binding:vif_details', 'network'] {{(pid=104160) _exclude_attributes_by_policy /opt/stack/neutron/neutron/pecan_wsgi/hooks/policy_enforcement.py:255}}
Apr 05 16:35:17.878232 dv-neutron-836656-2-hyperv neutron-server[104160]: DEBUG neutron_lib.callbacks.manager [req-1e884e1b-29f4-4250-8871-6997aa59914c req-9c3e1c6b-6dab-4625-8e95-5d83e147bed9 tempest-ServerActionsTestJSON-1953129872 tempest-ServerActionsTestJSON-1953129872-project] Publish callbacks ['neutron.notifiers.nova.Notifier._send_nova_notification-203656'] for port (None), before_response {{(pid=104160) _notify_loop /usr/local/lib/python3.8/dist-packages/neutron_lib/callbacks/manager.py:176}}
Apr 05 16:35:17.915257 dv-neutron-836656-2-hyperv neutron-server[104162]: DEBUG neutron.db.provisioning_blocks [None req-a0aabb2e-ce2a-4158-9130-85e98c7e35d0 None None] Provisioning complete for port 0881c9b8-2270-4982-8185-644f10489d95 triggered by entity DHCP. {{(pid=104162) provisioning_complete /opt/stack/neutron/neutron/db/provisioning_blocks.py:140}}
Apr 05 16:35:17.915666 dv-neutron-836656-2-hyperv neutron-server[104162]: DEBUG neutron_lib.callbacks.manager [None req-a0aabb2e-ce2a-4158-9130-85e98c7e35d0 None None] Publish callbacks ['neutron.plugins.ml2.plugin.Ml2Plugin._port_provisioned-1192315'] for port (0881c9b8-2270-4982-8185-644f10489d95), provisioning_complete {{(pid=104162) _notify_loop /usr/local/lib/python3.8/dist-packages/neutron_lib/callbacks/manager.py:176}}
Apr 05 16:35:18.024541 dv-neutron-836656-2-hyperv neutron-server[104161]: DEBUG neutron.pecan_wsgi.hooks.policy_enforcement [req-bd2d834d-5bcf-4e5a-875e-4e1277d1173d req-61c598df-ba04-41f7-b0fc-8a5e3537cfa3 tempest-ServerActionsTestJSON-1953129872 tempest-ServerActionsTestJSON-1953129872-project] Attributes excluded by policy engine: ['standard_attr_id', 'binding:profile', 'binding:host_id', 'binding:vif_type', 'binding:vif_details'] {{(pid=104161) _exclude_attributes_by_policy /opt/stack/neutron/neutron/pecan_wsgi/hooks/policy_enforcement.py:255}}
Apr 05 16:35:18.032956 dv-neutron-836656-2-hyperv neutron-server[104160]: DEBUG neutron_lib.callbacks.manager [None req-ccface38-3e75-4653-b0c0-476e3edb161c tempest-PortsAdminExtendedAttrsIpV6TestJSON-1537800324 tempest-PortsAdminExtendedAttrsIpV6TestJSON-1537800324-project-admin] Publish callbacks ['neutron.plugins.ml2.plugin.SecurityGroupServerNotifierRpcMixin._notify_sg_on_port_change-1302265', 'neutron.plugins.ml2.ovo_rpc._ObjectChangeHandler.handle_event-124414', 'neutron.api.rpc.agentnotifiers.dhcp_rpc_agent_api.DhcpAgentNotifyAPI._native_event_send_dhcp_notification-566686', 'neutron.db.l3_dvrscheduler_db._notify_l3_agent_new_port-8750054208260'] for port (ca935bf0-d62c-4fbe-8528-f9ea14591429), after_create {{(pid=104160) _notify_loop /usr/local/lib/python3.8/dist-packages/neutron_lib/callbacks/manager.py:176}}
Apr 05 16:35:18.038599 dv-neutron-836656-2-hyperv neutron-server[104161]: INFO neutron.wsgi [req-bd2d834d-5bcf-4e5a-875e-4e1277d1173d req-61c598df-ba04-41f7-b0fc-8a5e3537cfa3 tempest-ServerActionsTestJSON-1953129872 tempest-ServerActionsTestJSON-1953129872-project] 10.222.0.15 "GET /v2.0/ports?device_id=c7a81042-25fd-4c3a-8aa0-0ab8cdc801bc HTTP/1.1" status: 200 len: 931 time: 0.5311694
Apr 05 16:35:18.093337 dv-neutron-836656-2-hyperv neutron-server[104162]: DEBUG neutron.plugins.ml2.plugin [None req-a0aabb2e-ce2a-4158-9130-85e98c7e35d0 None None] Port 0881c9b8-2270-4982-8185-644f10489d95 cannot update to ACTIVE because it is not bound. {{(pid=104162) _port_provisioned /opt/stack/neutron/neutron/plugins/ml2/plugin.py:343}}
Apr 05 16:35:18.095909 dv-neutron-836656-2-hyperv neutron-server[104162]: DEBUG neutron.plugins.ml2.plugin [None req-81bdc98c-13c5-44d2-b8a8-e359f7fa242f None None] Current status of the port 2c912e73-3c71-45d0-b7c4-d3042e54539b is: ACTIVE; New status is: ACTIVE {{(pid=104162) _update_individual_port_db_status /opt/stack/neutron/neutron/plugins/ml2/plugin.py:2256}}
Apr 05 16:35:18.126067 dv-neutron-836656-2-hyperv neutron-server[104161]: DEBUG neutron.pecan_wsgi.hooks.policy_enforcement [req-3eccb794-b4aa-439f-9064-7cdb2d7164ef req-4e3971b5-d67c-44a0-a966-abfc21aad607 tempest-ServersTestJSON-2139701217 tempest-ServersTestJSON-2139701217-project] Attributes excluded by policy engine: ['standard_attr_id', 'binding:profile', 'binding:host_id', 'binding:vif_type', 'binding:vif_details', 'network'] {{(pid=104161) _exclude_attributes_by_policy /opt/stack/neutron/neutron/pecan_wsgi/hooks/policy_enforcement.py:255}}
Apr 05 16:35:18.126802 dv-neutron-836656-2-hyperv neutron-server[104161]: DEBUG neutron_lib.callbacks.manager [req-3eccb794-b4aa-439f-9064-7cdb2d7164ef req-4e3971b5-d67c-44a0-a966-abfc21aad607 tempest-ServersTestJSON-2139701217 tempest-ServersTestJSON-2139701217-project] Publish callbacks ['neutron.notifiers.nova.Notifier._send_nova_notification-203656'] for port (None), before_response {{(pid=104161) _notify_loop /usr/local/lib/python3.8/dist-packages/neutron_lib/callbacks/manager.py:176}}
Apr 05 16:35:18.161327 dv-neutron-836656-2-hyperv neutron-server[104160]: INFO neutron.wsgi [req-1e884e1b-29f4-4250-8871-6997aa59914c req-9c3e1c6b-6dab-4625-8e95-5d83e147bed9 tempest-ServerActionsTestJSON-1953129872 tempest-ServerActionsTestJSON-1953129872-project] 10.222.0.41 "POST /v2.0/ports HTTP/1.1" status: 201 len: 933 time: 5.5748801
Apr 05 16:35:18.166250 dv-neutron-836656-2-hyperv neutron-server[104161]: DEBUG neutron_lib.callbacks.manager [None req-eeecea95-b31a-4b88-aa34-b3027f57b599 admin admin] Publish callbacks [] for security_group (236c475b-3b6a-4ae9-9039-5ef006fe769b), before_delete {{(pid=104161) _notify_loop /usr/local/lib/python3.8/dist-packages/neutron_lib/callbacks/manager.py:176}}
Apr 05 16:35:18.217128 dv-neutron-836656-2-hyperv neutron-server[104161]: DEBUG neutron_lib.callbacks.manager [None req-eeecea95-b31a-4b88-aa34-b3027f57b599 admin admin] Publish callbacks [] for security_group (236c475b-3b6a-4ae9-9039-5ef006fe769b), precommit_delete {{(pid=104161) _notify_loop /usr/local/lib/python3.8/dist-packages/neutron_lib/callbacks/manager.py:176}}
Apr 05 16:35:18.262751 dv-neutron-836656-2-hyperv neutron-server[104162]: DEBUG neutron.db.provisioning_blocks [None req-d5a9455f-f208-444f-930f-e7e8d302ce2e None None] Provisioning complete for port e6d3fbad-1a4d-4d28-ac2a-76f13b2a74b9 triggered by entity DHCP. {{(pid=104162) provisioning_complete /opt/stack/neutron/neutron/db/provisioning_blocks.py:140}}
Apr 05 16:35:18.264340 dv-neutron-836656-2-hyperv neutron-server[104162]: DEBUG neutron_lib.callbacks.manager [None req-d5a9455f-f208-444f-930f-e7e8d302ce2e None None] Publish callbacks ['neutron.plugins.ml2.plugin.Ml2Plugin._port_provisioned-1192315'] for port (e6d3fbad-1a4d-4d28-ac2a-76f13b2a74b9), provisioning_complete {{(pid=104162) _notify_loop /usr/local/lib/python3.8/dist-packages/neutron_lib/callbacks/manager.py:176}}
Apr 05 16:35:18.277542 dv-neutron-836656-2-hyperv neutron-server[104160]: DEBUG neutron_lib.callbacks.manager [None req-d553f01a-1c72-41eb-9dc2-e19d6aebff9a tempest-RoutersAdminTest-1840789018 tempest-RoutersAdminTest-1840789018-project-admin] Publish callbacks ['neutron.services.l3_router.l3_router_plugin.L3_HA_NAT_db_mixin._after_router_create-486186', 'neutron.services.l3_router.l3_router_plugin.DVRResourceOperationHandler._create_snat_interfaces_after_change-464242'] for router (75d30562-e7c6-4f25-887d-28dd9855e40c), after_create {{(pid=104160) _notify_loop /usr/local/lib/python3.8/dist-packages/neutron_lib/callbacks/manager.py:176}}
Apr 05 16:35:18.284285 dv-neutron-836656-2-hyperv neutron-server[104160]: DEBUG neutron.scheduler.dhcp_agent_scheduler [None req-ccface38-3e75-4653-b0c0-476e3edb161c tempest-PortsAdminExtendedAttrsIpV6TestJSON-1537800324 tempest-PortsAdminExtendedAttrsIpV6TestJSON-1537800324-project-admin] Network 8899e740-95de-4a30-a4b6-838d4628cf42 is already hosted by enough agents. {{(pid=104160) _get_dhcp_agents_hosting_network /opt/stack/neutron/neutron/scheduler/dhcp_agent_scheduler.py:275}}
Apr 05 16:35:18.293812 dv-neutron-836656-2-hyperv neutron-server[104160]: DEBUG neutron.pecan_wsgi.hooks.policy_enforcement [req-a0d40d11-cdbe-495a-a243-3a144f654c90 req-10b5fda5-0926-4116-b860-d08acdc66f56 tempest-ServersTestManualDisk-1994042848 tempest-ServersTestManualDisk-1994042848-project] Attributes excluded by policy engine: ['standard_attr_id', 'binding:profile', 'binding:host_id', 'binding:vif_type', 'binding:vif_details'] {{(pid=104160) _exclude_attributes_by_policy /opt/stack/neutron/neutron/pecan_wsgi/hooks/policy_enforcement.py:255}}
Apr 05 16:35:18.296449 dv-neutron-836656-2-hyperv neutron-server[104160]: INFO neutron.wsgi [req-a0d40d11-cdbe-495a-a243-3a144f654c90 req-10b5fda5-0926-4116-b860-d08acdc66f56 tempest-ServersTestManualDisk-1994042848 tempest-ServersTestManualDisk-1994042848-project] 10.222.0.15 "GET /v2.0/ports?device_id=6ddce5c6-134b-4186-b137-d15470328a45 HTTP/1.1" status: 200 len: 931 time: 1.1227865
Apr 05 16:35:18.297005 dv-neutron-836656-2-hyperv neutron-server[104161]: DEBUG neutron.api.v2.base [req-ebed0f0a-e4d4-4981-b009-614fe8f2e785 req-1b4a3e8f-21e5-4eed-a98a-bcc1f6a545cc service neutron] Request body: {'port': {'device_id': '6ddce5c6-134b-4186-b137-d15470328a45', 'device_owner': 'compute:nova', 'binding:host_id': 'hv-neutron-8366'}} {{(pid=104161) prepare_request_body /opt/stack/neutron/neutron/api/v2/base.py:729}}
Apr 05 16:35:18.300780 dv-neutron-836656-2-hyperv neutron-server[104160]: DEBUG neutron.api.rpc.handlers.resources_rpc [None req-ccface38-3e75-4653-b0c0-476e3edb161c tempest-PortsAdminExtendedAttrsIpV6TestJSON-1537800324 tempest-PortsAdminExtendedAttrsIpV6TestJSON-1537800324-project-admin] Pushing event updated for resources: {'Port': ['ID=ca935bf0-d62c-4fbe-8528-f9ea14591429,revision_number=1']} {{(pid=104160) push /opt/stack/neutron/neutron/api/rpc/handlers/resources_rpc.py:237}}
Apr 05 16:35:18.305111 dv-neutron-836656-2-hyperv neutron-server[104160]: DEBUG neutron.pecan_wsgi.hooks.quota_enforcement [None req-52c976dd-2952-49a0-a8b6-c92489f62e2c tempest-NetworksIpV6Test-1823482806 tempest-NetworksIpV6Test-1823482806-project] Made reservation on behalf of 835bd8df35504be6a1cbb99d58971644 for: {'subnet': 1} {{(pid=104160) before /opt/stack/neutron/neutron/pecan_wsgi/hooks/quota_enforcement.py:53}}
Apr 05 16:35:18.306701 dv-neutron-836656-2-hyperv neutron-server[104161]: INFO neutron.wsgi [req-3eccb794-b4aa-439f-9064-7cdb2d7164ef req-4e3971b5-d67c-44a0-a966-abfc21aad607 tempest-ServersTestJSON-2139701217 tempest-ServersTestJSON-2139701217-project] 10.222.0.41 "POST /v2.0/ports HTTP/1.1" status: 201 len: 934 time: 4.4793580
Apr 05 16:35:18.307386 dv-neutron-836656-2-hyperv neutron-server[104161]: DEBUG neutron_lib.callbacks.manager [None req-eeecea95-b31a-4b88-aa34-b3027f57b599 admin admin] Publish callbacks ['neutron.plugins.ml2.ovo_rpc._ObjectChangeHandler.handle_event-513248'] for security_group (236c475b-3b6a-4ae9-9039-5ef006fe769b), after_delete {{(pid=104161) _notify_loop /usr/local/lib/python3.8/dist-packages/neutron_lib/callbacks/manager.py:176}}
Apr 05 16:35:18.309081 dv-neutron-836656-2-hyperv neutron-server[104160]: DEBUG neutron_lib.callbacks.manager [None req-52c976dd-2952-49a0-a8b6-c92489f62e2c tempest-NetworksIpV6Test-1823482806 tempest-NetworksIpV6Test-1823482806-project] Publish callbacks [] for subnet (None), before_create {{(pid=104160) _notify_loop /usr/local/lib/python3.8/dist-packages/neutron_lib/callbacks/manager.py:176}}
Apr 05 16:35:18.310912 dv-neutron-836656-2-hyperv neutron-server[104161]: DEBUG neutron_lib.callbacks.manager [None req-eeecea95-b31a-4b88-aa34-b3027f57b599 admin admin] Publish callbacks [] for security_group (None), before_response {{(pid=104161) _notify_loop /usr/local/lib/python3.8/dist-packages/neutron_lib/callbacks/manager.py:176}}
Apr 05 16:35:18.311557 dv-neutron-836656-2-hyperv neutron-server[104161]: INFO neutron.wsgi [None req-eeecea95-b31a-4b88-aa34-b3027f57b599 admin admin] 10.222.0.15 "DELETE /v2.0/security-groups/236c475b-3b6a-4ae9-9039-5ef006fe769b HTTP/1.1" status: 204 len: 168 time: 0.9834177
Apr 05 16:35:18.327021 dv-neutron-836656-2-hyperv neutron-server[104160]: DEBUG neutron.scheduler.base_scheduler [None req-ccface38-3e75-4653-b0c0-476e3edb161c tempest-PortsAdminExtendedAttrsIpV6TestJSON-1537800324 tempest-PortsAdminExtendedAttrsIpV6TestJSON-1537800324-project-admin] Resources bound (agent type, host, resource id): {{(pid=104160) schedule /opt/stack/neutron/neutron/scheduler/base_scheduler.py:57}}
Apr 05 16:35:18.332134 dv-neutron-836656-2-hyperv neutron-server[104160]: DEBUG neutron.db.l3_dvrscheduler_db [None req-ccface38-3e75-4653-b0c0-476e3edb161c tempest-PortsAdminExtendedAttrsIpV6TestJSON-1537800324 tempest-PortsAdminExtendedAttrsIpV6TestJSON-1537800324-project-admin] Received port after_create {{(pid=104160) _notify_l3_agent_new_port /opt/stack/neutron/neutron/db/l3_dvrscheduler_db.py:536}}
Apr 05 16:35:18.334283 dv-neutron-836656-2-hyperv neutron-server[104160]: DEBUG neutron.pecan_wsgi.hooks.policy_enforcement [None req-ccface38-3e75-4653-b0c0-476e3edb161c tempest-PortsAdminExtendedAttrsIpV6TestJSON-1537800324 tempest-PortsAdminExtendedAttrsIpV6TestJSON-1537800324-project-admin] Attributes excluded by policy engine: ['standard_attr_id', 'network'] {{(pid=104160) _exclude_attributes_by_policy /opt/stack/neutron/neutron/pecan_wsgi/hooks/policy_enforcement.py:255}}
Apr 05 16:35:18.335024 dv-neutron-836656-2-hyperv neutron-server[104160]: DEBUG neutron_lib.callbacks.manager [None req-ccface38-3e75-4653-b0c0-476e3edb161c tempest-PortsAdminExtendedAttrsIpV6TestJSON-1537800324 tempest-PortsAdminExtendedAttrsIpV6TestJSON-1537800324-project-admin] Publish callbacks ['neutron.notifiers.nova.Notifier._send_nova_notification-203656'] for port (None), before_response {{(pid=104160) _notify_loop /usr/local/lib/python3.8/dist-packages/neutron_lib/callbacks/manager.py:176}}
Apr 05 16:35:18.362157 dv-neutron-836656-2-hyperv neutron-server[104161]: DEBUG neutron.api.v2.base [req-3eccb794-b4aa-439f-9064-7cdb2d7164ef req-29590317-ee3b-43bb-9ab8-9d9e6430ed33 service neutron] Request body: {'port': {'device_id': '7a11f3ee-d72e-46e0-a5d2-5155c81a8b84', 'device_owner': 'compute:nova', 'binding:host_id': 'hv-neutron-8366'}} {{(pid=104161) prepare_request_body /opt/stack/neutron/neutron/api/v2/base.py:729}}
Apr 05 16:35:18.364841 dv-neutron-836656-2-hyperv neutron-server[104161]: DEBUG neutron.api.rpc.handlers.resources_rpc [None req-eeecea95-b31a-4b88-aa34-b3027f57b599 admin admin] Pushing event deleted for resources: {'SecurityGroup': ['ID=236c475b-3b6a-4ae9-9039-5ef006fe769b,revision_number=None']} {{(pid=104161) push /opt/stack/neutron/neutron/api/rpc/handlers/resources_rpc.py:237}}
Apr 05 16:35:18.398400 dv-neutron-836656-2-hyperv neutron-server[104162]: DEBUG neutron.plugins.ml2.plugin [None req-d5a9455f-f208-444f-930f-e7e8d302ce2e None None] Port e6d3fbad-1a4d-4d28-ac2a-76f13b2a74b9 cannot update to ACTIVE because it is not bound. {{(pid=104162) _port_provisioned /opt/stack/neutron/neutron/plugins/ml2/plugin.py:343}}
Apr 05 16:35:18.411722 dv-neutron-836656-2-hyperv neutron-server[104161]: INFO neutron.wsgi [req-bd2d834d-5bcf-4e5a-875e-4e1277d1173d req-e62f8c52-77e2-449b-ae03-1f99a46aaf06 tempest-ServerActionsTestJSON-1953129872 tempest-ServerActionsTestJSON-1953129872-project] 10.222.0.15 "GET /v2.0/security-groups?id=541be63b-cf38-4ae0-8e5b-051932cb1dba&fields=id&fields=name HTTP/1.1" status: 200 len: 313 time: 0.3697107
Apr 05 16:35:18.490740 dv-neutron-836656-2-hyperv neutron-server[104160]: DEBUG neutron.api.v2.base [req-1e884e1b-29f4-4250-8871-6997aa59914c req-c4ea4de3-1ed8-425e-90cf-7afaee28982c service neutron] Request body: {'port': {'device_id': 'c7a81042-25fd-4c3a-8aa0-0ab8cdc801bc', 'device_owner': 'compute:nova', 'binding:host_id': 'hv-neutron-8366'}} {{(pid=104160) prepare_request_body /opt/stack/neutron/neutron/api/v2/base.py:729}}
Apr 05 16:35:18.537382 dv-neutron-836656-2-hyperv neutron-server[104161]: DEBUG neutron_lib.callbacks.manager [req-ebed0f0a-e4d4-4981-b009-614fe8f2e785 req-1b4a3e8f-21e5-4eed-a98a-bcc1f6a545cc service neutron] Publish callbacks ['neutron.plugins.ml2.plugin.SecurityGroupDbMixin._ensure_default_security_group_handler-1302074'] for port (0881c9b8-2270-4982-8185-644f10489d95), before_update {{(pid=104161) _notify_loop /usr/local/lib/python3.8/dist-packages/neutron_lib/callbacks/manager.py:176}}
Apr 05 16:35:18.549181 dv-neutron-836656-2-hyperv neutron-server[104160]: DEBUG neutron_lib.callbacks.manager [None req-b5470d67-6371-45a9-b063-2da7425cde5e tempest-NetworksTestDHCPv6-1533014693 tempest-NetworksTestDHCPv6-1533014693-project] Publish callbacks ['neutron.plugins.ml2.plugin.SecurityGroupServerNotifierRpcMixin._notify_sg_on_port_change-1302265', 'neutron.plugins.ml2.ovo_rpc._ObjectChangeHandler.handle_event-124414', 'neutron.api.rpc.agentnotifiers.dhcp_rpc_agent_api.DhcpAgentNotifyAPI._native_event_send_dhcp_notification-566686', 'neutron.db.l3_dvrscheduler_db._notify_l3_agent_new_port-8750054208260'] for port (84fe2a35-9106-44ac-8285-705f6a6b240b), after_create {{(pid=104160) _notify_loop /usr/local/lib/python3.8/dist-packages/neutron_lib/callbacks/manager.py:176}}
Apr 05 16:35:18.553601 dv-neutron-836656-2-hyperv neutron-server[104162]: DEBUG neutron.db.provisioning_blocks [None req-73f8d2aa-3c0b-4fa9-b767-6ade9090e4fa None None] Provisioning complete for port ae257191-7f88-4d96-8747-efc5ff0bf109 triggered by entity DHCP. {{(pid=104162) provisioning_complete /opt/stack/neutron/neutron/db/provisioning_blocks.py:140}}
Apr 05 16:35:18.555570 dv-neutron-836656-2-hyperv neutron-server[104162]: DEBUG neutron_lib.callbacks.manager [None req-73f8d2aa-3c0b-4fa9-b767-6ade9090e4fa None None] Publish callbacks ['neutron.plugins.ml2.plugin.Ml2Plugin._port_provisioned-1192315'] for port (ae257191-7f88-4d96-8747-efc5ff0bf109), provisioning_complete {{(pid=104162) _notify_loop /usr/local/lib/python3.8/dist-packages/neutron_lib/callbacks/manager.py:176}}
Apr 05 16:35:18.718244 dv-neutron-836656-2-hyperv neutron-server[104162]: DEBUG neutron.plugins.ml2.plugin [None req-73f8d2aa-3c0b-4fa9-b767-6ade9090e4fa None None] Port ae257191-7f88-4d96-8747-efc5ff0bf109 cannot update to ACTIVE because it is not bound. {{(pid=104162) _port_provisioned /opt/stack/neutron/neutron/plugins/ml2/plugin.py:343}}
Apr 05 16:35:18.797280 dv-neutron-836656-2-hyperv neutron-server[104160]: INFO neutron.wsgi [None req-ccface38-3e75-4653-b0c0-476e3edb161c tempest-PortsAdminExtendedAttrsIpV6TestJSON-1537800324 tempest-PortsAdminExtendedAttrsIpV6TestJSON-1537800324-project-admin] 10.222.0.15 "POST /v2.0/ports HTTP/1.1" status: 201 len: 964 time: 2.2051339
Apr 05 16:35:18.832947 dv-neutron-836656-2-hyperv neutron-server[104160]: DEBUG neutron.wsgi [-] (104160) accepted ('10.222.0.15', 54590) {{(pid=104160) server /usr/local/lib/python3.8/dist-packages/eventlet/wsgi.py:1004}}
Apr 05 16:35:19.002039 dv-neutron-836656-2-hyperv neutron-server[104160]: DEBUG neutron.scheduler.dhcp_agent_scheduler [None req-b5470d67-6371-45a9-b063-2da7425cde5e tempest-NetworksTestDHCPv6-1533014693 tempest-NetworksTestDHCPv6-1533014693-project] Network 0aebc51c-1f83-44a4-b836-6bf5c8b852c0 is already hosted by enough agents. {{(pid=104160) _get_dhcp_agents_hosting_network /opt/stack/neutron/neutron/scheduler/dhcp_agent_scheduler.py:275}}
Apr 05 16:35:19.193460 dv-neutron-836656-2-hyperv neutron-server[104162]: DEBUG neutron.api.rpc.handlers.dhcp_rpc [None req-86a088fb-f208-4135-8e2b-54c366e50c2c None None] Network 395ec38b-af9a-4508-ac40-5f3472f28a90 requested from dv-neutron-836656-2-hyperv {{(pid=104162) get_network_info /opt/stack/neutron/neutron/api/rpc/handlers/dhcp_rpc.py:191}}
Apr 05 16:35:19.300780 dv-neutron-836656-2-hyperv neutron-server[104161]: DEBUG neutron_lib.callbacks.manager [req-3eccb794-b4aa-439f-9064-7cdb2d7164ef req-29590317-ee3b-43bb-9ab8-9d9e6430ed33 service neutron] Publish callbacks ['neutron.plugins.ml2.plugin.SecurityGroupDbMixin._ensure_default_security_group_handler-1302074'] for port (e6d3fbad-1a4d-4d28-ac2a-76f13b2a74b9), before_update {{(pid=104161) _notify_loop /usr/local/lib/python3.8/dist-packages/neutron_lib/callbacks/manager.py:176}}
Apr 05 16:35:19.351497 dv-neutron-836656-2-hyperv neutron-server[104160]: DEBUG neutron.scheduler.base_scheduler [None req-b5470d67-6371-45a9-b063-2da7425cde5e tempest-NetworksTestDHCPv6-1533014693 tempest-NetworksTestDHCPv6-1533014693-project] Resources bound (agent type, host, resource id): {{(pid=104160) schedule /opt/stack/neutron/neutron/scheduler/base_scheduler.py:57}}
Apr 05 16:35:19.365277 dv-neutron-836656-2-hyperv neutron-server[104160]: INFO neutron.wsgi [req-a0d40d11-cdbe-495a-a243-3a144f654c90 req-a20751d3-a50b-403e-8055-95f14470694d tempest-ServersTestManualDisk-1994042848 tempest-ServersTestManualDisk-1994042848-project] 10.222.0.15 "GET /v2.0/security-groups?id=2324086f-4254-4761-a985-ad1a11d001c6&fields=id&fields=name HTTP/1.1" status: 200 len: 312 time: 1.0518367
Apr 05 16:35:19.370902 dv-neutron-836656-2-hyperv neutron-server[104160]: DEBUG neutron.db.l3_dvrscheduler_db [None req-b5470d67-6371-45a9-b063-2da7425cde5e tempest-NetworksTestDHCPv6-1533014693 tempest-NetworksTestDHCPv6-1533014693-project] Received port after_create {{(pid=104160) _notify_l3_agent_new_port /opt/stack/neutron/neutron/db/l3_dvrscheduler_db.py:536}}
Apr 05 16:35:19.376099 dv-neutron-836656-2-hyperv neutron-server[104160]: DEBUG neutron.pecan_wsgi.hooks.policy_enforcement [None req-b5470d67-6371-45a9-b063-2da7425cde5e tempest-NetworksTestDHCPv6-1533014693 tempest-NetworksTestDHCPv6-1533014693-project] Attributes excluded by policy engine: ['standard_attr_id', 'binding:profile', 'binding:host_id', 'binding:vif_type', 'binding:vif_details', 'network'] {{(pid=104160) _exclude_attributes_by_policy /opt/stack/neutron/neutron/pecan_wsgi/hooks/policy_enforcement.py:255}}
Apr 05 16:35:19.376730 dv-neutron-836656-2-hyperv neutron-server[104160]: DEBUG neutron_lib.callbacks.manager [None req-b5470d67-6371-45a9-b063-2da7425cde5e tempest-NetworksTestDHCPv6-1533014693 tempest-NetworksTestDHCPv6-1533014693-project] Publish callbacks ['neutron.notifiers.nova.Notifier._send_nova_notification-203656'] for port (None), before_response {{(pid=104160) _notify_loop /usr/local/lib/python3.8/dist-packages/neutron_lib/callbacks/manager.py:176}}
Apr 05 16:35:19.392920 dv-neutron-836656-2-hyperv neutron-server[104162]: DEBUG neutron.plugins.ml2.rpc [None req-81bdc98c-13c5-44d2-b8a8-e359f7fa242f None None] Device b2ddf1d5-341d-47a3-b2a1-9212ef66c60d up at agent ovs-agent-dv-neutron-836656-2-hyperv {{(pid=104162) update_device_up /opt/stack/neutron/neutron/plugins/ml2/rpc.py:296}}
Apr 05 16:35:19.397528 dv-neutron-836656-2-hyperv neutron-server[104160]: DEBUG neutron.api.rpc.handlers.resources_rpc [None req-b5470d67-6371-45a9-b063-2da7425cde5e tempest-NetworksTestDHCPv6-1533014693 tempest-NetworksTestDHCPv6-1533014693-project] Pushing event updated for resources: {'Port': ['ID=84fe2a35-9106-44ac-8285-705f6a6b240b,revision_number=1']} {{(pid=104160) push /opt/stack/neutron/neutron/api/rpc/handlers/resources_rpc.py:237}}
Apr 05 16:35:19.459679 dv-neutron-836656-2-hyperv neutron-server[104160]: DEBUG neutron_lib.callbacks.manager [req-1e884e1b-29f4-4250-8871-6997aa59914c req-c4ea4de3-1ed8-425e-90cf-7afaee28982c service neutron] Publish callbacks ['neutron.plugins.ml2.plugin.SecurityGroupDbMixin._ensure_default_security_group_handler-1302074'] for port (ae257191-7f88-4d96-8747-efc5ff0bf109), before_update {{(pid=104160) _notify_loop /usr/local/lib/python3.8/dist-packages/neutron_lib/callbacks/manager.py:176}}
Apr 05 16:35:19.528267 dv-neutron-836656-2-hyperv neutron-server[104160]: DEBUG neutron.pecan_wsgi.hooks.policy_enforcement [None req-4ae4335f-e649-4f81-bb72-be4ca6ab07d4 tempest-PortsAdminExtendedAttrsIpV6TestJSON-1537800324 tempest-PortsAdminExtendedAttrsIpV6TestJSON-1537800324-project-admin] Attributes excluded by policy engine: ['standard_attr_id'] {{(pid=104160) _exclude_attributes_by_policy /opt/stack/neutron/neutron/pecan_wsgi/hooks/policy_enforcement.py:255}}
Apr 05 16:35:19.533783 dv-neutron-836656-2-hyperv neutron-server[104160]: INFO neutron.wsgi [None req-4ae4335f-e649-4f81-bb72-be4ca6ab07d4 tempest-PortsAdminExtendedAttrsIpV6TestJSON-1537800324 tempest-PortsAdminExtendedAttrsIpV6TestJSON-1537800324-project-admin] 10.222.0.15 "GET /v2.0/ports/ca935bf0-d62c-4fbe-8528-f9ea14591429 HTTP/1.1" status: 200 len: 959 time: 0.6927290
Apr 05 16:35:19.618715 dv-neutron-836656-2-hyperv neutron-server[104162]: DEBUG neutron.db.provisioning_blocks [None req-29b1efc8-ba0d-4075-94fa-fd7f77eeec9f None None] Provisioning complete for port b2ddf1d5-341d-47a3-b2a1-9212ef66c60d triggered by entity DHCP. {{(pid=104162) provisioning_complete /opt/stack/neutron/neutron/db/provisioning_blocks.py:140}}
Apr 05 16:35:19.619125 dv-neutron-836656-2-hyperv neutron-server[104162]: DEBUG neutron_lib.callbacks.manager [None req-29b1efc8-ba0d-4075-94fa-fd7f77eeec9f None None] Publish callbacks ['neutron.plugins.ml2.plugin.Ml2Plugin._port_provisioned-1192315'] for port (b2ddf1d5-341d-47a3-b2a1-9212ef66c60d), provisioning_complete {{(pid=104162) _notify_loop /usr/local/lib/python3.8/dist-packages/neutron_lib/callbacks/manager.py:176}}
Apr 05 16:35:19.633967 dv-neutron-836656-2-hyperv neutron-server[104160]: DEBUG neutron.wsgi [-] (104160) accepted ('10.222.0.15', 54604) {{(pid=104160) server /usr/local/lib/python3.8/dist-packages/eventlet/wsgi.py:1004}}
Apr 05 16:35:19.660055 dv-neutron-836656-2-hyperv neutron-server[104160]: INFO neutron.wsgi [None req-b5470d67-6371-45a9-b063-2da7425cde5e tempest-NetworksTestDHCPv6-1533014693 tempest-NetworksTestDHCPv6-1533014693-project] 10.222.0.15 "POST /v2.0/ports HTTP/1.1" status: 201 len: 931 time: 5.9760725
Apr 05 16:35:19.685555 dv-neutron-836656-2-hyperv neutron-server[104160]: DEBUG neutron.wsgi [-] (104160) accepted ('10.222.0.15', 54608) {{(pid=104160) server /usr/local/lib/python3.8/dist-packages/eventlet/wsgi.py:1004}}
Apr 05 16:35:19.939410 dv-neutron-836656-2-hyperv neutron-server[104161]: DEBUG neutron.notifiers.nova [req-3eccb794-b4aa-439f-9064-7cdb2d7164ef req-29590317-ee3b-43bb-9ab8-9d9e6430ed33 service neutron] Ignoring state change previous_port_status: DOWN current_port_status: DOWN port_id e6d3fbad-1a4d-4d28-ac2a-76f13b2a74b9 {{(pid=104161) record_port_status_changed /opt/stack/neutron/neutron/notifiers/nova.py:233}}
Apr 05 16:35:19.993675 dv-neutron-836656-2-hyperv neutron-server[104161]: DEBUG neutron.notifiers.nova [req-ebed0f0a-e4d4-4981-b009-614fe8f2e785 req-1b4a3e8f-21e5-4eed-a98a-bcc1f6a545cc service neutron] Ignoring state change previous_port_status: DOWN current_port_status: DOWN port_id 0881c9b8-2270-4982-8185-644f10489d95 {{(pid=104161) record_port_status_changed /opt/stack/neutron/neutron/notifiers/nova.py:233}}
Apr 05 16:35:20.020306 dv-neutron-836656-2-hyperv neutron-server[104161]: DEBUG neutron_lib.callbacks.manager [req-ebed0f0a-e4d4-4981-b009-614fe8f2e785 req-1b4a3e8f-21e5-4eed-a98a-bcc1f6a545cc service neutron] Publish callbacks [] for port (0881c9b8-2270-4982-8185-644f10489d95), precommit_update {{(pid=104161) _notify_loop /usr/local/lib/python3.8/dist-packages/neutron_lib/callbacks/manager.py:176}}
Apr 05 16:35:20.044439 dv-neutron-836656-2-hyperv neutron-server[104162]: DEBUG neutron.db.provisioning_blocks [None req-81bdc98c-13c5-44d2-b8a8-e359f7fa242f None None] Provisioning complete for port b2ddf1d5-341d-47a3-b2a1-9212ef66c60d triggered by entity L2. {{(pid=104162) provisioning_complete /opt/stack/neutron/neutron/db/provisioning_blocks.py:140}}
Apr 05 16:35:20.045036 dv-neutron-836656-2-hyperv neutron-server[104162]: DEBUG neutron_lib.callbacks.manager [None req-81bdc98c-13c5-44d2-b8a8-e359f7fa242f None None] Publish callbacks ['neutron.plugins.ml2.plugin.Ml2Plugin._port_provisioned-1192315'] for port (b2ddf1d5-341d-47a3-b2a1-9212ef66c60d), provisioning_complete {{(pid=104162) _notify_loop /usr/local/lib/python3.8/dist-packages/neutron_lib/callbacks/manager.py:176}}
Apr 05 16:35:20.067587 dv-neutron-836656-2-hyperv neutron-server[104161]: DEBUG neutron.db.provisioning_blocks [req-ebed0f0a-e4d4-4981-b009-614fe8f2e785 req-1b4a3e8f-21e5-4eed-a98a-bcc1f6a545cc service neutron] Transition to ACTIVE for port object 0881c9b8-2270-4982-8185-644f10489d95 will not be triggered until provisioned by entity L2. {{(pid=104161) add_provisioning_component /opt/stack/neutron/neutron/db/provisioning_blocks.py:74}}
Apr 05 16:35:20.080020 dv-neutron-836656-2-hyperv neutron-server[104161]: DEBUG neutron_lib.callbacks.manager [req-ebed0f0a-e4d4-4981-b009-614fe8f2e785 req-1b4a3e8f-21e5-4eed-a98a-bcc1f6a545cc service neutron] Publish callbacks ['neutron.plugins.ml2.plugin.SecurityGroupServerNotifierRpcMixin._notify_sg_on_port_change-1302265', 'neutron.plugins.ml2.ovo_rpc._ObjectChangeHandler.handle_event-124414', 'neutron.api.rpc.agentnotifiers.dhcp_rpc_agent_api.DhcpAgentNotifyAPI._native_event_send_dhcp_notification-566686', 'neutron.db.l3_db.L3RpcNotifierMixin._notify_gateway_port_ip_changed-8750054718742', 'neutron.db.l3_dvrscheduler_db._notify_l3_agent_port_update-8750054208278', 'neutron.db.l3_hascheduler_db._notify_l3_agent_ha_port_update-8750054208296', 'neutron.services.segments.plugin.NovaSegmentNotifier._notify_port_updated-10287770'] for port (0881c9b8-2270-4982-8185-644f10489d95), after_update {{(pid=104161) _notify_loop /usr/local/lib/python3.8/dist-packages/neutron_lib/callbacks/manager.py:176}}
Apr 05 16:35:20.093854 dv-neutron-836656-2-hyperv neutron-server[104161]: DEBUG neutron_lib.callbacks.manager [req-3eccb794-b4aa-439f-9064-7cdb2d7164ef req-29590317-ee3b-43bb-9ab8-9d9e6430ed33 service neutron] Publish callbacks [] for port (e6d3fbad-1a4d-4d28-ac2a-76f13b2a74b9), precommit_update {{(pid=104161) _notify_loop /usr/local/lib/python3.8/dist-packages/neutron_lib/callbacks/manager.py:176}}
Apr 05 16:35:20.155807 dv-neutron-836656-2-hyperv neutron-server[104161]: DEBUG neutron.pecan_wsgi.hooks.policy_enforcement [req-17acd7fc-c546-41a3-a524-8fd9c169e00e req-6512975b-bbf6-467a-9d8b-14d33a03a95f tempest-ServersTestJSON-2139701217 tempest-ServersTestJSON-2139701217-project] Attributes excluded by policy engine: ['standard_attr_id', 'binding:profile', 'binding:host_id', 'binding:vif_type', 'binding:vif_details'] {{(pid=104161) _exclude_attributes_by_policy /opt/stack/neutron/neutron/pecan_wsgi/hooks/policy_enforcement.py:255}}
Apr 05 16:35:20.165655 dv-neutron-836656-2-hyperv neutron-server[104161]: INFO neutron.wsgi [req-17acd7fc-c546-41a3-a524-8fd9c169e00e req-6512975b-bbf6-467a-9d8b-14d33a03a95f tempest-ServersTestJSON-2139701217 tempest-ServersTestJSON-2139701217-project] 10.222.0.15 "GET /v2.0/ports?device_id=7a11f3ee-d72e-46e0-a5d2-5155c81a8b84 HTTP/1.1" status: 200 len: 932 time: 1.5392816
Apr 05 16:35:20.277206 dv-neutron-836656-2-hyperv neutron-server[104161]: INFO neutron.wsgi [req-17acd7fc-c546-41a3-a524-8fd9c169e00e req-9d0fb52f-9e1f-4935-a25c-5554a545e4f6 tempest-ServersTestJSON-2139701217 tempest-ServersTestJSON-2139701217-project] 10.222.0.15 "GET /v2.0/security-groups?id=5e12f4dd-c2d2-4636-b342-dabb8e5eeba3&fields=id&fields=name HTTP/1.1" status: 200 len: 312 time: 0.1105995
Apr 05 16:35:20.318158 dv-neutron-836656-2-hyperv neutron-server[104161]: DEBUG neutron.db.provisioning_blocks [req-3eccb794-b4aa-439f-9064-7cdb2d7164ef req-29590317-ee3b-43bb-9ab8-9d9e6430ed33 service neutron] Transition to ACTIVE for port object e6d3fbad-1a4d-4d28-ac2a-76f13b2a74b9 will not be triggered until provisioned by entity L2. {{(pid=104161) add_provisioning_component /opt/stack/neutron/neutron/db/provisioning_blocks.py:74}}
Apr 05 16:35:20.341937 dv-neutron-836656-2-hyperv neutron-server[104161]: DEBUG neutron.api.rpc.handlers.resources_rpc [None req-1b4a3e8f-21e5-4eed-a98a-bcc1f6a545cc service neutron] Pushing event updated for resources: {'Port': ['ID=0881c9b8-2270-4982-8185-644f10489d95,revision_number=2']} {{(pid=104161) push /opt/stack/neutron/neutron/api/rpc/handlers/resources_rpc.py:237}}
Apr 05 16:35:20.373823 dv-neutron-836656-2-hyperv neutron-server[104161]: DEBUG neutron_lib.callbacks.manager [req-3eccb794-b4aa-439f-9064-7cdb2d7164ef req-29590317-ee3b-43bb-9ab8-9d9e6430ed33 service neutron] Publish callbacks ['neutron.plugins.ml2.plugin.SecurityGroupServerNotifierRpcMixin._notify_sg_on_port_change-1302265', 'neutron.plugins.ml2.ovo_rpc._ObjectChangeHandler.handle_event-124414', 'neutron.api.rpc.agentnotifiers.dhcp_rpc_agent_api.DhcpAgentNotifyAPI._native_event_send_dhcp_notification-566686', 'neutron.db.l3_db.L3RpcNotifierMixin._notify_gateway_port_ip_changed-8750054718742', 'neutron.db.l3_dvrscheduler_db._notify_l3_agent_port_update-8750054208278', 'neutron.db.l3_hascheduler_db._notify_l3_agent_ha_port_update-8750054208296', 'neutron.services.segments.plugin.NovaSegmentNotifier._notify_port_updated-10287770'] for port (e6d3fbad-1a4d-4d28-ac2a-76f13b2a74b9), after_update {{(pid=104161) _notify_loop /usr/local/lib/python3.8/dist-packages/neutron_lib/callbacks/manager.py:176}}
Apr 05 16:35:20.396769 dv-neutron-836656-2-hyperv neutron-server[104160]: DEBUG neutron.scheduler.l3_agent_scheduler [None req-d553f01a-1c72-41eb-9dc2-e19d6aebff9a tempest-RoutersAdminTest-1840789018 tempest-RoutersAdminTest-1840789018-project-admin] Router 75d30562-e7c6-4f25-887d-28dd9855e40c is scheduled to L3 agent 7062bbfb-9f95-4de5-9e3c-40bcd14a55c8 with binding_index 1 {{(pid=104160) bind_router /opt/stack/neutron/neutron/scheduler/l3_agent_scheduler.py:209}}
Apr 05 16:35:20.430234 dv-neutron-836656-2-hyperv neutron-server[104162]: DEBUG neutron.plugins.ml2.plugin [None req-29b1efc8-ba0d-4075-94fa-fd7f77eeec9f None None] Current status of the port b2ddf1d5-341d-47a3-b2a1-9212ef66c60d is: DOWN; New status is: ACTIVE {{(pid=104162) _update_individual_port_db_status /opt/stack/neutron/neutron/plugins/ml2/plugin.py:2256}}
Apr 05 16:35:20.430626 dv-neutron-836656-2-hyperv neutron-server[104162]: DEBUG neutron_lib.callbacks.manager [None req-29b1efc8-ba0d-4075-94fa-fd7f77eeec9f None None] Publish callbacks ['neutron.plugins.ml2.plugin.SecurityGroupDbMixin._ensure_default_security_group_handler-1302074'] for port (b2ddf1d5-341d-47a3-b2a1-9212ef66c60d), before_update {{(pid=104162) _notify_loop /usr/local/lib/python3.8/dist-packages/neutron_lib/callbacks/manager.py:176}}
Apr 05 16:35:20.458444 dv-neutron-836656-2-hyperv neutron-server[104162]: DEBUG neutron.plugins.ml2.plugin [None req-81bdc98c-13c5-44d2-b8a8-e359f7fa242f None None] Current status of the port b2ddf1d5-341d-47a3-b2a1-9212ef66c60d is: DOWN; New status is: ACTIVE {{(pid=104162) _update_individual_port_db_status /opt/stack/neutron/neutron/plugins/ml2/plugin.py:2256}}
Apr 05 16:35:20.458857 dv-neutron-836656-2-hyperv neutron-server[104162]: DEBUG neutron_lib.callbacks.manager [None req-81bdc98c-13c5-44d2-b8a8-e359f7fa242f None None] Publish callbacks ['neutron.plugins.ml2.plugin.SecurityGroupDbMixin._ensure_default_security_group_handler-1302074'] for port (b2ddf1d5-341d-47a3-b2a1-9212ef66c60d), before_update {{(pid=104162) _notify_loop /usr/local/lib/python3.8/dist-packages/neutron_lib/callbacks/manager.py:176}}
Apr 05 16:35:20.572325 dv-neutron-836656-2-hyperv neutron-server[104162]: DEBUG neutron.plugins.ml2.db [None req-81bdc98c-13c5-44d2-b8a8-e359f7fa242f None None] For port b2ddf1d5-341d-47a3-b2a1-9212ef66c60d, host dv-neutron-836656-2-hyperv, got binding levels [PortBindingLevel(driver='openvswitch',host='dv-neutron-836656-2-hyperv',level=0,port_id=b2ddf1d5-341d-47a3-b2a1-9212ef66c60d,segment=NetworkSegment(6662a7eb-dd1f-47b4-884c-c8da675c343a),segment_id=6662a7eb-dd1f-47b4-884c-c8da675c343a)] {{(pid=104162) get_binding_level_objs /opt/stack/neutron/neutron/plugins/ml2/db.py:74}}
