Apr 06 15:12:32.565442 dv-neutron-836608-5-hyperv neutron-server[104148]: DEBUG neutron.db.l3_dvrscheduler_db [req-6ddcb98b-446b-471e-90ee-5a3f424e82c6 req-44ca5f59-3546-40c5-8000-6606755d7769 tempest-ServerActionsTestJSON-592523588 tempest-ServerActionsTestJSON-592523588-project] Received port after_create {{(pid=104148) _notify_l3_agent_new_port /opt/stack/neutron/neutron/db/l3_dvrscheduler_db.py:536}}
Apr 06 15:12:32.608452 dv-neutron-836608-5-hyperv neutron-server[104147]: DEBUG neutron.scheduler.base_scheduler [None req-a8cd06eb-ba25-4c96-91c7-5b60327ebea0 tempest-FloatingIPAdminTestJSON-1897224645 tempest-FloatingIPAdminTestJSON-1897224645-project-admin] Resources bound (agent type, host, resource id): {{(pid=104147) schedule /opt/stack/neutron/neutron/scheduler/base_scheduler.py:57}}
Apr 06 15:12:32.657284 dv-neutron-836608-5-hyperv neutron-server[104148]: DEBUG neutron_lib.callbacks.manager [None req-f6426d11-e8e2-477a-bebb-ac57cf243deb admin admin] Publish callbacks [] for security_group (17fdc09b-48a8-4a15-932f-75d9b9844bf1), before_delete {{(pid=104148) _notify_loop /usr/local/lib/python3.8/dist-packages/neutron_lib/callbacks/manager.py:176}}
Apr 06 15:12:32.693877 dv-neutron-836608-5-hyperv neutron-server[104147]: DEBUG neutron.wsgi [req-bee1935d-66a0-4b44-b7f1-7a924d1c8ed9 req-0a585a73-57c9-48c4-9827-b5ca12262f26 tempest-ServersTestJSON-900965695 tempest-ServersTestJSON-900965695-project] http://10.222.0.13:9696/v2.0/extensions returned with HTTP 200 {{(pid=104147) __call__ /opt/stack/neutron/neutron/wsgi.py:730}}
Apr 06 15:12:32.696841 dv-neutron-836608-5-hyperv neutron-server[104147]: INFO neutron.wsgi [req-bee1935d-66a0-4b44-b7f1-7a924d1c8ed9 req-0a585a73-57c9-48c4-9827-b5ca12262f26 tempest-ServersTestJSON-900965695 tempest-ServersTestJSON-900965695-project] 10.222.0.15 "GET /v2.0/extensions HTTP/1.1" status: 200 len: 14082 time: 0.1887531
Apr 06 15:12:32.833101 dv-neutron-836608-5-hyperv neutron-server[104147]: DEBUG neutron.api.rpc.handlers.resources_rpc [None req-88067011-0ea7-4c46-a051-d4f44512a233 tempest-AllowedAddressPairIpV6TestJSON-1793911900 tempest-AllowedAddressPairIpV6TestJSON-1793911900-project] Pushing event updated for resources: {'Port': ['ID=3b467854-dea8-4110-ab30-0d2fbddb2210,revision_number=1']} {{(pid=104147) push /opt/stack/neutron/neutron/api/rpc/handlers/resources_rpc.py:237}}
Apr 06 15:12:32.868530 dv-neutron-836608-5-hyperv neutron-server[104147]: DEBUG neutron.db.l3_dvrscheduler_db [None req-a8cd06eb-ba25-4c96-91c7-5b60327ebea0 tempest-FloatingIPAdminTestJSON-1897224645 tempest-FloatingIPAdminTestJSON-1897224645-project-admin] Received port after_create {{(pid=104147) _notify_l3_agent_new_port /opt/stack/neutron/neutron/db/l3_dvrscheduler_db.py:536}}
Apr 06 15:12:32.929164 dv-neutron-836608-5-hyperv neutron-server[104149]: DEBUG neutron.db.db_base_plugin_common [None req-932a7234-7f5a-433d-8897-35ae485071a4 None None] Allocated IP 172.20.0.3 (a752d31e-2068-4c33-88ea-2a822765f22d/ae553595-5b46-4c80-9bd6-e37a0924dd37/855bd02a-d5bf-4427-b46d-a1dbf6b24077) {{(pid=104149) _store_ip_allocation /opt/stack/neutron/neutron/db/db_base_plugin_common.py:131}}
Apr 06 15:12:32.947550 dv-neutron-836608-5-hyperv neutron-server[104148]: INFO neutron.wsgi [req-f53a33ff-366b-4eef-a7c2-e58b576b8597 req-6c626c6e-9448-4eb0-94a5-3e02c143ef3f tempest-ServersTestJSON-900965695 tempest-ServersTestJSON-900965695-project] 10.222.0.13 "GET /v2.0/security-groups?id=487020bf-0eb0-4bce-a545-e39556fe749b&fields=id&fields=name HTTP/1.1" status: 200 len: 312 time: 0.5476370
Apr 06 15:12:32.974149 dv-neutron-836608-5-hyperv neutron-server[104148]: DEBUG neutron.pecan_wsgi.hooks.policy_enforcement [req-6ddcb98b-446b-471e-90ee-5a3f424e82c6 req-44ca5f59-3546-40c5-8000-6606755d7769 tempest-ServerActionsTestJSON-592523588 tempest-ServerActionsTestJSON-592523588-project] Attributes excluded by policy engine: ['standard_attr_id', 'binding:profile', 'binding:host_id', 'binding:vif_type', 'binding:vif_details', 'network'] {{(pid=104148) _exclude_attributes_by_policy /opt/stack/neutron/neutron/pecan_wsgi/hooks/policy_enforcement.py:255}}
Apr 06 15:12:32.974783 dv-neutron-836608-5-hyperv neutron-server[104148]: DEBUG neutron_lib.callbacks.manager [req-6ddcb98b-446b-471e-90ee-5a3f424e82c6 req-44ca5f59-3546-40c5-8000-6606755d7769 tempest-ServerActionsTestJSON-592523588 tempest-ServerActionsTestJSON-592523588-project] Publish callbacks ['neutron.notifiers.nova.Notifier._send_nova_notification-90341'] for port (None), before_response {{(pid=104148) _notify_loop /usr/local/lib/python3.8/dist-packages/neutron_lib/callbacks/manager.py:176}}
Apr 06 15:12:32.990583 dv-neutron-836608-5-hyperv neutron-server[104148]: DEBUG neutron_lib.callbacks.manager [None req-f6426d11-e8e2-477a-bebb-ac57cf243deb admin admin] Publish callbacks [] for security_group (17fdc09b-48a8-4a15-932f-75d9b9844bf1), precommit_delete {{(pid=104148) _notify_loop /usr/local/lib/python3.8/dist-packages/neutron_lib/callbacks/manager.py:176}}
Apr 06 15:12:33.029615 dv-neutron-836608-5-hyperv neutron-server[104148]: INFO neutron.wsgi [req-6ddcb98b-446b-471e-90ee-5a3f424e82c6 req-44ca5f59-3546-40c5-8000-6606755d7769 tempest-ServerActionsTestJSON-592523588 tempest-ServerActionsTestJSON-592523588-project] 10.222.0.15 "POST /v2.0/ports HTTP/1.1" status: 201 len: 933 time: 3.2295048
Apr 06 15:12:33.104218 dv-neutron-836608-5-hyperv neutron-server[104149]: DEBUG neutron.db.provisioning_blocks [None req-9edca0e7-ec8b-455c-895a-9462e5eb750c None None] Provisioning complete for port 3b467854-dea8-4110-ab30-0d2fbddb2210 triggered by entity DHCP. {{(pid=104149) provisioning_complete /opt/stack/neutron/neutron/db/provisioning_blocks.py:140}}
Apr 06 15:12:33.104218 dv-neutron-836608-5-hyperv neutron-server[104149]: DEBUG neutron_lib.callbacks.manager [None req-9edca0e7-ec8b-455c-895a-9462e5eb750c None None] Publish callbacks ['neutron.plugins.ml2.plugin.Ml2Plugin._port_provisioned-881806'] for port (3b467854-dea8-4110-ab30-0d2fbddb2210), provisioning_complete {{(pid=104149) _notify_loop /usr/local/lib/python3.8/dist-packages/neutron_lib/callbacks/manager.py:176}}
Apr 06 15:12:33.105675 dv-neutron-836608-5-hyperv neutron-server[104149]: DEBUG neutron_lib.callbacks.manager [None req-8741c44f-9d58-4f5d-8c12-670c0a563943 None None] Publish callbacks ['neutron.services.segments.db._update_segment_host_mapping_for_agent-8769277987687', 'neutron.plugins.ml2.plugin.Ml2Plugin._retry_binding_revived_agents-881896'] for agent (1ba6083b-5884-42f0-b335-18c82ad48920), after_update {{(pid=104149) _notify_loop /usr/local/lib/python3.8/dist-packages/neutron_lib/callbacks/manager.py:176}}
Apr 06 15:12:33.111708 dv-neutron-836608-5-hyperv neutron-server[104148]: DEBUG neutron_lib.callbacks.manager [req-af3e666b-e49a-4bc1-9cbf-8793a0106032 req-ca678e80-f8a1-4b5a-abed-71f60c08d20e tempest-ServersTestManualDisk-789492234 tempest-ServersTestManualDisk-789492234-project] Publish callbacks [] for port (237b7a87-1fe7-4f47-b1fd-b67c9ee46853), precommit_create {{(pid=104148) _notify_loop /usr/local/lib/python3.8/dist-packages/neutron_lib/callbacks/manager.py:176}}
Apr 06 15:12:33.117367 dv-neutron-836608-5-hyperv neutron-server[104148]: DEBUG neutron_lib.callbacks.manager [None req-f6426d11-e8e2-477a-bebb-ac57cf243deb admin admin] Publish callbacks ['neutron.plugins.ml2.ovo_rpc._ObjectChangeHandler.handle_event-1605503'] for security_group (17fdc09b-48a8-4a15-932f-75d9b9844bf1), after_delete {{(pid=104148) _notify_loop /usr/local/lib/python3.8/dist-packages/neutron_lib/callbacks/manager.py:176}}
Apr 06 15:12:33.120705 dv-neutron-836608-5-hyperv neutron-server[104148]: DEBUG neutron_lib.callbacks.manager [None req-f6426d11-e8e2-477a-bebb-ac57cf243deb admin admin] Publish callbacks [] for security_group (None), before_response {{(pid=104148) _notify_loop /usr/local/lib/python3.8/dist-packages/neutron_lib/callbacks/manager.py:176}}
Apr 06 15:12:33.122107 dv-neutron-836608-5-hyperv neutron-server[104148]: INFO neutron.wsgi [None req-f6426d11-e8e2-477a-bebb-ac57cf243deb admin admin] 10.222.0.13 "DELETE /v2.0/security-groups/17fdc09b-48a8-4a15-932f-75d9b9844bf1 HTTP/1.1" status: 204 len: 168 time: 0.8729453
Apr 06 15:12:33.135888 dv-neutron-836608-5-hyperv neutron-server[104148]: DEBUG neutron.api.rpc.handlers.resources_rpc [None req-f6426d11-e8e2-477a-bebb-ac57cf243deb admin admin] Pushing event deleted for resources: {'SecurityGroup': ['ID=17fdc09b-48a8-4a15-932f-75d9b9844bf1,revision_number=None']} {{(pid=104148) push /opt/stack/neutron/neutron/api/rpc/handlers/resources_rpc.py:237}}
Apr 06 15:12:33.194288 dv-neutron-836608-5-hyperv neutron-server[104148]: DEBUG neutron_lib.callbacks.manager [req-af3e666b-e49a-4bc1-9cbf-8793a0106032 req-ca678e80-f8a1-4b5a-abed-71f60c08d20e tempest-ServersTestManualDisk-789492234 tempest-ServersTestManualDisk-789492234-project] Publish callbacks ['neutron.plugins.ml2.plugin.SecurityGroupServerNotifierRpcMixin._notify_sg_on_port_change-953356', 'neutron.plugins.ml2.ovo_rpc._ObjectChangeHandler.handle_event-412945', 'neutron.api.rpc.agentnotifiers.dhcp_rpc_agent_api.DhcpAgentNotifyAPI._native_event_send_dhcp_notification-1620529', 'neutron.db.l3_dvrscheduler_db._notify_l3_agent_new_port-8769277533718', 'neutron.services.segments.plugin.NovaSegmentNotifier._notify_port_created_or_deleted-8953992'] for port (237b7a87-1fe7-4f47-b1fd-b67c9ee46853), after_create {{(pid=104148) _notify_loop /usr/local/lib/python3.8/dist-packages/neutron_lib/callbacks/manager.py:176}}
Apr 06 15:12:33.249697 dv-neutron-836608-5-hyperv neutron-server[104148]: DEBUG neutron.scheduler.dhcp_agent_scheduler [req-af3e666b-e49a-4bc1-9cbf-8793a0106032 req-ca678e80-f8a1-4b5a-abed-71f60c08d20e tempest-ServersTestManualDisk-789492234 tempest-ServersTestManualDisk-789492234-project] Network 75e7b688-6f12-4d65-bc99-ed934d659cca is already hosted by enough agents. {{(pid=104148) _get_dhcp_agents_hosting_network /opt/stack/neutron/neutron/scheduler/dhcp_agent_scheduler.py:275}}
Apr 06 15:12:33.254288 dv-neutron-836608-5-hyperv neutron-server[104148]: DEBUG neutron.scheduler.base_scheduler [req-af3e666b-e49a-4bc1-9cbf-8793a0106032 req-ca678e80-f8a1-4b5a-abed-71f60c08d20e tempest-ServersTestManualDisk-789492234 tempest-ServersTestManualDisk-789492234-project] Resources bound (agent type, host, resource id): {{(pid=104148) schedule /opt/stack/neutron/neutron/scheduler/base_scheduler.py:57}}
Apr 06 15:12:33.259001 dv-neutron-836608-5-hyperv neutron-server[104148]: DEBUG neutron.db.l3_dvrscheduler_db [req-af3e666b-e49a-4bc1-9cbf-8793a0106032 req-ca678e80-f8a1-4b5a-abed-71f60c08d20e tempest-ServersTestManualDisk-789492234 tempest-ServersTestManualDisk-789492234-project] Received port after_create {{(pid=104148) _notify_l3_agent_new_port /opt/stack/neutron/neutron/db/l3_dvrscheduler_db.py:536}}
Apr 06 15:12:33.308439 dv-neutron-836608-5-hyperv neutron-server[104147]: DEBUG neutron.api.v2.base [req-6ddcb98b-446b-471e-90ee-5a3f424e82c6 req-0a36cde5-87c8-414a-a4c3-657cfb873293 service neutron] Request body: {'port': {'device_id': '629315da-ad6b-43da-a51e-86bca199b437', 'device_owner': 'compute:nova', 'binding:host_id': 'hv-neutron-8366'}} {{(pid=104147) prepare_request_body /opt/stack/neutron/neutron/api/v2/base.py:729}}
Apr 06 15:12:33.313021 dv-neutron-836608-5-hyperv neutron-server[104148]: DEBUG neutron.api.v2.base [req-bee1935d-66a0-4b44-b7f1-7a924d1c8ed9 req-ec0976b0-48a5-4062-a3c2-a77adb50caf5 service neutron] Request body: {'port': {'device_id': '368df82e-cc42-42be-92bd-87b07f95ef71', 'device_owner': 'compute:nova', 'binding:host_id': 'hv-neutron-8366'}} {{(pid=104148) prepare_request_body /opt/stack/neutron/neutron/api/v2/base.py:729}}
Apr 06 15:12:33.388169 dv-neutron-836608-5-hyperv neutron-server[104148]: DEBUG neutron.api.rpc.handlers.resources_rpc [None req-ca678e80-f8a1-4b5a-abed-71f60c08d20e tempest-ServersTestManualDisk-789492234 tempest-ServersTestManualDisk-789492234-project] Pushing event updated for resources: {'Port': ['ID=237b7a87-1fe7-4f47-b1fd-b67c9ee46853,revision_number=1']} {{(pid=104148) push /opt/stack/neutron/neutron/api/rpc/handlers/resources_rpc.py:237}}
Apr 06 15:12:33.419140 dv-neutron-836608-5-hyperv neutron-server[104148]: DEBUG neutron.pecan_wsgi.hooks.policy_enforcement [req-af3e666b-e49a-4bc1-9cbf-8793a0106032 req-ca678e80-f8a1-4b5a-abed-71f60c08d20e tempest-ServersTestManualDisk-789492234 tempest-ServersTestManualDisk-789492234-project] Attributes excluded by policy engine: ['standard_attr_id', 'binding:profile', 'binding:host_id', 'binding:vif_type', 'binding:vif_details', 'network'] {{(pid=104148) _exclude_attributes_by_policy /opt/stack/neutron/neutron/pecan_wsgi/hooks/policy_enforcement.py:255}}
Apr 06 15:12:33.419962 dv-neutron-836608-5-hyperv neutron-server[104148]: DEBUG neutron_lib.callbacks.manager [req-af3e666b-e49a-4bc1-9cbf-8793a0106032 req-ca678e80-f8a1-4b5a-abed-71f60c08d20e tempest-ServersTestManualDisk-789492234 tempest-ServersTestManualDisk-789492234-project] Publish callbacks ['neutron.notifiers.nova.Notifier._send_nova_notification-90341'] for port (None), before_response {{(pid=104148) _notify_loop /usr/local/lib/python3.8/dist-packages/neutron_lib/callbacks/manager.py:176}}
Apr 06 15:12:33.426630 dv-neutron-836608-5-hyperv neutron-server[104148]: DEBUG neutron_lib.callbacks.manager [req-bee1935d-66a0-4b44-b7f1-7a924d1c8ed9 req-ec0976b0-48a5-4062-a3c2-a77adb50caf5 service neutron] Publish callbacks ['neutron.plugins.ml2.plugin.SecurityGroupDbMixin._ensure_default_security_group_handler-953551'] for port (9016fbc3-dc44-4cb8-93bc-4a175e641171), before_update {{(pid=104148) _notify_loop /usr/local/lib/python3.8/dist-packages/neutron_lib/callbacks/manager.py:176}}
Apr 06 15:12:33.877728 dv-neutron-836608-5-hyperv neutron-server[104149]: DEBUG neutron.plugins.ml2.plugin [None req-9edca0e7-ec8b-455c-895a-9462e5eb750c None None] Port 3b467854-dea8-4110-ab30-0d2fbddb2210 cannot update to ACTIVE because it is not bound. {{(pid=104149) _port_provisioned /opt/stack/neutron/neutron/plugins/ml2/plugin.py:343}}
Apr 06 15:12:33.917922 dv-neutron-836608-5-hyperv neutron-server[104149]: DEBUG neutron_lib.callbacks.manager [None req-932a7234-7f5a-433d-8897-35ae485071a4 None None] Publish callbacks [] for port (855bd02a-d5bf-4427-b46d-a1dbf6b24077), precommit_create {{(pid=104149) _notify_loop /usr/local/lib/python3.8/dist-packages/neutron_lib/callbacks/manager.py:176}}
Apr 06 15:12:33.927269 dv-neutron-836608-5-hyperv neutron-server[104149]: DEBUG neutron.db.provisioning_blocks [None req-9edca0e7-ec8b-455c-895a-9462e5eb750c None None] Provisioning complete for port 43023823-dedf-4263-99c9-32d5d84a7893 triggered by entity DHCP. {{(pid=104149) provisioning_complete /opt/stack/neutron/neutron/db/provisioning_blocks.py:140}}
Apr 06 15:12:33.927959 dv-neutron-836608-5-hyperv neutron-server[104149]: DEBUG neutron_lib.callbacks.manager [None req-9edca0e7-ec8b-455c-895a-9462e5eb750c None None] Publish callbacks ['neutron.plugins.ml2.plugin.Ml2Plugin._port_provisioned-881806'] for port (43023823-dedf-4263-99c9-32d5d84a7893), provisioning_complete {{(pid=104149) _notify_loop /usr/local/lib/python3.8/dist-packages/neutron_lib/callbacks/manager.py:176}}
Apr 06 15:12:33.932462 dv-neutron-836608-5-hyperv neutron-server[104149]: DEBUG neutron_lib.callbacks.manager [None req-932a7234-7f5a-433d-8897-35ae485071a4 None None] Publish callbacks ['neutron.plugins.ml2.plugin.SecurityGroupServerNotifierRpcMixin._notify_sg_on_port_change-953356', 'neutron.plugins.ml2.ovo_rpc._ObjectChangeHandler.handle_event-412945', 'neutron.api.rpc.agentnotifiers.dhcp_rpc_agent_api.DhcpAgentNotifyAPI._native_event_send_dhcp_notification-1620529', 'neutron.db.l3_dvrscheduler_db._notify_l3_agent_new_port-8769277533718'] for port (855bd02a-d5bf-4427-b46d-a1dbf6b24077), after_create {{(pid=104149) _notify_loop /usr/local/lib/python3.8/dist-packages/neutron_lib/callbacks/manager.py:176}}
Apr 06 15:12:34.008815 dv-neutron-836608-5-hyperv neutron-server[104149]: DEBUG neutron.api.rpc.handlers.resources_rpc [None req-932a7234-7f5a-433d-8897-35ae485071a4 None None] Pushing event updated for resources: {'Port': ['ID=855bd02a-d5bf-4427-b46d-a1dbf6b24077,revision_number=1']} {{(pid=104149) push /opt/stack/neutron/neutron/api/rpc/handlers/resources_rpc.py:237}}
Apr 06 15:12:34.011754 dv-neutron-836608-5-hyperv neutron-server[104149]: DEBUG neutron_lib.callbacks.manager [None req-ee6a2685-3359-4185-9e08-59b8889fa51b None None] Publish callbacks ['neutron.services.segments.db._update_segment_host_mapping_for_agent-8769277987687', 'neutron.plugins.ml2.plugin.Ml2Plugin._retry_binding_revived_agents-881896'] for agent (32e5ef08-d068-4d07-a8b6-77bdfdfd3f5f), after_update {{(pid=104149) _notify_loop /usr/local/lib/python3.8/dist-packages/neutron_lib/callbacks/manager.py:176}}
Apr 06 15:12:34.029798 dv-neutron-836608-5-hyperv neutron-server[104149]: DEBUG neutron.scheduler.dhcp_agent_scheduler [None req-932a7234-7f5a-433d-8897-35ae485071a4 None None] Network a752d31e-2068-4c33-88ea-2a822765f22d is already hosted by enough agents. {{(pid=104149) _get_dhcp_agents_hosting_network /opt/stack/neutron/neutron/scheduler/dhcp_agent_scheduler.py:275}}
Apr 06 15:12:34.033840 dv-neutron-836608-5-hyperv neutron-server[104149]: DEBUG neutron.scheduler.base_scheduler [None req-932a7234-7f5a-433d-8897-35ae485071a4 None None] Resources bound (agent type, host, resource id): {{(pid=104149) schedule /opt/stack/neutron/neutron/scheduler/base_scheduler.py:57}}
Apr 06 15:12:34.043456 dv-neutron-836608-5-hyperv neutron-server[104149]: DEBUG neutron.db.l3_dvrscheduler_db [None req-932a7234-7f5a-433d-8897-35ae485071a4 None None] Received port after_create {{(pid=104149) _notify_l3_agent_new_port /opt/stack/neutron/neutron/db/l3_dvrscheduler_db.py:536}}
Apr 06 15:12:34.048525 dv-neutron-836608-5-hyperv neutron-server[104149]: DEBUG neutron.plugins.ml2.plugin [None req-9edca0e7-ec8b-455c-895a-9462e5eb750c None None] Port 43023823-dedf-4263-99c9-32d5d84a7893 cannot update to ACTIVE because it is not bound. {{(pid=104149) _port_provisioned /opt/stack/neutron/neutron/plugins/ml2/plugin.py:343}}
Apr 06 15:12:34.133726 dv-neutron-836608-5-hyperv neutron-server[104149]: DEBUG neutron.plugins.ml2.managers [None req-932a7234-7f5a-433d-8897-35ae485071a4 None None] Attempting to bind port 855bd02a-d5bf-4427-b46d-a1dbf6b24077 on host dv-neutron-836608-5-hyperv for vnic_type normal with profile {{(pid=104149) bind_port /opt/stack/neutron/neutron/plugins/ml2/managers.py:795}}
Apr 06 15:12:34.134133 dv-neutron-836608-5-hyperv neutron-server[104149]: DEBUG neutron.plugins.ml2.managers [None req-932a7234-7f5a-433d-8897-35ae485071a4 None None] Attempting to bind port 855bd02a-d5bf-4427-b46d-a1dbf6b24077 by drivers openvswitch,hyperv on host dv-neutron-836608-5-hyperv at level 0 using segments [{'id': '482a61de-3dcb-46df-a3c3-eab137dbbf8b', 'network_type': 'vlan', 'physical_network': 'physnet1', 'segmentation_id': 94, 'network_id': 'a752d31e-2068-4c33-88ea-2a822765f22d'}] {{(pid=104149) _bind_port_level /opt/stack/neutron/neutron/plugins/ml2/managers.py:820}}
Apr 06 15:12:34.134572 dv-neutron-836608-5-hyperv neutron-server[104149]: DEBUG neutron.plugins.ml2.drivers.mech_agent [None req-932a7234-7f5a-433d-8897-35ae485071a4 None None] Attempting to bind port 855bd02a-d5bf-4427-b46d-a1dbf6b24077 on network a752d31e-2068-4c33-88ea-2a822765f22d {{(pid=104149) bind_port /opt/stack/neutron/neutron/plugins/ml2/drivers/mech_agent.py:91}}
Apr 06 15:12:34.141496 dv-neutron-836608-5-hyperv neutron-server[104149]: DEBUG neutron.plugins.ml2.drivers.mech_agent [None req-932a7234-7f5a-433d-8897-35ae485071a4 None None] Checking agent: {'id': '6a290d16-40db-410d-bfd6-47927ffdec6b', 'agent_type': 'Open vSwitch agent', 'binary': 'neutron-openvswitch-agent', 'topic': 'N/A', 'host': 'dv-neutron-836608-5-hyperv', 'admin_state_up': True, 'created_at': datetime.datetime(2022, 4, 6, 15, 4, 7), 'started_at': datetime.datetime(2022, 4, 6, 15, 4, 37), 'heartbeat_timestamp': datetime.datetime(2022, 4, 6, 15, 12, 7), 'description': None, 'resources_synced': None, 'availability_zone': None, 'alive': True, 'configurations': {'arp_responder_enabled': False, 'baremetal_smartnic': False, 'bridge_mappings': {'physnet1': 'br-data'}, 'datapath_type': 'system', 'devices': 0, 'enable_distributed_routing': False, 'extensions': [], 'in_distributed_mode': False, 'integration_bridge': 'br-int', 'l2_population': False, 'log_agent_heartbeats': False, 'ovs_capabilities': {'datapath_types': ['netdev', 'system'], 'iface_types': ['erspan', 'geneve', 'gre', 'internal', 'ip6erspan', 'ip6gre', 'lisp', 'patch', 'stt', 'system', 'tap', 'vxlan']}, 'ovs_hybrid_plug': False, 'resource_provider_bandwidths': {}, 'resource_provider_hypervisors': {'br-data': 'dv-neutron-836608-5-hyperv'}, 'resource_provider_inventory_defaults': {'allocation_ratio': 1.0, 'min_unit': 1, 'step_size': 1, 'reserved': 0}, 'resource_provider_packet_processing_inventory_defaults': {'allocation_ratio': 1.0, 'min_unit': 1, 'step_size': 1, 'reserved': 0}, 'resource_provider_packet_processing_with_direction': {}, 'resource_provider_packet_processing_without_direction': {}, 'tunnel_types': [], 'tunneling_ip': None, 'vhostuser_socket_dir': '/var/run/openvswitch'}, 'resource_versions': {'AddressGroup': '1.2', 'Agent': '1.1', 'ConntrackHelper': '1.0', 'LocalIPAssociation': '1.0', 'Log': '1.0', 'NDPProxy': '1.0', 'Network': '1.1', 'Port': '1.7', 'PortForwarding': '1.3', 'QosPolicy': '1.10', 'SecurityGroup': '1.5', 'SecurityGroupRule': '1.2', 'SubPort': '1.0', 'Subnet': '1.1', 'Trunk': '1.1'}} {{(pid=104149) bind_port /opt/stack/neutron/neutron/plugins/ml2/drivers/mech_agent.py:110}}
Apr 06 15:12:34.141908 dv-neutron-836608-5-hyperv neutron-server[104149]: DEBUG neutron.plugins.ml2.drivers.mech_agent [None req-932a7234-7f5a-433d-8897-35ae485071a4 None None] Checking segment: {'id': '482a61de-3dcb-46df-a3c3-eab137dbbf8b', 'network_type': 'vlan', 'physical_network': 'physnet1', 'segmentation_id': 94, 'network_id': 'a752d31e-2068-4c33-88ea-2a822765f22d'} for mappings: {'physnet1': 'br-data'} with network types: ['local', 'flat', 'vlan'] {{(pid=104149) check_segment_for_agent /opt/stack/neutron/neutron/plugins/ml2/drivers/mech_agent.py:373}}
Apr 06 15:12:34.142343 dv-neutron-836608-5-hyperv neutron-server[104149]: DEBUG neutron_lib.callbacks.manager [None req-932a7234-7f5a-433d-8897-35ae485071a4 None None] Publish callbacks [] for ovs_bridge_name (None), before_read {{(pid=104149) _notify_loop /usr/local/lib/python3.8/dist-packages/neutron_lib/callbacks/manager.py:176}}
Apr 06 15:12:34.143306 dv-neutron-836608-5-hyperv neutron-server[104149]: DEBUG neutron.plugins.ml2.drivers.mech_agent [None req-932a7234-7f5a-433d-8897-35ae485071a4 None None] Bound using segment: {'id': '482a61de-3dcb-46df-a3c3-eab137dbbf8b', 'network_type': 'vlan', 'physical_network': 'physnet1', 'segmentation_id': 94, 'network_id': 'a752d31e-2068-4c33-88ea-2a822765f22d'} {{(pid=104149) bind_port /opt/stack/neutron/neutron/plugins/ml2/drivers/mech_agent.py:120}}
Apr 06 15:12:34.143817 dv-neutron-836608-5-hyperv neutron-server[104149]: DEBUG neutron.plugins.ml2.managers [None req-932a7234-7f5a-433d-8897-35ae485071a4 None None] Bound port: 855bd02a-d5bf-4427-b46d-a1dbf6b24077, host: dv-neutron-836608-5-hyperv, vif_type: ovs, vif_details: {"connectivity": "l2", "port_filter": true, "ovs_hybrid_plug": false, "datapath_type": "system", "bridge_name": "br-int"}, binding_levels: [{'bound_driver': 'openvswitch', 'bound_segment': {'id': '482a61de-3dcb-46df-a3c3-eab137dbbf8b', 'network_type': 'vlan', 'physical_network': 'physnet1', 'segmentation_id': 94, 'network_id': 'a752d31e-2068-4c33-88ea-2a822765f22d'}}] {{(pid=104149) _bind_port_level /opt/stack/neutron/neutron/plugins/ml2/managers.py:932}}
Apr 06 15:12:34.144225 dv-neutron-836608-5-hyperv neutron-server[104149]: DEBUG neutron_lib.callbacks.manager [None req-932a7234-7f5a-433d-8897-35ae485071a4 None None] Publish callbacks ['neutron.plugins.ml2.plugin.SecurityGroupDbMixin._ensure_default_security_group_handler-953551'] for port (855bd02a-d5bf-4427-b46d-a1dbf6b24077), before_update {{(pid=104149) _notify_loop /usr/local/lib/python3.8/dist-packages/neutron_lib/callbacks/manager.py:176}}
Apr 06 15:12:34.199972 dv-neutron-836608-5-hyperv neutron-server[104149]: DEBUG neutron.db.provisioning_blocks [None req-75021e98-c6c8-4962-8e46-369bcb4639fd None None] Provisioning complete for port 237b7a87-1fe7-4f47-b1fd-b67c9ee46853 triggered by entity DHCP. {{(pid=104149) provisioning_complete /opt/stack/neutron/neutron/db/provisioning_blocks.py:140}}
Apr 06 15:12:34.200398 dv-neutron-836608-5-hyperv neutron-server[104149]: DEBUG neutron_lib.callbacks.manager [None req-75021e98-c6c8-4962-8e46-369bcb4639fd None None] Publish callbacks ['neutron.plugins.ml2.plugin.Ml2Plugin._port_provisioned-881806'] for port (237b7a87-1fe7-4f47-b1fd-b67c9ee46853), provisioning_complete {{(pid=104149) _notify_loop /usr/local/lib/python3.8/dist-packages/neutron_lib/callbacks/manager.py:176}}
Apr 06 15:12:34.307091 dv-neutron-836608-5-hyperv neutron-server[104149]: DEBUG neutron.plugins.ml2.plugin [None req-75021e98-c6c8-4962-8e46-369bcb4639fd None None] Port 237b7a87-1fe7-4f47-b1fd-b67c9ee46853 cannot update to ACTIVE because it is not bound. {{(pid=104149) _port_provisioned /opt/stack/neutron/neutron/plugins/ml2/plugin.py:343}}
Apr 06 15:12:34.313441 dv-neutron-836608-5-hyperv neutron-server[104149]: DEBUG neutron.plugins.ml2.db [None req-932a7234-7f5a-433d-8897-35ae485071a4 None None] For port 855bd02a-d5bf-4427-b46d-a1dbf6b24077, host dv-neutron-836608-5-hyperv, cleared binding levels {{(pid=104149) clear_binding_levels /opt/stack/neutron/neutron/plugins/ml2/db.py:87}}
Apr 06 15:12:34.314352 dv-neutron-836608-5-hyperv neutron-server[104148]: DEBUG neutron.wsgi [-] (104148) accepted ('10.222.0.13', 40872) {{(pid=104148) server /usr/local/lib/python3.8/dist-packages/eventlet/wsgi.py:1004}}
Apr 06 15:12:34.318997 dv-neutron-836608-5-hyperv neutron-server[104149]: DEBUG neutron.plugins.ml2.db [None req-932a7234-7f5a-433d-8897-35ae485071a4 None None] For port 855bd02a-d5bf-4427-b46d-a1dbf6b24077, host dv-neutron-836608-5-hyperv, set binding levels [PortBindingLevel(driver='openvswitch',host='dv-neutron-836608-5-hyperv',level=0,port_id=855bd02a-d5bf-4427-b46d-a1dbf6b24077,segment=NetworkSegment(482a61de-3dcb-46df-a3c3-eab137dbbf8b),segment_id=482a61de-3dcb-46df-a3c3-eab137dbbf8b)] {{(pid=104149) set_binding_levels /opt/stack/neutron/neutron/plugins/ml2/db.py:59}}
Apr 06 15:12:34.332091 dv-neutron-836608-5-hyperv neutron-server[104149]: DEBUG neutron_lib.callbacks.manager [None req-932a7234-7f5a-433d-8897-35ae485071a4 None None] Publish callbacks ['neutron.plugins.ml2.plugin.SecurityGroupServerNotifierRpcMixin._notify_sg_on_port_change-953356', 'neutron.plugins.ml2.ovo_rpc._ObjectChangeHandler.handle_event-412945', 'neutron.api.rpc.agentnotifiers.dhcp_rpc_agent_api.DhcpAgentNotifyAPI._native_event_send_dhcp_notification-1620529', 'neutron.db.l3_db.L3RpcNotifierMixin._notify_gateway_port_ip_changed-8769277917462', 'neutron.db.l3_dvrscheduler_db._notify_l3_agent_port_update-8769277533736', 'neutron.db.l3_hascheduler_db._notify_l3_agent_ha_port_update-8769277533754'] for port (855bd02a-d5bf-4427-b46d-a1dbf6b24077), after_update {{(pid=104149) _notify_loop /usr/local/lib/python3.8/dist-packages/neutron_lib/callbacks/manager.py:176}}
Apr 06 15:12:34.352061 dv-neutron-836608-5-hyperv neutron-server[104148]: INFO neutron.wsgi [req-af3e666b-e49a-4bc1-9cbf-8793a0106032 req-ca678e80-f8a1-4b5a-abed-71f60c08d20e tempest-ServersTestManualDisk-789492234 tempest-ServersTestManualDisk-789492234-project] 10.222.0.15 "POST /v2.0/ports HTTP/1.1" status: 201 len: 934 time: 2.8382459
Apr 06 15:12:34.391064 dv-neutron-836608-5-hyperv neutron-server[104147]: DEBUG neutron.api.rpc.handlers.resources_rpc [None req-a8cd06eb-ba25-4c96-91c7-5b60327ebea0 tempest-FloatingIPAdminTestJSON-1897224645 tempest-FloatingIPAdminTestJSON-1897224645-project-admin] Pushing event updated for resources: {'Port': ['ID=b9847322-a3e6-4cd2-a092-d3e15c393942,revision_number=1']} {{(pid=104147) push /opt/stack/neutron/neutron/api/rpc/handlers/resources_rpc.py:237}}
Apr 06 15:12:34.417542 dv-neutron-836608-5-hyperv neutron-server[104149]: DEBUG neutron.api.rpc.handlers.resources_rpc [None req-932a7234-7f5a-433d-8897-35ae485071a4 None None] Pushing event updated for resources: {'Port': ['ID=855bd02a-d5bf-4427-b46d-a1dbf6b24077,revision_number=2']} {{(pid=104149) push /opt/stack/neutron/neutron/api/rpc/handlers/resources_rpc.py:237}}
Apr 06 15:12:34.438631 dv-neutron-836608-5-hyperv neutron-server[104148]: DEBUG neutron.api.v2.base [req-af3e666b-e49a-4bc1-9cbf-8793a0106032 req-0a81c766-67a3-412a-906d-14b1c5ad0a34 service neutron] Request body: {'port': {'device_id': 'a2579f2d-0846-4f0a-a909-e291c1abba8c', 'device_owner': 'compute:nova', 'binding:host_id': 'hv-neutron-8366'}} {{(pid=104148) prepare_request_body /opt/stack/neutron/neutron/api/v2/base.py:729}}
Apr 06 15:12:34.621050 dv-neutron-836608-5-hyperv neutron-server[104148]: INFO neutron.wsgi [None req-18bf7e20-0c6f-470a-bd8c-5302bdbe47e2 admin admin] 10.222.0.13 "GET /v2.0/security-groups?tenant_id=ac6a07e9213b40fe9775b5efc32efd66&name=default HTTP/1.1" status: 200 len: 2996 time: 0.3041019
Apr 06 15:12:34.636666 dv-neutron-836608-5-hyperv neutron-server[104147]: DEBUG neutron.pecan_wsgi.hooks.policy_enforcement [None req-2cb51625-d833-4860-86c3-a51ec05781ba tempest-AllowedAddressPairIpV6TestJSON-1793911900 tempest-AllowedAddressPairIpV6TestJSON-1793911900-project] Attributes excluded by policy engine: ['standard_attr_id', 'binding:profile', 'binding:host_id', 'binding:vif_type', 'binding:vif_details'] {{(pid=104147) _exclude_attributes_by_policy /opt/stack/neutron/neutron/pecan_wsgi/hooks/policy_enforcement.py:255}}
Apr 06 15:12:34.645872 dv-neutron-836608-5-hyperv neutron-server[104147]: DEBUG neutron.pecan_wsgi.hooks.policy_enforcement [None req-2cb51625-d833-4860-86c3-a51ec05781ba tempest-AllowedAddressPairIpV6TestJSON-1793911900 tempest-AllowedAddressPairIpV6TestJSON-1793911900-project] Attributes excluded by policy engine: ['standard_attr_id', 'binding:profile', 'binding:host_id', 'binding:vif_type', 'binding:vif_details'] {{(pid=104147) _exclude_attributes_by_policy /opt/stack/neutron/neutron/pecan_wsgi/hooks/policy_enforcement.py:255}}
Apr 06 15:12:34.647170 dv-neutron-836608-5-hyperv neutron-server[104148]: DEBUG neutron_lib.callbacks.manager [req-af3e666b-e49a-4bc1-9cbf-8793a0106032 req-0a81c766-67a3-412a-906d-14b1c5ad0a34 service neutron] Publish callbacks ['neutron.plugins.ml2.plugin.SecurityGroupDbMixin._ensure_default_security_group_handler-953551'] for port (237b7a87-1fe7-4f47-b1fd-b67c9ee46853), before_update {{(pid=104148) _notify_loop /usr/local/lib/python3.8/dist-packages/neutron_lib/callbacks/manager.py:176}}
Apr 06 15:12:34.652071 dv-neutron-836608-5-hyperv neutron-server[104147]: DEBUG neutron.pecan_wsgi.hooks.policy_enforcement [None req-2cb51625-d833-4860-86c3-a51ec05781ba tempest-AllowedAddressPairIpV6TestJSON-1793911900 tempest-AllowedAddressPairIpV6TestJSON-1793911900-project] Attributes excluded by policy engine: ['standard_attr_id', 'binding:profile', 'binding:host_id', 'binding:vif_type', 'binding:vif_details'] {{(pid=104147) _exclude_attributes_by_policy /opt/stack/neutron/neutron/pecan_wsgi/hooks/policy_enforcement.py:255}}
Apr 06 15:12:34.654748 dv-neutron-836608-5-hyperv neutron-server[104147]: INFO neutron.wsgi [None req-2cb51625-d833-4860-86c3-a51ec05781ba tempest-AllowedAddressPairIpV6TestJSON-1793911900 tempest-AllowedAddressPairIpV6TestJSON-1793911900-project] 10.222.0.13 "GET /v2.0/ports HTTP/1.1" status: 200 len: 2482 time: 2.1384366
Apr 06 15:12:34.655734 dv-neutron-836608-5-hyperv neutron-server[104147]: DEBUG neutron.wsgi [-] (104147) accepted ('10.222.0.13', 40874) {{(pid=104147) server /usr/local/lib/python3.8/dist-packages/eventlet/wsgi.py:1004}}
Apr 06 15:12:34.678116 dv-neutron-836608-5-hyperv neutron-server[104148]: DEBUG neutron.pecan_wsgi.hooks.policy_enforcement [req-5b82e902-4617-48cc-a0e5-dfa57857dab2 req-65fef36f-1718-4a0a-910a-8036ff317f38 tempest-ServersTestManualDisk-789492234 tempest-ServersTestManualDisk-789492234-project] Attributes excluded by policy engine: ['standard_attr_id', 'binding:profile', 'binding:host_id', 'binding:vif_type', 'binding:vif_details'] {{(pid=104148) _exclude_attributes_by_policy /opt/stack/neutron/neutron/pecan_wsgi/hooks/policy_enforcement.py:255}}
Apr 06 15:12:34.679714 dv-neutron-836608-5-hyperv neutron-server[104148]: INFO neutron.wsgi [req-5b82e902-4617-48cc-a0e5-dfa57857dab2 req-65fef36f-1718-4a0a-910a-8036ff317f38 tempest-ServersTestManualDisk-789492234 tempest-ServersTestManualDisk-789492234-project] 10.222.0.13 "GET /v2.0/ports?device_id=a2579f2d-0846-4f0a-a909-e291c1abba8c HTTP/1.1" status: 200 len: 932 time: 0.3922710
Apr 06 15:12:34.687968 dv-neutron-836608-5-hyperv neutron-server[104148]: DEBUG neutron.wsgi [-] (104148) accepted ('10.222.0.13', 40876) {{(pid=104148) server /usr/local/lib/python3.8/dist-packages/eventlet/wsgi.py:1004}}
Apr 06 15:12:34.809752 dv-neutron-836608-5-hyperv neutron-server[104147]: DEBUG neutron_lib.callbacks.manager [None req-a8cd06eb-ba25-4c96-91c7-5b60327ebea0 tempest-FloatingIPAdminTestJSON-1897224645 tempest-FloatingIPAdminTestJSON-1897224645-project-admin] Publish callbacks [] for floatingip (f95125ef-e2fd-4b0a-8bbc-338f70b2b61a), precommit_create {{(pid=104147) _notify_loop /usr/local/lib/python3.8/dist-packages/neutron_lib/callbacks/manager.py:176}}
Apr 06 15:12:34.837533 dv-neutron-836608-5-hyperv neutron-server[104147]: DEBUG neutron_lib.callbacks.manager [req-6ddcb98b-446b-471e-90ee-5a3f424e82c6 req-0a36cde5-87c8-414a-a4c3-657cfb873293 service neutron] Publish callbacks ['neutron.plugins.ml2.plugin.SecurityGroupDbMixin._ensure_default_security_group_handler-953551'] for port (43023823-dedf-4263-99c9-32d5d84a7893), before_update {{(pid=104147) _notify_loop /usr/local/lib/python3.8/dist-packages/neutron_lib/callbacks/manager.py:176}}
Apr 06 15:12:34.997877 dv-neutron-836608-5-hyperv neutron-server[104147]: DEBUG neutron_lib.callbacks.manager [None req-7d55411d-5f6d-4b2e-a5b4-05fceb6934fb tempest-NetworksTest-1456771820 tempest-NetworksTest-1456771820-project] Publish callbacks ['neutron.plugins.ml2.plugin.External_net_db_mixin._before_network_delete_handler-921493'] for network (a752d31e-2068-4c33-88ea-2a822765f22d), before_delete {{(pid=104147) _notify_loop /usr/local/lib/python3.8/dist-packages/neutron_lib/callbacks/manager.py:176}}
Apr 06 15:12:35.030698 dv-neutron-836608-5-hyperv neutron-server[104147]: DEBUG neutron.pecan_wsgi.hooks.policy_enforcement [req-a5639086-2cf1-48b5-80b6-d8f964698697 req-a374d9d6-5c38-41f4-a3ac-3e6863a4595c tempest-ServerActionsTestJSON-592523588 tempest-ServerActionsTestJSON-592523588-project] Attributes excluded by policy engine: ['standard_attr_id', 'binding:profile', 'binding:host_id', 'binding:vif_type', 'binding:vif_details'] {{(pid=104147) _exclude_attributes_by_policy /opt/stack/neutron/neutron/pecan_wsgi/hooks/policy_enforcement.py:255}}
Apr 06 15:12:35.035831 dv-neutron-836608-5-hyperv neutron-server[104147]: INFO neutron.wsgi [req-a5639086-2cf1-48b5-80b6-d8f964698697 req-a374d9d6-5c38-41f4-a3ac-3e6863a4595c tempest-ServerActionsTestJSON-592523588 tempest-ServerActionsTestJSON-592523588-project] 10.222.0.13 "GET /v2.0/ports?device_id=629315da-ad6b-43da-a51e-86bca199b437 HTTP/1.1" status: 200 len: 931 time: 2.1742551
Apr 06 15:12:35.111105 dv-neutron-836608-5-hyperv neutron-server[104147]: DEBUG neutron_lib.callbacks.manager [None req-6d14a9f9-97a4-4fcc-8fdf-9135fc8762fa admin admin] Publish callbacks [] for security_group (869b30e2-9803-4bcb-8eb6-ca016a3e3714), before_delete {{(pid=104147) _notify_loop /usr/local/lib/python3.8/dist-packages/neutron_lib/callbacks/manager.py:176}}
Apr 06 15:12:35.134678 dv-neutron-836608-5-hyperv neutron-server[104147]: DEBUG neutron_lib.callbacks.manager [None req-6d14a9f9-97a4-4fcc-8fdf-9135fc8762fa admin admin] Publish callbacks [] for security_group (869b30e2-9803-4bcb-8eb6-ca016a3e3714), precommit_delete {{(pid=104147) _notify_loop /usr/local/lib/python3.8/dist-packages/neutron_lib/callbacks/manager.py:176}}
Apr 06 15:12:35.139443 dv-neutron-836608-5-hyperv neutron-server[104148]: INFO neutron.wsgi [req-5b82e902-4617-48cc-a0e5-dfa57857dab2 req-5b8823a6-616c-46f8-8e86-b4d717385850 tempest-ServersTestManualDisk-789492234 tempest-ServersTestManualDisk-789492234-project] 10.222.0.13 "GET /v2.0/security-groups?id=9dc772e0-3cef-4a94-83b8-76e4111b556b&fields=id&fields=name HTTP/1.1" status: 200 len: 313 time: 0.3730469
Apr 06 15:12:35.143722 dv-neutron-836608-5-hyperv neutron-server[104148]: DEBUG neutron.notifiers.nova [req-bee1935d-66a0-4b44-b7f1-7a924d1c8ed9 req-ec0976b0-48a5-4062-a3c2-a77adb50caf5 service neutron] Ignoring state change previous_port_status: DOWN current_port_status: DOWN port_id 9016fbc3-dc44-4cb8-93bc-4a175e641171 {{(pid=104148) record_port_status_changed /opt/stack/neutron/neutron/notifiers/nova.py:233}}
Apr 06 15:12:35.165725 dv-neutron-836608-5-hyperv neutron-server[104148]: DEBUG neutron_lib.callbacks.manager [req-bee1935d-66a0-4b44-b7f1-7a924d1c8ed9 req-ec0976b0-48a5-4062-a3c2-a77adb50caf5 service neutron] Publish callbacks [] for port (9016fbc3-dc44-4cb8-93bc-4a175e641171), precommit_update {{(pid=104148) _notify_loop /usr/local/lib/python3.8/dist-packages/neutron_lib/callbacks/manager.py:176}}
Apr 06 15:12:35.299200 dv-neutron-836608-5-hyperv neutron-server[104148]: DEBUG neutron.plugins.ml2.plugin [None req-1acbb707-0c16-4502-ad41-94308bd026d8 tempest-AllowedAddressPairIpV6TestJSON-1793911900 tempest-AllowedAddressPairIpV6TestJSON-1793911900-project] Deleting port 3b467854-dea8-4110-ab30-0d2fbddb2210 {{(pid=104148) _pre_delete_port /opt/stack/neutron/neutron/plugins/ml2/plugin.py:2002}}
Apr 06 15:12:35.299200 dv-neutron-836608-5-hyperv neutron-server[104148]: DEBUG neutron_lib.callbacks.manager [None req-1acbb707-0c16-4502-ad41-94308bd026d8 tempest-AllowedAddressPairIpV6TestJSON-1793911900 tempest-AllowedAddressPairIpV6TestJSON-1793911900-project] Publish callbacks ['neutron.db.l3_db.L3_NAT_dbonly_mixin._prevent_l3_port_delete_callback-8769277911857'] for port (3b467854-dea8-4110-ab30-0d2fbddb2210), before_delete {{(pid=104148) _notify_loop /usr/local/lib/python3.8/dist-packages/neutron_lib/callbacks/manager.py:176}}
Apr 06 15:12:35.337138 dv-neutron-836608-5-hyperv neutron-server[104147]: DEBUG neutron_lib.callbacks.manager [None req-a8cd06eb-ba25-4c96-91c7-5b60327ebea0 tempest-FloatingIPAdminTestJSON-1897224645 tempest-FloatingIPAdminTestJSON-1897224645-project-admin] Publish callbacks ['neutron.plugins.ml2.plugin.SecurityGroupDbMixin._ensure_default_security_group_handler-953551'] for port (b9847322-a3e6-4cd2-a092-d3e15c393942), before_update {{(pid=104147) _notify_loop /usr/local/lib/python3.8/dist-packages/neutron_lib/callbacks/manager.py:176}}
Apr 06 15:12:35.358288 dv-neutron-836608-5-hyperv neutron-server[104148]: DEBUG neutron.db.provisioning_blocks [req-bee1935d-66a0-4b44-b7f1-7a924d1c8ed9 req-ec0976b0-48a5-4062-a3c2-a77adb50caf5 service neutron] Transition to ACTIVE for port object 9016fbc3-dc44-4cb8-93bc-4a175e641171 will not be triggered until provisioned by entity L2. {{(pid=104148) add_provisioning_component /opt/stack/neutron/neutron/db/provisioning_blocks.py:74}}
Apr 06 15:12:35.376983 dv-neutron-836608-5-hyperv neutron-server[104148]: DEBUG neutron_lib.callbacks.manager [req-bee1935d-66a0-4b44-b7f1-7a924d1c8ed9 req-ec0976b0-48a5-4062-a3c2-a77adb50caf5 service neutron] Publish callbacks ['neutron.plugins.ml2.plugin.SecurityGroupServerNotifierRpcMixin._notify_sg_on_port_change-953356', 'neutron.plugins.ml2.ovo_rpc._ObjectChangeHandler.handle_event-412945', 'neutron.api.rpc.agentnotifiers.dhcp_rpc_agent_api.DhcpAgentNotifyAPI._native_event_send_dhcp_notification-1620529', 'neutron.db.l3_db.L3RpcNotifierMixin._notify_gateway_port_ip_changed-8769277917462', 'neutron.db.l3_dvrscheduler_db._notify_l3_agent_port_update-8769277533736', 'neutron.db.l3_hascheduler_db._notify_l3_agent_ha_port_update-8769277533754', 'neutron.services.segments.plugin.NovaSegmentNotifier._notify_port_updated-8954097'] for port (9016fbc3-dc44-4cb8-93bc-4a175e641171), after_update {{(pid=104148) _notify_loop /usr/local/lib/python3.8/dist-packages/neutron_lib/callbacks/manager.py:176}}
Apr 06 15:12:35.381656 dv-neutron-836608-5-hyperv neutron-server[104147]: DEBUG neutron_lib.callbacks.manager [None req-6d14a9f9-97a4-4fcc-8fdf-9135fc8762fa admin admin] Publish callbacks ['neutron.plugins.ml2.ovo_rpc._ObjectChangeHandler.handle_event-1605503'] for security_group (869b30e2-9803-4bcb-8eb6-ca016a3e3714), after_delete {{(pid=104147) _notify_loop /usr/local/lib/python3.8/dist-packages/neutron_lib/callbacks/manager.py:176}}
Apr 06 15:12:35.384629 dv-neutron-836608-5-hyperv neutron-server[104147]: DEBUG neutron_lib.callbacks.manager [None req-6d14a9f9-97a4-4fcc-8fdf-9135fc8762fa admin admin] Publish callbacks [] for security_group (None), before_response {{(pid=104147) _notify_loop /usr/local/lib/python3.8/dist-packages/neutron_lib/callbacks/manager.py:176}}
Apr 06 15:12:35.394720 dv-neutron-836608-5-hyperv neutron-server[104147]: INFO neutron.wsgi [None req-6d14a9f9-97a4-4fcc-8fdf-9135fc8762fa admin admin] 10.222.0.13 "DELETE /v2.0/security-groups/869b30e2-9803-4bcb-8eb6-ca016a3e3714 HTTP/1.1" status: 204 len: 168 time: 0.7252667
Apr 06 15:12:35.415634 dv-neutron-836608-5-hyperv neutron-server[104147]: DEBUG neutron_lib.callbacks.manager [None req-f2945e6b-50ac-4844-bde1-b50a2c680d56 tempest-AllowedAddressPairTestJSON-755240418 tempest-AllowedAddressPairTestJSON-755240418-project] Publish callbacks [] for security_group (d3823f63-e9dc-4f83-a9a2-5afd79a06a60), precommit_create {{(pid=104147) _notify_loop /usr/local/lib/python3.8/dist-packages/neutron_lib/callbacks/manager.py:176}}
Apr 06 15:12:35.519826 dv-neutron-836608-5-hyperv neutron-server[104149]: DEBUG neutron_lib.callbacks.manager [None req-c5a99769-b959-424a-b8d5-ece38ffc32f7 None None] Publish callbacks ['neutron.services.segments.db._update_segment_host_mapping_for_agent-8769277987687', 'neutron.plugins.ml2.plugin.Ml2Plugin._retry_binding_revived_agents-881896'] for agent (d33f253e-77b1-4aa0-8cec-1dffaf852212), after_update {{(pid=104149) _notify_loop /usr/local/lib/python3.8/dist-packages/neutron_lib/callbacks/manager.py:176}}
Apr 06 15:12:35.534129 dv-neutron-836608-5-hyperv neutron-server[104147]: INFO neutron.wsgi [req-a5639086-2cf1-48b5-80b6-d8f964698697 req-42055a96-853b-4d4b-a47e-a21ffa2f553f tempest-ServerActionsTestJSON-592523588 tempest-ServerActionsTestJSON-592523588-project] 10.222.0.13 "GET /v2.0/security-groups?id=019deb4f-9525-4963-ab41-d53350e480c4&fields=id&fields=name HTTP/1.1" status: 200 len: 313 time: 0.4458418
Apr 06 15:12:35.596690 dv-neutron-836608-5-hyperv neutron-server[104147]: DEBUG neutron_lib.callbacks.manager [None req-f2945e6b-50ac-4844-bde1-b50a2c680d56 tempest-AllowedAddressPairTestJSON-755240418 tempest-AllowedAddressPairTestJSON-755240418-project] Publish callbacks ['neutron.plugins.ml2.ovo_rpc._ObjectChangeHandler.handle_event-1605503'] for security_group (d3823f63-e9dc-4f83-a9a2-5afd79a06a60), after_create {{(pid=104147) _notify_loop /usr/local/lib/python3.8/dist-packages/neutron_lib/callbacks/manager.py:176}}
Apr 06 15:12:35.598857 dv-neutron-836608-5-hyperv neutron-server[104148]: DEBUG neutron.api.rpc.handlers.resources_rpc [None req-ec0976b0-48a5-4062-a3c2-a77adb50caf5 service neutron] Pushing event updated for resources: {'Port': ['ID=9016fbc3-dc44-4cb8-93bc-4a175e641171,revision_number=2']} {{(pid=104148) push /opt/stack/neutron/neutron/api/rpc/handlers/resources_rpc.py:237}}
Apr 06 15:12:35.655295 dv-neutron-836608-5-hyperv neutron-server[104147]: DEBUG neutron.plugins.ml2.drivers.helpers [None req-f2945e6b-50ac-4844-bde1-b50a2c680d56 tempest-AllowedAddressPairTestJSON-755240418 tempest-AllowedAddressPairTestJSON-755240418-project] vlan segment allocate from pool success with {'physical_network': 'physnet1', 'vlan_id': 89} {{(pid=104147) allocate_partially_specified_segment /opt/stack/neutron/neutron/plugins/ml2/drivers/helpers.py:153}}
Apr 06 15:12:35.662512 dv-neutron-836608-5-hyperv neutron-server[104148]: DEBUG neutron_lib.callbacks.manager [None req-1acbb707-0c16-4502-ad41-94308bd026d8 tempest-AllowedAddressPairIpV6TestJSON-1793911900 tempest-AllowedAddressPairIpV6TestJSON-1793911900-project] Publish callbacks ['neutron.services.l3_router.l3_router_plugin.L3_NAT_dbonly_mixin._precommit_delete_port_callback-1934328'] for port (3b467854-dea8-4110-ab30-0d2fbddb2210), precommit_delete {{(pid=104148) _notify_loop /usr/local/lib/python3.8/dist-packages/neutron_lib/callbacks/manager.py:176}}
Apr 06 15:12:35.670703 dv-neutron-836608-5-hyperv neutron-server[104147]: DEBUG neutron_lib.callbacks.manager [None req-f2945e6b-50ac-4844-bde1-b50a2c680d56 tempest-AllowedAddressPairTestJSON-755240418 tempest-AllowedAddressPairTestJSON-755240418-project] Publish callbacks ['neutron.plugins.ml2.plugin.Ml2Plugin._handle_segment_change-1039657'] for segment (d0bb5de8-60be-41b8-ba84-b32a63d28710), precommit_create {{(pid=104147) _notify_loop /usr/local/lib/python3.8/dist-packages/neutron_lib/callbacks/manager.py:176}}
Apr 06 15:12:35.671066 dv-neutron-836608-5-hyperv neutron-server[104147]: INFO neutron.db.segments_db [None req-f2945e6b-50ac-4844-bde1-b50a2c680d56 tempest-AllowedAddressPairTestJSON-755240418 tempest-AllowedAddressPairTestJSON-755240418-project] Added segment d0bb5de8-60be-41b8-ba84-b32a63d28710 of type vlan for network 8b86e480-3a32-48b2-b668-72e17d042725
Apr 06 15:12:35.774165 dv-neutron-836608-5-hyperv neutron-server[104147]: DEBUG neutron_lib.callbacks.manager [None req-f2945e6b-50ac-4844-bde1-b50a2c680d56 tempest-AllowedAddressPairTestJSON-755240418 tempest-AllowedAddressPairTestJSON-755240418-project] Publish callbacks ['neutron.services.auto_allocate.db._ensure_external_network_default_value_callback-8769277526595'] for network (8b86e480-3a32-48b2-b668-72e17d042725), precommit_create {{(pid=104147) _notify_loop /usr/local/lib/python3.8/dist-packages/neutron_lib/callbacks/manager.py:176}}
Apr 06 15:12:35.884458 dv-neutron-836608-5-hyperv neutron-server[104148]: DEBUG neutron.plugins.ml2.plugin [None req-1acbb707-0c16-4502-ad41-94308bd026d8 tempest-AllowedAddressPairIpV6TestJSON-1793911900 tempest-AllowedAddressPairIpV6TestJSON-1793911900-project] Calling delete_port for 3b467854-dea8-4110-ab30-0d2fbddb2210 owned by {{(pid=104148) delete_port /opt/stack/neutron/neutron/plugins/ml2/plugin.py:2080}}
Apr 06 15:12:35.984677 dv-neutron-836608-5-hyperv neutron-server[104148]: DEBUG neutron.notifiers.nova [req-af3e666b-e49a-4bc1-9cbf-8793a0106032 req-0a81c766-67a3-412a-906d-14b1c5ad0a34 service neutron] Ignoring state change previous_port_status: DOWN current_port_status: DOWN port_id 237b7a87-1fe7-4f47-b1fd-b67c9ee46853 {{(pid=104148) record_port_status_changed /opt/stack/neutron/neutron/notifiers/nova.py:233}}
Apr 06 15:12:35.988419 dv-neutron-836608-5-hyperv neutron-server[104147]: DEBUG neutron.api.rpc.handlers.resources_rpc [None req-6d14a9f9-97a4-4fcc-8fdf-9135fc8762fa admin admin] Pushing event deleted for resources: {'SecurityGroup': ['ID=869b30e2-9803-4bcb-8eb6-ca016a3e3714,revision_number=None']} {{(pid=104147) push /opt/stack/neutron/neutron/api/rpc/handlers/resources_rpc.py:237}}
Apr 06 15:12:36.022162 dv-neutron-836608-5-hyperv neutron-server[104147]: DEBUG neutron_lib.callbacks.manager [None req-f2945e6b-50ac-4844-bde1-b50a2c680d56 tempest-AllowedAddressPairTestJSON-755240418 tempest-AllowedAddressPairTestJSON-755240418-project] Publish callbacks ['neutron.plugins.ml2.ovo_rpc._ObjectChangeHandler.handle_event-1605582', 'neutron.api.rpc.agentnotifiers.dhcp_rpc_agent_api.DhcpAgentNotifyAPI._native_event_send_dhcp_notification-1620529'] for network (8b86e480-3a32-48b2-b668-72e17d042725), after_create {{(pid=104147) _notify_loop /usr/local/lib/python3.8/dist-packages/neutron_lib/callbacks/manager.py:176}}
Apr 06 15:12:36.029436 dv-neutron-836608-5-hyperv neutron-server[104147]: DEBUG neutron.pecan_wsgi.hooks.policy_enforcement [None req-f2945e6b-50ac-4844-bde1-b50a2c680d56 tempest-AllowedAddressPairTestJSON-755240418 tempest-AllowedAddressPairTestJSON-755240418-project] Attributes excluded by policy engine: ['standard_attr_id', 'provider:network_type', 'provider:physical_network', 'provider:segmentation_id', 'vlan_transparent'] {{(pid=104147) _exclude_attributes_by_policy /opt/stack/neutron/neutron/pecan_wsgi/hooks/policy_enforcement.py:255}}
Apr 06 15:12:36.030833 dv-neutron-836608-5-hyperv neutron-server[104147]: DEBUG neutron_lib.callbacks.manager [None req-f2945e6b-50ac-4844-bde1-b50a2c680d56 tempest-AllowedAddressPairTestJSON-755240418 tempest-AllowedAddressPairTestJSON-755240418-project] Publish callbacks ['neutron.api.rpc.agentnotifiers.dhcp_rpc_agent_api.DhcpAgentNotifyAPI._send_dhcp_notification-1621979'] for network (None), before_response {{(pid=104147) _notify_loop /usr/local/lib/python3.8/dist-packages/neutron_lib/callbacks/manager.py:176}}
Apr 06 15:12:36.064914 dv-neutron-836608-5-hyperv neutron-server[104148]: DEBUG neutron_lib.callbacks.manager [req-af3e666b-e49a-4bc1-9cbf-8793a0106032 req-0a81c766-67a3-412a-906d-14b1c5ad0a34 service neutron] Publish callbacks [] for port (237b7a87-1fe7-4f47-b1fd-b67c9ee46853), precommit_update {{(pid=104148) _notify_loop /usr/local/lib/python3.8/dist-packages/neutron_lib/callbacks/manager.py:176}}
Apr 06 15:12:36.109662 dv-neutron-836608-5-hyperv neutron-server[104149]: DEBUG neutron.api.rpc.handlers.dhcp_rpc [None req-9d4aa241-6b7b-429c-9136-238324629e89 None None] Network a752d31e-2068-4c33-88ea-2a822765f22d requested from dv-neutron-836608-5-hyperv {{(pid=104149) get_network_info /opt/stack/neutron/neutron/api/rpc/handlers/dhcp_rpc.py:191}}
