Apr 01 13:28:20.980089 dv-neutron-836178-1-hyperv neutron-server[102549]: DEBUG neutron.plugins.ml2.managers [None req-bb1e7fd5-dbaf-4da7-9364-79450a613b65 None None] Attempting to bind port 2ddbac4e-7cfb-4ffa-af41-7ec798a211b9 by drivers openvswitch,hyperv on host dv-neutron-836178-1-hyperv at level 0 using segments [{'id': '5442f476-e7c7-42a8-aa77-18ec2c341f9d', 'network_type': 'flat', 'physical_network': 'physnet1', 'segmentation_id': None, 'network_id': 'aac7591d-63fa-48d7-9587-5e10ee254344'}] {{(pid=102549) _bind_port_level /opt/stack/neutron/neutron/plugins/ml2/managers.py:815}}
Apr 01 13:28:20.980455 dv-neutron-836178-1-hyperv neutron-server[102549]: DEBUG neutron.plugins.ml2.drivers.mech_agent [None req-bb1e7fd5-dbaf-4da7-9364-79450a613b65 None None] Attempting to bind port 2ddbac4e-7cfb-4ffa-af41-7ec798a211b9 on network aac7591d-63fa-48d7-9587-5e10ee254344 {{(pid=102549) bind_port /opt/stack/neutron/neutron/plugins/ml2/drivers/mech_agent.py:91}}
Apr 01 13:28:20.986272 dv-neutron-836178-1-hyperv neutron-server[102549]: DEBUG neutron.plugins.ml2.drivers.mech_agent [None req-bb1e7fd5-dbaf-4da7-9364-79450a613b65 None None] Checking agent: {'id': 'fe9caf60-18e2-4edd-8d4f-e0e7762f531e', 'agent_type': 'Open vSwitch agent', 'binary': 'neutron-openvswitch-agent', 'topic': 'N/A', 'host': 'dv-neutron-836178-1-hyperv', 'admin_state_up': True, 'created_at': datetime.datetime(2022, 4, 1, 13, 20, 20), 'started_at': datetime.datetime(2022, 4, 1, 13, 20, 50), 'heartbeat_timestamp': datetime.datetime(2022, 4, 1, 13, 28, 20), 'description': None, 'resources_synced': None, 'availability_zone': None, 'alive': True, 'configurations': {'arp_responder_enabled': False, 'baremetal_smartnic': False, 'bridge_mappings': {'physnet1': 'br-data'}, 'datapath_type': 'system', 'devices': 0, 'enable_distributed_routing': False, 'extensions': [], 'in_distributed_mode': False, 'integration_bridge': 'br-int', 'l2_population': False, 'log_agent_heartbeats': False, 'ovs_capabilities': {'datapath_types': ['netdev', 'system'], 'iface_types': ['erspan', 'geneve', 'gre', 'internal', 'ip6erspan', 'ip6gre', 'lisp', 'patch', 'stt', 'system', 'tap', 'vxlan']}, 'ovs_hybrid_plug': False, 'resource_provider_bandwidths': {}, 'resource_provider_hypervisors': {'br-data': 'dv-neutron-836178-1-hyperv'}, 'resource_provider_inventory_defaults': {'allocation_ratio': 1.0, 'min_unit': 1, 'step_size': 1, 'reserved': 0}, 'tunnel_types': [], 'tunneling_ip': None, 'vhostuser_socket_dir': '/var/run/openvswitch'}, 'resource_versions': {'AddressGroup': '1.2', 'ConntrackHelper': '1.0', 'Log': '1.0', 'Network': '1.1', 'Port': '1.7', 'PortForwarding': '1.2', 'QosPolicy': '1.9', 'SecurityGroup': '1.4', 'SecurityGroupRule': '1.2', 'SubPort': '1.0', 'Subnet': '1.1', 'Trunk': '1.1'}} {{(pid=102549) bind_port /opt/stack/neutron/neutron/plugins/ml2/drivers/mech_agent.py:110}}
Apr 01 13:28:20.986691 dv-neutron-836178-1-hyperv neutron-server[102549]: DEBUG neutron.plugins.ml2.drivers.mech_agent [None req-bb1e7fd5-dbaf-4da7-9364-79450a613b65 None None] Checking segment: {'id': '5442f476-e7c7-42a8-aa77-18ec2c341f9d', 'network_type': 'flat', 'physical_network': 'physnet1', 'segmentation_id': None, 'network_id': 'aac7591d-63fa-48d7-9587-5e10ee254344'} for mappings: {'physnet1': 'br-data'} with network types: ['local', 'flat', 'vlan'] {{(pid=102549) check_segment_for_agent /opt/stack/neutron/neutron/plugins/ml2/drivers/mech_agent.py:360}}
Apr 01 13:28:20.987762 dv-neutron-836178-1-hyperv neutron-server[102549]: DEBUG neutron_lib.callbacks.manager [None req-bb1e7fd5-dbaf-4da7-9364-79450a613b65 None None] Notify callbacks [] for ovs_bridge_name, before_read {{(pid=102549) _notify_loop /usr/local/lib/python3.8/dist-packages/neutron_lib/callbacks/manager.py:192}}
Apr 01 13:28:20.988159 dv-neutron-836178-1-hyperv neutron-server[102549]: DEBUG neutron.plugins.ml2.drivers.mech_agent [None req-bb1e7fd5-dbaf-4da7-9364-79450a613b65 None None] Bound using segment: {'id': '5442f476-e7c7-42a8-aa77-18ec2c341f9d', 'network_type': 'flat', 'physical_network': 'physnet1', 'segmentation_id': None, 'network_id': 'aac7591d-63fa-48d7-9587-5e10ee254344'} {{(pid=102549) bind_port /opt/stack/neutron/neutron/plugins/ml2/drivers/mech_agent.py:120}}
Apr 01 13:28:20.989334 dv-neutron-836178-1-hyperv neutron-server[102549]: DEBUG neutron.plugins.ml2.managers [None req-bb1e7fd5-dbaf-4da7-9364-79450a613b65 None None] Bound port: 2ddbac4e-7cfb-4ffa-af41-7ec798a211b9, host: dv-neutron-836178-1-hyperv, vif_type: ovs, vif_details: {"connectivity": "l2", "port_filter": true, "ovs_hybrid_plug": false, "datapath_type": "system", "bridge_name": "br-int"}, binding_levels: [{'bound_driver': 'openvswitch', 'bound_segment': {'id': '5442f476-e7c7-42a8-aa77-18ec2c341f9d', 'network_type': 'flat', 'physical_network': 'physnet1', 'segmentation_id': None, 'network_id': 'aac7591d-63fa-48d7-9587-5e10ee254344'}}] {{(pid=102549) _bind_port_level /opt/stack/neutron/neutron/plugins/ml2/managers.py:928}}
Apr 01 13:28:20.991051 dv-neutron-836178-1-hyperv neutron-server[102549]: DEBUG neutron_lib.callbacks.manager [None req-bb1e7fd5-dbaf-4da7-9364-79450a613b65 None None] Notify callbacks ['neutron.plugins.ml2.plugin.SecurityGroupDbMixin._ensure_default_security_group_handler-646020'] for port, before_update {{(pid=102549) _notify_loop /usr/local/lib/python3.8/dist-packages/neutron_lib/callbacks/manager.py:192}}
Apr 01 13:28:21.032291 dv-neutron-836178-1-hyperv neutron-server[102546]: DEBUG neutron.db.db_base_plugin_common [None req-c65e4c6a-3418-4195-89c2-3e234d4bb37e tempest-FloatingIPAdminTestJSON-844604977 tempest-FloatingIPAdminTestJSON-844604977-project] Allocated IP 172.26.0.215 (aac7591d-63fa-48d7-9587-5e10ee254344/04f8566a-be06-4649-ac56-6cccfd5097f4/6f92a76e-6701-49af-8f5c-9c615d3116d7) {{(pid=102546) _store_ip_allocation /opt/stack/neutron/neutron/db/db_base_plugin_common.py:131}}
Apr 01 13:28:21.035783 dv-neutron-836178-1-hyperv neutron-server[102547]: DEBUG neutron_lib.callbacks.manager [None req-16ae418d-7bcc-4746-b0d8-b7e9f198b8a5 tempest-ExternalNetworksTestJSON-2093049688 tempest-ExternalNetworksTestJSON-2093049688-project-admin] Notify callbacks ['neutron.plugins.ml2.db._prevent_segment_delete_with_port_bound-8735646189424', 'neutron.services.segments.plugin.Plugin._prevent_segment_delete_with_subnet_associated-33145508'] for segment, before_delete {{(pid=102547) _notify_loop /usr/local/lib/python3.8/dist-packages/neutron_lib/callbacks/manager.py:192}}
Apr 01 13:28:21.054048 dv-neutron-836178-1-hyperv neutron-server[102549]: DEBUG neutron.plugins.ml2.db [None req-bb1e7fd5-dbaf-4da7-9364-79450a613b65 None None] For port 2ddbac4e-7cfb-4ffa-af41-7ec798a211b9, host dv-neutron-836178-1-hyperv, cleared binding levels {{(pid=102549) clear_binding_levels /opt/stack/neutron/neutron/plugins/ml2/db.py:87}}
Apr 01 13:28:21.058573 dv-neutron-836178-1-hyperv neutron-server[102549]: DEBUG neutron.plugins.ml2.db [None req-bb1e7fd5-dbaf-4da7-9364-79450a613b65 None None] For port 2ddbac4e-7cfb-4ffa-af41-7ec798a211b9, host dv-neutron-836178-1-hyperv, set binding levels [PortBindingLevel(driver='openvswitch',host='dv-neutron-836178-1-hyperv',level=0,port_id=2ddbac4e-7cfb-4ffa-af41-7ec798a211b9,segment=NetworkSegment(5442f476-e7c7-42a8-aa77-18ec2c341f9d),segment_id=5442f476-e7c7-42a8-aa77-18ec2c341f9d)] {{(pid=102549) set_binding_levels /opt/stack/neutron/neutron/plugins/ml2/db.py:59}}
Apr 01 13:28:21.065105 dv-neutron-836178-1-hyperv neutron-server[102549]: DEBUG neutron_lib.callbacks.manager [None req-bb1e7fd5-dbaf-4da7-9364-79450a613b65 None None] Notify callbacks ['neutron.plugins.ml2.plugin.SecurityGroupServerNotifierRpcMixin._notify_sg_on_port_change-645957', 'neutron.plugins.ml2.ovo_rpc._ObjectChangeHandler.handle_event-75083', 'neutron.api.rpc.agentnotifiers.dhcp_rpc_agent_api.DhcpAgentNotifyAPI._native_event_send_dhcp_notification-1650885', 'neutron.db.l3_db.L3RpcNotifierMixin._notify_gateway_port_ip_changed-8735646229944', 'neutron.db.l3_dvrscheduler_db._notify_l3_agent_port_update-8735645688221', 'neutron.db.l3_hascheduler_db._notify_l3_agent_ha_port_update-8735645695299'] for port, after_update {{(pid=102549) _notify_loop /usr/local/lib/python3.8/dist-packages/neutron_lib/callbacks/manager.py:192}}
Apr 01 13:28:21.079476 dv-neutron-836178-1-hyperv neutron-server[102547]: DEBUG neutron_lib.callbacks.manager [None req-16ae418d-7bcc-4746-b0d8-b7e9f198b8a5 tempest-ExternalNetworksTestJSON-2093049688 tempest-ExternalNetworksTestJSON-2093049688-project-admin] Notify callbacks ['neutron.plugins.ml2.plugin.Ml2Plugin._handle_segment_change-708386'] for segment, precommit_delete {{(pid=102547) _notify_loop /usr/local/lib/python3.8/dist-packages/neutron_lib/callbacks/manager.py:192}}
Apr 01 13:28:21.133347 dv-neutron-836178-1-hyperv neutron-server[102549]: DEBUG neutron.api.rpc.handlers.resources_rpc [None req-baaac2ef-fae6-4fc9-8f4c-8692d3927602 None None] Pushing event updated for resources: {'Port': ['ID=2ddbac4e-7cfb-4ffa-af41-7ec798a211b9,revision_number=3']} {{(pid=102549) push /opt/stack/neutron/neutron/api/rpc/handlers/resources_rpc.py:237}}
Apr 01 13:28:21.147884 dv-neutron-836178-1-hyperv neutron-server[102547]: DEBUG neutron.plugins.ml2.drivers.type_vlan [None req-16ae418d-7bcc-4746-b0d8-b7e9f198b8a5 tempest-ExternalNetworksTestJSON-2093049688 tempest-ExternalNetworksTestJSON-2093049688-project-admin] Releasing vlan 142 on physical network physnet1 to pool {{(pid=102547) release_segment /opt/stack/neutron/neutron/plugins/ml2/drivers/type_vlan.py:304}}
Apr 01 13:28:21.148309 dv-neutron-836178-1-hyperv neutron-server[102547]: DEBUG neutron_lib.callbacks.manager [None req-16ae418d-7bcc-4746-b0d8-b7e9f198b8a5 tempest-ExternalNetworksTestJSON-2093049688 tempest-ExternalNetworksTestJSON-2093049688-project-admin] Notify callbacks ['neutron.plugins.ml2.plugin.Ml2Plugin._handle_segment_change-708386', 'neutron.services.segments.plugin.NovaSegmentNotifier._notify_segment_deleted-33392972'] for segment, after_delete {{(pid=102547) _notify_loop /usr/local/lib/python3.8/dist-packages/neutron_lib/callbacks/manager.py:192}}
Apr 01 13:28:21.153645 dv-neutron-836178-1-hyperv neutron-server[102547]: /usr/lib/python3/dist-packages/secretstorage/dhcrypto.py:15: CryptographyDeprecationWarning: int_from_bytes is deprecated, use int.from_bytes instead
Apr 01 13:28:21.153645 dv-neutron-836178-1-hyperv neutron-server[102547]: from cryptography.utils import int_from_bytes
Apr 01 13:28:21.153645 dv-neutron-836178-1-hyperv neutron-server[102547]: /usr/lib/python3/dist-packages/secretstorage/util.py:19: CryptographyDeprecationWarning: int_from_bytes is deprecated, use int.from_bytes instead
Apr 01 13:28:21.153645 dv-neutron-836178-1-hyperv neutron-server[102547]: from cryptography.utils import int_from_bytes
Apr 01 13:28:21.153645 dv-neutron-836178-1-hyperv neutron-server[102547]: Traceback (most recent call last):
Apr 01 13:28:21.153645 dv-neutron-836178-1-hyperv neutron-server[102547]: File "/usr/local/lib/python3.8/dist-packages/eventlet/hubs/hub.py", line 476, in fire_timers
Apr 01 13:28:21.153645 dv-neutron-836178-1-hyperv neutron-server[102547]: timer()
Apr 01 13:28:21.153645 dv-neutron-836178-1-hyperv neutron-server[102547]: File "/usr/local/lib/python3.8/dist-packages/eventlet/hubs/timer.py", line 59, in __call__
Apr 01 13:28:21.153645 dv-neutron-836178-1-hyperv neutron-server[102547]: cb(*args, **kw)
Apr 01 13:28:21.153645 dv-neutron-836178-1-hyperv neutron-server[102547]: File "/opt/stack/neutron/neutron/common/utils.py", line 921, in wrapper
Apr 01 13:28:21.153645 dv-neutron-836178-1-hyperv neutron-server[102547]: return func(*args, **kwargs)
Apr 01 13:28:21.153645 dv-neutron-836178-1-hyperv neutron-server[102547]: File "/opt/stack/neutron/neutron/notifiers/batch_notifier.py", line 58, in synced_send
Apr 01 13:28:21.153645 dv-neutron-836178-1-hyperv neutron-server[102547]: self._notify()
Apr 01 13:28:21.153645 dv-neutron-836178-1-hyperv neutron-server[102547]: File "/opt/stack/neutron/neutron/notifiers/batch_notifier.py", line 69, in _notify
Apr 01 13:28:21.153645 dv-neutron-836178-1-hyperv neutron-server[102547]: self.callback(batched_events)
Apr 01 13:28:21.153645 dv-neutron-836178-1-hyperv neutron-server[102547]: File "/opt/stack/neutron/neutron/services/segments/plugin.py", line 211, in _send_notifications
Apr 01 13:28:21.153645 dv-neutron-836178-1-hyperv neutron-server[102547]: event.method(event)
Apr 01 13:28:21.153645 dv-neutron-836178-1-hyperv neutron-server[102547]: File "/opt/stack/neutron/neutron/services/segments/plugin.py", line 383, in _delete_nova_inventory
Apr 01 13:28:21.153645 dv-neutron-836178-1-hyperv neutron-server[102547]: aggregate_id = self._get_aggregate_id(event.segment_id)
Apr 01 13:28:21.153645 dv-neutron-836178-1-hyperv neutron-server[102547]: File "/opt/stack/neutron/neutron/services/segments/plugin.py", line 370, in _get_aggregate_id
Apr 01 13:28:21.153645 dv-neutron-836178-1-hyperv neutron-server[102547]: aggregate_uuid = self.p_client.list_aggregates(
Apr 01 13:28:21.153645 dv-neutron-836178-1-hyperv neutron-server[102547]: File "/usr/local/lib/python3.8/dist-packages/neutron_lib/placement/client.py", line 58, in wrapper
Apr 01 13:28:21.153645 dv-neutron-836178-1-hyperv neutron-server[102547]: return f(self, *a, **k)
Apr 01 13:28:21.153645 dv-neutron-836178-1-hyperv neutron-server[102547]: File "/usr/local/lib/python3.8/dist-packages/neutron_lib/placement/client.py", line 554, in list_aggregates
Apr 01 13:28:21.153645 dv-neutron-836178-1-hyperv neutron-server[102547]: return self._get(url).json()
Apr 01 13:28:21.153645 dv-neutron-836178-1-hyperv neutron-server[102547]: File "/usr/local/lib/python3.8/dist-packages/neutron_lib/placement/client.py", line 190, in _get
Apr 01 13:28:21.153645 dv-neutron-836178-1-hyperv neutron-server[102547]: return self._client.get(url, endpoint_filter=self._ks_filter,
Apr 01 13:28:21.153645 dv-neutron-836178-1-hyperv neutron-server[102547]: File "/usr/local/lib/python3.8/dist-packages/keystoneauth1/session.py", line 1141, in get
Apr 01 13:28:21.153645 dv-neutron-836178-1-hyperv neutron-server[102547]: return self.request(url, 'GET', **kwargs)
Apr 01 13:28:21.153645 dv-neutron-836178-1-hyperv neutron-server[102547]: File "/usr/local/lib/python3.8/dist-packages/keystoneauth1/session.py", line 811, in request
Apr 01 13:28:21.153645 dv-neutron-836178-1-hyperv neutron-server[102547]: base_url = self.get_endpoint(auth, allow=allow,
Apr 01 13:28:21.153645 dv-neutron-836178-1-hyperv neutron-server[102547]: File "/usr/local/lib/python3.8/dist-packages/keystoneauth1/session.py", line 1241, in get_endpoint
Apr 01 13:28:21.153645 dv-neutron-836178-1-hyperv neutron-server[102547]: auth = self._auth_required(auth, 'determine endpoint URL')
Apr 01 13:28:21.153645 dv-neutron-836178-1-hyperv neutron-server[102547]: File "/usr/local/lib/python3.8/dist-packages/keystoneauth1/session.py", line 1181, in _auth_required
Apr 01 13:28:21.153645 dv-neutron-836178-1-hyperv neutron-server[102547]: raise exceptions.MissingAuthPlugin(msg_fmt % msg)
Apr 01 13:28:21.153645 dv-neutron-836178-1-hyperv neutron-server[102547]: keystoneauth1.exceptions.auth_plugins.MissingAuthPlugin: An auth plugin is required to determine endpoint URL
Apr 01 13:28:21.166767 dv-neutron-836178-1-hyperv neutron-server[102547]: DEBUG neutron.db.db_base_plugin_common [None req-dcba3b47-09c1-4fe9-9416-993b02968700 admin admin] Allocated IP 172.20.0.1 (d6302eb4-fa90-4830-8623-f12157fe48ce/c3e45499-c21a-482e-83ba-605427545367/7111f32d-68e3-4b95-92da-1e2f3c1e3d94) {{(pid=102547) _store_ip_allocation /opt/stack/neutron/neutron/db/db_base_plugin_common.py:131}}
Apr 01 13:28:21.180658 dv-neutron-836178-1-hyperv neutron-server[102546]: DEBUG neutron_lib.callbacks.manager [None req-c65e4c6a-3418-4195-89c2-3e234d4bb37e tempest-FloatingIPAdminTestJSON-844604977 tempest-FloatingIPAdminTestJSON-844604977-project] Notify callbacks [] for port, precommit_create {{(pid=102546) _notify_loop /usr/local/lib/python3.8/dist-packages/neutron_lib/callbacks/manager.py:192}}
Apr 01 13:28:21.186155 dv-neutron-836178-1-hyperv neutron-server[102549]: DEBUG neutron.db.l3_dvrscheduler_db [None req-bb1e7fd5-dbaf-4da7-9364-79450a613b65 None None] Routers {'2686d725-c0ee-4830-af7f-0bc391a9fbc8'} bound to L3 agent in host dv-neutron-836178-1-hyperv {{(pid=102549) _get_router_ids_for_agent /opt/stack/neutron/neutron/db/l3_dvrscheduler_db.py:421}}
Apr 01 13:28:21.187103 dv-neutron-836178-1-hyperv neutron-server[102549]: DEBUG neutron.db.l3_hamode_db [None req-bb1e7fd5-dbaf-4da7-9364-79450a613b65 None None] neutron.services.l3_router.l3_router_plugin.L3RouterPlugin method get_ha_sync_data_for_host called with arguments (, 'dv-neutron-836178-1-hyperv', Agent(admin_state_up=True,agent_type='L3 agent',availability_zone='nova',binary='neutron-l3-agent',configurations={"agent_mode": "legacy", "ex_gw_ports": 1, "extensions": [], "floating_ips": 0, "handle_internal_only_routers": true, "interface_driver": "openvswitch", "interfaces": 1, "log_agent_heartbeats": false, "routers": 1},created_at=2022-04-01T13:20:18Z,description=,heartbeat_timestamp=2022-04-01T13:28:18Z,host='dv-neutron-836178-1-hyperv',id=74a5a190-42d7-4a95-93d8-eae7bb9e58cc,load=0,resource_versions=,resources_synced=,started_at=2022-04-01T13:20:18Z,topic='l3_agent')) {'router_ids': ['2686d725-c0ee-4830-af7f-0bc391a9fbc8'], 'active': True} {{(pid=102549) wrapper /usr/local/lib/python3.8/dist-packages/oslo_log/helpers.py:65}}
Apr 01 13:28:21.235296 dv-neutron-836178-1-hyperv neutron-server[102546]: DEBUG neutron.db.l3_dvrscheduler_db [None req-69282a96-c65e-45da-9a3b-e2b5f8a8dc5a admin admin] Received port after_create {{(pid=102546) _notify_l3_agent_new_port /opt/stack/neutron/neutron/db/l3_dvrscheduler_db.py:536}}
Apr 01 13:28:21.244751 dv-neutron-836178-1-hyperv neutron-server[102546]: DEBUG neutron.quota.resource [None req-56d98afa-f187-4531-956a-0ec8fdd98c74 tempest-QuotasTest-1424838257 tempest-QuotasTest-1424838257-project-admin] Usage tracker for resource:router and tenant:d2d10827157f4f5fbf16660d2d1e42de is out of sync, need to count used quota {{(pid=102546) count_used /opt/stack/neutron/neutron/quota/resource.py:291}}
Apr 01 13:28:21.248126 dv-neutron-836178-1-hyperv neutron-server[102546]: DEBUG neutron_lib.callbacks.manager [None req-c65e4c6a-3418-4195-89c2-3e234d4bb37e tempest-FloatingIPAdminTestJSON-844604977 tempest-FloatingIPAdminTestJSON-844604977-project] Notify callbacks ['neutron.plugins.ml2.plugin.SecurityGroupServerNotifierRpcMixin._notify_sg_on_port_change-645957', 'neutron.plugins.ml2.ovo_rpc._ObjectChangeHandler.handle_event-75083', 'neutron.api.rpc.agentnotifiers.dhcp_rpc_agent_api.DhcpAgentNotifyAPI._native_event_send_dhcp_notification-1650885', 'neutron.db.l3_dvrscheduler_db._notify_l3_agent_new_port-8735645688248'] for port, after_create {{(pid=102546) _notify_loop /usr/local/lib/python3.8/dist-packages/neutron_lib/callbacks/manager.py:192}}
Apr 01 13:28:21.292797 dv-neutron-836178-1-hyperv neutron-server[102547]: DEBUG neutron_lib.callbacks.manager [None req-16ae418d-7bcc-4746-b0d8-b7e9f198b8a5 tempest-ExternalNetworksTestJSON-2093049688 tempest-ExternalNetworksTestJSON-2093049688-project-admin] Notify callbacks ['neutron.plugins.ml2.plugin.Ml2Plugin._network_delete_after_delete_handler-706082', 'neutron.plugins.ml2.ovo_rpc._ObjectChangeHandler.handle_event-1829332', 'neutron.api.rpc.agentnotifiers.dhcp_rpc_agent_api.DhcpAgentNotifyAPI._native_event_send_dhcp_notification-1650885', 'neutron.services.l3_router.l3_router_plugin.DVRResourceOperationHandler.delete_fip_namespaces_for_ext_net-1676237'] for network, after_delete {{(pid=102547) _notify_loop /usr/local/lib/python3.8/dist-packages/neutron_lib/callbacks/manager.py:192}}
Apr 01 13:28:21.341668 dv-neutron-836178-1-hyperv neutron-server[102547]: DEBUG neutron.api.rpc.agentnotifiers.l3_rpc_agent_api [None req-16ae418d-7bcc-4746-b0d8-b7e9f198b8a5 tempest-ExternalNetworksTestJSON-2093049688 tempest-ExternalNetworksTestJSON-2093049688-project-admin] Fanout notify agent at l3_agent the message fipnamespace_delete_on_ext_net for external_network 37390ee2-65a3-4056-b35d-cbad4fabc500 {{(pid=102547) _notification_fanout /opt/stack/neutron/neutron/api/rpc/agentnotifiers/l3_rpc_agent_api.py:120}}
Apr 01 13:28:21.354180 dv-neutron-836178-1-hyperv neutron-server[102547]: DEBUG neutron_lib.callbacks.manager [None req-16ae418d-7bcc-4746-b0d8-b7e9f198b8a5 tempest-ExternalNetworksTestJSON-2093049688 tempest-ExternalNetworksTestJSON-2093049688-project-admin] Notify callbacks ['neutron.api.rpc.agentnotifiers.dhcp_rpc_agent_api.DhcpAgentNotifyAPI._send_dhcp_notification-1652527'] for network, before_response {{(pid=102547) _notify_loop /usr/local/lib/python3.8/dist-packages/neutron_lib/callbacks/manager.py:192}}
Apr 01 13:28:21.364003 dv-neutron-836178-1-hyperv neutron-server[102547]: INFO neutron.wsgi [None req-16ae418d-7bcc-4746-b0d8-b7e9f198b8a5 tempest-ExternalNetworksTestJSON-2093049688 tempest-ExternalNetworksTestJSON-2093049688-project-admin] 10.222.0.18 "DELETE /v2.0/networks/37390ee2-65a3-4056-b35d-cbad4fabc500 HTTP/1.1" status: 204 len: 168 time: 1.4352713
Apr 01 13:28:21.374643 dv-neutron-836178-1-hyperv neutron-server[102548]: DEBUG neutron.db.provisioning_blocks [None req-6d6753c2-69aa-4227-802b-ff17710739aa None None] Provisioning complete for port 64faa423-b037-4e78-9077-6bc26a18b8dd triggered by entity L2. {{(pid=102548) provisioning_complete /opt/stack/neutron/neutron/db/provisioning_blocks.py:139}}
Apr 01 13:28:21.377454 dv-neutron-836178-1-hyperv neutron-server[102546]: DEBUG neutron.scheduler.dhcp_agent_scheduler [None req-c65e4c6a-3418-4195-89c2-3e234d4bb37e tempest-FloatingIPAdminTestJSON-844604977 tempest-FloatingIPAdminTestJSON-844604977-project] Network aac7591d-63fa-48d7-9587-5e10ee254344 is already hosted by enough agents. {{(pid=102546) _get_dhcp_agents_hosting_network /opt/stack/neutron/neutron/scheduler/dhcp_agent_scheduler.py:275}}
Apr 01 13:28:21.378278 dv-neutron-836178-1-hyperv neutron-server[102548]: DEBUG neutron_lib.callbacks.manager [None req-6d6753c2-69aa-4227-802b-ff17710739aa None None] Notify callbacks ['neutron.plugins.ml2.plugin.Ml2Plugin._port_provisioned-704297'] for port, provisioning_complete {{(pid=102548) _notify_loop /usr/local/lib/python3.8/dist-packages/neutron_lib/callbacks/manager.py:192}}
Apr 01 13:28:21.394295 dv-neutron-836178-1-hyperv neutron-server[102547]: DEBUG neutron.wsgi [-] (102547) accepted ('10.222.0.18', 47276) {{(pid=102547) server /usr/local/lib/python3.8/dist-packages/eventlet/wsgi.py:982}}
Apr 01 13:28:21.406388 dv-neutron-836178-1-hyperv neutron-server[102547]: DEBUG neutron.api.v2.base [None req-ff4bb926-9046-4174-9c99-998e50a3e268 tempest-ExternalNetworksTestJSON-2093049688 tempest-ExternalNetworksTestJSON-2093049688-project-admin] Request body: {'network': {'router:external': True}} {{(pid=102547) prepare_request_body /opt/stack/neutron/neutron/api/v2/base.py:729}}
Apr 01 13:28:21.412380 dv-neutron-836178-1-hyperv neutron-server[102547]: DEBUG neutron.api.rpc.handlers.resources_rpc [None req-16ae418d-7bcc-4746-b0d8-b7e9f198b8a5 tempest-ExternalNetworksTestJSON-2093049688 tempest-ExternalNetworksTestJSON-2093049688-project-admin] Pushing event deleted for resources: {'Network': ['ID=37390ee2-65a3-4056-b35d-cbad4fabc500,revision_number=None']} {{(pid=102547) push /opt/stack/neutron/neutron/api/rpc/handlers/resources_rpc.py:237}}
Apr 01 13:28:21.417115 dv-neutron-836178-1-hyperv neutron-server[102549]: DEBUG neutron.db.l3_dvr_db [None req-bb1e7fd5-dbaf-4da7-9364-79450a613b65 None None] Set router 2686d725-c0ee-4830-af7f-0bc391a9fbc8 gateway port host: dv-neutron-836178-1-hyperv {{(pid=102549) _build_routers_list /opt/stack/neutron/neutron/db/l3_dvr_db.py:906}}
Apr 01 13:28:21.517088 dv-neutron-836178-1-hyperv neutron-server[102547]: DEBUG neutron.scheduler.l3_agent_scheduler [None req-b23a15e4-003d-4081-9b98-6b5332bb158d admin admin] Router 363ece64-c0e1-4549-8cb2-30bd362f70bb is scheduled to L3 agent 74a5a190-42d7-4a95-93d8-eae7bb9e58cc with binding_index 1 {{(pid=102547) bind_router /opt/stack/neutron/neutron/scheduler/l3_agent_scheduler.py:209}}
Apr 01 13:28:21.526441 dv-neutron-836178-1-hyperv neutron-server[102547]: DEBUG neutron.pecan_wsgi.hooks.quota_enforcement [None req-ff4bb926-9046-4174-9c99-998e50a3e268 tempest-ExternalNetworksTestJSON-2093049688 tempest-ExternalNetworksTestJSON-2093049688-project-admin] Made reservation on behalf of 353f99f8ad844be590eabd41a16ccb7d for: {'network': 1} {{(pid=102547) before /opt/stack/neutron/neutron/pecan_wsgi/hooks/quota_enforcement.py:53}}
Apr 01 13:28:21.530171 dv-neutron-836178-1-hyperv neutron-server[102547]: DEBUG neutron_lib.callbacks.manager [None req-ff4bb926-9046-4174-9c99-998e50a3e268 tempest-ExternalNetworksTestJSON-2093049688 tempest-ExternalNetworksTestJSON-2093049688-project-admin] Notify callbacks ['neutron.plugins.ml2.plugin.SecurityGroupDbMixin._ensure_default_security_group_handler-646020'] for network, before_create {{(pid=102547) _notify_loop /usr/local/lib/python3.8/dist-packages/neutron_lib/callbacks/manager.py:192}}
Apr 01 13:28:21.553345 dv-neutron-836178-1-hyperv neutron-server[102546]: DEBUG neutron.api.rpc.handlers.resources_rpc [None req-c65e4c6a-3418-4195-89c2-3e234d4bb37e tempest-FloatingIPAdminTestJSON-844604977 tempest-FloatingIPAdminTestJSON-844604977-project] Pushing event updated for resources: {'Port': ['ID=6f92a76e-6701-49af-8f5c-9c615d3116d7,revision_number=1']} {{(pid=102546) push /opt/stack/neutron/neutron/api/rpc/handlers/resources_rpc.py:237}}
Apr 01 13:28:21.556520 dv-neutron-836178-1-hyperv neutron-server[102546]: DEBUG neutron.scheduler.base_scheduler [None req-c65e4c6a-3418-4195-89c2-3e234d4bb37e tempest-FloatingIPAdminTestJSON-844604977 tempest-FloatingIPAdminTestJSON-844604977-project] Resources bound (agent type, host, resource id): {{(pid=102546) schedule /opt/stack/neutron/neutron/scheduler/base_scheduler.py:57}}
Apr 01 13:28:21.558456 dv-neutron-836178-1-hyperv neutron-server[102546]: DEBUG neutron.quota.resource [None req-56d98afa-f187-4531-956a-0ec8fdd98c74 tempest-QuotasTest-1424838257 tempest-QuotasTest-1424838257-project-admin] Quota usage for router was recalculated. Used quota:0. {{(pid=102546) count_used /opt/stack/neutron/neutron/quota/resource.py:311}}
Apr 01 13:28:21.561394 dv-neutron-836178-1-hyperv neutron-server[102546]: DEBUG neutron.db.l3_dvrscheduler_db [None req-c65e4c6a-3418-4195-89c2-3e234d4bb37e tempest-FloatingIPAdminTestJSON-844604977 tempest-FloatingIPAdminTestJSON-844604977-project] Received port after_create {{(pid=102546) _notify_l3_agent_new_port /opt/stack/neutron/neutron/db/l3_dvrscheduler_db.py:536}}
Apr 01 13:28:21.592492 dv-neutron-836178-1-hyperv neutron-server[102547]: DEBUG neutron_lib.callbacks.manager [None req-dcba3b47-09c1-4fe9-9416-993b02968700 admin admin] Notify callbacks [] for port, precommit_create {{(pid=102547) _notify_loop /usr/local/lib/python3.8/dist-packages/neutron_lib/callbacks/manager.py:192}}
Apr 01 13:28:21.632582 dv-neutron-836178-1-hyperv neutron-server[102546]: WARNING neutron.scheduler.l3_agent_scheduler [None req-15a8efbd-183e-44b2-b33f-4c4c741fb030 tempest-RoutersTestDVR-202297350 tempest-RoutersTestDVR-202297350-project-admin] No L3 agents can host the router 75c4a4e5-b0dd-4eeb-a2f7-65d81cfb7bfe
Apr 01 13:28:21.716334 dv-neutron-836178-1-hyperv neutron-server[102546]: DEBUG neutron.quota.resource [None req-56d98afa-f187-4531-956a-0ec8fdd98c74 tempest-QuotasTest-1424838257 tempest-QuotasTest-1424838257-project-admin] Usage tracker for resource:floatingip and tenant:d2d10827157f4f5fbf16660d2d1e42de is out of sync, need to count used quota {{(pid=102546) count_used /opt/stack/neutron/neutron/quota/resource.py:291}}
Apr 01 13:28:21.734684 dv-neutron-836178-1-hyperv neutron-server[102548]: DEBUG neutron_lib.callbacks.manager [None req-e409749b-2fc7-4602-914f-d7d473ebc96c None None] Notify callbacks ['neutron.services.segments.db._update_segment_host_mapping_for_agent-8735646188117', 'neutron.plugins.ml2.plugin.Ml2Plugin._retry_binding_revived_agents-705675'] for agent, after_update {{(pid=102548) _notify_loop /usr/local/lib/python3.8/dist-packages/neutron_lib/callbacks/manager.py:192}}
Apr 01 13:28:21.745988 dv-neutron-836178-1-hyperv neutron-server[102548]: DEBUG neutron.db.provisioning_blocks [None req-1bb4c938-104b-4ec1-a8e2-6cf8cde7e84e None None] Provisioning complete for port b739ee0c-3945-4715-9948-0a49d373d100 triggered by entity DHCP. {{(pid=102548) provisioning_complete /opt/stack/neutron/neutron/db/provisioning_blocks.py:139}}
Apr 01 13:28:21.746695 dv-neutron-836178-1-hyperv neutron-server[102548]: DEBUG neutron_lib.callbacks.manager [None req-1bb4c938-104b-4ec1-a8e2-6cf8cde7e84e None None] Notify callbacks ['neutron.plugins.ml2.plugin.Ml2Plugin._port_provisioned-704297'] for port, provisioning_complete {{(pid=102548) _notify_loop /usr/local/lib/python3.8/dist-packages/neutron_lib/callbacks/manager.py:192}}
Apr 01 13:28:21.791960 dv-neutron-836178-1-hyperv neutron-server[102546]: DEBUG neutron.quota.resource [None req-56d98afa-f187-4531-956a-0ec8fdd98c74 tempest-QuotasTest-1424838257 tempest-QuotasTest-1424838257-project-admin] Quota usage for floatingip was recalculated. Used quota:0. {{(pid=102546) count_used /opt/stack/neutron/neutron/quota/resource.py:311}}
Apr 01 13:28:21.881221 dv-neutron-836178-1-hyperv neutron-server[102549]: DEBUG neutron.db.l3_hamode_db [None req-bb1e7fd5-dbaf-4da7-9364-79450a613b65 None None] neutron.services.l3_router.l3_router_plugin.L3RouterPlugin method _process_sync_ha_data called with arguments (, [{'id': '2686d725-c0ee-4830-af7f-0bc391a9fbc8', 'name': 'tempest-ServerActionsTestJSON-1345232053-router', 'tenant_id': 'e7baf020d0384b7699d6687e6826304b', 'admin_state_up': True, 'status': 'ACTIVE', 'external_gateway_info': {'network_id': 'aac7591d-63fa-48d7-9587-5e10ee254344', 'external_fixed_ips': [{'subnet_id': '04f8566a-be06-4649-ac56-6cccfd5097f4', 'ip_address': '172.26.0.153'}], 'enable_snat': True}, 'gw_port_id': '2ddbac4e-7cfb-4ffa-af41-7ec798a211b9', 'description': '', 'availability_zones': ['nova'], 'distributed': False, 'ha': False, 'ha_vr_id': 0, 'availability_zone_hints': [], 'routes': [], 'flavor_id': None, 'tags': [], 'created_at': '2022-04-01T13:28:13Z', 'updated_at': '2022-04-01T13:28:14Z', 'revision_number': 3, 'project_id': 'e7baf020d0384b7699d6687e6826304b', 'gw_port': {'id': '2ddbac4e-7cfb-4ffa-af41-7ec798a211b9', 'name': '', 'network_id': 'aac7591d-63fa-48d7-9587-5e10ee254344', 'tenant_id': '', 'mac_address': 'fa:16:3e:11:db:0f', 'admin_state_up': True, 'status': 'DOWN', 'device_id': '2686d725-c0ee-4830-af7f-0bc391a9fbc8', 'device_owner': 'network:router_gateway', 'standard_attr_id': 47, 'fixed_ips': [{'subnet_id': '04f8566a-be06-4649-ac56-6cccfd5097f4', 'ip_address': '172.26.0.153', 'prefixlen': 24}], 'allowed_address_pairs': [], 'extra_dhcp_opts': [], 'security_groups': [], 'description': '', 'binding:vnic_type': 'normal', 'binding:profile': {}, 'binding:host_id': 'dv-neutron-836178-1-hyperv', 'binding:vif_type': 'ovs', 'binding:vif_details': {'connectivity': 'l2', 'port_filter': True, 'ovs_hybrid_plug': False, 'datapath_type': 'system', 'bridge_name': 'br-int'}, 'port_security_enabled': False, 'tags': [], 'created_at': '2022-04-01T13:28:13Z', 'updated_at': '2022-04-01T13:28:21Z', 'revision_number': 3, 'project_id': '', 'subnets': [{'id': '04f8566a-be06-4649-ac56-6cccfd5097f4', 'cidr': '172.26.0.0/24', 'gateway_ip': '172.26.0.1', 'dns_nameservers': [], 'ipv6_ra_mode': None, 'subnetpool_id': None}], 'extra_subnets': [], 'address_scopes': {4: None, 6: None}, 'mtu': 1500}, 'enable_snat': True, 'gw_port_host': 'dv-neutron-836178-1-hyperv'}], 'dv-neutron-836178-1-hyperv', False) {} {{(pid=102549) wrapper /usr/local/lib/python3.8/dist-packages/oslo_log/helpers.py:65}}
Apr 01 13:28:21.963083 dv-neutron-836178-1-hyperv neutron-server[102547]: DEBUG neutron_lib.callbacks.manager [None req-dcba3b47-09c1-4fe9-9416-993b02968700 admin admin] Notify callbacks ['neutron.plugins.ml2.plugin.SecurityGroupServerNotifierRpcMixin._notify_sg_on_port_change-645957', 'neutron.plugins.ml2.ovo_rpc._ObjectChangeHandler.handle_event-75083', 'neutron.api.rpc.agentnotifiers.dhcp_rpc_agent_api.DhcpAgentNotifyAPI._native_event_send_dhcp_notification-1650885', 'neutron.db.l3_dvrscheduler_db._notify_l3_agent_new_port-8735645688248', 'neutron.services.segments.plugin.NovaSegmentNotifier._notify_port_created_or_deleted-33393019'] for port, after_create {{(pid=102547) _notify_loop /usr/local/lib/python3.8/dist-packages/neutron_lib/callbacks/manager.py:192}}
Apr 01 13:28:21.968324 dv-neutron-836178-1-hyperv neutron-server[102549]: DEBUG neutron.api.rpc.handlers.l3_rpc [None req-bb1e7fd5-dbaf-4da7-9364-79450a613b65 None None] The sync data for ids ['2686d725-c0ee-4830-af7f-0bc391a9fbc8'] in dv-neutron-836178-1-hyperv is: [{'id': '2686d725-c0ee-4830-af7f-0bc391a9fbc8', 'name': 'tempest-ServerActionsTestJSON-1345232053-router', 'tenant_id': 'e7baf020d0384b7699d6687e6826304b', 'admin_state_up': True, 'status': 'ACTIVE', 'external_gateway_info': {'network_id': 'aac7591d-63fa-48d7-9587-5e10ee254344', 'external_fixed_ips': [{'subnet_id': '04f8566a-be06-4649-ac56-6cccfd5097f4', 'ip_address': '172.26.0.153'}], 'enable_snat': True}, 'gw_port_id': '2ddbac4e-7cfb-4ffa-af41-7ec798a211b9', 'description': '', 'availability_zones': ['nova'], 'distributed': False, 'ha': False, 'ha_vr_id': 0, 'availability_zone_hints': [], 'routes': [], 'flavor_id': None, 'tags': [], 'created_at': '2022-04-01T13:28:13Z', 'updated_at': '2022-04-01T13:28:14Z', 'revision_number': 3, 'project_id': 'e7baf020d0384b7699d6687e6826304b', 'gw_port': {'id': '2ddbac4e-7cfb-4ffa-af41-7ec798a211b9', 'name': '', 'network_id': 'aac7591d-63fa-48d7-9587-5e10ee254344', 'tenant_id': '', 'mac_address': 'fa:16:3e:11:db:0f', 'admin_state_up': True, 'status': 'DOWN', 'device_id': '2686d725-c0ee-4830-af7f-0bc391a9fbc8', 'device_owner': 'network:router_gateway', 'standard_attr_id': 47, 'fixed_ips': [{'subnet_id': '04f8566a-be06-4649-ac56-6cccfd5097f4', 'ip_address': '172.26.0.153', 'prefixlen': 24}], 'allowed_address_pairs': [], 'extra_dhcp_opts': [], 'security_groups': [], 'description': '', 'binding:vnic_type': 'normal', 'binding:profile': {}, 'binding:host_id': 'dv-neutron-836178-1-hyperv', 'binding:vif_type': 'ovs', 'binding:vif_details': {'connectivity': 'l2', 'port_filter': True, 'ovs_hybrid_plug': False, 'datapath_type': 'system', 'bridge_name': 'br-int'}, 'port_security_enabled': False, 'tags': [], 'created_at': '2022-04-01T13:28:13Z', 'updated_at': '2022-04-01T13:28:21Z', 'revision_number': 3, 'project_id': '', 'subnets': [{'id': '04f8566a-be06-4649-ac56-6cccfd5097f4', 'cidr': '172.26.0.0/24', 'gateway_ip': '172.26.0.1', 'dns_nameservers': [], 'ipv6_ra_mode': None, 'subnetpool_id': None}], 'extra_subnets': [], 'address_scopes': {4: None, 6: None}, 'mtu': 1500}, 'enable_snat': True, 'gw_port_host': 'dv-neutron-836178-1-hyperv'}] {{(pid=102549) sync_routers /opt/stack/neutron/neutron/api/rpc/handlers/l3_rpc.py:137}}
Apr 01 13:28:21.977425 dv-neutron-836178-1-hyperv neutron-server[102547]: DEBUG neutron.api.rpc.agentnotifiers.l3_rpc_agent_api [None req-b23a15e4-003d-4081-9b98-6b5332bb158d admin admin] Notify agent at l3_agent.dv-neutron-836178-1-hyperv the message routers_updated {{(pid=102547) _agent_notification /opt/stack/neutron/neutron/api/rpc/agentnotifiers/l3_rpc_agent_api.py:65}}
Apr 01 13:28:21.996309 dv-neutron-836178-1-hyperv neutron-server[102548]: DEBUG neutron.plugins.ml2.rpc [None req-6d6753c2-69aa-4227-802b-ff17710739aa None None] Device b739ee0c-3945-4715-9948-0a49d373d100 up at agent ovs-agent-dv-neutron-836178-1-hyperv {{(pid=102548) update_device_up /opt/stack/neutron/neutron/plugins/ml2/rpc.py:296}}
Apr 01 13:28:22.034860 dv-neutron-836178-1-hyperv neutron-server[102547]: DEBUG neutron_lib.callbacks.manager [None req-b23a15e4-003d-4081-9b98-6b5332bb158d admin admin] Notify callbacks [] for router, before_response {{(pid=102547) _notify_loop /usr/local/lib/python3.8/dist-packages/neutron_lib/callbacks/manager.py:192}}
Apr 01 13:28:22.036732 dv-neutron-836178-1-hyperv neutron-server[102547]: INFO neutron.wsgi [None req-b23a15e4-003d-4081-9b98-6b5332bb158d admin admin] 10.222.0.18 "POST /v2.0/routers HTTP/1.1" status: 201 len: 922 time: 7.0516126
Apr 01 13:28:22.046761 dv-neutron-836178-1-hyperv neutron-server[102547]: DEBUG neutron.wsgi [-] (102547) accepted ('10.222.0.18', 47278) {{(pid=102547) server /usr/local/lib/python3.8/dist-packages/eventlet/wsgi.py:982}}
Apr 01 13:28:22.067323 dv-neutron-836178-1-hyperv neutron-server[102547]: DEBUG neutron.plugins.ml2.drivers.helpers [None req-ff4bb926-9046-4174-9c99-998e50a3e268 tempest-ExternalNetworksTestJSON-2093049688 tempest-ExternalNetworksTestJSON-2093049688-project-admin] vlan segment allocate from pool success with {'vlan_id': 135, 'physical_network': 'physnet1'} {{(pid=102547) allocate_partially_specified_segment /opt/stack/neutron/neutron/plugins/ml2/drivers/helpers.py:153}}
Apr 01 13:28:22.071287 dv-neutron-836178-1-hyperv neutron-server[102547]: DEBUG neutron.scheduler.dhcp_agent_scheduler [None req-dcba3b47-09c1-4fe9-9416-993b02968700 admin admin] Network d6302eb4-fa90-4830-8623-f12157fe48ce is already hosted by enough agents. {{(pid=102547) _get_dhcp_agents_hosting_network /opt/stack/neutron/neutron/scheduler/dhcp_agent_scheduler.py:275}}
Apr 01 13:28:22.121413 dv-neutron-836178-1-hyperv neutron-server[102548]: DEBUG neutron_lib.callbacks.manager [None req-1bb4c938-104b-4ec1-a8e2-6cf8cde7e84e None None] Notify callbacks ['neutron.plugins.ml2.plugin.SecurityGroupDbMixin._ensure_default_security_group_handler-646020'] for port, before_update {{(pid=102548) _notify_loop /usr/local/lib/python3.8/dist-packages/neutron_lib/callbacks/manager.py:192}}
Apr 01 13:28:22.122898 dv-neutron-836178-1-hyperv neutron-server[102547]: DEBUG neutron.scheduler.base_scheduler [None req-dcba3b47-09c1-4fe9-9416-993b02968700 admin admin] Resources bound (agent type, host, resource id): {{(pid=102547) schedule /opt/stack/neutron/neutron/scheduler/base_scheduler.py:57}}
Apr 01 13:28:22.136496 dv-neutron-836178-1-hyperv neutron-server[102547]: DEBUG neutron.db.l3_dvrscheduler_db [None req-dcba3b47-09c1-4fe9-9416-993b02968700 admin admin] Received port after_create {{(pid=102547) _notify_l3_agent_new_port /opt/stack/neutron/neutron/db/l3_dvrscheduler_db.py:536}}
Apr 01 13:28:22.176699 dv-neutron-836178-1-hyperv neutron-server[102547]: DEBUG neutron.api.rpc.handlers.resources_rpc [None req-dcba3b47-09c1-4fe9-9416-993b02968700 admin admin] Pushing event updated for resources: {'Port': ['ID=7111f32d-68e3-4b95-92da-1e2f3c1e3d94,revision_number=1']} {{(pid=102547) push /opt/stack/neutron/neutron/api/rpc/handlers/resources_rpc.py:237}}
Apr 01 13:28:22.181736 dv-neutron-836178-1-hyperv neutron-server[102548]: DEBUG neutron.plugins.ml2.db [None req-1bb4c938-104b-4ec1-a8e2-6cf8cde7e84e None None] For port b739ee0c-3945-4715-9948-0a49d373d100, host dv-neutron-836178-1-hyperv, got binding levels [PortBindingLevel(driver='openvswitch',host='dv-neutron-836178-1-hyperv',level=0,port_id=b739ee0c-3945-4715-9948-0a49d373d100,segment=NetworkSegment(c0ae6cdb-7abd-4e1d-80e6-ac7506776464),segment_id=c0ae6cdb-7abd-4e1d-80e6-ac7506776464)] {{(pid=102548) get_binding_level_objs /opt/stack/neutron/neutron/plugins/ml2/db.py:74}}
Apr 01 13:28:22.183733 dv-neutron-836178-1-hyperv neutron-server[102548]: DEBUG neutron.db.provisioning_blocks [None req-6d6753c2-69aa-4227-802b-ff17710739aa None None] Provisioning complete for port b739ee0c-3945-4715-9948-0a49d373d100 triggered by entity L2. {{(pid=102548) provisioning_complete /opt/stack/neutron/neutron/db/provisioning_blocks.py:139}}
Apr 01 13:28:22.184236 dv-neutron-836178-1-hyperv neutron-server[102548]: DEBUG neutron_lib.callbacks.manager [None req-6d6753c2-69aa-4227-802b-ff17710739aa None None] Notify callbacks ['neutron.plugins.ml2.plugin.Ml2Plugin._port_provisioned-704297'] for port, provisioning_complete {{(pid=102548) _notify_loop /usr/local/lib/python3.8/dist-packages/neutron_lib/callbacks/manager.py:192}}
Apr 01 13:28:22.190468 dv-neutron-836178-1-hyperv neutron-server[102547]: DEBUG neutron_lib.callbacks.manager [None req-ff4bb926-9046-4174-9c99-998e50a3e268 tempest-ExternalNetworksTestJSON-2093049688 tempest-ExternalNetworksTestJSON-2093049688-project-admin] Notify callbacks ['neutron.plugins.ml2.plugin.Ml2Plugin._handle_segment_change-708386'] for segment, precommit_create {{(pid=102547) _notify_loop /usr/local/lib/python3.8/dist-packages/neutron_lib/callbacks/manager.py:192}}
Apr 01 13:28:22.191166 dv-neutron-836178-1-hyperv neutron-server[102547]: INFO neutron.db.segments_db [None req-ff4bb926-9046-4174-9c99-998e50a3e268 tempest-ExternalNetworksTestJSON-2093049688 tempest-ExternalNetworksTestJSON-2093049688-project-admin] Added segment 1c5fb5b9-0825-430a-8dff-e28443f72966 of type vlan for network 121b5eaa-6bfd-4911-a120-16428e2648c9
Apr 01 13:28:22.230880 dv-neutron-836178-1-hyperv neutron-server[102548]: DEBUG neutron_lib.callbacks.manager [None req-1bb4c938-104b-4ec1-a8e2-6cf8cde7e84e None None] Notify callbacks ['neutron.plugins.ml2.plugin.SecurityGroupServerNotifierRpcMixin._notify_sg_on_port_change-645957', 'neutron.plugins.ml2.ovo_rpc._ObjectChangeHandler.handle_event-75083', 'neutron.api.rpc.agentnotifiers.dhcp_rpc_agent_api.DhcpAgentNotifyAPI._native_event_send_dhcp_notification-1650885', 'neutron.db.l3_db.L3RpcNotifierMixin._notify_gateway_port_ip_changed-8735646229944', 'neutron.db.l3_dvrscheduler_db._notify_l3_agent_port_update-8735645688221', 'neutron.db.l3_hascheduler_db._notify_l3_agent_ha_port_update-8735645695299'] for port, after_update {{(pid=102548) _notify_loop /usr/local/lib/python3.8/dist-packages/neutron_lib/callbacks/manager.py:192}}
Apr 01 13:28:22.322935 dv-neutron-836178-1-hyperv neutron-server[102548]: DEBUG neutron.api.rpc.handlers.resources_rpc [None req-1bb4c938-104b-4ec1-a8e2-6cf8cde7e84e None None] Pushing event updated for resources: {'Port': ['ID=b739ee0c-3945-4715-9948-0a49d373d100,revision_number=3']} {{(pid=102548) push /opt/stack/neutron/neutron/api/rpc/handlers/resources_rpc.py:237}}
Apr 01 13:28:22.339316 dv-neutron-836178-1-hyperv neutron-server[102547]: DEBUG neutron_lib.callbacks.manager [None req-dcba3b47-09c1-4fe9-9416-993b02968700 admin admin] Notify callbacks ['neutron.services.l3_router.l3_router_plugin.DVRResourceOperationHandler._add_csnat_on_interface_create-1678776'] for router_interface, before_create {{(pid=102547) _notify_loop /usr/local/lib/python3.8/dist-packages/neutron_lib/callbacks/manager.py:192}}
Apr 01 13:28:22.365631 dv-neutron-836178-1-hyperv neutron-server[102547]: DEBUG neutron_lib.callbacks.manager [None req-ff4bb926-9046-4174-9c99-998e50a3e268 tempest-ExternalNetworksTestJSON-2093049688 tempest-ExternalNetworksTestJSON-2093049688-project-admin] Notify callbacks ['neutron.services.auto_allocate.db._ensure_external_network_default_value_callback-8735645667211'] for network, precommit_create {{(pid=102547) _notify_loop /usr/local/lib/python3.8/dist-packages/neutron_lib/callbacks/manager.py:192}}
Apr 01 13:28:22.406438 dv-neutron-836178-1-hyperv neutron-server[102546]: DEBUG neutron.db.l3_dvrscheduler_db [None req-15a8efbd-183e-44b2-b33f-4c4c741fb030 tempest-RoutersTestDVR-202297350 tempest-RoutersTestDVR-202297350-project-admin] Hosts for router 75c4a4e5-b0dd-4eeb-a2f7-65d81cfb7bfe: [] {{(pid=102546) _get_dvr_hosts_for_router /opt/stack/neutron/neutron/db/l3_dvrscheduler_db.py:329}}
Apr 01 13:28:22.419991 dv-neutron-836178-1-hyperv neutron-server[102546]: DEBUG neutron_lib.callbacks.manager [None req-c65e4c6a-3418-4195-89c2-3e234d4bb37e tempest-FloatingIPAdminTestJSON-844604977 tempest-FloatingIPAdminTestJSON-844604977-project] Notify callbacks [] for floatingip, precommit_create {{(pid=102546) _notify_loop /usr/local/lib/python3.8/dist-packages/neutron_lib/callbacks/manager.py:192}}
Apr 01 13:28:22.426936 dv-neutron-836178-1-hyperv neutron-server[102548]: DEBUG neutron.db.provisioning_blocks [None req-7592d814-4b8f-46d0-906f-89192989e92a None None] Provisioning complete for port b739ee0c-3945-4715-9948-0a49d373d100 triggered by entity DHCP. {{(pid=102548) provisioning_complete /opt/stack/neutron/neutron/db/provisioning_blocks.py:139}}
Apr 01 13:28:22.430450 dv-neutron-836178-1-hyperv neutron-server[102548]: DEBUG neutron_lib.callbacks.manager [None req-7592d814-4b8f-46d0-906f-89192989e92a None None] Notify callbacks ['neutron.plugins.ml2.plugin.Ml2Plugin._port_provisioned-704297'] for port, provisioning_complete {{(pid=102548) _notify_loop /usr/local/lib/python3.8/dist-packages/neutron_lib/callbacks/manager.py:192}}
Apr 01 13:28:22.564765 dv-neutron-836178-1-hyperv neutron-server[102546]: DEBUG neutron_lib.callbacks.manager [None req-c65e4c6a-3418-4195-89c2-3e234d4bb37e tempest-FloatingIPAdminTestJSON-844604977 tempest-FloatingIPAdminTestJSON-844604977-project] Notify callbacks ['neutron.plugins.ml2.plugin.SecurityGroupDbMixin._ensure_default_security_group_handler-646020'] for port, before_update {{(pid=102546) _notify_loop /usr/local/lib/python3.8/dist-packages/neutron_lib/callbacks/manager.py:192}}
Apr 01 13:28:22.566628 dv-neutron-836178-1-hyperv neutron-server[102546]: DEBUG neutron.db.l3_dvrscheduler_db [None req-15a8efbd-183e-44b2-b33f-4c4c741fb030 tempest-RoutersTestDVR-202297350 tempest-RoutersTestDVR-202297350-project-admin] Hosts for other DVR routers connected to router 75c4a4e5-b0dd-4eeb-a2f7-65d81cfb7bfe: set() {{(pid=102546) _get_other_dvr_hosts /opt/stack/neutron/neutron/db/l3_dvrscheduler_db.py:346}}
Apr 01 13:28:22.571057 dv-neutron-836178-1-hyperv neutron-server[102546]: DEBUG neutron_lib.callbacks.manager [None req-15a8efbd-183e-44b2-b33f-4c4c741fb030 tempest-RoutersTestDVR-202297350 tempest-RoutersTestDVR-202297350-project-admin] Notify callbacks [] for router, before_response {{(pid=102546) _notify_loop /usr/local/lib/python3.8/dist-packages/neutron_lib/callbacks/manager.py:192}}
Apr 01 13:28:22.585169 dv-neutron-836178-1-hyperv neutron-server[102546]: INFO neutron.wsgi [None req-15a8efbd-183e-44b2-b33f-4c4c741fb030 tempest-RoutersTestDVR-202297350 tempest-RoutersTestDVR-202297350-project-admin] 10.222.0.18 "PUT /v2.0/routers/75c4a4e5-b0dd-4eeb-a2f7-65d81cfb7bfe HTTP/1.1" status: 200 len: 717 time: 2.7406874
Apr 01 13:28:22.594603 dv-neutron-836178-1-hyperv neutron-server[102546]: DEBUG neutron.wsgi [-] (102546) accepted ('10.222.0.18', 47280) {{(pid=102546) server /usr/local/lib/python3.8/dist-packages/eventlet/wsgi.py:982}}
Apr 01 13:28:22.638643 dv-neutron-836178-1-hyperv neutron-server[102547]: DEBUG neutron_lib.callbacks.manager [None req-ff4bb926-9046-4174-9c99-998e50a3e268 tempest-ExternalNetworksTestJSON-2093049688 tempest-ExternalNetworksTestJSON-2093049688-project-admin] Notify callbacks ['neutron.plugins.ml2.ovo_rpc._ObjectChangeHandler.handle_event-1829332', 'neutron.api.rpc.agentnotifiers.dhcp_rpc_agent_api.DhcpAgentNotifyAPI._native_event_send_dhcp_notification-1650885'] for network, after_create {{(pid=102547) _notify_loop /usr/local/lib/python3.8/dist-packages/neutron_lib/callbacks/manager.py:192}}
Apr 01 13:28:22.639803 dv-neutron-836178-1-hyperv neutron-server[102548]: DEBUG neutron.api.rpc.handlers.l3_rpc [None req-67c9039b-85f3-46fc-b867-35d8d792af96 None None] Sync routers for ids ['363ece64-c0e1-4549-8cb2-30bd362f70bb'] in dv-neutron-836178-1-hyperv {{(pid=102548) sync_routers /opt/stack/neutron/neutron/api/rpc/handlers/l3_rpc.py:125}}
Apr 01 13:28:22.640043 dv-neutron-836178-1-hyperv neutron-server[102547]: DEBUG neutron.pecan_wsgi.hooks.policy_enforcement [None req-ff4bb926-9046-4174-9c99-998e50a3e268 tempest-ExternalNetworksTestJSON-2093049688 tempest-ExternalNetworksTestJSON-2093049688-project-admin] Attributes excluded by policy engine: ['standard_attr_id', 'vlan_transparent'] {{(pid=102547) _exclude_attributes_by_policy /opt/stack/neutron/neutron/pecan_wsgi/hooks/policy_enforcement.py:255}}
Apr 01 13:28:22.640631 dv-neutron-836178-1-hyperv neutron-server[102547]: DEBUG neutron_lib.callbacks.manager [None req-ff4bb926-9046-4174-9c99-998e50a3e268 tempest-ExternalNetworksTestJSON-2093049688 tempest-ExternalNetworksTestJSON-2093049688-project-admin] Notify callbacks ['neutron.api.rpc.agentnotifiers.dhcp_rpc_agent_api.DhcpAgentNotifyAPI._send_dhcp_notification-1652527'] for network, before_response {{(pid=102547) _notify_loop /usr/local/lib/python3.8/dist-packages/neutron_lib/callbacks/manager.py:192}}
Apr 01 13:28:22.672288 dv-neutron-836178-1-hyperv neutron-server[102548]: DEBUG neutron.db.l3_dvrscheduler_db [None req-67c9039b-85f3-46fc-b867-35d8d792af96 None None] Routers {'363ece64-c0e1-4549-8cb2-30bd362f70bb'} bound to L3 agent in host dv-neutron-836178-1-hyperv {{(pid=102548) _get_router_ids_for_agent /opt/stack/neutron/neutron/db/l3_dvrscheduler_db.py:421}}
Apr 01 13:28:22.673063 dv-neutron-836178-1-hyperv neutron-server[102548]: DEBUG neutron.db.l3_hamode_db [None req-67c9039b-85f3-46fc-b867-35d8d792af96 None None] neutron.services.l3_router.l3_router_plugin.L3RouterPlugin method get_ha_sync_data_for_host called with arguments (, 'dv-neutron-836178-1-hyperv', Agent(admin_state_up=True,agent_type='L3 agent',availability_zone='nova',binary='neutron-l3-agent',configurations={"agent_mode": "legacy", "ex_gw_ports": 1, "extensions": [], "floating_ips": 0, "handle_internal_only_routers": true, "interface_driver": "openvswitch", "interfaces": 1, "log_agent_heartbeats": false, "routers": 1},created_at=2022-04-01T13:20:18Z,description=,heartbeat_timestamp=2022-04-01T13:28:18Z,host='dv-neutron-836178-1-hyperv',id=74a5a190-42d7-4a95-93d8-eae7bb9e58cc,load=0,resource_versions=,resources_synced=,started_at=2022-04-01T13:20:18Z,topic='l3_agent')) {'router_ids': ['363ece64-c0e1-4549-8cb2-30bd362f70bb'], 'active': True} {{(pid=102548) wrapper /usr/local/lib/python3.8/dist-packages/oslo_log/helpers.py:65}}
