Jun 06 05:43:24.016288 dv-neutron-836141-10-hyperv devstack@keystone.service[80501]: DEBUG keystone.auth.core [None req-d04835d9-1652-419d-990f-9efe1cb307ec None None] MFA Rules not processed for user `30fbfd06893d462c9a41488e6cd8dec4`. Rule list: `[]` (Enabled: `True`). {{(pid=80501) check_auth_methods_against_rules /opt/stack/keystone/keystone/auth/core.py:438}}
Jun 06 05:43:24.017573 dv-neutron-836141-10-hyperv devstack@keystone.service[80501]: DEBUG keystone.common.fernet_utils [None req-d04835d9-1652-419d-990f-9efe1cb307ec None None] Loaded 2 Fernet keys from /etc/keystone/fernet-keys/, but `[fernet_tokens] max_active_keys = 3`; perhaps there have not been enough key rotations to reach `max_active_keys` yet? {{(pid=80501) load_keys /opt/stack/keystone/keystone/common/fernet_utils.py:286}}
Jun 06 05:43:24.018872 dv-neutron-836141-10-hyperv devstack@keystone.service[80502]: DEBUG keystone.server.flask.request_processing.middleware.auth_context [None req-0d17b658-a23c-43c5-8647-89475070635e None admin] Validating token access rules against request {{(pid=80502) validate_allowed_request /usr/local/lib/python3.8/dist-packages/keystonemiddleware/auth_token/__init__.py:545}}
Jun 06 05:43:24.059864 dv-neutron-836141-10-hyperv devstack@keystone.service[80502]: DEBUG keystone.server.flask.request_processing.middleware.auth_context [None req-7256972a-6967-4943-9dfb-940f03f7bb33 None admin] RBAC: auth_context: {'token': , 'domain_id': None, 'trust_id': None, 'trustor_id': None, 'trustee_id': None, 'domain_name': None, 'group_ids': [], 'user_id': '30fbfd06893d462c9a41488e6cd8dec4', 'user_domain_id': 'default', 'system_scope': 'all', 'project_id': None, 'project_domain_id': None, 'roles': ['admin', 'member', 'reader'], 'is_admin_project': True, 'service_user_id': None, 'service_user_domain_id': None, 'service_project_id': None, 'service_project_domain_id': None, 'service_roles': []} {{(pid=80502) fill_context /opt/stack/keystone/keystone/server/flask/request_processing/middleware/auth_context.py:478}}
Jun 06 05:43:24.060451 dv-neutron-836141-10-hyperv devstack@keystone.service[80502]: DEBUG keystone.server.flask.request_processing.req_logging [None req-7256972a-6967-4943-9dfb-940f03f7bb33 None admin] REQUEST_METHOD: `GET` {{(pid=80502) log_request_info /opt/stack/keystone/keystone/server/flask/request_processing/req_logging.py:27}}
Jun 06 05:43:24.060733 dv-neutron-836141-10-hyperv devstack@keystone.service[80502]: DEBUG keystone.server.flask.request_processing.req_logging [None req-7256972a-6967-4943-9dfb-940f03f7bb33 None admin] SCRIPT_NAME: `/identity` {{(pid=80502) log_request_info /opt/stack/keystone/keystone/server/flask/request_processing/req_logging.py:28}}
Jun 06 05:43:24.061008 dv-neutron-836141-10-hyperv devstack@keystone.service[80502]: DEBUG keystone.server.flask.request_processing.req_logging [None req-7256972a-6967-4943-9dfb-940f03f7bb33 None admin] PATH_INFO: `/v3/auth/tokens` {{(pid=80502) log_request_info /opt/stack/keystone/keystone/server/flask/request_processing/req_logging.py:29}}
Jun 06 05:43:24.095194 dv-neutron-836141-10-hyperv devstack@keystone.service[80501]: [pid: 80501|app: 0|req: 179/362] 10.222.0.40 () {58 vars in 1023 bytes} [Mon Jun 6 05:43:23 2022] POST /identity/v3/auth/tokens => generated 799 bytes in 98 msecs (HTTP/1.1 201) 6 headers in 363 bytes (1 switches on core 0)
Jun 06 05:43:24.095927 dv-neutron-836141-10-hyperv devstack@keystone.service[80501]: DEBUG keystone.server.flask.request_processing.middleware.auth_context [None req-d04835d9-1652-419d-990f-9efe1cb307ec None None] Authenticating user token {{(pid=80501) process_request /usr/local/lib/python3.8/dist-packages/keystonemiddleware/auth_token/__init__.py:407}}
Jun 06 05:43:24.143546 dv-neutron-836141-10-hyperv devstack@keystone.service[80502]: DEBUG keystone.common.rbac_enforcer.enforcer [None req-7256972a-6967-4943-9dfb-940f03f7bb33 None admin] RBAC: Authorizing `identity:validate_token()` {{(pid=80502) enforce_call /opt/stack/keystone/keystone/common/rbac_enforcer/enforcer.py:449}}
Jun 06 05:43:24.145005 dv-neutron-836141-10-hyperv devstack@keystone.service[80502]: DEBUG keystone.common.rbac_enforcer.enforcer [None req-7256972a-6967-4943-9dfb-940f03f7bb33 None admin] RBAC: Authorization granted {{(pid=80502) enforce_call /opt/stack/keystone/keystone/common/rbac_enforcer/enforcer.py:457}}
Jun 06 05:43:24.150925 dv-neutron-836141-10-hyperv devstack@keystone.service[80501]: DEBUG dbcounter [-] [80501] Writing DB stats keystone:SELECT=100 {{(pid=80501) stat_writer /usr/local/lib/python3.8/dist-packages/dbcounter.py:114}}
Jun 06 05:43:24.212263 dv-neutron-836141-10-hyperv devstack@keystone.service[80501]: DEBUG keystone.server.flask.request_processing.middleware.auth_context [None req-d04835d9-1652-419d-990f-9efe1cb307ec None None] Validating token access rules against request {{(pid=80501) validate_allowed_request /usr/local/lib/python3.8/dist-packages/keystonemiddleware/auth_token/__init__.py:545}}
Jun 06 05:43:24.248884 dv-neutron-836141-10-hyperv devstack@keystone.service[80502]: DEBUG dbcounter [-] [80502] Writing DB stats keystone:SELECT=100 {{(pid=80502) stat_writer /usr/local/lib/python3.8/dist-packages/dbcounter.py:114}}
Jun 06 05:43:24.253358 dv-neutron-836141-10-hyperv devstack@keystone.service[80501]: DEBUG keystone.server.flask.request_processing.middleware.auth_context [None req-38936aa9-d435-451b-9123-a568d6a0ef01 None admin] RBAC: auth_context: {'token': , 'domain_id': None, 'trust_id': None, 'trustor_id': None, 'trustee_id': None, 'domain_name': None, 'group_ids': [], 'user_id': '30fbfd06893d462c9a41488e6cd8dec4', 'user_domain_id': 'default', 'system_scope': 'all', 'project_id': None, 'project_domain_id': None, 'roles': ['admin', 'member', 'reader'], 'is_admin_project': True, 'service_user_id': None, 'service_user_domain_id': None, 'service_project_id': None, 'service_project_domain_id': None, 'service_roles': []} {{(pid=80501) fill_context /opt/stack/keystone/keystone/server/flask/request_processing/middleware/auth_context.py:478}}
Jun 06 05:43:24.254010 dv-neutron-836141-10-hyperv devstack@keystone.service[80501]: DEBUG keystone.server.flask.request_processing.req_logging [None req-38936aa9-d435-451b-9123-a568d6a0ef01 None admin] REQUEST_METHOD: `GET` {{(pid=80501) log_request_info /opt/stack/keystone/keystone/server/flask/request_processing/req_logging.py:27}}
Jun 06 05:43:24.254286 dv-neutron-836141-10-hyperv devstack@keystone.service[80501]: DEBUG keystone.server.flask.request_processing.req_logging [None req-38936aa9-d435-451b-9123-a568d6a0ef01 None admin] SCRIPT_NAME: `/identity` {{(pid=80501) log_request_info /opt/stack/keystone/keystone/server/flask/request_processing/req_logging.py:28}}
Jun 06 05:43:24.254607 dv-neutron-836141-10-hyperv devstack@keystone.service[80501]: DEBUG keystone.server.flask.request_processing.req_logging [None req-38936aa9-d435-451b-9123-a568d6a0ef01 None admin] PATH_INFO: `/v3/role_assignments` {{(pid=80501) log_request_info /opt/stack/keystone/keystone/server/flask/request_processing/req_logging.py:29}}
Jun 06 05:43:24.255503 dv-neutron-836141-10-hyperv devstack@keystone.service[80501]: DEBUG keystone.common.rbac_enforcer.enforcer [None req-38936aa9-d435-451b-9123-a568d6a0ef01 None admin] RBAC: Adding query filter params (group.id=686444ec4f134cb2840231fb80d8cad2, role.id=6eb7df9921094d64a44c7076b3340950, scope.project.id=b17c0e6e6bd04d08991a0b2fd26adaf9) {{(pid=80501) _extract_filter_values /opt/stack/keystone/keystone/common/rbac_enforcer/enforcer.py:167}}
Jun 06 05:43:24.255723 dv-neutron-836141-10-hyperv devstack@keystone.service[80501]: DEBUG keystone.common.rbac_enforcer.enforcer [None req-38936aa9-d435-451b-9123-a568d6a0ef01 None admin] RBAC: Authorizing `identity:list_role_assignments()` {{(pid=80501) enforce_call /opt/stack/keystone/keystone/common/rbac_enforcer/enforcer.py:449}}
Jun 06 05:43:24.257244 dv-neutron-836141-10-hyperv devstack@keystone.service[80501]: DEBUG keystone.common.rbac_enforcer.enforcer [None req-38936aa9-d435-451b-9123-a568d6a0ef01 None admin] RBAC: Authorization granted {{(pid=80501) enforce_call /opt/stack/keystone/keystone/common/rbac_enforcer/enforcer.py:457}}
Jun 06 05:43:24.263131 dv-neutron-836141-10-hyperv devstack@keystone.service[80501]: [pid: 80501|app: 0|req: 180/363] 10.222.0.40 () {56 vars in 1376 bytes} [Mon Jun 6 05:43:24 2022] GET /identity/v3/role_assignments?group.id=686444ec4f134cb2840231fb80d8cad2&scope.project.id=b17c0e6e6bd04d08991a0b2fd26adaf9&role.id=6eb7df9921094d64a44c7076b3340950 => generated 260 bytes in 167 msecs (HTTP/1.1 200) 5 headers in 177 bytes (1 switches on core 0)
Jun 06 05:43:24.264166 dv-neutron-836141-10-hyperv devstack@keystone.service[80502]: [pid: 80502|app: 0|req: 184/364] 10.222.0.40 () {58 vars in 1282 bytes} [Mon Jun 6 05:43:23 2022] GET /identity/v3/auth/tokens => generated 799 bytes in 369 msecs (HTTP/1.1 200) 6 headers in 358 bytes (1 switches on core 0)
Jun 06 05:43:24.264278 dv-neutron-836141-10-hyperv devstack@keystone.service[80501]: DEBUG keystone.server.flask.request_processing.middleware.auth_context [None req-38936aa9-d435-451b-9123-a568d6a0ef01 None admin] Authenticating user token {{(pid=80501) process_request /usr/local/lib/python3.8/dist-packages/keystonemiddleware/auth_token/__init__.py:407}}
Jun 06 05:43:24.264377 dv-neutron-836141-10-hyperv devstack@keystone.service[80502]: DEBUG keystone.server.flask.request_processing.middleware.auth_context [None req-7256972a-6967-4943-9dfb-940f03f7bb33 None admin] Authenticating user token {{(pid=80502) process_request /usr/local/lib/python3.8/dist-packages/keystonemiddleware/auth_token/__init__.py:407}}
Jun 06 05:43:24.410874 dv-neutron-836141-10-hyperv devstack@keystone.service[80502]: DEBUG keystone.server.flask.request_processing.middleware.auth_context [None req-7256972a-6967-4943-9dfb-940f03f7bb33 None admin] Validating token access rules against request {{(pid=80502) validate_allowed_request /usr/local/lib/python3.8/dist-packages/keystonemiddleware/auth_token/__init__.py:545}}
Jun 06 05:43:24.417436 dv-neutron-836141-10-hyperv devstack@keystone.service[80501]: DEBUG keystone.server.flask.request_processing.middleware.auth_context [None req-38936aa9-d435-451b-9123-a568d6a0ef01 None admin] Validating token access rules against request {{(pid=80501) validate_allowed_request /usr/local/lib/python3.8/dist-packages/keystonemiddleware/auth_token/__init__.py:545}}
Jun 06 05:43:24.433806 dv-neutron-836141-10-hyperv devstack@keystone.service[80501]: DEBUG dbcounter [-] [80501] Writing DB stats keystone:SELECT=100 {{(pid=80501) stat_writer /usr/local/lib/python3.8/dist-packages/dbcounter.py:114}}
Jun 06 05:43:24.451401 dv-neutron-836141-10-hyperv devstack@keystone.service[80502]: DEBUG keystone.server.flask.request_processing.middleware.auth_context [None req-84e14ed1-4209-49a4-a319-5a90f0e121a7 None admin] RBAC: auth_context: {'token': , 'domain_id': None, 'trust_id': None, 'trustor_id': None, 'trustee_id': None, 'domain_name': None, 'group_ids': [], 'user_id': '30fbfd06893d462c9a41488e6cd8dec4', 'user_domain_id': 'default', 'system_scope': 'all', 'project_id': None, 'project_domain_id': None, 'roles': ['admin', 'member', 'reader'], 'is_admin_project': True, 'service_user_id': None, 'service_user_domain_id': None, 'service_project_id': None, 'service_project_domain_id': None, 'service_roles': []} {{(pid=80502) fill_context /opt/stack/keystone/keystone/server/flask/request_processing/middleware/auth_context.py:478}}
Jun 06 05:43:24.453123 dv-neutron-836141-10-hyperv devstack@keystone.service[80502]: DEBUG keystone.server.flask.request_processing.req_logging [None req-84e14ed1-4209-49a4-a319-5a90f0e121a7 None admin] REQUEST_METHOD: `GET` {{(pid=80502) log_request_info /opt/stack/keystone/keystone/server/flask/request_processing/req_logging.py:27}}
Jun 06 05:43:24.453707 dv-neutron-836141-10-hyperv devstack@keystone.service[80502]: DEBUG keystone.server.flask.request_processing.req_logging [None req-84e14ed1-4209-49a4-a319-5a90f0e121a7 None admin] SCRIPT_NAME: `/identity` {{(pid=80502) log_request_info /opt/stack/keystone/keystone/server/flask/request_processing/req_logging.py:28}}
Jun 06 05:43:24.454182 dv-neutron-836141-10-hyperv devstack@keystone.service[80502]: DEBUG keystone.server.flask.request_processing.req_logging [None req-84e14ed1-4209-49a4-a319-5a90f0e121a7 None admin] PATH_INFO: `/v3/roles` {{(pid=80502) log_request_info /opt/stack/keystone/keystone/server/flask/request_processing/req_logging.py:29}}
Jun 06 05:43:24.455178 dv-neutron-836141-10-hyperv devstack@keystone.service[80502]: DEBUG keystone.common.rbac_enforcer.enforcer [None req-84e14ed1-4209-49a4-a319-5a90f0e121a7 None admin] RBAC: Adding query filter params (name=anotherrole) {{(pid=80502) _extract_filter_values /opt/stack/keystone/keystone/common/rbac_enforcer/enforcer.py:167}}
Jun 06 05:43:24.455489 dv-neutron-836141-10-hyperv devstack@keystone.service[80502]: DEBUG keystone.common.rbac_enforcer.enforcer [None req-84e14ed1-4209-49a4-a319-5a90f0e121a7 None admin] RBAC: Authorizing `identity:list_roles()` {{(pid=80502) enforce_call /opt/stack/keystone/keystone/common/rbac_enforcer/enforcer.py:449}}
Jun 06 05:43:24.457152 dv-neutron-836141-10-hyperv devstack@keystone.service[80502]: DEBUG keystone.common.rbac_enforcer.enforcer [None req-84e14ed1-4209-49a4-a319-5a90f0e121a7 None admin] RBAC: Authorization granted {{(pid=80502) enforce_call /opt/stack/keystone/keystone/common/rbac_enforcer/enforcer.py:457}}
Jun 06 05:43:24.467464 dv-neutron-836141-10-hyperv devstack@keystone.service[80502]: [pid: 80502|app: 0|req: 185/365] 10.222.0.40 () {56 vars in 1111 bytes} [Mon Jun 6 05:43:24 2022] GET /identity/v3/roles?name=anotherrole => generated 334 bytes in 203 msecs (HTTP/1.1 200) 5 headers in 177 bytes (1 switches on core 0)
Jun 06 05:43:24.468493 dv-neutron-836141-10-hyperv devstack@keystone.service[80502]: DEBUG keystone.server.flask.request_processing.middleware.auth_context [None req-84e14ed1-4209-49a4-a319-5a90f0e121a7 None admin] Authenticating user token {{(pid=80502) process_request /usr/local/lib/python3.8/dist-packages/keystonemiddleware/auth_token/__init__.py:407}}
Jun 06 05:43:24.470330 dv-neutron-836141-10-hyperv devstack@keystone.service[80501]: DEBUG keystone.server.flask.request_processing.middleware.auth_context [None req-5f47739d-b336-4d2b-b733-b43abf4ef8b5 None admin] RBAC: auth_context: {'token': , 'domain_id': None, 'trust_id': None, 'trustor_id': None, 'trustee_id': None, 'domain_name': None, 'group_ids': [], 'user_id': '30fbfd06893d462c9a41488e6cd8dec4', 'user_domain_id': 'default', 'system_scope': 'all', 'project_id': None, 'project_domain_id': None, 'roles': ['admin', 'member', 'reader'], 'is_admin_project': True, 'service_user_id': None, 'service_user_domain_id': None, 'service_project_id': None, 'service_project_domain_id': None, 'service_roles': []} {{(pid=80501) fill_context /opt/stack/keystone/keystone/server/flask/request_processing/middleware/auth_context.py:478}}
Jun 06 05:43:24.472046 dv-neutron-836141-10-hyperv devstack@keystone.service[80501]: DEBUG keystone.server.flask.request_processing.req_logging [None req-5f47739d-b336-4d2b-b733-b43abf4ef8b5 None admin] REQUEST_METHOD: `GET` {{(pid=80501) log_request_info /opt/stack/keystone/keystone/server/flask/request_processing/req_logging.py:27}}
Jun 06 05:43:24.473479 dv-neutron-836141-10-hyperv devstack@keystone.service[80501]: DEBUG keystone.server.flask.request_processing.req_logging [None req-5f47739d-b336-4d2b-b733-b43abf4ef8b5 None admin] SCRIPT_NAME: `/identity` {{(pid=80501) log_request_info /opt/stack/keystone/keystone/server/flask/request_processing/req_logging.py:28}}
Jun 06 05:43:24.473924 dv-neutron-836141-10-hyperv devstack@keystone.service[80501]: DEBUG keystone.server.flask.request_processing.req_logging [None req-5f47739d-b336-4d2b-b733-b43abf4ef8b5 None admin] PATH_INFO: `/v3/groups/686444ec4f134cb2840231fb80d8cad2` {{(pid=80501) log_request_info /opt/stack/keystone/keystone/server/flask/request_processing/req_logging.py:29}}
Jun 06 05:43:24.475265 dv-neutron-836141-10-hyperv devstack@keystone.service[80501]: DEBUG keystone.common.rbac_enforcer.enforcer [None req-5f47739d-b336-4d2b-b733-b43abf4ef8b5 None admin] RBAC: Authorizing `identity:get_group(group_id=686444ec4f134cb2840231fb80d8cad2)` {{(pid=80501) enforce_call /opt/stack/keystone/keystone/common/rbac_enforcer/enforcer.py:449}}
Jun 06 05:43:24.478748 dv-neutron-836141-10-hyperv devstack@keystone.service[80501]: DEBUG keystone.common.rbac_enforcer.enforcer [None req-5f47739d-b336-4d2b-b733-b43abf4ef8b5 None admin] RBAC: Authorization granted {{(pid=80501) enforce_call /opt/stack/keystone/keystone/common/rbac_enforcer/enforcer.py:457}}
Jun 06 05:43:24.480149 dv-neutron-836141-10-hyperv devstack@keystone.service[80501]: [pid: 80501|app: 0|req: 181/366] 10.222.0.40 () {56 vars in 1180 bytes} [Mon Jun 6 05:43:24 2022] GET /identity/v3/groups/686444ec4f134cb2840231fb80d8cad2 => generated 226 bytes in 215 msecs (HTTP/1.1 200) 5 headers in 177 bytes (1 switches on core 0)
Jun 06 05:43:24.480149 dv-neutron-836141-10-hyperv devstack@keystone.service[80501]: DEBUG keystone.server.flask.request_processing.middleware.auth_context [None req-5f47739d-b336-4d2b-b733-b43abf4ef8b5 None admin] Authenticating user token {{(pid=80501) process_request /usr/local/lib/python3.8/dist-packages/keystonemiddleware/auth_token/__init__.py:407}}
Jun 06 05:43:24.528026 dv-neutron-836141-10-hyperv devstack@keystone.service[80502]: DEBUG dbcounter [-] [80502] Writing DB stats keystone:SELECT=100 {{(pid=80502) stat_writer /usr/local/lib/python3.8/dist-packages/dbcounter.py:114}}
Jun 06 05:43:24.605597 dv-neutron-836141-10-hyperv devstack@keystone.service[80502]: DEBUG keystone.server.flask.request_processing.middleware.auth_context [None req-84e14ed1-4209-49a4-a319-5a90f0e121a7 None admin] Validating token access rules against request {{(pid=80502) validate_allowed_request /usr/local/lib/python3.8/dist-packages/keystonemiddleware/auth_token/__init__.py:545}}
Jun 06 05:43:24.629270 dv-neutron-836141-10-hyperv devstack@keystone.service[80501]: DEBUG keystone.server.flask.request_processing.middleware.auth_context [None req-5f47739d-b336-4d2b-b733-b43abf4ef8b5 None admin] Validating token access rules against request {{(pid=80501) validate_allowed_request /usr/local/lib/python3.8/dist-packages/keystonemiddleware/auth_token/__init__.py:545}}
Jun 06 05:43:24.659112 dv-neutron-836141-10-hyperv devstack@keystone.service[80502]: DEBUG keystone.server.flask.request_processing.middleware.auth_context [None req-b12c098c-5015-4989-a1fc-76416d9aec39 None admin] RBAC: auth_context: {'token': , 'domain_id': None, 'trust_id': None, 'trustor_id': None, 'trustee_id': None, 'domain_name': None, 'group_ids': [], 'user_id': '30fbfd06893d462c9a41488e6cd8dec4', 'user_domain_id': 'default', 'system_scope': 'all', 'project_id': None, 'project_domain_id': None, 'roles': ['admin', 'member', 'reader'], 'is_admin_project': True, 'service_user_id': None, 'service_user_domain_id': None, 'service_project_id': None, 'service_project_domain_id': None, 'service_roles': []} {{(pid=80502) fill_context /opt/stack/keystone/keystone/server/flask/request_processing/middleware/auth_context.py:478}}
Jun 06 05:43:24.659921 dv-neutron-836141-10-hyperv devstack@keystone.service[80502]: DEBUG keystone.server.flask.request_processing.req_logging [None req-b12c098c-5015-4989-a1fc-76416d9aec39 None admin] REQUEST_METHOD: `GET` {{(pid=80502) log_request_info /opt/stack/keystone/keystone/server/flask/request_processing/req_logging.py:27}}
Jun 06 05:43:24.660209 dv-neutron-836141-10-hyperv devstack@keystone.service[80502]: DEBUG keystone.server.flask.request_processing.req_logging [None req-b12c098c-5015-4989-a1fc-76416d9aec39 None admin] SCRIPT_NAME: `/identity` {{(pid=80502) log_request_info /opt/stack/keystone/keystone/server/flask/request_processing/req_logging.py:28}}
Jun 06 05:43:24.660489 dv-neutron-836141-10-hyperv devstack@keystone.service[80502]: DEBUG keystone.server.flask.request_processing.req_logging [None req-b12c098c-5015-4989-a1fc-76416d9aec39 None admin] PATH_INFO: `/v3/roles/admin` {{(pid=80502) log_request_info /opt/stack/keystone/keystone/server/flask/request_processing/req_logging.py:29}}
Jun 06 05:43:24.673789 dv-neutron-836141-10-hyperv devstack@keystone.service[80502]: DEBUG keystone.common.rbac_enforcer.enforcer [None req-b12c098c-5015-4989-a1fc-76416d9aec39 None admin] Extracting inferred target data resulted in "NOT FOUND (404)". {{(pid=80502) enforce_call /opt/stack/keystone/keystone/common/rbac_enforcer/enforcer.py:409}}
Jun 06 05:43:24.674729 dv-neutron-836141-10-hyperv devstack@keystone.service[80501]: DEBUG keystone.server.flask.request_processing.middleware.auth_context [None req-956ed06c-4571-4c48-8aab-516ad14b0b52 None admin] RBAC: auth_context: {'token': , 'domain_id': None, 'trust_id': None, 'trustor_id': None, 'trustee_id': None, 'domain_name': None, 'group_ids': [], 'user_id': '30fbfd06893d462c9a41488e6cd8dec4', 'user_domain_id': 'default', 'system_scope': 'all', 'project_id': None, 'project_domain_id': None, 'roles': ['admin', 'member', 'reader'], 'is_admin_project': True, 'service_user_id': None, 'service_user_domain_id': None, 'service_project_id': None, 'service_project_domain_id': None, 'service_roles': []} {{(pid=80501) fill_context /opt/stack/keystone/keystone/server/flask/request_processing/middleware/auth_context.py:478}}
Jun 06 05:43:24.676598 dv-neutron-836141-10-hyperv devstack@keystone.service[80501]: DEBUG keystone.server.flask.request_processing.req_logging [None req-956ed06c-4571-4c48-8aab-516ad14b0b52 None admin] REQUEST_METHOD: `GET` {{(pid=80501) log_request_info /opt/stack/keystone/keystone/server/flask/request_processing/req_logging.py:27}}
Jun 06 05:43:24.676598 dv-neutron-836141-10-hyperv devstack@keystone.service[80501]: DEBUG keystone.server.flask.request_processing.req_logging [None req-956ed06c-4571-4c48-8aab-516ad14b0b52 None admin] SCRIPT_NAME: `/identity` {{(pid=80501) log_request_info /opt/stack/keystone/keystone/server/flask/request_processing/req_logging.py:28}}
Jun 06 05:43:24.676598 dv-neutron-836141-10-hyperv devstack@keystone.service[80501]: DEBUG keystone.server.flask.request_processing.req_logging [None req-956ed06c-4571-4c48-8aab-516ad14b0b52 None admin] PATH_INFO: `/v3/projects/a3b0bc5292f04828a80a6e0b74da61e4` {{(pid=80501) log_request_info /opt/stack/keystone/keystone/server/flask/request_processing/req_logging.py:29}}
Jun 06 05:43:24.677671 dv-neutron-836141-10-hyperv devstack@keystone.service[80501]: DEBUG keystone.common.rbac_enforcer.enforcer [None req-956ed06c-4571-4c48-8aab-516ad14b0b52 None admin] RBAC: Authorizing `identity:get_project(project_id=a3b0bc5292f04828a80a6e0b74da61e4)` {{(pid=80501) enforce_call /opt/stack/keystone/keystone/common/rbac_enforcer/enforcer.py:449}}
Jun 06 05:43:24.679249 dv-neutron-836141-10-hyperv devstack@keystone.service[80501]: DEBUG keystone.common.rbac_enforcer.enforcer [None req-956ed06c-4571-4c48-8aab-516ad14b0b52 None admin] RBAC: Authorization granted {{(pid=80501) enforce_call /opt/stack/keystone/keystone/common/rbac_enforcer/enforcer.py:457}}
Jun 06 05:43:24.686085 dv-neutron-836141-10-hyperv devstack@keystone.service[80501]: [pid: 80501|app: 0|req: 182/367] 10.222.0.40 () {56 vars in 1186 bytes} [Mon Jun 6 05:43:24 2022] GET /identity/v3/projects/a3b0bc5292f04828a80a6e0b74da61e4 => generated 302 bytes in 202 msecs (HTTP/1.1 200) 5 headers in 177 bytes (1 switches on core 0)
Jun 06 05:43:24.686085 dv-neutron-836141-10-hyperv devstack@keystone.service[80501]: DEBUG keystone.server.flask.request_processing.middleware.auth_context [None req-956ed06c-4571-4c48-8aab-516ad14b0b52 None admin] Authenticating user token {{(pid=80501) process_request /usr/local/lib/python3.8/dist-packages/keystonemiddleware/auth_token/__init__.py:407}}
Jun 06 05:43:24.688045 dv-neutron-836141-10-hyperv devstack@keystone.service[80502]: ERROR keystone.server.flask.application [None req-b12c098c-5015-4989-a1fc-76416d9aec39 None admin] Could not find role: admin.: keystone.exception.RoleNotFound: Could not find role: admin.
Jun 06 05:43:24.688045 dv-neutron-836141-10-hyperv devstack@keystone.service[80502]: ERROR keystone.server.flask.application
Traceback (most recent call last):
Jun 06 05:43:24.688045 dv-neutron-836141-10-hyperv devstack@keystone.service[80502]: ERROR keystone.server.flask.application
File "/usr/local/lib/python3.8/dist-packages/flask/app.py", line 1523, in full_dispatch_request
Jun 06 05:43:24.688045 dv-neutron-836141-10-hyperv devstack@keystone.service[80502]: ERROR keystone.server.flask.application rv = self.dispatch_request()
Jun 06 05:43:24.688045 dv-neutron-836141-10-hyperv devstack@keystone.service[80502]: ERROR keystone.server.flask.application
File "/usr/local/lib/python3.8/dist-packages/flask/app.py", line 1509, in dispatch_request
Jun 06 05:43:24.688045 dv-neutron-836141-10-hyperv devstack@keystone.service[80502]: ERROR keystone.server.flask.application return self.ensure_sync(self.view_functions[rule.endpoint])(**req.view_args)
Jun 06 05:43:24.688045 dv-neutron-836141-10-hyperv devstack@keystone.service[80502]: ERROR keystone.server.flask.application
File "/usr/local/lib/python3.8/dist-packages/flask_restful/__init__.py", line 467, in wrapper
Jun 06 05:43:24.688045 dv-neutron-836141-10-hyperv devstack@keystone.service[80502]: ERROR keystone.server.flask.application resp = resource(*args, **kwargs)
Jun 06 05:43:24.688045 dv-neutron-836141-10-hyperv devstack@keystone.service[80502]: ERROR keystone.server.flask.application
File "/usr/local/lib/python3.8/dist-packages/flask/views.py", line 84, in view
Jun 06 05:43:24.688045 dv-neutron-836141-10-hyperv devstack@keystone.service[80502]: ERROR keystone.server.flask.application return current_app.ensure_sync(self.dispatch_request)(*args, **kwargs)
Jun 06 05:43:24.688045 dv-neutron-836141-10-hyperv devstack@keystone.service[80502]: ERROR keystone.server.flask.application
File "/usr/local/lib/python3.8/dist-packages/flask_restful/__init__.py", line 582, in dispatch_request
Jun 06 05:43:24.688045 dv-neutron-836141-10-hyperv devstack@keystone.service[80502]: ERROR keystone.server.flask.application resp = meth(*args, **kwargs)
Jun 06 05:43:24.688045 dv-neutron-836141-10-hyperv devstack@keystone.service[80502]: ERROR keystone.server.flask.application
File "/opt/stack/keystone/keystone/api/roles.py", line 50, in get
Jun 06 05:43:24.688045 dv-neutron-836141-10-hyperv devstack@keystone.service[80502]: ERROR keystone.server.flask.application return self._get_role(role_id)
Jun 06 05:43:24.688045 dv-neutron-836141-10-hyperv devstack@keystone.service[80502]: ERROR keystone.server.flask.application
File "/opt/stack/keystone/keystone/api/roles.py", line 70, in _get_role
Jun 06 05:43:24.688045 dv-neutron-836141-10-hyperv devstack@keystone.service[80502]: ERROR keystone.server.flask.application ENFORCER.enforce_call(action='identity:get_role')
Jun 06 05:43:24.688919 dv-neutron-836141-10-hyperv devstack@keystone.service[80502]: ERROR keystone.server.flask.application
File "/opt/stack/keystone/keystone/common/rbac_enforcer/enforcer.py", line 402, in enforce_call
Jun 06 05:43:24.688919 dv-neutron-836141-10-hyperv devstack@keystone.service[80502]: ERROR keystone.server.flask.application policy_dict.update(cls._extract_member_target_data(
Jun 06 05:43:24.688919 dv-neutron-836141-10-hyperv devstack@keystone.service[80502]: ERROR keystone.server.flask.application
File "/opt/stack/keystone/keystone/common/rbac_enforcer/enforcer.py", line 234, in _extract_member_target_data
Jun 06 05:43:24.688919 dv-neutron-836141-10-hyperv devstack@keystone.service[80502]: ERROR keystone.server.flask.application member_name: func(flask.request.view_args[key])
Jun 06 05:43:24.688919 dv-neutron-836141-10-hyperv devstack@keystone.service[80502]: ERROR keystone.server.flask.application
File "/opt/stack/keystone/keystone/common/manager.py", line 115, in wrapped
Jun 06 05:43:24.688919 dv-neutron-836141-10-hyperv devstack@keystone.service[80502]: ERROR keystone.server.flask.application __ret_val = __f(*args, **kwargs)
Jun 06 05:43:24.688919 dv-neutron-836141-10-hyperv devstack@keystone.service[80502]: ERROR keystone.server.flask.application
File "/usr/local/lib/python3.8/dist-packages/decorator.py", line 232, in fun
Jun 06 05:43:24.688919 dv-neutron-836141-10-hyperv devstack@keystone.service[80502]: ERROR keystone.server.flask.application return caller(func, *(extras + args), **kw)
Jun 06 05:43:24.688919 dv-neutron-836141-10-hyperv devstack@keystone.service[80502]: ERROR keystone.server.flask.application
File "/usr/local/lib/python3.8/dist-packages/dogpile/cache/region.py", line 1577, in get_or_create_for_user_func
Jun 06 05:43:24.688919 dv-neutron-836141-10-hyperv devstack@keystone.service[80502]: ERROR keystone.server.flask.application return self.get_or_create(
Jun 06 05:43:24.688919 dv-neutron-836141-10-hyperv devstack@keystone.service[80502]: ERROR keystone.server.flask.application
File "/usr/local/lib/python3.8/dist-packages/dogpile/cache/region.py", line 1042, in get_or_create
Jun 06 05:43:24.688919 dv-neutron-836141-10-hyperv devstack@keystone.service[80502]: ERROR keystone.server.flask.application with Lock(
Jun 06 05:43:24.688919 dv-neutron-836141-10-hyperv devstack@keystone.service[80502]: ERROR keystone.server.flask.application
File "/usr/local/lib/python3.8/dist-packages/dogpile/lock.py", line 185, in __enter__
Jun 06 05:43:24.688919 dv-neutron-836141-10-hyperv devstack@keystone.service[80502]: ERROR keystone.server.flask.application return self._enter()
Jun 06 05:43:24.688919 dv-neutron-836141-10-hyperv devstack@keystone.service[80502]: ERROR keystone.server.flask.application
File "/usr/local/lib/python3.8/dist-packages/dogpile/lock.py", line 94, in _enter
Jun 06 05:43:24.688919 dv-neutron-836141-10-hyperv devstack@keystone.service[80502]: ERROR keystone.server.flask.application generated = self._enter_create(value, createdtime)
Jun 06 05:43:24.689824 dv-neutron-836141-10-hyperv devstack@keystone.service[80502]: ERROR keystone.server.flask.application
File "/usr/local/lib/python3.8/dist-packages/dogpile/lock.py", line 178, in _enter_create
Jun 06 05:43:24.689824 dv-neutron-836141-10-hyperv devstack@keystone.service[80502]: ERROR keystone.server.flask.application return self.creator()
Jun 06 05:43:24.689824 dv-neutron-836141-10-hyperv devstack@keystone.service[80502]: ERROR keystone.server.flask.application
File "/usr/local/lib/python3.8/dist-packages/dogpile/cache/region.py", line 995, in gen_value
Jun 06 05:43:24.689824 dv-neutron-836141-10-hyperv devstack@keystone.service[80502]: ERROR keystone.server.flask.application created_value = creator(
Jun 06 05:43:24.689824 dv-neutron-836141-10-hyperv devstack@keystone.service[80502]: ERROR keystone.server.flask.application
File "/opt/stack/keystone/keystone/assignment/core.py", line 1276, in get_role
Jun 06 05:43:24.689824 dv-neutron-836141-10-hyperv devstack@keystone.service[80502]: ERROR keystone.server.flask.application return self.driver.get_role(role_id)
Jun 06 05:43:24.689824 dv-neutron-836141-10-hyperv devstack@keystone.service[80502]: ERROR keystone.server.flask.application
File "/opt/stack/keystone/keystone/assignment/role_backends/sql.py", line 70, in get_role
Jun 06 05:43:24.689824 dv-neutron-836141-10-hyperv devstack@keystone.service[80502]: ERROR keystone.server.flask.application return self._get_role(session, role_id).to_dict()
Jun 06 05:43:24.689824 dv-neutron-836141-10-hyperv devstack@keystone.service[80502]: ERROR keystone.server.flask.application
File "/opt/stack/keystone/keystone/assignment/role_backends/sql.py", line 65, in _get_role
Jun 06 05:43:24.689824 dv-neutron-836141-10-hyperv devstack@keystone.service[80502]: ERROR keystone.server.flask.application raise exception.RoleNotFound(role_id=role_id)
Jun 06 05:43:24.689824 dv-neutron-836141-10-hyperv devstack@keystone.service[80502]: ERROR keystone.server.flask.application keystone.exception.RoleNotFound: Could not find role: admin.
Jun 06 05:43:24.689824 dv-neutron-836141-10-hyperv devstack@keystone.service[80502]: ERROR keystone.server.flask.application
Jun 06 05:43:24.692003 dv-neutron-836141-10-hyperv devstack@keystone.service[80502]: [pid: 80502|app: 0|req: 186/368] 10.222.0.40 () {56 vars in 1096 bytes} [Mon Jun 6 05:43:24 2022] GET /identity/v3/roles/admin => generated 83 bytes in 224 msecs (HTTP/1.1 404) 5 headers in 183 bytes (1 switches on core 0)
Jun 06 05:43:24.693236 dv-neutron-836141-10-hyperv devstack@keystone.service[80502]: DEBUG keystone.server.flask.request_processing.middleware.auth_context [None req-b12c098c-5015-4989-a1fc-76416d9aec39 None admin] Authenticating user token {{(pid=80502) process_request /usr/local/lib/python3.8/dist-packages/keystonemiddleware/auth_token/__init__.py:407}}
Jun 06 05:43:24.750007 dv-neutron-836141-10-hyperv devstack@keystone.service[80501]: DEBUG dbcounter [-] [80501] Writing DB stats keystone:SELECT=100 {{(pid=80501) stat_writer /usr/local/lib/python3.8/dist-packages/dbcounter.py:114}}
Jun 06 05:43:24.826997 dv-neutron-836141-10-hyperv devstack@keystone.service[80501]: DEBUG keystone.server.flask.request_processing.middleware.auth_context [None req-956ed06c-4571-4c48-8aab-516ad14b0b52 None admin] Validating token access rules against request {{(pid=80501) validate_allowed_request /usr/local/lib/python3.8/dist-packages/keystonemiddleware/auth_token/__init__.py:545}}
Jun 06 05:43:24.832686 dv-neutron-836141-10-hyperv devstack@keystone.service[80502]: DEBUG keystone.server.flask.request_processing.middleware.auth_context [None req-b12c098c-5015-4989-a1fc-76416d9aec39 None admin] Validating token access rules against request {{(pid=80502) validate_allowed_request /usr/local/lib/python3.8/dist-packages/keystonemiddleware/auth_token/__init__.py:545}}
Jun 06 05:43:24.845239 dv-neutron-836141-10-hyperv devstack@keystone.service[80502]: DEBUG dbcounter [-] [80502] Writing DB stats keystone:SELECT=100 {{(pid=80502) stat_writer /usr/local/lib/python3.8/dist-packages/dbcounter.py:114}}
Jun 06 05:43:24.879328 dv-neutron-836141-10-hyperv devstack@keystone.service[80502]: DEBUG keystone.server.flask.request_processing.middleware.auth_context [None req-397fb05d-e733-49ee-a523-a7810afd69dd None admin] RBAC: auth_context: {'token': , 'domain_id': None, 'trust_id': None, 'trustor_id': None, 'trustee_id': None, 'domain_name': None, 'group_ids': [], 'user_id': '30fbfd06893d462c9a41488e6cd8dec4', 'user_domain_id': 'default', 'system_scope': 'all', 'project_id': None, 'project_domain_id': None, 'roles': ['admin', 'member', 'reader'], 'is_admin_project': True, 'service_user_id': None, 'service_user_domain_id': None, 'service_project_id': None, 'service_project_domain_id': None, 'service_roles': []} {{(pid=80502) fill_context /opt/stack/keystone/keystone/server/flask/request_processing/middleware/auth_context.py:478}}
Jun 06 05:43:24.879541 dv-neutron-836141-10-hyperv devstack@keystone.service[80501]: DEBUG keystone.server.flask.request_processing.middleware.auth_context [None req-25eb09fc-3f20-4ece-afdd-f89dc1ab96de None admin] RBAC: auth_context: {'token': , 'domain_id': None, 'trust_id': None, 'trustor_id': None, 'trustee_id': None, 'domain_name': None, 'group_ids': [], 'user_id': '30fbfd06893d462c9a41488e6cd8dec4', 'user_domain_id': 'default', 'system_scope': 'all', 'project_id': None, 'project_domain_id': None, 'roles': ['admin', 'member', 'reader'], 'is_admin_project': True, 'service_user_id': None, 'service_user_domain_id': None, 'service_project_id': None, 'service_project_domain_id': None, 'service_roles': []} {{(pid=80501) fill_context /opt/stack/keystone/keystone/server/flask/request_processing/middleware/auth_context.py:478}}
Jun 06 05:43:24.879993 dv-neutron-836141-10-hyperv devstack@keystone.service[80502]: DEBUG keystone.server.flask.request_processing.req_logging [None req-397fb05d-e733-49ee-a523-a7810afd69dd None admin] REQUEST_METHOD: `GET` {{(pid=80502) log_request_info /opt/stack/keystone/keystone/server/flask/request_processing/req_logging.py:27}}
Jun 06 05:43:24.880173 dv-neutron-836141-10-hyperv devstack@keystone.service[80501]: DEBUG keystone.server.flask.request_processing.req_logging [None req-25eb09fc-3f20-4ece-afdd-f89dc1ab96de None admin] REQUEST_METHOD: `GET` {{(pid=80501) log_request_info /opt/stack/keystone/keystone/server/flask/request_processing/req_logging.py:27}}
Jun 06 05:43:24.880266 dv-neutron-836141-10-hyperv devstack@keystone.service[80502]: DEBUG keystone.server.flask.request_processing.req_logging [None req-397fb05d-e733-49ee-a523-a7810afd69dd None admin] SCRIPT_NAME: `/identity` {{(pid=80502) log_request_info /opt/stack/keystone/keystone/server/flask/request_processing/req_logging.py:28}}
Jun 06 05:43:24.880460 dv-neutron-836141-10-hyperv devstack@keystone.service[80501]: DEBUG keystone.server.flask.request_processing.req_logging [None req-25eb09fc-3f20-4ece-afdd-f89dc1ab96de None admin] SCRIPT_NAME: `/identity` {{(pid=80501) log_request_info /opt/stack/keystone/keystone/server/flask/request_processing/req_logging.py:28}}
Jun 06 05:43:24.880577 dv-neutron-836141-10-hyperv devstack@keystone.service[80502]: DEBUG keystone.server.flask.request_processing.req_logging [None req-397fb05d-e733-49ee-a523-a7810afd69dd None admin] PATH_INFO: `/v3/role_assignments` {{(pid=80502) log_request_info /opt/stack/keystone/keystone/server/flask/request_processing/req_logging.py:29}}
Jun 06 05:43:24.880739 dv-neutron-836141-10-hyperv devstack@keystone.service[80501]: DEBUG keystone.server.flask.request_processing.req_logging [None req-25eb09fc-3f20-4ece-afdd-f89dc1ab96de None admin] PATH_INFO: `/v3/auth/tokens` {{(pid=80501) log_request_info /opt/stack/keystone/keystone/server/flask/request_processing/req_logging.py:29}}
Jun 06 05:43:24.881363 dv-neutron-836141-10-hyperv devstack@keystone.service[80502]: DEBUG keystone.common.rbac_enforcer.enforcer [None req-397fb05d-e733-49ee-a523-a7810afd69dd None admin] RBAC: Adding query filter params (group.id=686444ec4f134cb2840231fb80d8cad2, role.id=12f37b31a41f44fbb39cc14d9dc7bdf5, scope.project.id=b17c0e6e6bd04d08991a0b2fd26adaf9) {{(pid=80502) _extract_filter_values /opt/stack/keystone/keystone/common/rbac_enforcer/enforcer.py:167}}
Jun 06 05:43:24.881676 dv-neutron-836141-10-hyperv devstack@keystone.service[80502]: DEBUG keystone.common.rbac_enforcer.enforcer [None req-397fb05d-e733-49ee-a523-a7810afd69dd None admin] RBAC: Authorizing `identity:list_role_assignments()` {{(pid=80502) enforce_call /opt/stack/keystone/keystone/common/rbac_enforcer/enforcer.py:449}}
Jun 06 05:43:24.885603 dv-neutron-836141-10-hyperv devstack@keystone.service[80502]: DEBUG keystone.common.rbac_enforcer.enforcer [None req-397fb05d-e733-49ee-a523-a7810afd69dd None admin] RBAC: Authorization granted {{(pid=80502) enforce_call /opt/stack/keystone/keystone/common/rbac_enforcer/enforcer.py:457}}
Jun 06 05:43:24.890612 dv-neutron-836141-10-hyperv devstack@keystone.service[80502]: [pid: 80502|app: 0|req: 187/369] 10.222.0.40 () {56 vars in 1376 bytes} [Mon Jun 6 05:43:24 2022] GET /identity/v3/role_assignments?group.id=686444ec4f134cb2840231fb80d8cad2&scope.project.id=b17c0e6e6bd04d08991a0b2fd26adaf9&role.id=12f37b31a41f44fbb39cc14d9dc7bdf5 => generated 260 bytes in 198 msecs (HTTP/1.1 200) 5 headers in 177 bytes (1 switches on core 0)
Jun 06 05:43:24.891523 dv-neutron-836141-10-hyperv devstack@keystone.service[80502]: DEBUG keystone.server.flask.request_processing.middleware.auth_context [None req-397fb05d-e733-49ee-a523-a7810afd69dd None admin] Authenticating user token {{(pid=80502) process_request /usr/local/lib/python3.8/dist-packages/keystonemiddleware/auth_token/__init__.py:407}}
Jun 06 05:43:24.992900 dv-neutron-836141-10-hyperv devstack@keystone.service[80501]: DEBUG keystone.common.rbac_enforcer.enforcer [None req-25eb09fc-3f20-4ece-afdd-f89dc1ab96de None admin] RBAC: Authorizing `identity:validate_token()` {{(pid=80501) enforce_call /opt/stack/keystone/keystone/common/rbac_enforcer/enforcer.py:449}}
Jun 06 05:43:24.994428 dv-neutron-836141-10-hyperv devstack@keystone.service[80501]: DEBUG keystone.common.rbac_enforcer.enforcer [None req-25eb09fc-3f20-4ece-afdd-f89dc1ab96de None admin] RBAC: Authorization granted {{(pid=80501) enforce_call /opt/stack/keystone/keystone/common/rbac_enforcer/enforcer.py:457}}
Jun 06 05:43:25.039081 dv-neutron-836141-10-hyperv devstack@keystone.service[80502]: DEBUG keystone.server.flask.request_processing.middleware.auth_context [None req-397fb05d-e733-49ee-a523-a7810afd69dd None admin] Validating token access rules against request {{(pid=80502) validate_allowed_request /usr/local/lib/python3.8/dist-packages/keystonemiddleware/auth_token/__init__.py:545}}
Jun 06 05:43:25.056225 dv-neutron-836141-10-hyperv devstack@keystone.service[80501]: DEBUG dbcounter [-] [80501] Writing DB stats keystone:SELECT=100 {{(pid=80501) stat_writer /usr/local/lib/python3.8/dist-packages/dbcounter.py:114}}
Jun 06 05:43:25.099291 dv-neutron-836141-10-hyperv devstack@keystone.service[80502]: DEBUG keystone.server.flask.request_processing.middleware.auth_context [None req-d0a71d9c-08cb-4c2e-ad72-fd181aadec49 None admin] RBAC: auth_context: {'token': , 'domain_id': None, 'trust_id': None, 'trustor_id': None, 'trustee_id': None, 'domain_name': None, 'group_ids': [], 'user_id': '30fbfd06893d462c9a41488e6cd8dec4', 'user_domain_id': 'default', 'system_scope': 'all', 'project_id': None, 'project_domain_id': None, 'roles': ['admin', 'member', 'reader'], 'is_admin_project': True, 'service_user_id': None, 'service_user_domain_id': None, 'service_project_id': None, 'service_project_domain_id': None, 'service_roles': []} {{(pid=80502) fill_context /opt/stack/keystone/keystone/server/flask/request_processing/middleware/auth_context.py:478}}
Jun 06 05:43:25.100185 dv-neutron-836141-10-hyperv devstack@keystone.service[80502]: DEBUG keystone.server.flask.request_processing.req_logging [None req-d0a71d9c-08cb-4c2e-ad72-fd181aadec49 None admin] REQUEST_METHOD: `GET` {{(pid=80502) log_request_info /opt/stack/keystone/keystone/server/flask/request_processing/req_logging.py:27}}
Jun 06 05:43:25.100466 dv-neutron-836141-10-hyperv devstack@keystone.service[80502]: DEBUG keystone.server.flask.request_processing.req_logging [None req-d0a71d9c-08cb-4c2e-ad72-fd181aadec49 None admin] SCRIPT_NAME: `/identity` {{(pid=80502) log_request_info /opt/stack/keystone/keystone/server/flask/request_processing/req_logging.py:28}}
Jun 06 05:43:25.101217 dv-neutron-836141-10-hyperv devstack@keystone.service[80502]: DEBUG keystone.server.flask.request_processing.req_logging [None req-d0a71d9c-08cb-4c2e-ad72-fd181aadec49 None admin] PATH_INFO: `/v3/groups/686444ec4f134cb2840231fb80d8cad2` {{(pid=80502) log_request_info /opt/stack/keystone/keystone/server/flask/request_processing/req_logging.py:29}}
Jun 06 05:43:25.102828 dv-neutron-836141-10-hyperv devstack@keystone.service[80502]: DEBUG keystone.common.rbac_enforcer.enforcer [None req-d0a71d9c-08cb-4c2e-ad72-fd181aadec49 None admin] RBAC: Authorizing `identity:get_group(group_id=686444ec4f134cb2840231fb80d8cad2)` {{(pid=80502) enforce_call /opt/stack/keystone/keystone/common/rbac_enforcer/enforcer.py:449}}
Jun 06 05:43:25.104607 dv-neutron-836141-10-hyperv devstack@keystone.service[80502]: DEBUG keystone.common.rbac_enforcer.enforcer [None req-d0a71d9c-08cb-4c2e-ad72-fd181aadec49 None admin] RBAC: Authorization granted {{(pid=80502) enforce_call /opt/stack/keystone/keystone/common/rbac_enforcer/enforcer.py:457}}
Jun 06 05:43:25.112532 dv-neutron-836141-10-hyperv devstack@keystone.service[80502]: [pid: 80502|app: 0|req: 188/370] 10.222.0.40 () {56 vars in 1180 bytes} [Mon Jun 6 05:43:24 2022] GET /identity/v3/groups/686444ec4f134cb2840231fb80d8cad2 => generated 226 bytes in 221 msecs (HTTP/1.1 200) 5 headers in 177 bytes (1 switches on core 0)
Jun 06 05:43:25.113458 dv-neutron-836141-10-hyperv devstack@keystone.service[80502]: DEBUG keystone.server.flask.request_processing.middleware.auth_context [None req-d0a71d9c-08cb-4c2e-ad72-fd181aadec49 None admin] Authenticating user token {{(pid=80502) process_request /usr/local/lib/python3.8/dist-packages/keystonemiddleware/auth_token/__init__.py:407}}
Jun 06 05:43:25.140520 dv-neutron-836141-10-hyperv devstack@keystone.service[80501]: [pid: 80501|app: 0|req: 183/371] 10.222.0.40 () {58 vars in 1282 bytes} [Mon Jun 6 05:43:24 2022] GET /identity/v3/auth/tokens => generated 799 bytes in 458 msecs (HTTP/1.1 200) 6 headers in 358 bytes (1 switches on core 0)
Jun 06 05:43:25.142075 dv-neutron-836141-10-hyperv devstack@keystone.service[80501]: DEBUG keystone.server.flask.request_processing.middleware.auth_context [None req-25eb09fc-3f20-4ece-afdd-f89dc1ab96de None admin] Authenticating user token {{(pid=80501) process_request /usr/local/lib/python3.8/dist-packages/keystonemiddleware/auth_token/__init__.py:407}}
Jun 06 05:43:25.169013 dv-neutron-836141-10-hyperv devstack@keystone.service[80502]: DEBUG dbcounter [-] [80502] Writing DB stats keystone:SELECT=100 {{(pid=80502) stat_writer /usr/local/lib/python3.8/dist-packages/dbcounter.py:114}}
Jun 06 05:43:25.237751 dv-neutron-836141-10-hyperv devstack@keystone.service[80502]: DEBUG keystone.server.flask.request_processing.middleware.auth_context [None req-d0a71d9c-08cb-4c2e-ad72-fd181aadec49 None admin] Validating token access rules against request {{(pid=80502) validate_allowed_request /usr/local/lib/python3.8/dist-packages/keystonemiddleware/auth_token/__init__.py:545}}
Jun 06 05:43:25.275140 dv-neutron-836141-10-hyperv devstack@keystone.service[80501]: DEBUG keystone.server.flask.request_processing.middleware.auth_context [None req-25eb09fc-3f20-4ece-afdd-f89dc1ab96de None admin] Validating token access rules against request {{(pid=80501) validate_allowed_request /usr/local/lib/python3.8/dist-packages/keystonemiddleware/auth_token/__init__.py:545}}
Jun 06 05:43:25.276272 dv-neutron-836141-10-hyperv devstack@keystone.service[80502]: DEBUG keystone.server.flask.request_processing.middleware.auth_context [None req-d07c6479-aa65-40e8-b2ea-14154c2ed96c None admin] RBAC: auth_context: {'token': , 'domain_id': None, 'trust_id': None, 'trustor_id': None, 'trustee_id': None, 'domain_name': None, 'group_ids': [], 'user_id': '30fbfd06893d462c9a41488e6cd8dec4', 'user_domain_id': 'default', 'system_scope': 'all', 'project_id': None, 'project_domain_id': None, 'roles': ['admin', 'member', 'reader'], 'is_admin_project': True, 'service_user_id': None, 'service_user_domain_id': None, 'service_project_id': None, 'service_project_domain_id': None, 'service_roles': []} {{(pid=80502) fill_context /opt/stack/keystone/keystone/server/flask/request_processing/middleware/auth_context.py:478}}
Jun 06 05:43:25.277110 dv-neutron-836141-10-hyperv devstack@keystone.service[80502]: DEBUG keystone.server.flask.request_processing.req_logging [None req-d07c6479-aa65-40e8-b2ea-14154c2ed96c None admin] REQUEST_METHOD: `GET` {{(pid=80502) log_request_info /opt/stack/keystone/keystone/server/flask/request_processing/req_logging.py:27}}
Jun 06 05:43:25.277584 dv-neutron-836141-10-hyperv devstack@keystone.service[80502]: DEBUG keystone.server.flask.request_processing.req_logging [None req-d07c6479-aa65-40e8-b2ea-14154c2ed96c None admin] SCRIPT_NAME: `/identity` {{(pid=80502) log_request_info /opt/stack/keystone/keystone/server/flask/request_processing/req_logging.py:28}}
Jun 06 05:43:25.277862 dv-neutron-836141-10-hyperv devstack@keystone.service[80502]: DEBUG keystone.server.flask.request_processing.req_logging [None req-d07c6479-aa65-40e8-b2ea-14154c2ed96c None admin] PATH_INFO: `/v3/roles` {{(pid=80502) log_request_info /opt/stack/keystone/keystone/server/flask/request_processing/req_logging.py:29}}
Jun 06 05:43:25.279714 dv-neutron-836141-10-hyperv devstack@keystone.service[80502]: DEBUG keystone.common.rbac_enforcer.enforcer [None req-d07c6479-aa65-40e8-b2ea-14154c2ed96c None admin] RBAC: Adding query filter params (name=admin) {{(pid=80502) _extract_filter_values /opt/stack/keystone/keystone/common/rbac_enforcer/enforcer.py:167}}
Jun 06 05:43:25.280143 dv-neutron-836141-10-hyperv devstack@keystone.service[80502]: DEBUG keystone.common.rbac_enforcer.enforcer [None req-d07c6479-aa65-40e8-b2ea-14154c2ed96c None admin] RBAC: Authorizing `identity:list_roles()` {{(pid=80502) enforce_call /opt/stack/keystone/keystone/common/rbac_enforcer/enforcer.py:449}}
Jun 06 05:43:25.281546 dv-neutron-836141-10-hyperv devstack@keystone.service[80502]: DEBUG keystone.common.rbac_enforcer.enforcer [None req-d07c6479-aa65-40e8-b2ea-14154c2ed96c None admin] RBAC: Authorization granted {{(pid=80502) enforce_call /opt/stack/keystone/keystone/common/rbac_enforcer/enforcer.py:457}}
Jun 06 05:43:25.296958 dv-neutron-836141-10-hyperv devstack@keystone.service[80502]: [pid: 80502|app: 0|req: 189/372] 10.222.0.40 () {56 vars in 1099 bytes} [Mon Jun 6 05:43:25 2022] GET /identity/v3/roles?name=admin => generated 339 bytes in 179 msecs (HTTP/1.1 200) 5 headers in 177 bytes (1 switches on core 0)
Jun 06 05:43:25.296958 dv-neutron-836141-10-hyperv devstack@keystone.service[80502]: DEBUG keystone.server.flask.request_processing.middleware.auth_context [None req-d07c6479-aa65-40e8-b2ea-14154c2ed96c None admin] Authenticating user token {{(pid=80502) process_request /usr/local/lib/python3.8/dist-packages/keystonemiddleware/auth_token/__init__.py:407}}
