Jun 06 05:42:45.571645 dv-neutron-836141-10-hyperv devstack@keystone.service[80501]: DEBUG keystone.server.flask.request_processing.middleware.auth_context [None req-7738504a-7a8c-43e1-96d9-dcd58c650250 None admin] Authenticating user token {{(pid=80501) process_request /usr/local/lib/python3.8/dist-packages/keystonemiddleware/auth_token/__init__.py:407}}
Jun 06 05:42:45.653409 dv-neutron-836141-10-hyperv devstack@keystone.service[80502]: DEBUG keystone.server.flask.request_processing.middleware.auth_context [None req-f1b1a281-341c-403e-9c60-e569f427c635 None admin] Validating token access rules against request {{(pid=80502) validate_allowed_request /usr/local/lib/python3.8/dist-packages/keystonemiddleware/auth_token/__init__.py:545}}
Jun 06 05:42:45.709899 dv-neutron-836141-10-hyperv devstack@keystone.service[80501]: DEBUG keystone.server.flask.request_processing.middleware.auth_context [None req-7738504a-7a8c-43e1-96d9-dcd58c650250 None admin] Validating token access rules against request {{(pid=80501) validate_allowed_request /usr/local/lib/python3.8/dist-packages/keystonemiddleware/auth_token/__init__.py:545}}
Jun 06 05:42:45.712244 dv-neutron-836141-10-hyperv devstack@keystone.service[80502]: DEBUG keystone.server.flask.request_processing.middleware.auth_context [None req-d3572810-7321-45be-b661-eb3a6c0db874 None admin] RBAC: auth_context: {'token': , 'domain_id': None, 'trust_id': None, 'trustor_id': None, 'trustee_id': None, 'domain_name': None, 'group_ids': [], 'user_id': '30fbfd06893d462c9a41488e6cd8dec4', 'user_domain_id': 'default', 'system_scope': 'all', 'project_id': None, 'project_domain_id': None, 'roles': ['admin', 'member', 'reader'], 'is_admin_project': True, 'service_user_id': None, 'service_user_domain_id': None, 'service_project_id': None, 'service_project_domain_id': None, 'service_roles': []} {{(pid=80502) fill_context /opt/stack/keystone/keystone/server/flask/request_processing/middleware/auth_context.py:478}}
Jun 06 05:42:45.714172 dv-neutron-836141-10-hyperv devstack@keystone.service[80502]: DEBUG keystone.server.flask.request_processing.req_logging [None req-d3572810-7321-45be-b661-eb3a6c0db874 None admin] REQUEST_METHOD: `GET` {{(pid=80502) log_request_info /opt/stack/keystone/keystone/server/flask/request_processing/req_logging.py:27}}
Jun 06 05:42:45.714172 dv-neutron-836141-10-hyperv devstack@keystone.service[80502]: DEBUG keystone.server.flask.request_processing.req_logging [None req-d3572810-7321-45be-b661-eb3a6c0db874 None admin] SCRIPT_NAME: `/identity` {{(pid=80502) log_request_info /opt/stack/keystone/keystone/server/flask/request_processing/req_logging.py:28}}
Jun 06 05:42:45.714172 dv-neutron-836141-10-hyperv devstack@keystone.service[80502]: DEBUG keystone.server.flask.request_processing.req_logging [None req-d3572810-7321-45be-b661-eb3a6c0db874 None admin] PATH_INFO: `/v3/auth/tokens` {{(pid=80502) log_request_info /opt/stack/keystone/keystone/server/flask/request_processing/req_logging.py:29}}
Jun 06 05:42:45.760603 dv-neutron-836141-10-hyperv devstack@keystone.service[80502]: DEBUG dbcounter [-] [80502] Writing DB stats keystone:SELECT=100 {{(pid=80502) stat_writer /usr/local/lib/python3.8/dist-packages/dbcounter.py:114}}
Jun 06 05:42:45.766946 dv-neutron-836141-10-hyperv devstack@keystone.service[80501]: DEBUG keystone.server.flask.request_processing.middleware.auth_context [None req-7d3c984a-b638-48ae-85e9-d5a81e20a7c2 None admin] RBAC: auth_context: {'token': , 'domain_id': None, 'trust_id': None, 'trustor_id': None, 'trustee_id': None, 'domain_name': None, 'group_ids': [], 'user_id': '30fbfd06893d462c9a41488e6cd8dec4', 'user_domain_id': 'default', 'system_scope': 'all', 'project_id': None, 'project_domain_id': None, 'roles': ['admin', 'member', 'reader'], 'is_admin_project': True, 'service_user_id': None, 'service_user_domain_id': None, 'service_project_id': None, 'service_project_domain_id': None, 'service_roles': []} {{(pid=80501) fill_context /opt/stack/keystone/keystone/server/flask/request_processing/middleware/auth_context.py:478}}
Jun 06 05:42:45.769195 dv-neutron-836141-10-hyperv devstack@keystone.service[80501]: DEBUG keystone.server.flask.request_processing.req_logging [None req-7d3c984a-b638-48ae-85e9-d5a81e20a7c2 None admin] REQUEST_METHOD: `GET` {{(pid=80501) log_request_info /opt/stack/keystone/keystone/server/flask/request_processing/req_logging.py:27}}
Jun 06 05:42:45.769905 dv-neutron-836141-10-hyperv devstack@keystone.service[80501]: DEBUG keystone.server.flask.request_processing.req_logging [None req-7d3c984a-b638-48ae-85e9-d5a81e20a7c2 None admin] SCRIPT_NAME: `/identity` {{(pid=80501) log_request_info /opt/stack/keystone/keystone/server/flask/request_processing/req_logging.py:28}}
Jun 06 05:42:45.770332 dv-neutron-836141-10-hyperv devstack@keystone.service[80501]: DEBUG keystone.server.flask.request_processing.req_logging [None req-7d3c984a-b638-48ae-85e9-d5a81e20a7c2 None admin] PATH_INFO: `/v3/projects/b17c0e6e6bd04d08991a0b2fd26adaf9` {{(pid=80501) log_request_info /opt/stack/keystone/keystone/server/flask/request_processing/req_logging.py:29}}
Jun 06 05:42:45.772322 dv-neutron-836141-10-hyperv devstack@keystone.service[80501]: DEBUG keystone.common.rbac_enforcer.enforcer [None req-7d3c984a-b638-48ae-85e9-d5a81e20a7c2 None admin] RBAC: Authorizing `identity:get_project(project_id=b17c0e6e6bd04d08991a0b2fd26adaf9)` {{(pid=80501) enforce_call /opt/stack/keystone/keystone/common/rbac_enforcer/enforcer.py:449}}
Jun 06 05:42:45.774063 dv-neutron-836141-10-hyperv devstack@keystone.service[80501]: DEBUG keystone.common.rbac_enforcer.enforcer [None req-7d3c984a-b638-48ae-85e9-d5a81e20a7c2 None admin] RBAC: Authorization granted {{(pid=80501) enforce_call /opt/stack/keystone/keystone/common/rbac_enforcer/enforcer.py:457}}
Jun 06 05:42:45.776947 dv-neutron-836141-10-hyperv devstack@keystone.service[80501]: [pid: 80501|app: 0|req: 43/91] 10.222.0.40 () {56 vars in 1186 bytes} [Mon Jun 6 05:42:45 2022] GET /identity/v3/projects/b17c0e6e6bd04d08991a0b2fd26adaf9 => generated 298 bytes in 206 msecs (HTTP/1.1 200) 5 headers in 177 bytes (1 switches on core 0)
Jun 06 05:42:45.778080 dv-neutron-836141-10-hyperv devstack@keystone.service[80501]: DEBUG keystone.server.flask.request_processing.middleware.auth_context [None req-7d3c984a-b638-48ae-85e9-d5a81e20a7c2 None admin] Authenticating user token {{(pid=80501) process_request /usr/local/lib/python3.8/dist-packages/keystonemiddleware/auth_token/__init__.py:407}}
Jun 06 05:42:45.793067 dv-neutron-836141-10-hyperv devstack@keystone.service[80502]: DEBUG keystone.common.rbac_enforcer.enforcer [None req-d3572810-7321-45be-b661-eb3a6c0db874 None admin] RBAC: Authorizing `identity:validate_token()` {{(pid=80502) enforce_call /opt/stack/keystone/keystone/common/rbac_enforcer/enforcer.py:449}}
Jun 06 05:42:45.794564 dv-neutron-836141-10-hyperv devstack@keystone.service[80502]: DEBUG keystone.common.rbac_enforcer.enforcer [None req-d3572810-7321-45be-b661-eb3a6c0db874 None admin] RBAC: Authorization granted {{(pid=80502) enforce_call /opt/stack/keystone/keystone/common/rbac_enforcer/enforcer.py:457}}
Jun 06 05:42:45.818925 dv-neutron-836141-10-hyperv devstack@keystone.service[80501]: DEBUG dbcounter [-] [80501] Writing DB stats keystone:SELECT=97,keystone:INSERT=3 {{(pid=80501) stat_writer /usr/local/lib/python3.8/dist-packages/dbcounter.py:114}}
Jun 06 05:42:45.921413 dv-neutron-836141-10-hyperv devstack@keystone.service[80501]: DEBUG keystone.server.flask.request_processing.middleware.auth_context [None req-7d3c984a-b638-48ae-85e9-d5a81e20a7c2 None admin] Validating token access rules against request {{(pid=80501) validate_allowed_request /usr/local/lib/python3.8/dist-packages/keystonemiddleware/auth_token/__init__.py:545}}
Jun 06 05:42:45.941487 dv-neutron-836141-10-hyperv devstack@keystone.service[80502]: [pid: 80502|app: 0|req: 49/92] 10.222.0.40 () {58 vars in 1282 bytes} [Mon Jun 6 05:42:45 2022] GET /identity/v3/auth/tokens => generated 799 bytes in 458 msecs (HTTP/1.1 200) 6 headers in 358 bytes (1 switches on core 0)
Jun 06 05:42:45.942671 dv-neutron-836141-10-hyperv devstack@keystone.service[80502]: DEBUG keystone.server.flask.request_processing.middleware.auth_context [None req-d3572810-7321-45be-b661-eb3a6c0db874 None admin] Authenticating user token {{(pid=80502) process_request /usr/local/lib/python3.8/dist-packages/keystonemiddleware/auth_token/__init__.py:407}}
Jun 06 05:42:45.966179 dv-neutron-836141-10-hyperv devstack@keystone.service[80501]: DEBUG keystone.server.flask.request_processing.middleware.auth_context [None req-4fb9b701-b3d6-48ff-b6eb-35d96d930805 None admin] RBAC: auth_context: {'token': , 'domain_id': None, 'trust_id': None, 'trustor_id': None, 'trustee_id': None, 'domain_name': None, 'group_ids': [], 'user_id': '30fbfd06893d462c9a41488e6cd8dec4', 'user_domain_id': 'default', 'system_scope': 'all', 'project_id': None, 'project_domain_id': None, 'roles': ['admin', 'member', 'reader'], 'is_admin_project': True, 'service_user_id': None, 'service_user_domain_id': None, 'service_project_id': None, 'service_project_domain_id': None, 'service_roles': []} {{(pid=80501) fill_context /opt/stack/keystone/keystone/server/flask/request_processing/middleware/auth_context.py:478}}
Jun 06 05:42:45.967414 dv-neutron-836141-10-hyperv devstack@keystone.service[80501]: DEBUG keystone.server.flask.request_processing.req_logging [None req-4fb9b701-b3d6-48ff-b6eb-35d96d930805 None admin] REQUEST_METHOD: `GET` {{(pid=80501) log_request_info /opt/stack/keystone/keystone/server/flask/request_processing/req_logging.py:27}}
Jun 06 05:42:45.967875 dv-neutron-836141-10-hyperv devstack@keystone.service[80501]: DEBUG keystone.server.flask.request_processing.req_logging [None req-4fb9b701-b3d6-48ff-b6eb-35d96d930805 None admin] SCRIPT_NAME: `/identity` {{(pid=80501) log_request_info /opt/stack/keystone/keystone/server/flask/request_processing/req_logging.py:28}}
Jun 06 05:42:45.968574 dv-neutron-836141-10-hyperv devstack@keystone.service[80501]: DEBUG keystone.server.flask.request_processing.req_logging [None req-4fb9b701-b3d6-48ff-b6eb-35d96d930805 None admin] PATH_INFO: `/v3/projects/a66b8e1689a14286a1fdf081178f51ca` {{(pid=80501) log_request_info /opt/stack/keystone/keystone/server/flask/request_processing/req_logging.py:29}}
Jun 06 05:42:45.970081 dv-neutron-836141-10-hyperv devstack@keystone.service[80501]: DEBUG keystone.common.rbac_enforcer.enforcer [None req-4fb9b701-b3d6-48ff-b6eb-35d96d930805 None admin] RBAC: Authorizing `identity:get_project(project_id=a66b8e1689a14286a1fdf081178f51ca)` {{(pid=80501) enforce_call /opt/stack/keystone/keystone/common/rbac_enforcer/enforcer.py:449}}
Jun 06 05:42:45.971746 dv-neutron-836141-10-hyperv devstack@keystone.service[80501]: DEBUG keystone.common.rbac_enforcer.enforcer [None req-4fb9b701-b3d6-48ff-b6eb-35d96d930805 None admin] RBAC: Authorization granted {{(pid=80501) enforce_call /opt/stack/keystone/keystone/common/rbac_enforcer/enforcer.py:457}}
Jun 06 05:42:45.973836 dv-neutron-836141-10-hyperv devstack@keystone.service[80501]: [pid: 80501|app: 0|req: 44/93] 10.222.0.40 () {56 vars in 1186 bytes} [Mon Jun 6 05:42:45 2022] GET /identity/v3/projects/a66b8e1689a14286a1fdf081178f51ca => generated 312 bytes in 196 msecs (HTTP/1.1 200) 5 headers in 177 bytes (1 switches on core 0)
Jun 06 05:42:45.974796 dv-neutron-836141-10-hyperv devstack@keystone.service[80501]: DEBUG keystone.server.flask.request_processing.middleware.auth_context [None req-4fb9b701-b3d6-48ff-b6eb-35d96d930805 None admin] Authenticating user token {{(pid=80501) process_request /usr/local/lib/python3.8/dist-packages/keystonemiddleware/auth_token/__init__.py:407}}
Jun 06 05:42:46.038984 dv-neutron-836141-10-hyperv devstack@keystone.service[80502]: DEBUG dbcounter [-] [80502] Writing DB stats keystone:SELECT=100 {{(pid=80502) stat_writer /usr/local/lib/python3.8/dist-packages/dbcounter.py:114}}
Jun 06 05:42:46.078589 dv-neutron-836141-10-hyperv devstack@keystone.service[80502]: DEBUG keystone.server.flask.request_processing.middleware.auth_context [None req-d3572810-7321-45be-b661-eb3a6c0db874 None admin] Validating token access rules against request {{(pid=80502) validate_allowed_request /usr/local/lib/python3.8/dist-packages/keystonemiddleware/auth_token/__init__.py:545}}
Jun 06 05:42:46.093451 dv-neutron-836141-10-hyperv devstack@keystone.service[80501]: DEBUG dbcounter [-] [80501] Writing DB stats keystone:SELECT=100 {{(pid=80501) stat_writer /usr/local/lib/python3.8/dist-packages/dbcounter.py:114}}
Jun 06 05:42:46.097953 dv-neutron-836141-10-hyperv devstack@keystone.service[80501]: DEBUG keystone.server.flask.request_processing.middleware.auth_context [None req-4fb9b701-b3d6-48ff-b6eb-35d96d930805 None admin] Validating token access rules against request {{(pid=80501) validate_allowed_request /usr/local/lib/python3.8/dist-packages/keystonemiddleware/auth_token/__init__.py:545}}
Jun 06 05:42:46.117331 dv-neutron-836141-10-hyperv devstack@keystone.service[80502]: DEBUG keystone.server.flask.request_processing.middleware.auth_context [None req-3dfa6a7d-b08b-4441-9c7c-12cb13976d5b None admin] RBAC: auth_context: {'token': , 'domain_id': None, 'trust_id': None, 'trustor_id': None, 'trustee_id': None, 'domain_name': None, 'group_ids': [], 'user_id': '30fbfd06893d462c9a41488e6cd8dec4', 'user_domain_id': 'default', 'system_scope': 'all', 'project_id': None, 'project_domain_id': None, 'roles': ['admin', 'member', 'reader'], 'is_admin_project': True, 'service_user_id': None, 'service_user_domain_id': None, 'service_project_id': None, 'service_project_domain_id': None, 'service_roles': []} {{(pid=80502) fill_context /opt/stack/keystone/keystone/server/flask/request_processing/middleware/auth_context.py:478}}
Jun 06 05:42:46.118030 dv-neutron-836141-10-hyperv devstack@keystone.service[80502]: DEBUG keystone.server.flask.request_processing.req_logging [None req-3dfa6a7d-b08b-4441-9c7c-12cb13976d5b None admin] REQUEST_METHOD: `GET` {{(pid=80502) log_request_info /opt/stack/keystone/keystone/server/flask/request_processing/req_logging.py:27}}
Jun 06 05:42:46.118475 dv-neutron-836141-10-hyperv devstack@keystone.service[80502]: DEBUG keystone.server.flask.request_processing.req_logging [None req-3dfa6a7d-b08b-4441-9c7c-12cb13976d5b None admin] SCRIPT_NAME: `/identity` {{(pid=80502) log_request_info /opt/stack/keystone/keystone/server/flask/request_processing/req_logging.py:28}}
Jun 06 05:42:46.118912 dv-neutron-836141-10-hyperv devstack@keystone.service[80502]: DEBUG keystone.server.flask.request_processing.req_logging [None req-3dfa6a7d-b08b-4441-9c7c-12cb13976d5b None admin] PATH_INFO: `/v3/role_assignments` {{(pid=80502) log_request_info /opt/stack/keystone/keystone/server/flask/request_processing/req_logging.py:29}}
Jun 06 05:42:46.119877 dv-neutron-836141-10-hyperv devstack@keystone.service[80502]: DEBUG keystone.common.rbac_enforcer.enforcer [None req-3dfa6a7d-b08b-4441-9c7c-12cb13976d5b None admin] RBAC: Adding query filter params (role.id=6ea7d3a416dc44a5ba9b704d109bce62, scope.project.id=b17c0e6e6bd04d08991a0b2fd26adaf9, user.id=30fbfd06893d462c9a41488e6cd8dec4) {{(pid=80502) _extract_filter_values /opt/stack/keystone/keystone/common/rbac_enforcer/enforcer.py:167}}
Jun 06 05:42:46.120337 dv-neutron-836141-10-hyperv devstack@keystone.service[80502]: DEBUG keystone.common.rbac_enforcer.enforcer [None req-3dfa6a7d-b08b-4441-9c7c-12cb13976d5b None admin] RBAC: Authorizing `identity:list_role_assignments()` {{(pid=80502) enforce_call /opt/stack/keystone/keystone/common/rbac_enforcer/enforcer.py:449}}
Jun 06 05:42:46.121984 dv-neutron-836141-10-hyperv devstack@keystone.service[80502]: DEBUG keystone.common.rbac_enforcer.enforcer [None req-3dfa6a7d-b08b-4441-9c7c-12cb13976d5b None admin] RBAC: Authorization granted {{(pid=80502) enforce_call /opt/stack/keystone/keystone/common/rbac_enforcer/enforcer.py:457}}
Jun 06 05:42:46.130168 dv-neutron-836141-10-hyperv devstack@keystone.service[80502]: [pid: 80502|app: 0|req: 50/94] 10.222.0.40 () {56 vars in 1374 bytes} [Mon Jun 6 05:42:45 2022] GET /identity/v3/role_assignments?user.id=30fbfd06893d462c9a41488e6cd8dec4&scope.project.id=b17c0e6e6bd04d08991a0b2fd26adaf9&role.id=6ea7d3a416dc44a5ba9b704d109bce62 => generated 259 bytes in 188 msecs (HTTP/1.1 200) 5 headers in 177 bytes (1 switches on core 0)
Jun 06 05:42:46.131284 dv-neutron-836141-10-hyperv devstack@keystone.service[80502]: DEBUG keystone.server.flask.request_processing.middleware.auth_context [None req-3dfa6a7d-b08b-4441-9c7c-12cb13976d5b None admin] Authenticating user token {{(pid=80502) process_request /usr/local/lib/python3.8/dist-packages/keystonemiddleware/auth_token/__init__.py:407}}
Jun 06 05:42:46.135453 dv-neutron-836141-10-hyperv devstack@keystone.service[80501]: DEBUG keystone.server.flask.request_processing.middleware.auth_context [None req-5ccad4d9-c59d-4020-990f-f7b91267a607 None admin] RBAC: auth_context: {'token': , 'domain_id': None, 'trust_id': None, 'trustor_id': None, 'trustee_id': None, 'domain_name': None, 'group_ids': [], 'user_id': '30fbfd06893d462c9a41488e6cd8dec4', 'user_domain_id': 'default', 'system_scope': 'all', 'project_id': None, 'project_domain_id': None, 'roles': ['admin', 'member', 'reader'], 'is_admin_project': True, 'service_user_id': None, 'service_user_domain_id': None, 'service_project_id': None, 'service_project_domain_id': None, 'service_roles': []} {{(pid=80501) fill_context /opt/stack/keystone/keystone/server/flask/request_processing/middleware/auth_context.py:478}}
Jun 06 05:42:46.136341 dv-neutron-836141-10-hyperv devstack@keystone.service[80501]: DEBUG keystone.server.flask.request_processing.req_logging [None req-5ccad4d9-c59d-4020-990f-f7b91267a607 None admin] REQUEST_METHOD: `GET` {{(pid=80501) log_request_info /opt/stack/keystone/keystone/server/flask/request_processing/req_logging.py:27}}
Jun 06 05:42:46.136633 dv-neutron-836141-10-hyperv devstack@keystone.service[80501]: DEBUG keystone.server.flask.request_processing.req_logging [None req-5ccad4d9-c59d-4020-990f-f7b91267a607 None admin] SCRIPT_NAME: `/identity` {{(pid=80501) log_request_info /opt/stack/keystone/keystone/server/flask/request_processing/req_logging.py:28}}
Jun 06 05:42:46.136923 dv-neutron-836141-10-hyperv devstack@keystone.service[80501]: DEBUG keystone.server.flask.request_processing.req_logging [None req-5ccad4d9-c59d-4020-990f-f7b91267a607 None admin] PATH_INFO: `/v3/projects/b17c0e6e6bd04d08991a0b2fd26adaf9` {{(pid=80501) log_request_info /opt/stack/keystone/keystone/server/flask/request_processing/req_logging.py:29}}
Jun 06 05:42:46.138207 dv-neutron-836141-10-hyperv devstack@keystone.service[80501]: DEBUG keystone.common.rbac_enforcer.enforcer [None req-5ccad4d9-c59d-4020-990f-f7b91267a607 None admin] RBAC: Authorizing `identity:get_project(project_id=b17c0e6e6bd04d08991a0b2fd26adaf9)` {{(pid=80501) enforce_call /opt/stack/keystone/keystone/common/rbac_enforcer/enforcer.py:449}}
Jun 06 05:42:46.139985 dv-neutron-836141-10-hyperv devstack@keystone.service[80501]: DEBUG keystone.common.rbac_enforcer.enforcer [None req-5ccad4d9-c59d-4020-990f-f7b91267a607 None admin] RBAC: Authorization granted {{(pid=80501) enforce_call /opt/stack/keystone/keystone/common/rbac_enforcer/enforcer.py:457}}
Jun 06 05:42:46.142388 dv-neutron-836141-10-hyperv devstack@keystone.service[80501]: [pid: 80501|app: 0|req: 45/95] 10.222.0.40 () {56 vars in 1186 bytes} [Mon Jun 6 05:42:45 2022] GET /identity/v3/projects/b17c0e6e6bd04d08991a0b2fd26adaf9 => generated 298 bytes in 168 msecs (HTTP/1.1 200) 5 headers in 177 bytes (1 switches on core 0)
Jun 06 05:42:46.147793 dv-neutron-836141-10-hyperv devstack@keystone.service[80501]: DEBUG keystone.server.flask.request_processing.middleware.auth_context [None req-5ccad4d9-c59d-4020-990f-f7b91267a607 None admin] Authenticating user token {{(pid=80501) process_request /usr/local/lib/python3.8/dist-packages/keystonemiddleware/auth_token/__init__.py:407}}
Jun 06 05:42:46.377655 dv-neutron-836141-10-hyperv devstack@keystone.service[80502]: DEBUG keystone.server.flask.request_processing.middleware.auth_context [None req-3dfa6a7d-b08b-4441-9c7c-12cb13976d5b None admin] Validating token access rules against request {{(pid=80502) validate_allowed_request /usr/local/lib/python3.8/dist-packages/keystonemiddleware/auth_token/__init__.py:545}}
Jun 06 05:42:46.390634 dv-neutron-836141-10-hyperv devstack@keystone.service[80501]: DEBUG keystone.server.flask.request_processing.middleware.auth_context [None req-5ccad4d9-c59d-4020-990f-f7b91267a607 None admin] Validating token access rules against request {{(pid=80501) validate_allowed_request /usr/local/lib/python3.8/dist-packages/keystonemiddleware/auth_token/__init__.py:545}}
Jun 06 05:42:46.453258 dv-neutron-836141-10-hyperv devstack@keystone.service[80501]: DEBUG keystone.server.flask.request_processing.middleware.auth_context [None req-7d7bfd90-438e-461a-86d4-586dc7fff456 None admin] RBAC: auth_context: {'token': , 'domain_id': None, 'trust_id': None, 'trustor_id': None, 'trustee_id': None, 'domain_name': None, 'group_ids': [], 'user_id': '30fbfd06893d462c9a41488e6cd8dec4', 'user_domain_id': 'default', 'system_scope': 'all', 'project_id': None, 'project_domain_id': None, 'roles': ['admin', 'member', 'reader'], 'is_admin_project': True, 'service_user_id': None, 'service_user_domain_id': None, 'service_project_id': None, 'service_project_domain_id': None, 'service_roles': []} {{(pid=80501) fill_context /opt/stack/keystone/keystone/server/flask/request_processing/middleware/auth_context.py:478}}
Jun 06 05:42:46.454880 dv-neutron-836141-10-hyperv devstack@keystone.service[80501]: DEBUG keystone.server.flask.request_processing.req_logging [None req-7d7bfd90-438e-461a-86d4-586dc7fff456 None admin] REQUEST_METHOD: `GET` {{(pid=80501) log_request_info /opt/stack/keystone/keystone/server/flask/request_processing/req_logging.py:27}}
Jun 06 05:42:46.455368 dv-neutron-836141-10-hyperv devstack@keystone.service[80501]: DEBUG keystone.server.flask.request_processing.req_logging [None req-7d7bfd90-438e-461a-86d4-586dc7fff456 None admin] SCRIPT_NAME: `/identity` {{(pid=80501) log_request_info /opt/stack/keystone/keystone/server/flask/request_processing/req_logging.py:28}}
Jun 06 05:42:46.456376 dv-neutron-836141-10-hyperv devstack@keystone.service[80501]: DEBUG keystone.server.flask.request_processing.req_logging [None req-7d7bfd90-438e-461a-86d4-586dc7fff456 None admin] PATH_INFO: `/v3/role_assignments` {{(pid=80501) log_request_info /opt/stack/keystone/keystone/server/flask/request_processing/req_logging.py:29}}
Jun 06 05:42:46.457844 dv-neutron-836141-10-hyperv devstack@keystone.service[80501]: DEBUG keystone.common.rbac_enforcer.enforcer [None req-7d7bfd90-438e-461a-86d4-586dc7fff456 None admin] RBAC: Adding query filter params (role.id=12f37b31a41f44fbb39cc14d9dc7bdf5, scope.project.id=b17c0e6e6bd04d08991a0b2fd26adaf9, user.id=a9274714326b422caea9d91bf36c7def) {{(pid=80501) _extract_filter_values /opt/stack/keystone/keystone/common/rbac_enforcer/enforcer.py:167}}
Jun 06 05:42:46.458367 dv-neutron-836141-10-hyperv devstack@keystone.service[80501]: DEBUG keystone.common.rbac_enforcer.enforcer [None req-7d7bfd90-438e-461a-86d4-586dc7fff456 None admin] RBAC: Authorizing `identity:list_role_assignments()` {{(pid=80501) enforce_call /opt/stack/keystone/keystone/common/rbac_enforcer/enforcer.py:449}}
Jun 06 05:42:46.460098 dv-neutron-836141-10-hyperv devstack@keystone.service[80501]: DEBUG keystone.common.rbac_enforcer.enforcer [None req-7d7bfd90-438e-461a-86d4-586dc7fff456 None admin] RBAC: Authorization granted {{(pid=80501) enforce_call /opt/stack/keystone/keystone/common/rbac_enforcer/enforcer.py:457}}
Jun 06 05:42:46.469600 dv-neutron-836141-10-hyperv devstack@keystone.service[80501]: [pid: 80501|app: 0|req: 46/96] 10.222.0.40 () {56 vars in 1374 bytes} [Mon Jun 6 05:42:46 2022] GET /identity/v3/role_assignments?user.id=a9274714326b422caea9d91bf36c7def&scope.project.id=b17c0e6e6bd04d08991a0b2fd26adaf9&role.id=12f37b31a41f44fbb39cc14d9dc7bdf5 => generated 259 bytes in 322 msecs (HTTP/1.1 200) 5 headers in 177 bytes (2 switches on core 0)
Jun 06 05:42:46.470572 dv-neutron-836141-10-hyperv devstack@keystone.service[80502]: DEBUG keystone.server.flask.request_processing.middleware.auth_context [None req-93a9f695-be60-4b2b-b9c1-873617fac8c9 None admin] RBAC: auth_context: {'token': , 'domain_id': None, 'trust_id': None, 'trustor_id': None, 'trustee_id': None, 'domain_name': None, 'group_ids': [], 'user_id': '30fbfd06893d462c9a41488e6cd8dec4', 'user_domain_id': 'default', 'system_scope': 'all', 'project_id': None, 'project_domain_id': None, 'roles': ['admin', 'member', 'reader'], 'is_admin_project': True, 'service_user_id': None, 'service_user_domain_id': None, 'service_project_id': None, 'service_project_domain_id': None, 'service_roles': []} {{(pid=80502) fill_context /opt/stack/keystone/keystone/server/flask/request_processing/middleware/auth_context.py:478}}
Jun 06 05:42:46.471375 dv-neutron-836141-10-hyperv devstack@keystone.service[80502]: DEBUG keystone.server.flask.request_processing.req_logging [None req-93a9f695-be60-4b2b-b9c1-873617fac8c9 None admin] REQUEST_METHOD: `GET` {{(pid=80502) log_request_info /opt/stack/keystone/keystone/server/flask/request_processing/req_logging.py:27}}
Jun 06 05:42:46.471677 dv-neutron-836141-10-hyperv devstack@keystone.service[80502]: DEBUG keystone.server.flask.request_processing.req_logging [None req-93a9f695-be60-4b2b-b9c1-873617fac8c9 None admin] SCRIPT_NAME: `/identity` {{(pid=80502) log_request_info /opt/stack/keystone/keystone/server/flask/request_processing/req_logging.py:28}}
Jun 06 05:42:46.471968 dv-neutron-836141-10-hyperv devstack@keystone.service[80502]: DEBUG keystone.server.flask.request_processing.req_logging [None req-93a9f695-be60-4b2b-b9c1-873617fac8c9 None admin] PATH_INFO: `/v3/role_assignments` {{(pid=80502) log_request_info /opt/stack/keystone/keystone/server/flask/request_processing/req_logging.py:29}}
Jun 06 05:42:46.472829 dv-neutron-836141-10-hyperv devstack@keystone.service[80502]: DEBUG keystone.common.rbac_enforcer.enforcer [None req-93a9f695-be60-4b2b-b9c1-873617fac8c9 None admin] RBAC: Adding query filter params (role.id=6eb7df9921094d64a44c7076b3340950, scope.project.id=a66b8e1689a14286a1fdf081178f51ca, user.id=a9274714326b422caea9d91bf36c7def) {{(pid=80502) _extract_filter_values /opt/stack/keystone/keystone/common/rbac_enforcer/enforcer.py:167}}
Jun 06 05:42:46.473153 dv-neutron-836141-10-hyperv devstack@keystone.service[80502]: DEBUG keystone.common.rbac_enforcer.enforcer [None req-93a9f695-be60-4b2b-b9c1-873617fac8c9 None admin] RBAC: Authorizing `identity:list_role_assignments()` {{(pid=80502) enforce_call /opt/stack/keystone/keystone/common/rbac_enforcer/enforcer.py:449}}
Jun 06 05:42:46.477161 dv-neutron-836141-10-hyperv devstack@keystone.service[80502]: DEBUG keystone.common.rbac_enforcer.enforcer [None req-93a9f695-be60-4b2b-b9c1-873617fac8c9 None admin] RBAC: Authorization granted {{(pid=80502) enforce_call /opt/stack/keystone/keystone/common/rbac_enforcer/enforcer.py:457}}
Jun 06 05:42:46.482239 dv-neutron-836141-10-hyperv devstack@keystone.service[80502]: [pid: 80502|app: 0|req: 51/97] 10.222.0.40 () {56 vars in 1374 bytes} [Mon Jun 6 05:42:46 2022] GET /identity/v3/role_assignments?user.id=a9274714326b422caea9d91bf36c7def&scope.project.id=a66b8e1689a14286a1fdf081178f51ca&role.id=6eb7df9921094d64a44c7076b3340950 => generated 259 bytes in 351 msecs (HTTP/1.1 200) 5 headers in 177 bytes (1 switches on core 0)
Jun 06 05:42:46.487582 dv-neutron-836141-10-hyperv devstack@keystone.service[80502]: DEBUG dbcounter [-] [80502] Writing DB stats keystone:SELECT=100 {{(pid=80502) stat_writer /usr/local/lib/python3.8/dist-packages/dbcounter.py:114}}
Jun 06 05:42:48.613341 dv-neutron-836141-10-hyperv devstack@keystone.service[80501]: DEBUG keystone.server.flask.request_processing.req_logging [None req-04587851-84e6-44a4-8f6c-3cd97f9dd1cf None None] REQUEST_METHOD: `GET` {{(pid=80501) log_request_info /opt/stack/keystone/keystone/server/flask/request_processing/req_logging.py:27}}
Jun 06 05:42:48.614409 dv-neutron-836141-10-hyperv devstack@keystone.service[80501]: DEBUG keystone.server.flask.request_processing.req_logging [None req-04587851-84e6-44a4-8f6c-3cd97f9dd1cf None None] SCRIPT_NAME: `/identity` {{(pid=80501) log_request_info /opt/stack/keystone/keystone/server/flask/request_processing/req_logging.py:28}}
Jun 06 05:42:48.614927 dv-neutron-836141-10-hyperv devstack@keystone.service[80501]: DEBUG keystone.server.flask.request_processing.req_logging [None req-04587851-84e6-44a4-8f6c-3cd97f9dd1cf None None] PATH_INFO: `/` {{(pid=80501) log_request_info /opt/stack/keystone/keystone/server/flask/request_processing/req_logging.py:29}}
Jun 06 05:42:48.616517 dv-neutron-836141-10-hyperv devstack@keystone.service[80501]: [pid: 80501|app: 0|req: 47/98] 10.222.0.40 () {54 vars in 926 bytes} [Mon Jun 6 05:42:48 2022] GET /identity => generated 270 bytes in 4 msecs (HTTP/1.1 300) 6 headers in 234 bytes (1 switches on core 0)
Jun 06 05:42:48.621695 dv-neutron-836141-10-hyperv devstack@keystone.service[80502]: DEBUG keystone.server.flask.request_processing.req_logging [None req-29adad40-2046-448d-b32d-d1c6d787bac3 None None] REQUEST_METHOD: `POST` {{(pid=80502) log_request_info /opt/stack/keystone/keystone/server/flask/request_processing/req_logging.py:27}}
Jun 06 05:42:48.622508 dv-neutron-836141-10-hyperv devstack@keystone.service[80502]: DEBUG keystone.server.flask.request_processing.req_logging [None req-29adad40-2046-448d-b32d-d1c6d787bac3 None None] SCRIPT_NAME: `/identity` {{(pid=80502) log_request_info /opt/stack/keystone/keystone/server/flask/request_processing/req_logging.py:28}}
Jun 06 05:42:48.623020 dv-neutron-836141-10-hyperv devstack@keystone.service[80502]: DEBUG keystone.server.flask.request_processing.req_logging [None req-29adad40-2046-448d-b32d-d1c6d787bac3 None None] PATH_INFO: `/v3/auth/tokens` {{(pid=80502) log_request_info /opt/stack/keystone/keystone/server/flask/request_processing/req_logging.py:29}}
Jun 06 05:42:48.647567 dv-neutron-836141-10-hyperv devstack@keystone.service[80502]: DEBUG keystone.auth.core [None req-29adad40-2046-448d-b32d-d1c6d787bac3 None None] MFA Rules not processed for user `30fbfd06893d462c9a41488e6cd8dec4`. Rule list: `[]` (Enabled: `True`). {{(pid=80502) check_auth_methods_against_rules /opt/stack/keystone/keystone/auth/core.py:438}}
Jun 06 05:42:48.649132 dv-neutron-836141-10-hyperv devstack@keystone.service[80502]: DEBUG keystone.common.fernet_utils [None req-29adad40-2046-448d-b32d-d1c6d787bac3 None None] Loaded 2 Fernet keys from /etc/keystone/fernet-keys/, but `[fernet_tokens] max_active_keys = 3`; perhaps there have not been enough key rotations to reach `max_active_keys` yet? {{(pid=80502) load_keys /opt/stack/keystone/keystone/common/fernet_utils.py:286}}
Jun 06 05:42:48.743865 dv-neutron-836141-10-hyperv devstack@keystone.service[80502]: [pid: 80502|app: 0|req: 52/99] 10.222.0.40 () {58 vars in 1023 bytes} [Mon Jun 6 05:42:48 2022] POST /identity/v3/auth/tokens => generated 799 bytes in 123 msecs (HTTP/1.1 201) 6 headers in 363 bytes (1 switches on core 0)
Jun 06 05:42:48.778390 dv-neutron-836141-10-hyperv devstack@keystone.service[80501]: DEBUG keystone.server.flask.request_processing.middleware.auth_context [None req-04587851-84e6-44a4-8f6c-3cd97f9dd1cf None None] Authenticating user token {{(pid=80501) process_request /usr/local/lib/python3.8/dist-packages/keystonemiddleware/auth_token/__init__.py:407}}
Jun 06 05:42:48.812736 dv-neutron-836141-10-hyperv devstack@keystone.service[80502]: DEBUG keystone.server.flask.request_processing.req_logging [None req-4f4e6155-c029-4155-8445-052941e64d11 None None] REQUEST_METHOD: `GET` {{(pid=80502) log_request_info /opt/stack/keystone/keystone/server/flask/request_processing/req_logging.py:27}}
Jun 06 05:42:48.813055 dv-neutron-836141-10-hyperv devstack@keystone.service[80502]: DEBUG keystone.server.flask.request_processing.req_logging [None req-4f4e6155-c029-4155-8445-052941e64d11 None None] SCRIPT_NAME: `/identity` {{(pid=80502) log_request_info /opt/stack/keystone/keystone/server/flask/request_processing/req_logging.py:28}}
Jun 06 05:42:48.813300 dv-neutron-836141-10-hyperv devstack@keystone.service[80502]: DEBUG keystone.server.flask.request_processing.req_logging [None req-4f4e6155-c029-4155-8445-052941e64d11 None None] PATH_INFO: `/` {{(pid=80502) log_request_info /opt/stack/keystone/keystone/server/flask/request_processing/req_logging.py:29}}
Jun 06 05:42:48.814954 dv-neutron-836141-10-hyperv devstack@keystone.service[80502]: [pid: 80502|app: 0|req: 53/100] 10.222.0.40 () {54 vars in 926 bytes} [Mon Jun 6 05:42:48 2022] GET /identity => generated 270 bytes in 3 msecs (HTTP/1.1 300) 6 headers in 234 bytes (1 switches on core 0)
Jun 06 05:42:48.815158 dv-neutron-836141-10-hyperv devstack@keystone.service[80501]: DEBUG dbcounter [-] [80501] Writing DB stats keystone:SELECT=100 {{(pid=80501) stat_writer /usr/local/lib/python3.8/dist-packages/dbcounter.py:114}}
Jun 06 05:42:48.820023 dv-neutron-836141-10-hyperv devstack@keystone.service[80502]: DEBUG keystone.server.flask.request_processing.req_logging [None req-8c01f2ff-bf3d-41a6-a16e-2e972069a0a5 None None] REQUEST_METHOD: `POST` {{(pid=80502) log_request_info /opt/stack/keystone/keystone/server/flask/request_processing/req_logging.py:27}}
Jun 06 05:42:48.820364 dv-neutron-836141-10-hyperv devstack@keystone.service[80502]: DEBUG keystone.server.flask.request_processing.req_logging [None req-8c01f2ff-bf3d-41a6-a16e-2e972069a0a5 None None] SCRIPT_NAME: `/identity` {{(pid=80502) log_request_info /opt/stack/keystone/keystone/server/flask/request_processing/req_logging.py:28}}
Jun 06 05:42:48.820649 dv-neutron-836141-10-hyperv devstack@keystone.service[80502]: DEBUG keystone.server.flask.request_processing.req_logging [None req-8c01f2ff-bf3d-41a6-a16e-2e972069a0a5 None None] PATH_INFO: `/v3/auth/tokens` {{(pid=80502) log_request_info /opt/stack/keystone/keystone/server/flask/request_processing/req_logging.py:29}}
Jun 06 05:42:48.854189 dv-neutron-836141-10-hyperv devstack@keystone.service[80502]: DEBUG keystone.auth.core [None req-8c01f2ff-bf3d-41a6-a16e-2e972069a0a5 None None] MFA Rules not processed for user `30fbfd06893d462c9a41488e6cd8dec4`. Rule list: `[]` (Enabled: `True`). {{(pid=80502) check_auth_methods_against_rules /opt/stack/keystone/keystone/auth/core.py:438}}
Jun 06 05:42:48.855504 dv-neutron-836141-10-hyperv devstack@keystone.service[80502]: DEBUG keystone.common.fernet_utils [None req-8c01f2ff-bf3d-41a6-a16e-2e972069a0a5 None None] Loaded 2 Fernet keys from /etc/keystone/fernet-keys/, but `[fernet_tokens] max_active_keys = 3`; perhaps there have not been enough key rotations to reach `max_active_keys` yet? {{(pid=80502) load_keys /opt/stack/keystone/keystone/common/fernet_utils.py:286}}
Jun 06 05:42:48.951885 dv-neutron-836141-10-hyperv devstack@keystone.service[80502]: [pid: 80502|app: 0|req: 54/101] 10.222.0.40 () {58 vars in 1023 bytes} [Mon Jun 6 05:42:48 2022] POST /identity/v3/auth/tokens => generated 799 bytes in 133 msecs (HTTP/1.1 201) 6 headers in 363 bytes (2 switches on core 0)
Jun 06 05:42:48.955511 dv-neutron-836141-10-hyperv devstack@keystone.service[80502]: DEBUG keystone.server.flask.request_processing.req_logging [None req-8e4c12b1-729f-4288-a409-ab7774a4b191 None None] REQUEST_METHOD: `GET` {{(pid=80502) log_request_info /opt/stack/keystone/keystone/server/flask/request_processing/req_logging.py:27}}
Jun 06 05:42:48.958215 dv-neutron-836141-10-hyperv devstack@keystone.service[80502]: DEBUG keystone.server.flask.request_processing.req_logging [None req-8e4c12b1-729f-4288-a409-ab7774a4b191 None None] SCRIPT_NAME: `/identity` {{(pid=80502) log_request_info /opt/stack/keystone/keystone/server/flask/request_processing/req_logging.py:28}}
Jun 06 05:42:48.958748 dv-neutron-836141-10-hyperv devstack@keystone.service[80502]: DEBUG keystone.server.flask.request_processing.req_logging [None req-8e4c12b1-729f-4288-a409-ab7774a4b191 None None] PATH_INFO: `/` {{(pid=80502) log_request_info /opt/stack/keystone/keystone/server/flask/request_processing/req_logging.py:29}}
Jun 06 05:42:48.960308 dv-neutron-836141-10-hyperv devstack@keystone.service[80502]: [pid: 80502|app: 0|req: 55/102] 10.222.0.40 () {54 vars in 926 bytes} [Mon Jun 6 05:42:48 2022] GET /identity => generated 270 bytes in 6 msecs (HTTP/1.1 300) 6 headers in 234 bytes (1 switches on core 0)
Jun 06 05:42:48.972170 dv-neutron-836141-10-hyperv devstack@keystone.service[80502]: DEBUG keystone.server.flask.request_processing.req_logging [None req-07f68fee-0b89-4939-9ad1-c5934f3f8ba3 None None] REQUEST_METHOD: `POST` {{(pid=80502) log_request_info /opt/stack/keystone/keystone/server/flask/request_processing/req_logging.py:27}}
Jun 06 05:42:48.972783 dv-neutron-836141-10-hyperv devstack@keystone.service[80502]: DEBUG keystone.server.flask.request_processing.req_logging [None req-07f68fee-0b89-4939-9ad1-c5934f3f8ba3 None None] SCRIPT_NAME: `/identity` {{(pid=80502) log_request_info /opt/stack/keystone/keystone/server/flask/request_processing/req_logging.py:28}}
Jun 06 05:42:48.973269 dv-neutron-836141-10-hyperv devstack@keystone.service[80502]: DEBUG keystone.server.flask.request_processing.req_logging [None req-07f68fee-0b89-4939-9ad1-c5934f3f8ba3 None None] PATH_INFO: `/v3/auth/tokens` {{(pid=80502) log_request_info /opt/stack/keystone/keystone/server/flask/request_processing/req_logging.py:29}}
Jun 06 05:42:48.982415 dv-neutron-836141-10-hyperv devstack@keystone.service[80501]: DEBUG keystone.server.flask.request_processing.middleware.auth_context [None req-04587851-84e6-44a4-8f6c-3cd97f9dd1cf None None] Validating token access rules against request {{(pid=80501) validate_allowed_request /usr/local/lib/python3.8/dist-packages/keystonemiddleware/auth_token/__init__.py:545}}
Jun 06 05:42:48.996388 dv-neutron-836141-10-hyperv devstack@keystone.service[80502]: DEBUG keystone.auth.core [None req-07f68fee-0b89-4939-9ad1-c5934f3f8ba3 None None] MFA Rules not processed for user `30fbfd06893d462c9a41488e6cd8dec4`. Rule list: `[]` (Enabled: `True`). {{(pid=80502) check_auth_methods_against_rules /opt/stack/keystone/keystone/auth/core.py:438}}
Jun 06 05:42:48.997907 dv-neutron-836141-10-hyperv devstack@keystone.service[80502]: DEBUG keystone.common.fernet_utils [None req-07f68fee-0b89-4939-9ad1-c5934f3f8ba3 None None] Loaded 2 Fernet keys from /etc/keystone/fernet-keys/, but `[fernet_tokens] max_active_keys = 3`; perhaps there have not been enough key rotations to reach `max_active_keys` yet? {{(pid=80502) load_keys /opt/stack/keystone/keystone/common/fernet_utils.py:286}}
Jun 06 05:42:49.044926 dv-neutron-836141-10-hyperv devstack@keystone.service[80501]: DEBUG keystone.server.flask.request_processing.middleware.auth_context [None req-6b6f15dc-9800-47da-a600-dbd394685c14 None admin] RBAC: auth_context: {'token': , 'domain_id': None, 'trust_id': None, 'trustor_id': None, 'trustee_id': None, 'domain_name': None, 'group_ids': [], 'user_id': '30fbfd06893d462c9a41488e6cd8dec4', 'user_domain_id': 'default', 'system_scope': 'all', 'project_id': None, 'project_domain_id': None, 'roles': ['admin', 'member', 'reader'], 'is_admin_project': True, 'service_user_id': None, 'service_user_domain_id': None, 'service_project_id': None, 'service_project_domain_id': None, 'service_roles': []} {{(pid=80501) fill_context /opt/stack/keystone/keystone/server/flask/request_processing/middleware/auth_context.py:478}}
Jun 06 05:42:49.046163 dv-neutron-836141-10-hyperv devstack@keystone.service[80501]: DEBUG keystone.server.flask.request_processing.req_logging [None req-6b6f15dc-9800-47da-a600-dbd394685c14 None admin] REQUEST_METHOD: `GET` {{(pid=80501) log_request_info /opt/stack/keystone/keystone/server/flask/request_processing/req_logging.py:27}}
Jun 06 05:42:49.046684 dv-neutron-836141-10-hyperv devstack@keystone.service[80501]: DEBUG keystone.server.flask.request_processing.req_logging [None req-6b6f15dc-9800-47da-a600-dbd394685c14 None admin] SCRIPT_NAME: `/identity` {{(pid=80501) log_request_info /opt/stack/keystone/keystone/server/flask/request_processing/req_logging.py:28}}
Jun 06 05:42:49.047194 dv-neutron-836141-10-hyperv devstack@keystone.service[80501]: DEBUG keystone.server.flask.request_processing.req_logging [None req-6b6f15dc-9800-47da-a600-dbd394685c14 None admin] PATH_INFO: `/v3/roles/member` {{(pid=80501) log_request_info /opt/stack/keystone/keystone/server/flask/request_processing/req_logging.py:29}}
Jun 06 05:42:49.064945 dv-neutron-836141-10-hyperv devstack@keystone.service[80501]: DEBUG keystone.common.rbac_enforcer.enforcer [None req-6b6f15dc-9800-47da-a600-dbd394685c14 None admin] Extracting inferred target data resulted in "NOT FOUND (404)". {{(pid=80501) enforce_call /opt/stack/keystone/keystone/common/rbac_enforcer/enforcer.py:409}}
Jun 06 05:42:49.083643 dv-neutron-836141-10-hyperv devstack@keystone.service[80501]: ERROR keystone.server.flask.application [None req-6b6f15dc-9800-47da-a600-dbd394685c14 None admin] Could not find role: member.: keystone.exception.RoleNotFound: Could not find role: member.
Jun 06 05:42:49.083643 dv-neutron-836141-10-hyperv devstack@keystone.service[80501]: ERROR keystone.server.flask.application
Traceback (most recent call last):
Jun 06 05:42:49.083643 dv-neutron-836141-10-hyperv devstack@keystone.service[80501]: ERROR keystone.server.flask.application
File "/usr/local/lib/python3.8/dist-packages/flask/app.py", line 1523, in full_dispatch_request
Jun 06 05:42:49.083643 dv-neutron-836141-10-hyperv devstack@keystone.service[80501]: ERROR keystone.server.flask.application rv = self.dispatch_request()
Jun 06 05:42:49.083643 dv-neutron-836141-10-hyperv devstack@keystone.service[80501]: ERROR keystone.server.flask.application
File "/usr/local/lib/python3.8/dist-packages/flask/app.py", line 1509, in dispatch_request
Jun 06 05:42:49.083643 dv-neutron-836141-10-hyperv devstack@keystone.service[80501]: ERROR keystone.server.flask.application return self.ensure_sync(self.view_functions[rule.endpoint])(**req.view_args)
Jun 06 05:42:49.083643 dv-neutron-836141-10-hyperv devstack@keystone.service[80501]: ERROR keystone.server.flask.application
File "/usr/local/lib/python3.8/dist-packages/flask_restful/__init__.py", line 467, in wrapper
Jun 06 05:42:49.083643 dv-neutron-836141-10-hyperv devstack@keystone.service[80501]: ERROR keystone.server.flask.application resp = resource(*args, **kwargs)
Jun 06 05:42:49.083643 dv-neutron-836141-10-hyperv devstack@keystone.service[80501]: ERROR keystone.server.flask.application
File "/usr/local/lib/python3.8/dist-packages/flask/views.py", line 84, in view
Jun 06 05:42:49.083643 dv-neutron-836141-10-hyperv devstack@keystone.service[80501]: ERROR keystone.server.flask.application return current_app.ensure_sync(self.dispatch_request)(*args, **kwargs)
Jun 06 05:42:49.083643 dv-neutron-836141-10-hyperv devstack@keystone.service[80501]: ERROR keystone.server.flask.application
File "/usr/local/lib/python3.8/dist-packages/flask_restful/__init__.py", line 582, in dispatch_request
Jun 06 05:42:49.083643 dv-neutron-836141-10-hyperv devstack@keystone.service[80501]: ERROR keystone.server.flask.application resp = meth(*args, **kwargs)
Jun 06 05:42:49.083643 dv-neutron-836141-10-hyperv devstack@keystone.service[80501]: ERROR keystone.server.flask.application
File "/opt/stack/keystone/keystone/api/roles.py", line 50, in get
Jun 06 05:42:49.083643 dv-neutron-836141-10-hyperv devstack@keystone.service[80501]: ERROR keystone.server.flask.application return self._get_role(role_id)
Jun 06 05:42:49.083643 dv-neutron-836141-10-hyperv devstack@keystone.service[80501]: ERROR keystone.server.flask.application
File "/opt/stack/keystone/keystone/api/roles.py", line 70, in _get_role
Jun 06 05:42:49.083643 dv-neutron-836141-10-hyperv devstack@keystone.service[80501]: ERROR keystone.server.flask.application ENFORCER.enforce_call(action='identity:get_role')
Jun 06 05:42:49.084568 dv-neutron-836141-10-hyperv devstack@keystone.service[80501]: ERROR keystone.server.flask.application
File "/opt/stack/keystone/keystone/common/rbac_enforcer/enforcer.py", line 402, in enforce_call
Jun 06 05:42:49.084568 dv-neutron-836141-10-hyperv devstack@keystone.service[80501]: ERROR keystone.server.flask.application policy_dict.update(cls._extract_member_target_data(
Jun 06 05:42:49.084568 dv-neutron-836141-10-hyperv devstack@keystone.service[80501]: ERROR keystone.server.flask.application
File "/opt/stack/keystone/keystone/common/rbac_enforcer/enforcer.py", line 234, in _extract_member_target_data
Jun 06 05:42:49.084568 dv-neutron-836141-10-hyperv devstack@keystone.service[80501]: ERROR keystone.server.flask.application member_name: func(flask.request.view_args[key])
Jun 06 05:42:49.084568 dv-neutron-836141-10-hyperv devstack@keystone.service[80501]: ERROR keystone.server.flask.application
File "/opt/stack/keystone/keystone/common/manager.py", line 115, in wrapped
Jun 06 05:42:49.084568 dv-neutron-836141-10-hyperv devstack@keystone.service[80501]: ERROR keystone.server.flask.application __ret_val = __f(*args, **kwargs)
Jun 06 05:42:49.084568 dv-neutron-836141-10-hyperv devstack@keystone.service[80501]: ERROR keystone.server.flask.application
File "/usr/local/lib/python3.8/dist-packages/decorator.py", line 232, in fun
Jun 06 05:42:49.084568 dv-neutron-836141-10-hyperv devstack@keystone.service[80501]: ERROR keystone.server.flask.application return caller(func, *(extras + args), **kw)
Jun 06 05:42:49.084568 dv-neutron-836141-10-hyperv devstack@keystone.service[80501]: ERROR keystone.server.flask.application
File "/usr/local/lib/python3.8/dist-packages/dogpile/cache/region.py", line 1577, in get_or_create_for_user_func
Jun 06 05:42:49.084568 dv-neutron-836141-10-hyperv devstack@keystone.service[80501]: ERROR keystone.server.flask.application return self.get_or_create(
Jun 06 05:42:49.084568 dv-neutron-836141-10-hyperv devstack@keystone.service[80501]: ERROR keystone.server.flask.application
File "/usr/local/lib/python3.8/dist-packages/dogpile/cache/region.py", line 1042, in get_or_create
Jun 06 05:42:49.084568 dv-neutron-836141-10-hyperv devstack@keystone.service[80501]: ERROR keystone.server.flask.application with Lock(
Jun 06 05:42:49.084568 dv-neutron-836141-10-hyperv devstack@keystone.service[80501]: ERROR keystone.server.flask.application
File "/usr/local/lib/python3.8/dist-packages/dogpile/lock.py", line 185, in __enter__
Jun 06 05:42:49.084568 dv-neutron-836141-10-hyperv devstack@keystone.service[80501]: ERROR keystone.server.flask.application return self._enter()
Jun 06 05:42:49.084568 dv-neutron-836141-10-hyperv devstack@keystone.service[80501]: ERROR keystone.server.flask.application
File "/usr/local/lib/python3.8/dist-packages/dogpile/lock.py", line 94, in _enter
Jun 06 05:42:49.084568 dv-neutron-836141-10-hyperv devstack@keystone.service[80501]: ERROR keystone.server.flask.application generated = self._enter_create(value, createdtime)
Jun 06 05:42:49.085365 dv-neutron-836141-10-hyperv devstack@keystone.service[80501]: ERROR keystone.server.flask.application
File "/usr/local/lib/python3.8/dist-packages/dogpile/lock.py", line 178, in _enter_create
Jun 06 05:42:49.085365 dv-neutron-836141-10-hyperv devstack@keystone.service[80501]: ERROR keystone.server.flask.application return self.creator()
Jun 06 05:42:49.085365 dv-neutron-836141-10-hyperv devstack@keystone.service[80501]: ERROR keystone.server.flask.application
File "/usr/local/lib/python3.8/dist-packages/dogpile/cache/region.py", line 995, in gen_value
Jun 06 05:42:49.085365 dv-neutron-836141-10-hyperv devstack@keystone.service[80501]: ERROR keystone.server.flask.application created_value = creator(
Jun 06 05:42:49.085365 dv-neutron-836141-10-hyperv devstack@keystone.service[80501]: ERROR keystone.server.flask.application
File "/opt/stack/keystone/keystone/assignment/core.py", line 1276, in get_role
Jun 06 05:42:49.085365 dv-neutron-836141-10-hyperv devstack@keystone.service[80501]: ERROR keystone.server.flask.application return self.driver.get_role(role_id)
Jun 06 05:42:49.085365 dv-neutron-836141-10-hyperv devstack@keystone.service[80501]: ERROR keystone.server.flask.application
File "/opt/stack/keystone/keystone/assignment/role_backends/sql.py", line 70, in get_role
Jun 06 05:42:49.085365 dv-neutron-836141-10-hyperv devstack@keystone.service[80501]: ERROR keystone.server.flask.application return self._get_role(session, role_id).to_dict()
Jun 06 05:42:49.085365 dv-neutron-836141-10-hyperv devstack@keystone.service[80501]: ERROR keystone.server.flask.application
File "/opt/stack/keystone/keystone/assignment/role_backends/sql.py", line 65, in _get_role
Jun 06 05:42:49.085365 dv-neutron-836141-10-hyperv devstack@keystone.service[80501]: ERROR keystone.server.flask.application raise exception.RoleNotFound(role_id=role_id)
Jun 06 05:42:49.085365 dv-neutron-836141-10-hyperv devstack@keystone.service[80501]: ERROR keystone.server.flask.application keystone.exception.RoleNotFound: Could not find role: member.
Jun 06 05:42:49.085365 dv-neutron-836141-10-hyperv devstack@keystone.service[80501]: ERROR keystone.server.flask.application
Jun 06 05:42:49.092012 dv-neutron-836141-10-hyperv devstack@keystone.service[80501]: [pid: 80501|app: 0|req: 48/103] 10.222.0.40 () {56 vars in 1099 bytes} [Mon Jun 6 05:42:48 2022] GET /identity/v3/roles/member => generated 84 bytes in 312 msecs (HTTP/1.1 404) 5 headers in 183 bytes (1 switches on core 0)
Jun 06 05:42:49.093651 dv-neutron-836141-10-hyperv devstack@keystone.service[80501]: DEBUG keystone.server.flask.request_processing.middleware.auth_context [None req-6b6f15dc-9800-47da-a600-dbd394685c14 None admin] Authenticating user token {{(pid=80501) process_request /usr/local/lib/python3.8/dist-packages/keystonemiddleware/auth_token/__init__.py:407}}
