May 03 16:14:28.679724 dv-neutron-836140-6-hyperv devstack@keystone.service[80306]: DEBUG keystone.server.flask.request_processing.middleware.auth_context [None req-a0190d4f-2c72-47f8-a778-4db4d4bcdbff None admin] RBAC: auth_context: {'token': , 'domain_id': None, 'trust_id': None, 'trustor_id': None, 'trustee_id': None, 'domain_name': None, 'group_ids': [], 'user_id': '5f0b081dbd3a43e4924a922d9434c458', 'user_domain_id': 'default', 'system_scope': 'all', 'project_id': None, 'project_domain_id': None, 'roles': ['admin', 'member', 'reader'], 'is_admin_project': True, 'service_user_id': None, 'service_user_domain_id': None, 'service_project_id': None, 'service_project_domain_id': None, 'service_roles': []} {{(pid=80306) fill_context /opt/stack/keystone/keystone/server/flask/request_processing/middleware/auth_context.py:478}}
May 03 16:14:28.680555 dv-neutron-836140-6-hyperv devstack@keystone.service[80306]: DEBUG keystone.server.flask.request_processing.req_logging [None req-a0190d4f-2c72-47f8-a778-4db4d4bcdbff None admin] REQUEST_METHOD: `GET` {{(pid=80306) log_request_info /opt/stack/keystone/keystone/server/flask/request_processing/req_logging.py:27}}
May 03 16:14:28.680968 dv-neutron-836140-6-hyperv devstack@keystone.service[80306]: DEBUG keystone.server.flask.request_processing.req_logging [None req-a0190d4f-2c72-47f8-a778-4db4d4bcdbff None admin] SCRIPT_NAME: `/identity` {{(pid=80306) log_request_info /opt/stack/keystone/keystone/server/flask/request_processing/req_logging.py:28}}
May 03 16:14:28.681237 dv-neutron-836140-6-hyperv devstack@keystone.service[80306]: DEBUG keystone.server.flask.request_processing.req_logging [None req-a0190d4f-2c72-47f8-a778-4db4d4bcdbff None admin] PATH_INFO: `/v3/roles/anotherrole` {{(pid=80306) log_request_info /opt/stack/keystone/keystone/server/flask/request_processing/req_logging.py:29}}
May 03 16:14:28.708825 dv-neutron-836140-6-hyperv devstack@keystone.service[80306]: DEBUG keystone.common.rbac_enforcer.enforcer [None req-a0190d4f-2c72-47f8-a778-4db4d4bcdbff None admin] Extracting inferred target data resulted in "NOT FOUND (404)". {{(pid=80306) enforce_call /opt/stack/keystone/keystone/common/rbac_enforcer/enforcer.py:409}}
May 03 16:14:28.720773 dv-neutron-836140-6-hyperv devstack@keystone.service[80306]: ERROR keystone.server.flask.application [None req-a0190d4f-2c72-47f8-a778-4db4d4bcdbff None admin] Could not find role: anotherrole.: keystone.exception.RoleNotFound: Could not find role: anotherrole.
May 03 16:14:28.720773 dv-neutron-836140-6-hyperv devstack@keystone.service[80306]: ERROR keystone.server.flask.application
Traceback (most recent call last):
May 03 16:14:28.720773 dv-neutron-836140-6-hyperv devstack@keystone.service[80306]: ERROR keystone.server.flask.application
File "/usr/local/lib/python3.8/dist-packages/flask/app.py", line 1523, in full_dispatch_request
May 03 16:14:28.720773 dv-neutron-836140-6-hyperv devstack@keystone.service[80306]: ERROR keystone.server.flask.application rv = self.dispatch_request()
May 03 16:14:28.720773 dv-neutron-836140-6-hyperv devstack@keystone.service[80306]: ERROR keystone.server.flask.application
File "/usr/local/lib/python3.8/dist-packages/flask/app.py", line 1509, in dispatch_request
May 03 16:14:28.720773 dv-neutron-836140-6-hyperv devstack@keystone.service[80306]: ERROR keystone.server.flask.application return self.ensure_sync(self.view_functions[rule.endpoint])(**req.view_args)
May 03 16:14:28.720773 dv-neutron-836140-6-hyperv devstack@keystone.service[80306]: ERROR keystone.server.flask.application
File "/usr/local/lib/python3.8/dist-packages/flask_restful/__init__.py", line 467, in wrapper
May 03 16:14:28.720773 dv-neutron-836140-6-hyperv devstack@keystone.service[80306]: ERROR keystone.server.flask.application resp = resource(*args, **kwargs)
May 03 16:14:28.720773 dv-neutron-836140-6-hyperv devstack@keystone.service[80306]: ERROR keystone.server.flask.application
File "/usr/local/lib/python3.8/dist-packages/flask/views.py", line 84, in view
May 03 16:14:28.720773 dv-neutron-836140-6-hyperv devstack@keystone.service[80306]: ERROR keystone.server.flask.application return current_app.ensure_sync(self.dispatch_request)(*args, **kwargs)
May 03 16:14:28.720773 dv-neutron-836140-6-hyperv devstack@keystone.service[80306]: ERROR keystone.server.flask.application
File "/usr/local/lib/python3.8/dist-packages/flask_restful/__init__.py", line 582, in dispatch_request
May 03 16:14:28.720773 dv-neutron-836140-6-hyperv devstack@keystone.service[80306]: ERROR keystone.server.flask.application resp = meth(*args, **kwargs)
May 03 16:14:28.720773 dv-neutron-836140-6-hyperv devstack@keystone.service[80306]: ERROR keystone.server.flask.application
File "/opt/stack/keystone/keystone/api/roles.py", line 50, in get
May 03 16:14:28.720773 dv-neutron-836140-6-hyperv devstack@keystone.service[80306]: ERROR keystone.server.flask.application return self._get_role(role_id)
May 03 16:14:28.720773 dv-neutron-836140-6-hyperv devstack@keystone.service[80306]: ERROR keystone.server.flask.application
File "/opt/stack/keystone/keystone/api/roles.py", line 70, in _get_role
May 03 16:14:28.720773 dv-neutron-836140-6-hyperv devstack@keystone.service[80306]: ERROR keystone.server.flask.application ENFORCER.enforce_call(action='identity:get_role')
May 03 16:14:28.721738 dv-neutron-836140-6-hyperv devstack@keystone.service[80306]: ERROR keystone.server.flask.application
File "/opt/stack/keystone/keystone/common/rbac_enforcer/enforcer.py", line 402, in enforce_call
May 03 16:14:28.721738 dv-neutron-836140-6-hyperv devstack@keystone.service[80306]: ERROR keystone.server.flask.application policy_dict.update(cls._extract_member_target_data(
May 03 16:14:28.721738 dv-neutron-836140-6-hyperv devstack@keystone.service[80306]: ERROR keystone.server.flask.application
File "/opt/stack/keystone/keystone/common/rbac_enforcer/enforcer.py", line 234, in _extract_member_target_data
May 03 16:14:28.721738 dv-neutron-836140-6-hyperv devstack@keystone.service[80306]: ERROR keystone.server.flask.application member_name: func(flask.request.view_args[key])
May 03 16:14:28.721738 dv-neutron-836140-6-hyperv devstack@keystone.service[80306]: ERROR keystone.server.flask.application
File "/opt/stack/keystone/keystone/common/manager.py", line 115, in wrapped
May 03 16:14:28.721738 dv-neutron-836140-6-hyperv devstack@keystone.service[80306]: ERROR keystone.server.flask.application __ret_val = __f(*args, **kwargs)
May 03 16:14:28.721738 dv-neutron-836140-6-hyperv devstack@keystone.service[80306]: ERROR keystone.server.flask.application
File "/usr/local/lib/python3.8/dist-packages/decorator.py", line 232, in fun
May 03 16:14:28.721738 dv-neutron-836140-6-hyperv devstack@keystone.service[80306]: ERROR keystone.server.flask.application return caller(func, *(extras + args), **kw)
May 03 16:14:28.721738 dv-neutron-836140-6-hyperv devstack@keystone.service[80306]: ERROR keystone.server.flask.application
File "/usr/local/lib/python3.8/dist-packages/dogpile/cache/region.py", line 1577, in get_or_create_for_user_func
May 03 16:14:28.721738 dv-neutron-836140-6-hyperv devstack@keystone.service[80306]: ERROR keystone.server.flask.application return self.get_or_create(
May 03 16:14:28.721738 dv-neutron-836140-6-hyperv devstack@keystone.service[80306]: ERROR keystone.server.flask.application
File "/usr/local/lib/python3.8/dist-packages/dogpile/cache/region.py", line 1042, in get_or_create
May 03 16:14:28.721738 dv-neutron-836140-6-hyperv devstack@keystone.service[80306]: ERROR keystone.server.flask.application with Lock(
May 03 16:14:28.721738 dv-neutron-836140-6-hyperv devstack@keystone.service[80306]: ERROR keystone.server.flask.application
File "/usr/local/lib/python3.8/dist-packages/dogpile/lock.py", line 185, in __enter__
May 03 16:14:28.721738 dv-neutron-836140-6-hyperv devstack@keystone.service[80306]: ERROR keystone.server.flask.application return self._enter()
May 03 16:14:28.721738 dv-neutron-836140-6-hyperv devstack@keystone.service[80306]: ERROR keystone.server.flask.application
File "/usr/local/lib/python3.8/dist-packages/dogpile/lock.py", line 94, in _enter
May 03 16:14:28.721738 dv-neutron-836140-6-hyperv devstack@keystone.service[80306]: ERROR keystone.server.flask.application generated = self._enter_create(value, createdtime)
May 03 16:14:28.722516 dv-neutron-836140-6-hyperv devstack@keystone.service[80306]: ERROR keystone.server.flask.application
File "/usr/local/lib/python3.8/dist-packages/dogpile/lock.py", line 178, in _enter_create
May 03 16:14:28.722516 dv-neutron-836140-6-hyperv devstack@keystone.service[80306]: ERROR keystone.server.flask.application return self.creator()
May 03 16:14:28.722516 dv-neutron-836140-6-hyperv devstack@keystone.service[80306]: ERROR keystone.server.flask.application
File "/usr/local/lib/python3.8/dist-packages/dogpile/cache/region.py", line 995, in gen_value
May 03 16:14:28.722516 dv-neutron-836140-6-hyperv devstack@keystone.service[80306]: ERROR keystone.server.flask.application created_value = creator(
May 03 16:14:28.722516 dv-neutron-836140-6-hyperv devstack@keystone.service[80306]: ERROR keystone.server.flask.application
File "/opt/stack/keystone/keystone/assignment/core.py", line 1276, in get_role
May 03 16:14:28.722516 dv-neutron-836140-6-hyperv devstack@keystone.service[80306]: ERROR keystone.server.flask.application return self.driver.get_role(role_id)
May 03 16:14:28.722516 dv-neutron-836140-6-hyperv devstack@keystone.service[80306]: ERROR keystone.server.flask.application
File "/opt/stack/keystone/keystone/assignment/role_backends/sql.py", line 70, in get_role
May 03 16:14:28.722516 dv-neutron-836140-6-hyperv devstack@keystone.service[80306]: ERROR keystone.server.flask.application return self._get_role(session, role_id).to_dict()
May 03 16:14:28.722516 dv-neutron-836140-6-hyperv devstack@keystone.service[80306]: ERROR keystone.server.flask.application
File "/opt/stack/keystone/keystone/assignment/role_backends/sql.py", line 65, in _get_role
May 03 16:14:28.722516 dv-neutron-836140-6-hyperv devstack@keystone.service[80306]: ERROR keystone.server.flask.application raise exception.RoleNotFound(role_id=role_id)
May 03 16:14:28.722516 dv-neutron-836140-6-hyperv devstack@keystone.service[80306]: ERROR keystone.server.flask.application keystone.exception.RoleNotFound: Could not find role: anotherrole.
May 03 16:14:28.722516 dv-neutron-836140-6-hyperv devstack@keystone.service[80306]: ERROR keystone.server.flask.application
May 03 16:14:28.723153 dv-neutron-836140-6-hyperv devstack@keystone.service[80306]: [pid: 80306|app: 0|req: 171/341] 10.222.0.41 () {56 vars in 1114 bytes} [Tue May 3 16:14:28 2022] GET /identity/v3/roles/anotherrole => generated 89 bytes in 330 msecs (HTTP/1.1 404) 5 headers in 183 bytes (1 switches on core 0)
May 03 16:14:28.727963 dv-neutron-836140-6-hyperv devstack@keystone.service[80306]: DEBUG keystone.server.flask.request_processing.middleware.auth_context [None req-a0190d4f-2c72-47f8-a778-4db4d4bcdbff None admin] Authenticating user token {{(pid=80306) process_request /usr/local/lib/python3.8/dist-packages/keystonemiddleware/auth_token/__init__.py:407}}
May 03 16:14:28.761180 dv-neutron-836140-6-hyperv devstack@keystone.service[80307]: DEBUG keystone.server.flask.request_processing.middleware.auth_context [None req-aa42295a-643a-464f-8b76-bccde6b7a029 None admin] Validating token access rules against request {{(pid=80307) validate_allowed_request /usr/local/lib/python3.8/dist-packages/keystonemiddleware/auth_token/__init__.py:545}}
May 03 16:14:28.845183 dv-neutron-836140-6-hyperv devstack@keystone.service[80307]: DEBUG keystone.server.flask.request_processing.middleware.auth_context [None req-df510ccc-7eeb-4b40-beb7-fd046b82d81e None admin] RBAC: auth_context: {'token': , 'domain_id': None, 'trust_id': None, 'trustor_id': None, 'trustee_id': None, 'domain_name': None, 'group_ids': [], 'user_id': '5f0b081dbd3a43e4924a922d9434c458', 'user_domain_id': 'default', 'system_scope': 'all', 'project_id': None, 'project_domain_id': None, 'roles': ['admin', 'member', 'reader'], 'is_admin_project': True, 'service_user_id': None, 'service_user_domain_id': None, 'service_project_id': None, 'service_project_domain_id': None, 'service_roles': []} {{(pid=80307) fill_context /opt/stack/keystone/keystone/server/flask/request_processing/middleware/auth_context.py:478}}
May 03 16:14:28.845989 dv-neutron-836140-6-hyperv devstack@keystone.service[80307]: DEBUG keystone.server.flask.request_processing.req_logging [None req-df510ccc-7eeb-4b40-beb7-fd046b82d81e None admin] REQUEST_METHOD: `GET` {{(pid=80307) log_request_info /opt/stack/keystone/keystone/server/flask/request_processing/req_logging.py:27}}
May 03 16:14:28.846268 dv-neutron-836140-6-hyperv devstack@keystone.service[80307]: DEBUG keystone.server.flask.request_processing.req_logging [None req-df510ccc-7eeb-4b40-beb7-fd046b82d81e None admin] SCRIPT_NAME: `/identity` {{(pid=80307) log_request_info /opt/stack/keystone/keystone/server/flask/request_processing/req_logging.py:28}}
May 03 16:14:28.846544 dv-neutron-836140-6-hyperv devstack@keystone.service[80307]: DEBUG keystone.server.flask.request_processing.req_logging [None req-df510ccc-7eeb-4b40-beb7-fd046b82d81e None admin] PATH_INFO: `/v3/auth/tokens` {{(pid=80307) log_request_info /opt/stack/keystone/keystone/server/flask/request_processing/req_logging.py:29}}
May 03 16:14:28.930607 dv-neutron-836140-6-hyperv devstack@keystone.service[80306]: DEBUG keystone.server.flask.request_processing.middleware.auth_context [None req-a0190d4f-2c72-47f8-a778-4db4d4bcdbff None admin] Validating token access rules against request {{(pid=80306) validate_allowed_request /usr/local/lib/python3.8/dist-packages/keystonemiddleware/auth_token/__init__.py:545}}
May 03 16:14:28.970419 dv-neutron-836140-6-hyperv devstack@keystone.service[80307]: DEBUG keystone.common.rbac_enforcer.enforcer [None req-df510ccc-7eeb-4b40-beb7-fd046b82d81e None admin] RBAC: Authorizing `identity:validate_token()` {{(pid=80307) enforce_call /opt/stack/keystone/keystone/common/rbac_enforcer/enforcer.py:449}}
May 03 16:14:28.971920 dv-neutron-836140-6-hyperv devstack@keystone.service[80307]: DEBUG keystone.common.rbac_enforcer.enforcer [None req-df510ccc-7eeb-4b40-beb7-fd046b82d81e None admin] RBAC: Authorization granted {{(pid=80307) enforce_call /opt/stack/keystone/keystone/common/rbac_enforcer/enforcer.py:457}}
May 03 16:14:28.996535 dv-neutron-836140-6-hyperv devstack@keystone.service[80306]: DEBUG keystone.server.flask.request_processing.middleware.auth_context [None req-c711d1a2-3716-41f3-999a-935cecd2ad63 None admin] RBAC: auth_context: {'token': , 'domain_id': None, 'trust_id': None, 'trustor_id': None, 'trustee_id': None, 'domain_name': None, 'group_ids': [], 'user_id': '5f0b081dbd3a43e4924a922d9434c458', 'user_domain_id': 'default', 'system_scope': 'all', 'project_id': None, 'project_domain_id': None, 'roles': ['admin', 'member', 'reader'], 'is_admin_project': True, 'service_user_id': None, 'service_user_domain_id': None, 'service_project_id': None, 'service_project_domain_id': None, 'service_roles': []} {{(pid=80306) fill_context /opt/stack/keystone/keystone/server/flask/request_processing/middleware/auth_context.py:478}}
May 03 16:14:28.997231 dv-neutron-836140-6-hyperv devstack@keystone.service[80306]: DEBUG keystone.server.flask.request_processing.req_logging [None req-c711d1a2-3716-41f3-999a-935cecd2ad63 None admin] REQUEST_METHOD: `GET` {{(pid=80306) log_request_info /opt/stack/keystone/keystone/server/flask/request_processing/req_logging.py:27}}
May 03 16:14:28.997496 dv-neutron-836140-6-hyperv devstack@keystone.service[80306]: DEBUG keystone.server.flask.request_processing.req_logging [None req-c711d1a2-3716-41f3-999a-935cecd2ad63 None admin] SCRIPT_NAME: `/identity` {{(pid=80306) log_request_info /opt/stack/keystone/keystone/server/flask/request_processing/req_logging.py:28}}
May 03 16:14:28.997769 dv-neutron-836140-6-hyperv devstack@keystone.service[80306]: DEBUG keystone.server.flask.request_processing.req_logging [None req-c711d1a2-3716-41f3-999a-935cecd2ad63 None admin] PATH_INFO: `/v3/roles` {{(pid=80306) log_request_info /opt/stack/keystone/keystone/server/flask/request_processing/req_logging.py:29}}
May 03 16:14:28.998520 dv-neutron-836140-6-hyperv devstack@keystone.service[80306]: DEBUG keystone.common.rbac_enforcer.enforcer [None req-c711d1a2-3716-41f3-999a-935cecd2ad63 None admin] RBAC: Adding query filter params (name=anotherrole) {{(pid=80306) _extract_filter_values /opt/stack/keystone/keystone/common/rbac_enforcer/enforcer.py:167}}
May 03 16:14:28.998827 dv-neutron-836140-6-hyperv devstack@keystone.service[80306]: DEBUG keystone.common.rbac_enforcer.enforcer [None req-c711d1a2-3716-41f3-999a-935cecd2ad63 None admin] RBAC: Authorizing `identity:list_roles()` {{(pid=80306) enforce_call /opt/stack/keystone/keystone/common/rbac_enforcer/enforcer.py:449}}
May 03 16:14:29.000373 dv-neutron-836140-6-hyperv devstack@keystone.service[80306]: DEBUG keystone.common.rbac_enforcer.enforcer [None req-c711d1a2-3716-41f3-999a-935cecd2ad63 None admin] RBAC: Authorization granted {{(pid=80306) enforce_call /opt/stack/keystone/keystone/common/rbac_enforcer/enforcer.py:457}}
May 03 16:14:29.013506 dv-neutron-836140-6-hyperv devstack@keystone.service[80306]: [pid: 80306|app: 0|req: 172/342] 10.222.0.41 () {56 vars in 1111 bytes} [Tue May 3 16:14:28 2022] GET /identity/v3/roles?name=anotherrole => generated 334 bytes in 286 msecs (HTTP/1.1 200) 5 headers in 177 bytes (1 switches on core 0)
May 03 16:14:29.019779 dv-neutron-836140-6-hyperv devstack@keystone.service[80306]: DEBUG keystone.server.flask.request_processing.middleware.auth_context [None req-c711d1a2-3716-41f3-999a-935cecd2ad63 None admin] Authenticating user token {{(pid=80306) process_request /usr/local/lib/python3.8/dist-packages/keystonemiddleware/auth_token/__init__.py:407}}
May 03 16:14:29.145947 dv-neutron-836140-6-hyperv devstack@keystone.service[80306]: DEBUG keystone.server.flask.request_processing.middleware.auth_context [None req-c711d1a2-3716-41f3-999a-935cecd2ad63 None admin] Validating token access rules against request {{(pid=80306) validate_allowed_request /usr/local/lib/python3.8/dist-packages/keystonemiddleware/auth_token/__init__.py:545}}
May 03 16:14:29.171705 dv-neutron-836140-6-hyperv devstack@keystone.service[80307]: [pid: 80307|app: 0|req: 171/343] 10.222.0.41 () {58 vars in 1282 bytes} [Tue May 3 16:14:28 2022] GET /identity/v3/auth/tokens => generated 799 bytes in 547 msecs (HTTP/1.1 200) 6 headers in 358 bytes (2 switches on core 0)
May 03 16:14:29.178133 dv-neutron-836140-6-hyperv devstack@keystone.service[80307]: DEBUG keystone.server.flask.request_processing.middleware.auth_context [None req-df510ccc-7eeb-4b40-beb7-fd046b82d81e None admin] Authenticating user token {{(pid=80307) process_request /usr/local/lib/python3.8/dist-packages/keystonemiddleware/auth_token/__init__.py:407}}
May 03 16:14:29.189507 dv-neutron-836140-6-hyperv devstack@keystone.service[80306]: DEBUG keystone.server.flask.request_processing.middleware.auth_context [None req-679b84b6-d4ce-4382-89ba-19f089b43810 None admin] RBAC: auth_context: {'token': , 'domain_id': None, 'trust_id': None, 'trustor_id': None, 'trustee_id': None, 'domain_name': None, 'group_ids': [], 'user_id': '5f0b081dbd3a43e4924a922d9434c458', 'user_domain_id': 'default', 'system_scope': 'all', 'project_id': None, 'project_domain_id': None, 'roles': ['admin', 'member', 'reader'], 'is_admin_project': True, 'service_user_id': None, 'service_user_domain_id': None, 'service_project_id': None, 'service_project_domain_id': None, 'service_roles': []} {{(pid=80306) fill_context /opt/stack/keystone/keystone/server/flask/request_processing/middleware/auth_context.py:478}}
May 03 16:14:29.190094 dv-neutron-836140-6-hyperv devstack@keystone.service[80306]: DEBUG keystone.server.flask.request_processing.req_logging [None req-679b84b6-d4ce-4382-89ba-19f089b43810 None admin] REQUEST_METHOD: `GET` {{(pid=80306) log_request_info /opt/stack/keystone/keystone/server/flask/request_processing/req_logging.py:27}}
May 03 16:14:29.190373 dv-neutron-836140-6-hyperv devstack@keystone.service[80306]: DEBUG keystone.server.flask.request_processing.req_logging [None req-679b84b6-d4ce-4382-89ba-19f089b43810 None admin] SCRIPT_NAME: `/identity` {{(pid=80306) log_request_info /opt/stack/keystone/keystone/server/flask/request_processing/req_logging.py:28}}
May 03 16:14:29.190646 dv-neutron-836140-6-hyperv devstack@keystone.service[80306]: DEBUG keystone.server.flask.request_processing.req_logging [None req-679b84b6-d4ce-4382-89ba-19f089b43810 None admin] PATH_INFO: `/v3/auth/tokens` {{(pid=80306) log_request_info /opt/stack/keystone/keystone/server/flask/request_processing/req_logging.py:29}}
May 03 16:14:29.288439 dv-neutron-836140-6-hyperv devstack@keystone.service[80306]: DEBUG keystone.common.rbac_enforcer.enforcer [None req-679b84b6-d4ce-4382-89ba-19f089b43810 None admin] RBAC: Authorizing `identity:validate_token()` {{(pid=80306) enforce_call /opt/stack/keystone/keystone/common/rbac_enforcer/enforcer.py:449}}
May 03 16:14:29.289824 dv-neutron-836140-6-hyperv devstack@keystone.service[80306]: DEBUG keystone.common.rbac_enforcer.enforcer [None req-679b84b6-d4ce-4382-89ba-19f089b43810 None admin] RBAC: Authorization granted {{(pid=80306) enforce_call /opt/stack/keystone/keystone/common/rbac_enforcer/enforcer.py:457}}
May 03 16:14:29.344173 dv-neutron-836140-6-hyperv devstack@keystone.service[80307]: DEBUG keystone.server.flask.request_processing.middleware.auth_context [None req-df510ccc-7eeb-4b40-beb7-fd046b82d81e None admin] Validating token access rules against request {{(pid=80307) validate_allowed_request /usr/local/lib/python3.8/dist-packages/keystonemiddleware/auth_token/__init__.py:545}}
May 03 16:14:29.389523 dv-neutron-836140-6-hyperv devstack@keystone.service[80307]: DEBUG keystone.server.flask.request_processing.middleware.auth_context [None req-6cb24d65-6684-40bb-a5e5-7347d7c59f90 None admin] RBAC: auth_context: {'token': , 'domain_id': None, 'trust_id': None, 'trustor_id': None, 'trustee_id': None, 'domain_name': None, 'group_ids': [], 'user_id': '5f0b081dbd3a43e4924a922d9434c458', 'user_domain_id': 'default', 'system_scope': 'all', 'project_id': None, 'project_domain_id': None, 'roles': ['admin', 'member', 'reader'], 'is_admin_project': True, 'service_user_id': None, 'service_user_domain_id': None, 'service_project_id': None, 'service_project_domain_id': None, 'service_roles': []} {{(pid=80307) fill_context /opt/stack/keystone/keystone/server/flask/request_processing/middleware/auth_context.py:478}}
May 03 16:14:29.390770 dv-neutron-836140-6-hyperv devstack@keystone.service[80307]: DEBUG keystone.server.flask.request_processing.req_logging [None req-6cb24d65-6684-40bb-a5e5-7347d7c59f90 None admin] REQUEST_METHOD: `GET` {{(pid=80307) log_request_info /opt/stack/keystone/keystone/server/flask/request_processing/req_logging.py:27}}
May 03 16:14:29.391022 dv-neutron-836140-6-hyperv devstack@keystone.service[80306]: [pid: 80306|app: 0|req: 173/344] 10.222.0.41 () {58 vars in 1282 bytes} [Tue May 3 16:14:29 2022] GET /identity/v3/auth/tokens => generated 799 bytes in 372 msecs (HTTP/1.1 200) 6 headers in 358 bytes (2 switches on core 0)
May 03 16:14:29.391510 dv-neutron-836140-6-hyperv devstack@keystone.service[80307]: DEBUG keystone.server.flask.request_processing.req_logging [None req-6cb24d65-6684-40bb-a5e5-7347d7c59f90 None admin] SCRIPT_NAME: `/identity` {{(pid=80307) log_request_info /opt/stack/keystone/keystone/server/flask/request_processing/req_logging.py:28}}
May 03 16:14:29.391983 dv-neutron-836140-6-hyperv devstack@keystone.service[80307]: DEBUG keystone.server.flask.request_processing.req_logging [None req-6cb24d65-6684-40bb-a5e5-7347d7c59f90 None admin] PATH_INFO: `/v3/projects/fe9759132ce843979e4df8884605f0a5` {{(pid=80307) log_request_info /opt/stack/keystone/keystone/server/flask/request_processing/req_logging.py:29}}
May 03 16:14:29.396841 dv-neutron-836140-6-hyperv devstack@keystone.service[80306]: DEBUG keystone.server.flask.request_processing.middleware.auth_context [None req-679b84b6-d4ce-4382-89ba-19f089b43810 None admin] Authenticating user token {{(pid=80306) process_request /usr/local/lib/python3.8/dist-packages/keystonemiddleware/auth_token/__init__.py:407}}
May 03 16:14:29.398538 dv-neutron-836140-6-hyperv devstack@keystone.service[80307]: DEBUG keystone.common.rbac_enforcer.enforcer [None req-6cb24d65-6684-40bb-a5e5-7347d7c59f90 None admin] RBAC: Authorizing `identity:get_project(project_id=fe9759132ce843979e4df8884605f0a5)` {{(pid=80307) enforce_call /opt/stack/keystone/keystone/common/rbac_enforcer/enforcer.py:449}}
May 03 16:14:29.400048 dv-neutron-836140-6-hyperv devstack@keystone.service[80307]: DEBUG keystone.common.rbac_enforcer.enforcer [None req-6cb24d65-6684-40bb-a5e5-7347d7c59f90 None admin] RBAC: Authorization granted {{(pid=80307) enforce_call /opt/stack/keystone/keystone/common/rbac_enforcer/enforcer.py:457}}
May 03 16:14:29.402121 dv-neutron-836140-6-hyperv devstack@keystone.service[80307]: [pid: 80307|app: 0|req: 172/345] 10.222.0.41 () {56 vars in 1186 bytes} [Tue May 3 16:14:29 2022] GET /identity/v3/projects/fe9759132ce843979e4df8884605f0a5 => generated 298 bytes in 224 msecs (HTTP/1.1 200) 5 headers in 177 bytes (2 switches on core 0)
May 03 16:14:29.404899 dv-neutron-836140-6-hyperv devstack@keystone.service[80307]: DEBUG keystone.server.flask.request_processing.req_logging [None req-f21bd12e-ea03-4f46-89b2-01e79e527f06 None None] REQUEST_METHOD: `GET` {{(pid=80307) log_request_info /opt/stack/keystone/keystone/server/flask/request_processing/req_logging.py:27}}
May 03 16:14:29.405185 dv-neutron-836140-6-hyperv devstack@keystone.service[80307]: DEBUG keystone.server.flask.request_processing.req_logging [None req-f21bd12e-ea03-4f46-89b2-01e79e527f06 None None] SCRIPT_NAME: `/identity` {{(pid=80307) log_request_info /opt/stack/keystone/keystone/server/flask/request_processing/req_logging.py:28}}
May 03 16:14:29.405462 dv-neutron-836140-6-hyperv devstack@keystone.service[80307]: DEBUG keystone.server.flask.request_processing.req_logging [None req-f21bd12e-ea03-4f46-89b2-01e79e527f06 None None] PATH_INFO: `/` {{(pid=80307) log_request_info /opt/stack/keystone/keystone/server/flask/request_processing/req_logging.py:29}}
May 03 16:14:29.406978 dv-neutron-836140-6-hyperv devstack@keystone.service[80307]: [pid: 80307|app: 0|req: 173/346] 10.222.0.41 () {54 vars in 926 bytes} [Tue May 3 16:14:29 2022] GET /identity => generated 270 bytes in 3 msecs (HTTP/1.1 300) 6 headers in 234 bytes (2 switches on core 0)
May 03 16:14:29.411379 dv-neutron-836140-6-hyperv devstack@keystone.service[80307]: DEBUG keystone.server.flask.request_processing.middleware.auth_context [None req-f21bd12e-ea03-4f46-89b2-01e79e527f06 None None] Authenticating user token {{(pid=80307) process_request /usr/local/lib/python3.8/dist-packages/keystonemiddleware/auth_token/__init__.py:407}}
May 03 16:14:29.501337 dv-neutron-836140-6-hyperv devstack@keystone.service[80306]: DEBUG keystone.server.flask.request_processing.middleware.auth_context [None req-679b84b6-d4ce-4382-89ba-19f089b43810 None admin] Validating token access rules against request {{(pid=80306) validate_allowed_request /usr/local/lib/python3.8/dist-packages/keystonemiddleware/auth_token/__init__.py:545}}
May 03 16:14:29.540150 dv-neutron-836140-6-hyperv devstack@keystone.service[80306]: DEBUG keystone.server.flask.request_processing.middleware.auth_context [None req-837e84fc-845e-4d8f-8ea6-3eede410f75c None admin] RBAC: auth_context: {'token': , 'domain_id': None, 'trust_id': None, 'trustor_id': None, 'trustee_id': None, 'domain_name': None, 'group_ids': [], 'user_id': '5f0b081dbd3a43e4924a922d9434c458', 'user_domain_id': 'default', 'system_scope': 'all', 'project_id': None, 'project_domain_id': None, 'roles': ['admin', 'member', 'reader'], 'is_admin_project': True, 'service_user_id': None, 'service_user_domain_id': None, 'service_project_id': None, 'service_project_domain_id': None, 'service_roles': []} {{(pid=80306) fill_context /opt/stack/keystone/keystone/server/flask/request_processing/middleware/auth_context.py:478}}
May 03 16:14:29.542742 dv-neutron-836140-6-hyperv devstack@keystone.service[80306]: DEBUG keystone.server.flask.request_processing.req_logging [None req-837e84fc-845e-4d8f-8ea6-3eede410f75c None admin] REQUEST_METHOD: `GET` {{(pid=80306) log_request_info /opt/stack/keystone/keystone/server/flask/request_processing/req_logging.py:27}}
May 03 16:14:29.543887 dv-neutron-836140-6-hyperv devstack@keystone.service[80306]: DEBUG keystone.server.flask.request_processing.req_logging [None req-837e84fc-845e-4d8f-8ea6-3eede410f75c None admin] SCRIPT_NAME: `/identity` {{(pid=80306) log_request_info /opt/stack/keystone/keystone/server/flask/request_processing/req_logging.py:28}}
May 03 16:14:29.544954 dv-neutron-836140-6-hyperv devstack@keystone.service[80306]: DEBUG keystone.server.flask.request_processing.req_logging [None req-837e84fc-845e-4d8f-8ea6-3eede410f75c None admin] PATH_INFO: `/v3/projects/fe9759132ce843979e4df8884605f0a5` {{(pid=80306) log_request_info /opt/stack/keystone/keystone/server/flask/request_processing/req_logging.py:29}}
May 03 16:14:29.546521 dv-neutron-836140-6-hyperv devstack@keystone.service[80306]: DEBUG keystone.common.rbac_enforcer.enforcer [None req-837e84fc-845e-4d8f-8ea6-3eede410f75c None admin] RBAC: Authorizing `identity:get_project(project_id=fe9759132ce843979e4df8884605f0a5)` {{(pid=80306) enforce_call /opt/stack/keystone/keystone/common/rbac_enforcer/enforcer.py:449}}
May 03 16:14:29.549839 dv-neutron-836140-6-hyperv devstack@keystone.service[80306]: DEBUG keystone.common.rbac_enforcer.enforcer [None req-837e84fc-845e-4d8f-8ea6-3eede410f75c None admin] RBAC: Authorization granted {{(pid=80306) enforce_call /opt/stack/keystone/keystone/common/rbac_enforcer/enforcer.py:457}}
May 03 16:14:29.559064 dv-neutron-836140-6-hyperv devstack@keystone.service[80306]: [pid: 80306|app: 0|req: 174/347] 10.222.0.41 () {56 vars in 1186 bytes} [Tue May 3 16:14:29 2022] GET /identity/v3/projects/fe9759132ce843979e4df8884605f0a5 => generated 298 bytes in 158 msecs (HTTP/1.1 200) 5 headers in 177 bytes (2 switches on core 0)
May 03 16:14:29.560447 dv-neutron-836140-6-hyperv devstack@keystone.service[80307]: DEBUG keystone.server.flask.request_processing.middleware.auth_context [None req-f21bd12e-ea03-4f46-89b2-01e79e527f06 None None] Validating token access rules against request {{(pid=80307) validate_allowed_request /usr/local/lib/python3.8/dist-packages/keystonemiddleware/auth_token/__init__.py:545}}
May 03 16:14:29.563437 dv-neutron-836140-6-hyperv devstack@keystone.service[80306]: DEBUG keystone.server.flask.request_processing.req_logging [None req-06867b1e-c97e-474d-abf8-89abe74ceeea None None] REQUEST_METHOD: `POST` {{(pid=80306) log_request_info /opt/stack/keystone/keystone/server/flask/request_processing/req_logging.py:27}}
May 03 16:14:29.563919 dv-neutron-836140-6-hyperv devstack@keystone.service[80306]: DEBUG keystone.server.flask.request_processing.req_logging [None req-06867b1e-c97e-474d-abf8-89abe74ceeea None None] SCRIPT_NAME: `/identity` {{(pid=80306) log_request_info /opt/stack/keystone/keystone/server/flask/request_processing/req_logging.py:28}}
May 03 16:14:29.564383 dv-neutron-836140-6-hyperv devstack@keystone.service[80306]: DEBUG keystone.server.flask.request_processing.req_logging [None req-06867b1e-c97e-474d-abf8-89abe74ceeea None None] PATH_INFO: `/v3/auth/tokens` {{(pid=80306) log_request_info /opt/stack/keystone/keystone/server/flask/request_processing/req_logging.py:29}}
May 03 16:14:29.593485 dv-neutron-836140-6-hyperv devstack@keystone.service[80306]: DEBUG keystone.auth.core [None req-06867b1e-c97e-474d-abf8-89abe74ceeea None None] MFA Rules not processed for user `5f0b081dbd3a43e4924a922d9434c458`. Rule list: `[]` (Enabled: `True`). {{(pid=80306) check_auth_methods_against_rules /opt/stack/keystone/keystone/auth/core.py:438}}
May 03 16:14:29.595187 dv-neutron-836140-6-hyperv devstack@keystone.service[80306]: DEBUG keystone.common.fernet_utils [None req-06867b1e-c97e-474d-abf8-89abe74ceeea None None] Loaded 2 Fernet keys from /etc/keystone/fernet-keys/, but `[fernet_tokens] max_active_keys = 3`; perhaps there have not been enough key rotations to reach `max_active_keys` yet? {{(pid=80306) load_keys /opt/stack/keystone/keystone/common/fernet_utils.py:286}}
May 03 16:14:29.645814 dv-neutron-836140-6-hyperv devstack@keystone.service[80307]: DEBUG keystone.server.flask.request_processing.middleware.auth_context [None req-d78aa463-1b26-4b9d-8a3d-5c8f1571b4bd None admin] RBAC: auth_context: {'token': , 'domain_id': None, 'trust_id': None, 'trustor_id': None, 'trustee_id': None, 'domain_name': None, 'group_ids': [], 'user_id': '5f0b081dbd3a43e4924a922d9434c458', 'user_domain_id': 'default', 'system_scope': 'all', 'project_id': None, 'project_domain_id': None, 'roles': ['admin', 'member', 'reader'], 'is_admin_project': True, 'service_user_id': None, 'service_user_domain_id': None, 'service_project_id': None, 'service_project_domain_id': None, 'service_roles': []} {{(pid=80307) fill_context /opt/stack/keystone/keystone/server/flask/request_processing/middleware/auth_context.py:478}}
May 03 16:14:29.646710 dv-neutron-836140-6-hyperv devstack@keystone.service[80307]: DEBUG keystone.server.flask.request_processing.req_logging [None req-d78aa463-1b26-4b9d-8a3d-5c8f1571b4bd None admin] REQUEST_METHOD: `GET` {{(pid=80307) log_request_info /opt/stack/keystone/keystone/server/flask/request_processing/req_logging.py:27}}
May 03 16:14:29.649313 dv-neutron-836140-6-hyperv devstack@keystone.service[80307]: DEBUG keystone.server.flask.request_processing.req_logging [None req-d78aa463-1b26-4b9d-8a3d-5c8f1571b4bd None admin] SCRIPT_NAME: `/identity` {{(pid=80307) log_request_info /opt/stack/keystone/keystone/server/flask/request_processing/req_logging.py:28}}
May 03 16:14:29.649313 dv-neutron-836140-6-hyperv devstack@keystone.service[80307]: DEBUG keystone.server.flask.request_processing.req_logging [None req-d78aa463-1b26-4b9d-8a3d-5c8f1571b4bd None admin] PATH_INFO: `/v3/groups/a16049c6734c43fb83e96286bb60b71f` {{(pid=80307) log_request_info /opt/stack/keystone/keystone/server/flask/request_processing/req_logging.py:29}}
May 03 16:14:29.668625 dv-neutron-836140-6-hyperv devstack@keystone.service[80307]: DEBUG keystone.common.rbac_enforcer.enforcer [None req-d78aa463-1b26-4b9d-8a3d-5c8f1571b4bd None admin] RBAC: Authorizing `identity:get_group(group_id=a16049c6734c43fb83e96286bb60b71f)` {{(pid=80307) enforce_call /opt/stack/keystone/keystone/common/rbac_enforcer/enforcer.py:449}}
May 03 16:14:29.670103 dv-neutron-836140-6-hyperv devstack@keystone.service[80307]: DEBUG keystone.common.rbac_enforcer.enforcer [None req-d78aa463-1b26-4b9d-8a3d-5c8f1571b4bd None admin] RBAC: Authorization granted {{(pid=80307) enforce_call /opt/stack/keystone/keystone/common/rbac_enforcer/enforcer.py:457}}
May 03 16:14:29.677474 dv-neutron-836140-6-hyperv devstack@keystone.service[80307]: [pid: 80307|app: 0|req: 174/348] 10.222.0.41 () {56 vars in 1180 bytes} [Tue May 3 16:14:29 2022] GET /identity/v3/groups/a16049c6734c43fb83e96286bb60b71f => generated 226 bytes in 261 msecs (HTTP/1.1 200) 5 headers in 177 bytes (1 switches on core 0)
May 03 16:14:29.677474 dv-neutron-836140-6-hyperv devstack@keystone.service[80307]: DEBUG keystone.server.flask.request_processing.middleware.auth_context [None req-d78aa463-1b26-4b9d-8a3d-5c8f1571b4bd None admin] Authenticating user token {{(pid=80307) process_request /usr/local/lib/python3.8/dist-packages/keystonemiddleware/auth_token/__init__.py:407}}
May 03 16:14:29.694610 dv-neutron-836140-6-hyperv devstack@keystone.service[80306]: [pid: 80306|app: 0|req: 175/349] 10.222.0.41 () {58 vars in 1023 bytes} [Tue May 3 16:14:29 2022] POST /identity/v3/auth/tokens => generated 799 bytes in 133 msecs (HTTP/1.1 201) 6 headers in 363 bytes (1 switches on core 0)
May 03 16:14:29.695965 dv-neutron-836140-6-hyperv devstack@keystone.service[80306]: DEBUG keystone.server.flask.request_processing.middleware.auth_context [None req-06867b1e-c97e-474d-abf8-89abe74ceeea None None] Authenticating user token {{(pid=80306) process_request /usr/local/lib/python3.8/dist-packages/keystonemiddleware/auth_token/__init__.py:407}}
May 03 16:14:29.807122 dv-neutron-836140-6-hyperv devstack@keystone.service[80306]: DEBUG keystone.server.flask.request_processing.middleware.auth_context [None req-06867b1e-c97e-474d-abf8-89abe74ceeea None None] Validating token access rules against request {{(pid=80306) validate_allowed_request /usr/local/lib/python3.8/dist-packages/keystonemiddleware/auth_token/__init__.py:545}}
May 03 16:14:29.818234 dv-neutron-836140-6-hyperv devstack@keystone.service[80307]: DEBUG keystone.server.flask.request_processing.middleware.auth_context [None req-d78aa463-1b26-4b9d-8a3d-5c8f1571b4bd None admin] Validating token access rules against request {{(pid=80307) validate_allowed_request /usr/local/lib/python3.8/dist-packages/keystonemiddleware/auth_token/__init__.py:545}}
May 03 16:14:29.844075 dv-neutron-836140-6-hyperv devstack@keystone.service[80306]: DEBUG keystone.server.flask.request_processing.middleware.auth_context [None req-d6c3b434-1d0d-4c80-8661-0da90a670737 None admin] RBAC: auth_context: {'token': , 'domain_id': None, 'trust_id': None, 'trustor_id': None, 'trustee_id': None, 'domain_name': None, 'group_ids': [], 'user_id': '5f0b081dbd3a43e4924a922d9434c458', 'user_domain_id': 'default', 'system_scope': 'all', 'project_id': None, 'project_domain_id': None, 'roles': ['admin', 'member', 'reader'], 'is_admin_project': True, 'service_user_id': None, 'service_user_domain_id': None, 'service_project_id': None, 'service_project_domain_id': None, 'service_roles': []} {{(pid=80306) fill_context /opt/stack/keystone/keystone/server/flask/request_processing/middleware/auth_context.py:478}}
May 03 16:14:29.845193 dv-neutron-836140-6-hyperv devstack@keystone.service[80306]: DEBUG keystone.server.flask.request_processing.req_logging [None req-d6c3b434-1d0d-4c80-8661-0da90a670737 None admin] REQUEST_METHOD: `GET` {{(pid=80306) log_request_info /opt/stack/keystone/keystone/server/flask/request_processing/req_logging.py:27}}
May 03 16:14:29.845683 dv-neutron-836140-6-hyperv devstack@keystone.service[80306]: DEBUG keystone.server.flask.request_processing.req_logging [None req-d6c3b434-1d0d-4c80-8661-0da90a670737 None admin] SCRIPT_NAME: `/identity` {{(pid=80306) log_request_info /opt/stack/keystone/keystone/server/flask/request_processing/req_logging.py:28}}
May 03 16:14:29.846146 dv-neutron-836140-6-hyperv devstack@keystone.service[80306]: DEBUG keystone.server.flask.request_processing.req_logging [None req-d6c3b434-1d0d-4c80-8661-0da90a670737 None admin] PATH_INFO: `/v3/role_assignments` {{(pid=80306) log_request_info /opt/stack/keystone/keystone/server/flask/request_processing/req_logging.py:29}}
May 03 16:14:29.847237 dv-neutron-836140-6-hyperv devstack@keystone.service[80306]: DEBUG keystone.common.rbac_enforcer.enforcer [None req-d6c3b434-1d0d-4c80-8661-0da90a670737 None admin] RBAC: Adding query filter params (group.id=a16049c6734c43fb83e96286bb60b71f, role.id=461d8b14991540ba89f5f55dbaf89cf8, scope.project.id=fe9759132ce843979e4df8884605f0a5) {{(pid=80306) _extract_filter_values /opt/stack/keystone/keystone/common/rbac_enforcer/enforcer.py:167}}
May 03 16:14:29.847761 dv-neutron-836140-6-hyperv devstack@keystone.service[80306]: DEBUG keystone.common.rbac_enforcer.enforcer [None req-d6c3b434-1d0d-4c80-8661-0da90a670737 None admin] RBAC: Authorizing `identity:list_role_assignments()` {{(pid=80306) enforce_call /opt/stack/keystone/keystone/common/rbac_enforcer/enforcer.py:449}}
May 03 16:14:29.849986 dv-neutron-836140-6-hyperv devstack@keystone.service[80306]: DEBUG keystone.common.rbac_enforcer.enforcer [None req-d6c3b434-1d0d-4c80-8661-0da90a670737 None admin] RBAC: Authorization granted {{(pid=80306) enforce_call /opt/stack/keystone/keystone/common/rbac_enforcer/enforcer.py:457}}
May 03 16:14:29.863118 dv-neutron-836140-6-hyperv devstack@keystone.service[80306]: [pid: 80306|app: 0|req: 176/350] 10.222.0.41 () {56 vars in 1376 bytes} [Tue May 3 16:14:29 2022] GET /identity/v3/role_assignments?group.id=a16049c6734c43fb83e96286bb60b71f&scope.project.id=fe9759132ce843979e4df8884605f0a5&role.id=461d8b14991540ba89f5f55dbaf89cf8 => generated 260 bytes in 161 msecs (HTTP/1.1 200) 5 headers in 177 bytes (1 switches on core 0)
May 03 16:14:29.863118 dv-neutron-836140-6-hyperv devstack@keystone.service[80306]: DEBUG keystone.server.flask.request_processing.middleware.auth_context [None req-d6c3b434-1d0d-4c80-8661-0da90a670737 None admin] Authenticating user token {{(pid=80306) process_request /usr/local/lib/python3.8/dist-packages/keystonemiddleware/auth_token/__init__.py:407}}
May 03 16:14:29.877008 dv-neutron-836140-6-hyperv devstack@keystone.service[80307]: DEBUG keystone.server.flask.request_processing.middleware.auth_context [None req-9118d694-f91e-483d-ae87-d014a88a71d2 None admin] RBAC: auth_context: {'token': , 'domain_id': None, 'trust_id': None, 'trustor_id': None, 'trustee_id': None, 'domain_name': None, 'group_ids': [], 'user_id': '5f0b081dbd3a43e4924a922d9434c458', 'user_domain_id': 'default', 'system_scope': 'all', 'project_id': None, 'project_domain_id': None, 'roles': ['admin', 'member', 'reader'], 'is_admin_project': True, 'service_user_id': None, 'service_user_domain_id': None, 'service_project_id': None, 'service_project_domain_id': None, 'service_roles': []} {{(pid=80307) fill_context /opt/stack/keystone/keystone/server/flask/request_processing/middleware/auth_context.py:478}}
May 03 16:14:29.877872 dv-neutron-836140-6-hyperv devstack@keystone.service[80307]: DEBUG keystone.server.flask.request_processing.req_logging [None req-9118d694-f91e-483d-ae87-d014a88a71d2 None admin] REQUEST_METHOD: `GET` {{(pid=80307) log_request_info /opt/stack/keystone/keystone/server/flask/request_processing/req_logging.py:27}}
May 03 16:14:29.878146 dv-neutron-836140-6-hyperv devstack@keystone.service[80307]: DEBUG keystone.server.flask.request_processing.req_logging [None req-9118d694-f91e-483d-ae87-d014a88a71d2 None admin] SCRIPT_NAME: `/identity` {{(pid=80307) log_request_info /opt/stack/keystone/keystone/server/flask/request_processing/req_logging.py:28}}
May 03 16:14:29.878416 dv-neutron-836140-6-hyperv devstack@keystone.service[80307]: DEBUG keystone.server.flask.request_processing.req_logging [None req-9118d694-f91e-483d-ae87-d014a88a71d2 None admin] PATH_INFO: `/v3/groups/a16049c6734c43fb83e96286bb60b71f` {{(pid=80307) log_request_info /opt/stack/keystone/keystone/server/flask/request_processing/req_logging.py:29}}
May 03 16:14:29.879643 dv-neutron-836140-6-hyperv devstack@keystone.service[80307]: DEBUG keystone.common.rbac_enforcer.enforcer [None req-9118d694-f91e-483d-ae87-d014a88a71d2 None admin] RBAC: Authorizing `identity:get_group(group_id=a16049c6734c43fb83e96286bb60b71f)` {{(pid=80307) enforce_call /opt/stack/keystone/keystone/common/rbac_enforcer/enforcer.py:449}}
May 03 16:14:29.881088 dv-neutron-836140-6-hyperv devstack@keystone.service[80307]: DEBUG keystone.common.rbac_enforcer.enforcer [None req-9118d694-f91e-483d-ae87-d014a88a71d2 None admin] RBAC: Authorization granted {{(pid=80307) enforce_call /opt/stack/keystone/keystone/common/rbac_enforcer/enforcer.py:457}}
May 03 16:14:29.885566 dv-neutron-836140-6-hyperv devstack@keystone.service[80307]: [pid: 80307|app: 0|req: 175/351] 10.222.0.41 () {56 vars in 1180 bytes} [Tue May 3 16:14:29 2022] GET /identity/v3/groups/a16049c6734c43fb83e96286bb60b71f => generated 226 bytes in 212 msecs (HTTP/1.1 200) 5 headers in 177 bytes (1 switches on core 0)
May 03 16:14:29.892052 dv-neutron-836140-6-hyperv devstack@keystone.service[80307]: DEBUG keystone.server.flask.request_processing.middleware.auth_context [None req-9118d694-f91e-483d-ae87-d014a88a71d2 None admin] Authenticating user token {{(pid=80307) process_request /usr/local/lib/python3.8/dist-packages/keystonemiddleware/auth_token/__init__.py:407}}
May 03 16:14:30.088067 dv-neutron-836140-6-hyperv devstack@keystone.service[80306]: DEBUG keystone.server.flask.request_processing.middleware.auth_context [None req-d6c3b434-1d0d-4c80-8661-0da90a670737 None admin] Validating token access rules against request {{(pid=80306) validate_allowed_request /usr/local/lib/python3.8/dist-packages/keystonemiddleware/auth_token/__init__.py:545}}
May 03 16:14:30.101086 dv-neutron-836140-6-hyperv devstack@keystone.service[80307]: DEBUG keystone.server.flask.request_processing.middleware.auth_context [None req-9118d694-f91e-483d-ae87-d014a88a71d2 None admin] Validating token access rules against request {{(pid=80307) validate_allowed_request /usr/local/lib/python3.8/dist-packages/keystonemiddleware/auth_token/__init__.py:545}}
May 03 16:14:30.140345 dv-neutron-836140-6-hyperv devstack@keystone.service[80306]: DEBUG keystone.server.flask.request_processing.middleware.auth_context [None req-8a97401e-64e3-4177-abb6-e8dfa2423943 None admin] RBAC: auth_context: {'token': , 'domain_id': None, 'trust_id': None, 'trustor_id': None, 'trustee_id': None, 'domain_name': None, 'group_ids': [], 'user_id': '5f0b081dbd3a43e4924a922d9434c458', 'user_domain_id': 'default', 'system_scope': 'all', 'project_id': None, 'project_domain_id': None, 'roles': ['admin', 'member', 'reader'], 'is_admin_project': True, 'service_user_id': None, 'service_user_domain_id': None, 'service_project_id': None, 'service_project_domain_id': None, 'service_roles': []} {{(pid=80306) fill_context /opt/stack/keystone/keystone/server/flask/request_processing/middleware/auth_context.py:478}}
May 03 16:14:30.141141 dv-neutron-836140-6-hyperv devstack@keystone.service[80306]: DEBUG keystone.server.flask.request_processing.req_logging [None req-8a97401e-64e3-4177-abb6-e8dfa2423943 None admin] REQUEST_METHOD: `GET` {{(pid=80306) log_request_info /opt/stack/keystone/keystone/server/flask/request_processing/req_logging.py:27}}
May 03 16:14:30.141423 dv-neutron-836140-6-hyperv devstack@keystone.service[80306]: DEBUG keystone.server.flask.request_processing.req_logging [None req-8a97401e-64e3-4177-abb6-e8dfa2423943 None admin] SCRIPT_NAME: `/identity` {{(pid=80306) log_request_info /opt/stack/keystone/keystone/server/flask/request_processing/req_logging.py:28}}
May 03 16:14:30.141696 dv-neutron-836140-6-hyperv devstack@keystone.service[80306]: DEBUG keystone.server.flask.request_processing.req_logging [None req-8a97401e-64e3-4177-abb6-e8dfa2423943 None admin] PATH_INFO: `/v3/roles/reader` {{(pid=80306) log_request_info /opt/stack/keystone/keystone/server/flask/request_processing/req_logging.py:29}}
May 03 16:14:30.151191 dv-neutron-836140-6-hyperv devstack@keystone.service[80307]: DEBUG keystone.server.flask.request_processing.middleware.auth_context [None req-d74b4000-2858-4ce6-93ff-1dba2cc2cd26 None admin] RBAC: auth_context: {'token': , 'domain_id': None, 'trust_id': None, 'trustor_id': None, 'trustee_id': None, 'domain_name': None, 'group_ids': [], 'user_id': '5f0b081dbd3a43e4924a922d9434c458', 'user_domain_id': 'default', 'system_scope': 'all', 'project_id': None, 'project_domain_id': None, 'roles': ['admin', 'member', 'reader'], 'is_admin_project': True, 'service_user_id': None, 'service_user_domain_id': None, 'service_project_id': None, 'service_project_domain_id': None, 'service_roles': []} {{(pid=80307) fill_context /opt/stack/keystone/keystone/server/flask/request_processing/middleware/auth_context.py:478}}
May 03 16:14:30.152163 dv-neutron-836140-6-hyperv devstack@keystone.service[80307]: DEBUG keystone.server.flask.request_processing.req_logging [None req-d74b4000-2858-4ce6-93ff-1dba2cc2cd26 None admin] REQUEST_METHOD: `GET` {{(pid=80307) log_request_info /opt/stack/keystone/keystone/server/flask/request_processing/req_logging.py:27}}
May 03 16:14:30.152664 dv-neutron-836140-6-hyperv devstack@keystone.service[80307]: DEBUG keystone.server.flask.request_processing.req_logging [None req-d74b4000-2858-4ce6-93ff-1dba2cc2cd26 None admin] SCRIPT_NAME: `/identity` {{(pid=80307) log_request_info /opt/stack/keystone/keystone/server/flask/request_processing/req_logging.py:28}}
May 03 16:14:30.153347 dv-neutron-836140-6-hyperv devstack@keystone.service[80307]: DEBUG keystone.server.flask.request_processing.req_logging [None req-d74b4000-2858-4ce6-93ff-1dba2cc2cd26 None admin] PATH_INFO: `/v3/role_assignments` {{(pid=80307) log_request_info /opt/stack/keystone/keystone/server/flask/request_processing/req_logging.py:29}}
May 03 16:14:30.153803 dv-neutron-836140-6-hyperv devstack@keystone.service[80306]: DEBUG keystone.common.rbac_enforcer.enforcer [None req-8a97401e-64e3-4177-abb6-e8dfa2423943 None admin] Extracting inferred target data resulted in "NOT FOUND (404)". {{(pid=80306) enforce_call /opt/stack/keystone/keystone/common/rbac_enforcer/enforcer.py:409}}
May 03 16:14:30.154511 dv-neutron-836140-6-hyperv devstack@keystone.service[80307]: DEBUG keystone.common.rbac_enforcer.enforcer [None req-d74b4000-2858-4ce6-93ff-1dba2cc2cd26 None admin] RBAC: Adding query filter params (group.id=a16049c6734c43fb83e96286bb60b71f, role.id=0ffd3d490f4a4f13b50190b557f94405, scope.project.id=fe9759132ce843979e4df8884605f0a5) {{(pid=80307) _extract_filter_values /opt/stack/keystone/keystone/common/rbac_enforcer/enforcer.py:167}}
May 03 16:14:30.155007 dv-neutron-836140-6-hyperv devstack@keystone.service[80307]: DEBUG keystone.common.rbac_enforcer.enforcer [None req-d74b4000-2858-4ce6-93ff-1dba2cc2cd26 None admin] RBAC: Authorizing `identity:list_role_assignments()` {{(pid=80307) enforce_call /opt/stack/keystone/keystone/common/rbac_enforcer/enforcer.py:449}}
