Apr 01 08:58:49.470804 dv-neutron-836120-1-hyperv neutron-server[110825]: INFO neutron.plugins.ml2.plugin [None req-dc68eeda-557d-4c62-9b04-f143edff1e01 tempest-PortsAdminExtendedAttrsIpV6TestJSON-2065191125 tempest-PortsAdminExtendedAttrsIpV6TestJSON-2065191125-project-admin] Attempt 3 to bind port adf9fb55-7fdc-40e1-a67f-1743b3591fe1
Apr 01 08:58:49.476174 dv-neutron-836120-1-hyperv neutron-server[110824]: INFO neutron.wsgi [None req-47bbd5e1-11f5-4bf5-b8ab-c43f2caf68d7 tempest-QuotasTest-1248372658 tempest-QuotasTest-1248372658-project-admin] 10.222.0.39 "PUT /v2.0/quotas/6f065d8ec03c429bb5867a7b0d585b87 HTTP/1.1" status: 200 len: 366 time: 1.2534184
Apr 01 08:58:49.480864 dv-neutron-836120-1-hyperv neutron-server[110824]: DEBUG neutron.wsgi [-] (110824) accepted ('10.222.0.39', 33602) {{(pid=110824) server /usr/local/lib/python3.8/dist-packages/eventlet/wsgi.py:1004}}
Apr 01 08:58:49.512674 dv-neutron-836120-1-hyperv neutron-server[110824]: INFO neutron.wsgi [None req-7f1d2d15-c466-4079-953f-68923fb9eead tempest-QuotasTest-1248372658 tempest-QuotasTest-1248372658-project-admin] 10.222.0.39 "GET /v2.0/quotas HTTP/1.1" status: 200 len: 468 time: 0.0267220
Apr 01 08:58:49.512873 dv-neutron-836120-1-hyperv neutron-server[110826]: DEBUG neutron.plugins.ml2.plugin [None req-9538a4e8-ae21-45ec-8d33-d28178647eae None None] Current status of the port 0d12ff16-ea0b-40e0-aa47-31270d8e9252 is: ACTIVE; New status is: ACTIVE {{(pid=110826) _update_individual_port_db_status /opt/stack/neutron/neutron/plugins/ml2/plugin.py:2256}}
Apr 01 08:58:49.512966 dv-neutron-836120-1-hyperv neutron-server[110824]: DEBUG neutron.wsgi [-] (110824) accepted ('10.222.0.39', 33604) {{(pid=110824) server /usr/local/lib/python3.8/dist-packages/eventlet/wsgi.py:1004}}
Apr 01 08:58:49.539556 dv-neutron-836120-1-hyperv neutron-server[110824]: INFO neutron.wsgi [None req-1d5515e7-0331-48a9-9b7f-5964b568b7ce tempest-QuotasTest-1248372658 tempest-QuotasTest-1248372658-project-admin] 10.222.0.39 "GET /v2.0/quotas/6f065d8ec03c429bb5867a7b0d585b87 HTTP/1.1" status: 200 len: 366 time: 0.0242131
Apr 01 08:58:49.542934 dv-neutron-836120-1-hyperv neutron-server[110824]: DEBUG neutron.wsgi [-] (110824) accepted ('10.222.0.39', 33606) {{(pid=110824) server /usr/local/lib/python3.8/dist-packages/eventlet/wsgi.py:1004}}
Apr 01 08:58:49.552444 dv-neutron-836120-1-hyperv neutron-server[110826]: DEBUG neutron.db.provisioning_blocks [None req-9538a4e8-ae21-45ec-8d33-d28178647eae None None] Provisioning complete for port 3de5a949-025d-4080-9dc7-1f65c4409aa9 triggered by entity DHCP. {{(pid=110826) provisioning_complete /opt/stack/neutron/neutron/db/provisioning_blocks.py:140}}
Apr 01 08:58:49.552920 dv-neutron-836120-1-hyperv neutron-server[110826]: DEBUG neutron_lib.callbacks.manager [None req-9538a4e8-ae21-45ec-8d33-d28178647eae None None] Publish callbacks ['neutron.plugins.ml2.plugin.Ml2Plugin._port_provisioned-4096722'] for port (3de5a949-025d-4080-9dc7-1f65c4409aa9), provisioning_complete {{(pid=110826) _notify_loop /usr/local/lib/python3.8/dist-packages/neutron_lib/callbacks/manager.py:176}}
Apr 01 08:58:49.570995 dv-neutron-836120-1-hyperv neutron-server[110825]: DEBUG neutron_lib.callbacks.manager [None req-3935096a-a299-4225-b41b-dfa1e4b0008e admin admin] Publish callbacks [] for security_group (4bc99878-3de0-4e22-b62a-7ea6d92474b0), precommit_delete {{(pid=110825) _notify_loop /usr/local/lib/python3.8/dist-packages/neutron_lib/callbacks/manager.py:176}}
Apr 01 08:58:49.579294 dv-neutron-836120-1-hyperv neutron-server[110824]: DEBUG neutron_lib.callbacks.manager [None req-59aaf149-6a27-42c5-a19c-5bd5733d3c62 tempest-ServersTestJSON-71637812 tempest-ServersTestJSON-71637812-project] Publish callbacks [] for port (5fdc2c57-a9ca-4ef6-b8ed-4d8f954827e6), precommit_create {{(pid=110824) _notify_loop /usr/local/lib/python3.8/dist-packages/neutron_lib/callbacks/manager.py:176}}
Apr 01 08:58:49.599960 dv-neutron-836120-1-hyperv neutron-server[110824]: DEBUG neutron_lib.callbacks.manager [None req-857e3e13-7183-41c3-a9f2-2ff736c762be tempest-ServersTestManualDisk-1405098000 tempest-ServersTestManualDisk-1405098000-project] Publish callbacks [] for security_group_rule (None), before_response {{(pid=110824) _notify_loop /usr/local/lib/python3.8/dist-packages/neutron_lib/callbacks/manager.py:176}}
Apr 01 08:58:49.604250 dv-neutron-836120-1-hyperv neutron-server[110824]: INFO neutron.wsgi [None req-857e3e13-7183-41c3-a9f2-2ff736c762be tempest-ServersTestManualDisk-1405098000 tempest-ServersTestManualDisk-1405098000-project] 10.222.0.39 "POST /v2.0/security-group-rules HTTP/1.1" status: 201 len: 769 time: 1.3614867
Apr 01 08:58:49.604861 dv-neutron-836120-1-hyperv neutron-server[110824]: DEBUG neutron.wsgi [-] (110824) accepted ('10.222.0.39', 33608) {{(pid=110824) server /usr/local/lib/python3.8/dist-packages/eventlet/wsgi.py:1004}}
Apr 01 08:58:49.607400 dv-neutron-836120-1-hyperv neutron-server[110826]: DEBUG neutron.plugins.ml2.plugin [None req-776582b5-384c-49c4-ab08-c6c0ee91add0 None None] Current status of the port f364fc7c-692b-492b-9ca7-1e68533f9798 is: ACTIVE; New status is: ACTIVE {{(pid=110826) _update_individual_port_db_status /opt/stack/neutron/neutron/plugins/ml2/plugin.py:2256}}
Apr 01 08:58:49.614298 dv-neutron-836120-1-hyperv neutron-server[110824]: DEBUG neutron.api.v2.base [None req-22c79598-292c-47af-89f8-0145e41030e1 tempest-ServersTestManualDisk-1405098000 tempest-ServersTestManualDisk-1405098000-project] Request body: {'floatingip': {'floating_network_id': '44e36fea-3621-4d05-82da-cc01b5bcb631'}} {{(pid=110824) prepare_request_body /opt/stack/neutron/neutron/api/v2/base.py:729}}
Apr 01 08:58:49.625448 dv-neutron-836120-1-hyperv neutron-server[110824]: DEBUG neutron_lib.callbacks.manager [None req-2fe62084-5f42-46b0-9c84-de89202b899e tempest-DHCPAgentSchedulersTestJSON-776936930 tempest-DHCPAgentSchedulersTestJSON-776936930-project] Publish callbacks ['neutron.plugins.ml2.plugin.Ml2Plugin._network_delete_after_delete_handler-4111544', 'neutron.plugins.ml2.ovo_rpc._ObjectChangeHandler.handle_event-638508', 'neutron.api.rpc.agentnotifiers.dhcp_rpc_agent_api.DhcpAgentNotifyAPI._native_event_send_dhcp_notification-555081', 'neutron.services.l3_router.l3_router_plugin.DVRResourceOperationHandler.delete_fip_namespaces_for_ext_net-606563'] for network (3f890a5a-ffa3-48c9-92a4-bc19800bc3d2), after_delete {{(pid=110824) _notify_loop /usr/local/lib/python3.8/dist-packages/neutron_lib/callbacks/manager.py:176}}
Apr 01 08:58:49.625872 dv-neutron-836120-1-hyperv neutron-server[110826]: DEBUG neutron.plugins.ml2.plugin [None req-9538a4e8-ae21-45ec-8d33-d28178647eae None None] Port 3de5a949-025d-4080-9dc7-1f65c4409aa9 cannot update to ACTIVE because it is not bound. {{(pid=110826) _port_provisioned /opt/stack/neutron/neutron/plugins/ml2/plugin.py:343}}
Apr 01 08:58:49.645225 dv-neutron-836120-1-hyperv neutron-server[110826]: DEBUG neutron.db.provisioning_blocks [None req-9538a4e8-ae21-45ec-8d33-d28178647eae None None] Provisioning complete for port 9b4629e9-1ef6-45eb-b496-d4d737dc5793 triggered by entity DHCP. {{(pid=110826) provisioning_complete /opt/stack/neutron/neutron/db/provisioning_blocks.py:140}}
Apr 01 08:58:49.645699 dv-neutron-836120-1-hyperv neutron-server[110826]: DEBUG neutron_lib.callbacks.manager [None req-9538a4e8-ae21-45ec-8d33-d28178647eae None None] Publish callbacks ['neutron.plugins.ml2.plugin.Ml2Plugin._port_provisioned-4096722'] for port (9b4629e9-1ef6-45eb-b496-d4d737dc5793), provisioning_complete {{(pid=110826) _notify_loop /usr/local/lib/python3.8/dist-packages/neutron_lib/callbacks/manager.py:176}}
Apr 01 08:58:49.658724 dv-neutron-836120-1-hyperv neutron-server[110825]: DEBUG neutron.plugins.ml2.managers [None req-dc68eeda-557d-4c62-9b04-f143edff1e01 tempest-PortsAdminExtendedAttrsIpV6TestJSON-2065191125 tempest-PortsAdminExtendedAttrsIpV6TestJSON-2065191125-project-admin] Attempting to bind port adf9fb55-7fdc-40e1-a67f-1743b3591fe1 on host hv-neutron-8361 for vnic_type normal with profile {{(pid=110825) bind_port /opt/stack/neutron/neutron/plugins/ml2/managers.py:795}}
Apr 01 08:58:49.659062 dv-neutron-836120-1-hyperv neutron-server[110825]: DEBUG neutron.plugins.ml2.managers [None req-dc68eeda-557d-4c62-9b04-f143edff1e01 tempest-PortsAdminExtendedAttrsIpV6TestJSON-2065191125 tempest-PortsAdminExtendedAttrsIpV6TestJSON-2065191125-project-admin] Attempting to bind port adf9fb55-7fdc-40e1-a67f-1743b3591fe1 by drivers openvswitch,hyperv on host hv-neutron-8361 at level 0 using segments [{'id': '0432cb1a-a0d9-4a7d-b3aa-09dd7033b154', 'network_type': 'vlan', 'physical_network': 'physnet1', 'segmentation_id': 223, 'network_id': 'f74579f7-cf04-4f81-a210-7227c1b3e5d1'}] {{(pid=110825) _bind_port_level /opt/stack/neutron/neutron/plugins/ml2/managers.py:820}}
Apr 01 08:58:49.659399 dv-neutron-836120-1-hyperv neutron-server[110825]: DEBUG neutron.plugins.ml2.drivers.mech_agent [None req-dc68eeda-557d-4c62-9b04-f143edff1e01 tempest-PortsAdminExtendedAttrsIpV6TestJSON-2065191125 tempest-PortsAdminExtendedAttrsIpV6TestJSON-2065191125-project-admin] Attempting to bind port adf9fb55-7fdc-40e1-a67f-1743b3591fe1 on network f74579f7-cf04-4f81-a210-7227c1b3e5d1 {{(pid=110825) bind_port /opt/stack/neutron/neutron/plugins/ml2/drivers/mech_agent.py:91}}
Apr 01 08:58:49.664851 dv-neutron-836120-1-hyperv neutron-server[110824]: INFO neutron.wsgi [None req-b4e8b8e8-2892-49bc-8efe-11ccf9768ea2 tempest-QuotasTest-1248372658 tempest-QuotasTest-1248372658-project-admin] 10.222.0.39 "DELETE /v2.0/quotas/6f065d8ec03c429bb5867a7b0d585b87 HTTP/1.1" status: 204 len: 168 time: 0.1160293
Apr 01 08:58:49.669518 dv-neutron-836120-1-hyperv neutron-server[110824]: DEBUG neutron.wsgi [-] (110824) accepted ('10.222.0.39', 33610) {{(pid=110824) server /usr/local/lib/python3.8/dist-packages/eventlet/wsgi.py:1004}}
Apr 01 08:58:49.671900 dv-neutron-836120-1-hyperv neutron-server[110824]: DEBUG neutron_lib.callbacks.manager [None req-2fe62084-5f42-46b0-9c84-de89202b899e tempest-DHCPAgentSchedulersTestJSON-776936930 tempest-DHCPAgentSchedulersTestJSON-776936930-project] Publish callbacks ['neutron.api.rpc.agentnotifiers.dhcp_rpc_agent_api.DhcpAgentNotifyAPI._send_dhcp_notification-555135'] for network (None), before_response {{(pid=110824) _notify_loop /usr/local/lib/python3.8/dist-packages/neutron_lib/callbacks/manager.py:176}}
Apr 01 08:58:49.678157 dv-neutron-836120-1-hyperv neutron-server[110824]: INFO neutron.wsgi [None req-2fe62084-5f42-46b0-9c84-de89202b899e tempest-DHCPAgentSchedulersTestJSON-776936930 tempest-DHCPAgentSchedulersTestJSON-776936930-project] 10.222.0.39 "DELETE /v2.0/networks/3f890a5a-ffa3-48c9-92a4-bc19800bc3d2 HTTP/1.1" status: 204 len: 168 time: 1.7109156
Apr 01 08:58:49.679612 dv-neutron-836120-1-hyperv neutron-server[110824]: DEBUG neutron.api.rpc.handlers.resources_rpc [None req-2fe62084-5f42-46b0-9c84-de89202b899e tempest-DHCPAgentSchedulersTestJSON-776936930 tempest-DHCPAgentSchedulersTestJSON-776936930-project] Pushing event deleted for resources: {'Network': ['ID=3f890a5a-ffa3-48c9-92a4-bc19800bc3d2,revision_number=None']} {{(pid=110824) push /opt/stack/neutron/neutron/api/rpc/handlers/resources_rpc.py:237}}
Apr 01 08:58:49.693931 dv-neutron-836120-1-hyperv neutron-server[110824]: DEBUG neutron.wsgi [-] (110824) accepted ('10.222.0.39', 33612) {{(pid=110824) server /usr/local/lib/python3.8/dist-packages/eventlet/wsgi.py:1004}}
Apr 01 08:58:49.733451 dv-neutron-836120-1-hyperv neutron-server[110824]: INFO neutron.wsgi [None req-9b0ff5af-6210-4573-88a5-e1b1e94c4be4 tempest-QuotasTest-1248372658 tempest-QuotasTest-1248372658-project-admin] 10.222.0.39 "GET /v2.0/quotas HTTP/1.1" status: 200 len: 207 time: 0.0478990
Apr 01 08:58:49.746786 dv-neutron-836120-1-hyperv neutron-server[110825]: DEBUG neutron.wsgi [-] (110825) accepted ('10.222.0.39', 33614) {{(pid=110825) server /usr/local/lib/python3.8/dist-packages/eventlet/wsgi.py:1004}}
Apr 01 08:58:49.758442 dv-neutron-836120-1-hyperv neutron-server[110824]: INFO neutron.pecan_wsgi.hooks.translation [None req-43d196a9-8e0d-4702-9537-a540d44f274f tempest-DHCPAgentSchedulersTestJSON-776936930 tempest-DHCPAgentSchedulersTestJSON-776936930-project] DELETE failed (client error): The resource could not be found.
Apr 01 08:58:49.759036 dv-neutron-836120-1-hyperv neutron-server[110824]: DEBUG neutron.pecan_wsgi.hooks.notifier [None req-43d196a9-8e0d-4702-9537-a540d44f274f tempest-DHCPAgentSchedulersTestJSON-776936930 tempest-DHCPAgentSchedulersTestJSON-776936930-project] No notification will be sent due to unsuccessful status code: 404 {{(pid=110824) after /opt/stack/neutron/neutron/pecan_wsgi/hooks/notifier.py:78}}
Apr 01 08:58:49.763962 dv-neutron-836120-1-hyperv neutron-server[110824]: INFO neutron.wsgi [None req-43d196a9-8e0d-4702-9537-a540d44f274f tempest-DHCPAgentSchedulersTestJSON-776936930 tempest-DHCPAgentSchedulersTestJSON-776936930-project] 10.222.0.39 "DELETE /v2.0/ports/bd78f988-f1ef-4af4-a2a3-9b279b01eff6 HTTP/1.1" status: 404 len: 333 time: 0.0662429
Apr 01 08:58:49.771989 dv-neutron-836120-1-hyperv neutron-server[110824]: DEBUG neutron.wsgi [-] (110824) accepted ('10.222.0.39', 33616) {{(pid=110824) server /usr/local/lib/python3.8/dist-packages/eventlet/wsgi.py:1004}}
Apr 01 08:58:49.777581 dv-neutron-836120-1-hyperv neutron-server[110825]: DEBUG neutron.plugins.ml2.drivers.mech_agent [None req-dc68eeda-557d-4c62-9b04-f143edff1e01 tempest-PortsAdminExtendedAttrsIpV6TestJSON-2065191125 tempest-PortsAdminExtendedAttrsIpV6TestJSON-2065191125-project-admin] Port adf9fb55-7fdc-40e1-a67f-1743b3591fe1 on network f74579f7-cf04-4f81-a210-7227c1b3e5d1 not bound, no agent of type Open vSwitch agent registered on host hv-neutron-8361 {{(pid=110825) bind_port /opt/stack/neutron/neutron/plugins/ml2/drivers/mech_agent.py:103}}
Apr 01 08:58:49.778126 dv-neutron-836120-1-hyperv neutron-server[110825]: ERROR neutron.plugins.ml2.managers [None req-dc68eeda-557d-4c62-9b04-f143edff1e01 tempest-PortsAdminExtendedAttrsIpV6TestJSON-2065191125 tempest-PortsAdminExtendedAttrsIpV6TestJSON-2065191125-project-admin] Failed to bind port adf9fb55-7fdc-40e1-a67f-1743b3591fe1 on host hv-neutron-8361 for vnic_type normal using segments [{'id': '0432cb1a-a0d9-4a7d-b3aa-09dd7033b154', 'network_type': 'vlan', 'physical_network': 'physnet1', 'segmentation_id': 223, 'network_id': 'f74579f7-cf04-4f81-a210-7227c1b3e5d1'}]
Apr 01 08:58:49.804482 dv-neutron-836120-1-hyperv neutron-server[110826]: DEBUG neutron.plugins.ml2.plugin [None req-9538a4e8-ae21-45ec-8d33-d28178647eae None None] Current status of the port 9b4629e9-1ef6-45eb-b496-d4d737dc5793 is: ACTIVE; New status is: ACTIVE {{(pid=110826) _update_individual_port_db_status /opt/stack/neutron/neutron/plugins/ml2/plugin.py:2256}}
Apr 01 08:58:49.838920 dv-neutron-836120-1-hyperv neutron-server[110824]: DEBUG neutron_lib.callbacks.manager [None req-59aaf149-6a27-42c5-a19c-5bd5733d3c62 tempest-ServersTestJSON-71637812 tempest-ServersTestJSON-71637812-project] Publish callbacks ['neutron.plugins.ml2.plugin.SecurityGroupServerNotifierRpcMixin._notify_sg_on_port_change-4133993', 'neutron.plugins.ml2.ovo_rpc._ObjectChangeHandler.handle_event-248794', 'neutron.api.rpc.agentnotifiers.dhcp_rpc_agent_api.DhcpAgentNotifyAPI._native_event_send_dhcp_notification-555081', 'neutron.db.l3_dvrscheduler_db._notify_l3_agent_new_port-8771813416686', 'neutron.services.segments.plugin.NovaSegmentNotifier._notify_port_created_or_deleted-11575208'] for port (5fdc2c57-a9ca-4ef6-b8ed-4d8f954827e6), after_create {{(pid=110824) _notify_loop /usr/local/lib/python3.8/dist-packages/neutron_lib/callbacks/manager.py:176}}
Apr 01 08:58:49.841518 dv-neutron-836120-1-hyperv neutron-server[110824]: DEBUG neutron_lib.callbacks.manager [None req-22c79598-292c-47af-89f8-0145e41030e1 tempest-ServersTestManualDisk-1405098000 tempest-ServersTestManualDisk-1405098000-project] Publish callbacks [] for floatingip (None), before_create {{(pid=110824) _notify_loop /usr/local/lib/python3.8/dist-packages/neutron_lib/callbacks/manager.py:176}}
Apr 01 08:58:49.898224 dv-neutron-836120-1-hyperv neutron-server[110826]: DEBUG neutron_lib.callbacks.manager [None req-0e95ac62-be22-4424-86c2-528d1bd35cbf None None] Publish callbacks ['neutron.services.segments.db._update_segment_host_mapping_for_agent-8771813744936', 'neutron.plugins.ml2.plugin.Ml2Plugin._retry_binding_revived_agents-4096112'] for agent (04ce6617-5e0d-4251-928a-2d2eefb49634), after_update {{(pid=110826) _notify_loop /usr/local/lib/python3.8/dist-packages/neutron_lib/callbacks/manager.py:176}}
Apr 01 08:58:49.944788 dv-neutron-836120-1-hyperv neutron-server[110824]: DEBUG neutron.scheduler.dhcp_agent_scheduler [None req-59aaf149-6a27-42c5-a19c-5bd5733d3c62 tempest-ServersTestJSON-71637812 tempest-ServersTestJSON-71637812-project] Network 44e36fea-3621-4d05-82da-cc01b5bcb631 is already hosted by enough agents. {{(pid=110824) _get_dhcp_agents_hosting_network /opt/stack/neutron/neutron/scheduler/dhcp_agent_scheduler.py:275}}
Apr 01 08:58:49.955803 dv-neutron-836120-1-hyperv neutron-server[110824]: DEBUG neutron.db.db_base_plugin_v2 [None req-c72287fe-0ea2-4947-9c6b-8e74438488b6 tempest-DHCPAgentSchedulersTestJSON-776936930 tempest-DHCPAgentSchedulersTestJSON-776936930-project] Deleting subnet fb68a50c-9782-4ded-b59e-954b1bed9be5 {{(pid=110824) delete_subnet /opt/stack/neutron/neutron/db/db_base_plugin_v2.py:1066}}
Apr 01 08:58:49.957405 dv-neutron-836120-1-hyperv neutron-server[110826]: DEBUG neutron.plugins.ml2.rpc [None req-776582b5-384c-49c4-ab08-c6c0ee91add0 None None] Device 9b4629e9-1ef6-45eb-b496-d4d737dc5793 up at agent ovs-agent-dv-neutron-836120-1-hyperv {{(pid=110826) update_device_up /opt/stack/neutron/neutron/plugins/ml2/rpc.py:296}}
Apr 01 08:58:49.963830 dv-neutron-836120-1-hyperv neutron-server[110824]: DEBUG neutron.scheduler.base_scheduler [None req-59aaf149-6a27-42c5-a19c-5bd5733d3c62 tempest-ServersTestJSON-71637812 tempest-ServersTestJSON-71637812-project] Resources bound (agent type, host, resource id): {{(pid=110824) schedule /opt/stack/neutron/neutron/scheduler/base_scheduler.py:57}}
Apr 01 08:58:49.967501 dv-neutron-836120-1-hyperv neutron-server[110824]: DEBUG neutron_lib.callbacks.manager [None req-c72287fe-0ea2-4947-9c6b-8e74438488b6 tempest-DHCPAgentSchedulersTestJSON-776936930 tempest-DHCPAgentSchedulersTestJSON-776936930-project] Publish callbacks [] for subnet (fb68a50c-9782-4ded-b59e-954b1bed9be5), before_delete {{(pid=110824) _notify_loop /usr/local/lib/python3.8/dist-packages/neutron_lib/callbacks/manager.py:176}}
Apr 01 08:58:49.971779 dv-neutron-836120-1-hyperv neutron-server[110824]: DEBUG neutron.api.rpc.handlers.resources_rpc [None req-59aaf149-6a27-42c5-a19c-5bd5733d3c62 tempest-ServersTestJSON-71637812 tempest-ServersTestJSON-71637812-project] Pushing event updated for resources: {'Port': ['ID=5fdc2c57-a9ca-4ef6-b8ed-4d8f954827e6,revision_number=1']} {{(pid=110824) push /opt/stack/neutron/neutron/api/rpc/handlers/resources_rpc.py:237}}
Apr 01 08:58:49.975379 dv-neutron-836120-1-hyperv neutron-server[110824]: DEBUG neutron.db.l3_dvrscheduler_db [None req-59aaf149-6a27-42c5-a19c-5bd5733d3c62 tempest-ServersTestJSON-71637812 tempest-ServersTestJSON-71637812-project] Received port after_create {{(pid=110824) _notify_l3_agent_new_port /opt/stack/neutron/neutron/db/l3_dvrscheduler_db.py:536}}
Apr 01 08:58:50.018961 dv-neutron-836120-1-hyperv neutron-server[110825]: INFO neutron.plugins.ml2.plugin [None req-dc68eeda-557d-4c62-9b04-f143edff1e01 tempest-PortsAdminExtendedAttrsIpV6TestJSON-2065191125 tempest-PortsAdminExtendedAttrsIpV6TestJSON-2065191125-project-admin] Attempt 4 to bind port adf9fb55-7fdc-40e1-a67f-1743b3591fe1
Apr 01 08:58:50.021747 dv-neutron-836120-1-hyperv neutron-server[110825]: DEBUG neutron.api.rpc.agentnotifiers.l3_rpc_agent_api [None req-f2c257f0-9e62-4332-8971-5900842c19a9 admin admin] Notify agent at l3_agent.dv-neutron-836120-1-hyperv the message routers_updated {{(pid=110825) _agent_notification /opt/stack/neutron/neutron/api/rpc/agentnotifiers/l3_rpc_agent_api.py:65}}
Apr 01 08:58:50.036808 dv-neutron-836120-1-hyperv neutron-server[110827]: DEBUG neutron.api.rpc.handlers.l3_rpc [None req-7bd17b9e-7a9c-451a-9b6c-34e94f644d85 None None] Sync routers for ids ['bffa2dfc-d716-4b6e-8c0c-7edb0249c4e4'] in dv-neutron-836120-1-hyperv {{(pid=110827) sync_routers /opt/stack/neutron/neutron/api/rpc/handlers/l3_rpc.py:125}}
Apr 01 08:58:50.047049 dv-neutron-836120-1-hyperv neutron-server[110826]: DEBUG neutron.db.provisioning_blocks [None req-776582b5-384c-49c4-ab08-c6c0ee91add0 None None] Provisioning complete for port 9b4629e9-1ef6-45eb-b496-d4d737dc5793 triggered by entity L2. {{(pid=110826) provisioning_complete /opt/stack/neutron/neutron/db/provisioning_blocks.py:140}}
Apr 01 08:58:50.047254 dv-neutron-836120-1-hyperv neutron-server[110826]: DEBUG neutron_lib.callbacks.manager [None req-776582b5-384c-49c4-ab08-c6c0ee91add0 None None] Publish callbacks ['neutron.plugins.ml2.plugin.Ml2Plugin._port_provisioned-4096722'] for port (9b4629e9-1ef6-45eb-b496-d4d737dc5793), provisioning_complete {{(pid=110826) _notify_loop /usr/local/lib/python3.8/dist-packages/neutron_lib/callbacks/manager.py:176}}
Apr 01 08:58:50.056247 dv-neutron-836120-1-hyperv neutron-server[110825]: INFO neutron.wsgi [None req-f2c257f0-9e62-4332-8971-5900842c19a9 admin admin] 10.222.0.39 "PUT /v2.0/routers/bffa2dfc-d716-4b6e-8c0c-7edb0249c4e4/add_router_interface HTTP/1.1" status: 200 len: 503 time: 7.9956489
Apr 01 08:58:50.065885 dv-neutron-836120-1-hyperv neutron-server[110827]: DEBUG neutron.db.l3_dvrscheduler_db [None req-7bd17b9e-7a9c-451a-9b6c-34e94f644d85 None None] Routers {'bffa2dfc-d716-4b6e-8c0c-7edb0249c4e4'} bound to L3 agent in host dv-neutron-836120-1-hyperv {{(pid=110827) _get_router_ids_for_agent /opt/stack/neutron/neutron/db/l3_dvrscheduler_db.py:421}}
Apr 01 08:58:50.066654 dv-neutron-836120-1-hyperv neutron-server[110827]: DEBUG neutron.db.l3_hamode_db [None req-7bd17b9e-7a9c-451a-9b6c-34e94f644d85 None None] neutron.services.l3_router.l3_router_plugin.L3RouterPlugin method get_ha_sync_data_for_host called with arguments (, 'dv-neutron-836120-1-hyperv', Agent(admin_state_up=True,agent_type='L3 agent',availability_zone='nova',binary='neutron-l3-agent',configurations={"agent_mode": "legacy", "ex_gw_ports": 4, "extensions": [], "floating_ips": 0, "handle_internal_only_routers": true, "interface_driver": "openvswitch", "interfaces": 2, "log_agent_heartbeats": false, "routers": 4},created_at=2022-04-01T08:50:48Z,description=,heartbeat_timestamp=2022-04-01T08:58:48Z,host='dv-neutron-836120-1-hyperv',id=b1afdd33-0493-48e5-ab96-92107442a70e,load=0,resource_versions=,resources_synced=,started_at=2022-04-01T08:50:49Z,topic='l3_agent')) {'router_ids': ['bffa2dfc-d716-4b6e-8c0c-7edb0249c4e4'], 'active': True} {{(pid=110827) wrapper /usr/local/lib/python3.8/dist-packages/oslo_log/helpers.py:65}}
Apr 01 08:58:50.075788 dv-neutron-836120-1-hyperv neutron-server[110825]: INFO neutron.wsgi [None req-8265e251-7281-465b-9ded-ef1041519e50 tempest-QuotasTest-1248372658 tempest-QuotasTest-1248372658-project-admin] 10.222.0.39 "GET /v2.0/quotas/6f065d8ec03c429bb5867a7b0d585b87 HTTP/1.1" status: 200 len: 370 time: 0.3157759
Apr 01 08:58:50.076583 dv-neutron-836120-1-hyperv neutron-server[110825]: DEBUG neutron.plugins.ml2.managers [None req-dc68eeda-557d-4c62-9b04-f143edff1e01 tempest-PortsAdminExtendedAttrsIpV6TestJSON-2065191125 tempest-PortsAdminExtendedAttrsIpV6TestJSON-2065191125-project-admin] Attempting to bind port adf9fb55-7fdc-40e1-a67f-1743b3591fe1 on host hv-neutron-8361 for vnic_type normal with profile {{(pid=110825) bind_port /opt/stack/neutron/neutron/plugins/ml2/managers.py:795}}
Apr 01 08:58:50.076912 dv-neutron-836120-1-hyperv neutron-server[110825]: DEBUG neutron.plugins.ml2.managers [None req-dc68eeda-557d-4c62-9b04-f143edff1e01 tempest-PortsAdminExtendedAttrsIpV6TestJSON-2065191125 tempest-PortsAdminExtendedAttrsIpV6TestJSON-2065191125-project-admin] Attempting to bind port adf9fb55-7fdc-40e1-a67f-1743b3591fe1 by drivers openvswitch,hyperv on host hv-neutron-8361 at level 0 using segments [{'id': '0432cb1a-a0d9-4a7d-b3aa-09dd7033b154', 'network_type': 'vlan', 'physical_network': 'physnet1', 'segmentation_id': 223, 'network_id': 'f74579f7-cf04-4f81-a210-7227c1b3e5d1'}] {{(pid=110825) _bind_port_level /opt/stack/neutron/neutron/plugins/ml2/managers.py:820}}
Apr 01 08:58:50.077243 dv-neutron-836120-1-hyperv neutron-server[110825]: DEBUG neutron.plugins.ml2.drivers.mech_agent [None req-dc68eeda-557d-4c62-9b04-f143edff1e01 tempest-PortsAdminExtendedAttrsIpV6TestJSON-2065191125 tempest-PortsAdminExtendedAttrsIpV6TestJSON-2065191125-project-admin] Attempting to bind port adf9fb55-7fdc-40e1-a67f-1743b3591fe1 on network f74579f7-cf04-4f81-a210-7227c1b3e5d1 {{(pid=110825) bind_port /opt/stack/neutron/neutron/plugins/ml2/drivers/mech_agent.py:91}}
Apr 01 08:58:50.080058 dv-neutron-836120-1-hyperv neutron-server[110825]: DEBUG neutron.wsgi [-] (110825) accepted ('10.222.0.39', 33620) {{(pid=110825) server /usr/local/lib/python3.8/dist-packages/eventlet/wsgi.py:1004}}
Apr 01 08:58:50.089405 dv-neutron-836120-1-hyperv neutron-server[110825]: INFO neutron.wsgi [None req-a648bafd-e541-4e09-81dd-d6b9d71218e3 tempest-QuotasTest-1248372658 tempest-QuotasTest-1248372658-project-admin] 10.222.0.39 "GET /v2.0/quotas/6f065d8ec03c429bb5867a7b0d585b87/default HTTP/1.1" status: 200 len: 370 time: 0.0063789
Apr 01 08:58:50.091962 dv-neutron-836120-1-hyperv neutron-server[110825]: DEBUG neutron.wsgi [-] (110825) accepted ('10.222.0.39', 33622) {{(pid=110825) server /usr/local/lib/python3.8/dist-packages/eventlet/wsgi.py:1004}}
Apr 01 08:58:50.098246 dv-neutron-836120-1-hyperv neutron-server[110825]: DEBUG neutron.plugins.ml2.drivers.mech_agent [None req-dc68eeda-557d-4c62-9b04-f143edff1e01 tempest-PortsAdminExtendedAttrsIpV6TestJSON-2065191125 tempest-PortsAdminExtendedAttrsIpV6TestJSON-2065191125-project-admin] Port adf9fb55-7fdc-40e1-a67f-1743b3591fe1 on network f74579f7-cf04-4f81-a210-7227c1b3e5d1 not bound, no agent of type Open vSwitch agent registered on host hv-neutron-8361 {{(pid=110825) bind_port /opt/stack/neutron/neutron/plugins/ml2/drivers/mech_agent.py:103}}
Apr 01 08:58:50.098576 dv-neutron-836120-1-hyperv neutron-server[110825]: ERROR neutron.plugins.ml2.managers [None req-dc68eeda-557d-4c62-9b04-f143edff1e01 tempest-PortsAdminExtendedAttrsIpV6TestJSON-2065191125 tempest-PortsAdminExtendedAttrsIpV6TestJSON-2065191125-project-admin] Failed to bind port adf9fb55-7fdc-40e1-a67f-1743b3591fe1 on host hv-neutron-8361 for vnic_type normal using segments [{'id': '0432cb1a-a0d9-4a7d-b3aa-09dd7033b154', 'network_type': 'vlan', 'physical_network': 'physnet1', 'segmentation_id': 223, 'network_id': 'f74579f7-cf04-4f81-a210-7227c1b3e5d1'}]
Apr 01 08:58:50.102388 dv-neutron-836120-1-hyperv neutron-server[110825]: INFO neutron.plugins.ml2.plugin [None req-dc68eeda-557d-4c62-9b04-f143edff1e01 tempest-PortsAdminExtendedAttrsIpV6TestJSON-2065191125 tempest-PortsAdminExtendedAttrsIpV6TestJSON-2065191125-project-admin] Attempt 5 to bind port adf9fb55-7fdc-40e1-a67f-1743b3591fe1
Apr 01 08:58:50.117721 dv-neutron-836120-1-hyperv neutron-server[110825]: INFO neutron.api.v2.resource [None req-9e24ce87-835d-4deb-84c1-7a30e6a8813f tempest-QuotasTest-1248372658 tempest-QuotasTest-1248372658-project-admin] delete failed (client error): The resource could not be found.
Apr 01 08:58:50.118698 dv-neutron-836120-1-hyperv neutron-server[110825]: INFO neutron.wsgi [None req-9e24ce87-835d-4deb-84c1-7a30e6a8813f tempest-QuotasTest-1248372658 tempest-QuotasTest-1248372658-project-admin] 10.222.0.39 "DELETE /v2.0/quotas/6f065d8ec03c429bb5867a7b0d585b87 HTTP/1.1" status: 404 len: 348 time: 0.0258224
Apr 01 08:58:50.121988 dv-neutron-836120-1-hyperv neutron-server[110824]: DEBUG neutron_lib.callbacks.manager [None req-c72287fe-0ea2-4947-9c6b-8e74438488b6 tempest-DHCPAgentSchedulersTestJSON-776936930 tempest-DHCPAgentSchedulersTestJSON-776936930-project] Publish callbacks ['neutron.services.segments.plugin.Plugin._validate_auto_address_subnet_delete-11571573'] for subnet (fb68a50c-9782-4ded-b59e-954b1bed9be5), precommit_delete_associations {{(pid=110824) _notify_loop /usr/local/lib/python3.8/dist-packages/neutron_lib/callbacks/manager.py:176}}
Apr 01 08:58:50.127226 dv-neutron-836120-1-hyperv neutron-server[110825]: DEBUG neutron.plugins.ml2.managers [None req-dc68eeda-557d-4c62-9b04-f143edff1e01 tempest-PortsAdminExtendedAttrsIpV6TestJSON-2065191125 tempest-PortsAdminExtendedAttrsIpV6TestJSON-2065191125-project-admin] Attempting to bind port adf9fb55-7fdc-40e1-a67f-1743b3591fe1 on host hv-neutron-8361 for vnic_type normal with profile {{(pid=110825) bind_port /opt/stack/neutron/neutron/plugins/ml2/managers.py:795}}
Apr 01 08:58:50.127565 dv-neutron-836120-1-hyperv neutron-server[110825]: DEBUG neutron.plugins.ml2.managers [None req-dc68eeda-557d-4c62-9b04-f143edff1e01 tempest-PortsAdminExtendedAttrsIpV6TestJSON-2065191125 tempest-PortsAdminExtendedAttrsIpV6TestJSON-2065191125-project-admin] Attempting to bind port adf9fb55-7fdc-40e1-a67f-1743b3591fe1 by drivers openvswitch,hyperv on host hv-neutron-8361 at level 0 using segments [{'id': '0432cb1a-a0d9-4a7d-b3aa-09dd7033b154', 'network_type': 'vlan', 'physical_network': 'physnet1', 'segmentation_id': 223, 'network_id': 'f74579f7-cf04-4f81-a210-7227c1b3e5d1'}] {{(pid=110825) _bind_port_level /opt/stack/neutron/neutron/plugins/ml2/managers.py:820}}
Apr 01 08:58:50.127903 dv-neutron-836120-1-hyperv neutron-server[110825]: DEBUG neutron.plugins.ml2.drivers.mech_agent [None req-dc68eeda-557d-4c62-9b04-f143edff1e01 tempest-PortsAdminExtendedAttrsIpV6TestJSON-2065191125 tempest-PortsAdminExtendedAttrsIpV6TestJSON-2065191125-project-admin] Attempting to bind port adf9fb55-7fdc-40e1-a67f-1743b3591fe1 on network f74579f7-cf04-4f81-a210-7227c1b3e5d1 {{(pid=110825) bind_port /opt/stack/neutron/neutron/plugins/ml2/drivers/mech_agent.py:91}}
Apr 01 08:58:50.133080 dv-neutron-836120-1-hyperv neutron-server[110825]: DEBUG neutron.plugins.ml2.drivers.mech_agent [None req-dc68eeda-557d-4c62-9b04-f143edff1e01 tempest-PortsAdminExtendedAttrsIpV6TestJSON-2065191125 tempest-PortsAdminExtendedAttrsIpV6TestJSON-2065191125-project-admin] Port adf9fb55-7fdc-40e1-a67f-1743b3591fe1 on network f74579f7-cf04-4f81-a210-7227c1b3e5d1 not bound, no agent of type Open vSwitch agent registered on host hv-neutron-8361 {{(pid=110825) bind_port /opt/stack/neutron/neutron/plugins/ml2/drivers/mech_agent.py:103}}
Apr 01 08:58:50.133410 dv-neutron-836120-1-hyperv neutron-server[110825]: ERROR neutron.plugins.ml2.managers [None req-dc68eeda-557d-4c62-9b04-f143edff1e01 tempest-PortsAdminExtendedAttrsIpV6TestJSON-2065191125 tempest-PortsAdminExtendedAttrsIpV6TestJSON-2065191125-project-admin] Failed to bind port adf9fb55-7fdc-40e1-a67f-1743b3591fe1 on host hv-neutron-8361 for vnic_type normal using segments [{'id': '0432cb1a-a0d9-4a7d-b3aa-09dd7033b154', 'network_type': 'vlan', 'physical_network': 'physnet1', 'segmentation_id': 223, 'network_id': 'f74579f7-cf04-4f81-a210-7227c1b3e5d1'}]
Apr 01 08:58:50.133950 dv-neutron-836120-1-hyperv neutron-server[110825]: INFO neutron.plugins.ml2.plugin [None req-dc68eeda-557d-4c62-9b04-f143edff1e01 tempest-PortsAdminExtendedAttrsIpV6TestJSON-2065191125 tempest-PortsAdminExtendedAttrsIpV6TestJSON-2065191125-project-admin] Attempt 6 to bind port adf9fb55-7fdc-40e1-a67f-1743b3591fe1
Apr 01 08:58:50.174162 dv-neutron-836120-1-hyperv neutron-server[110825]: DEBUG neutron.plugins.ml2.managers [None req-dc68eeda-557d-4c62-9b04-f143edff1e01 tempest-PortsAdminExtendedAttrsIpV6TestJSON-2065191125 tempest-PortsAdminExtendedAttrsIpV6TestJSON-2065191125-project-admin] Attempting to bind port adf9fb55-7fdc-40e1-a67f-1743b3591fe1 on host hv-neutron-8361 for vnic_type normal with profile {{(pid=110825) bind_port /opt/stack/neutron/neutron/plugins/ml2/managers.py:795}}
Apr 01 08:58:50.174445 dv-neutron-836120-1-hyperv neutron-server[110825]: DEBUG neutron.plugins.ml2.managers [None req-dc68eeda-557d-4c62-9b04-f143edff1e01 tempest-PortsAdminExtendedAttrsIpV6TestJSON-2065191125 tempest-PortsAdminExtendedAttrsIpV6TestJSON-2065191125-project-admin] Attempting to bind port adf9fb55-7fdc-40e1-a67f-1743b3591fe1 by drivers openvswitch,hyperv on host hv-neutron-8361 at level 0 using segments [{'id': '0432cb1a-a0d9-4a7d-b3aa-09dd7033b154', 'network_type': 'vlan', 'physical_network': 'physnet1', 'segmentation_id': 223, 'network_id': 'f74579f7-cf04-4f81-a210-7227c1b3e5d1'}] {{(pid=110825) _bind_port_level /opt/stack/neutron/neutron/plugins/ml2/managers.py:820}}
Apr 01 08:58:50.174675 dv-neutron-836120-1-hyperv neutron-server[110825]: DEBUG neutron.plugins.ml2.drivers.mech_agent [None req-dc68eeda-557d-4c62-9b04-f143edff1e01 tempest-PortsAdminExtendedAttrsIpV6TestJSON-2065191125 tempest-PortsAdminExtendedAttrsIpV6TestJSON-2065191125-project-admin] Attempting to bind port adf9fb55-7fdc-40e1-a67f-1743b3591fe1 on network f74579f7-cf04-4f81-a210-7227c1b3e5d1 {{(pid=110825) bind_port /opt/stack/neutron/neutron/plugins/ml2/drivers/mech_agent.py:91}}
Apr 01 08:58:50.186923 dv-neutron-836120-1-hyperv neutron-server[110825]: DEBUG neutron.plugins.ml2.drivers.mech_agent [None req-dc68eeda-557d-4c62-9b04-f143edff1e01 tempest-PortsAdminExtendedAttrsIpV6TestJSON-2065191125 tempest-PortsAdminExtendedAttrsIpV6TestJSON-2065191125-project-admin] Port adf9fb55-7fdc-40e1-a67f-1743b3591fe1 on network f74579f7-cf04-4f81-a210-7227c1b3e5d1 not bound, no agent of type Open vSwitch agent registered on host hv-neutron-8361 {{(pid=110825) bind_port /opt/stack/neutron/neutron/plugins/ml2/drivers/mech_agent.py:103}}
Apr 01 08:58:50.187368 dv-neutron-836120-1-hyperv neutron-server[110825]: ERROR neutron.plugins.ml2.managers [None req-dc68eeda-557d-4c62-9b04-f143edff1e01 tempest-PortsAdminExtendedAttrsIpV6TestJSON-2065191125 tempest-PortsAdminExtendedAttrsIpV6TestJSON-2065191125-project-admin] Failed to bind port adf9fb55-7fdc-40e1-a67f-1743b3591fe1 on host hv-neutron-8361 for vnic_type normal using segments [{'id': '0432cb1a-a0d9-4a7d-b3aa-09dd7033b154', 'network_type': 'vlan', 'physical_network': 'physnet1', 'segmentation_id': 223, 'network_id': 'f74579f7-cf04-4f81-a210-7227c1b3e5d1'}]
Apr 01 08:58:50.190102 dv-neutron-836120-1-hyperv neutron-server[110825]: INFO neutron.plugins.ml2.plugin [None req-dc68eeda-557d-4c62-9b04-f143edff1e01 tempest-PortsAdminExtendedAttrsIpV6TestJSON-2065191125 tempest-PortsAdminExtendedAttrsIpV6TestJSON-2065191125-project-admin] Attempt 7 to bind port adf9fb55-7fdc-40e1-a67f-1743b3591fe1
Apr 01 08:58:50.208408 dv-neutron-836120-1-hyperv neutron-server[110826]: DEBUG neutron.plugins.ml2.plugin [None req-776582b5-384c-49c4-ab08-c6c0ee91add0 None None] Current status of the port 9b4629e9-1ef6-45eb-b496-d4d737dc5793 is: ACTIVE; New status is: ACTIVE {{(pid=110826) _update_individual_port_db_status /opt/stack/neutron/neutron/plugins/ml2/plugin.py:2256}}
Apr 01 08:58:50.209505 dv-neutron-836120-1-hyperv neutron-server[110826]: DEBUG neutron.plugins.ml2.rpc [None req-776582b5-384c-49c4-ab08-c6c0ee91add0 None None] Device 0d12ff16-ea0b-40e0-aa47-31270d8e9252 up at agent ovs-agent-dv-neutron-836120-1-hyperv {{(pid=110826) update_device_up /opt/stack/neutron/neutron/plugins/ml2/rpc.py:296}}
Apr 01 08:58:50.248254 dv-neutron-836120-1-hyperv neutron-server[110825]: DEBUG neutron.plugins.ml2.managers [None req-dc68eeda-557d-4c62-9b04-f143edff1e01 tempest-PortsAdminExtendedAttrsIpV6TestJSON-2065191125 tempest-PortsAdminExtendedAttrsIpV6TestJSON-2065191125-project-admin] Attempting to bind port adf9fb55-7fdc-40e1-a67f-1743b3591fe1 on host hv-neutron-8361 for vnic_type normal with profile {{(pid=110825) bind_port /opt/stack/neutron/neutron/plugins/ml2/managers.py:795}}
Apr 01 08:58:50.248645 dv-neutron-836120-1-hyperv neutron-server[110825]: DEBUG neutron.plugins.ml2.managers [None req-dc68eeda-557d-4c62-9b04-f143edff1e01 tempest-PortsAdminExtendedAttrsIpV6TestJSON-2065191125 tempest-PortsAdminExtendedAttrsIpV6TestJSON-2065191125-project-admin] Attempting to bind port adf9fb55-7fdc-40e1-a67f-1743b3591fe1 by drivers openvswitch,hyperv on host hv-neutron-8361 at level 0 using segments [{'id': '0432cb1a-a0d9-4a7d-b3aa-09dd7033b154', 'network_type': 'vlan', 'physical_network': 'physnet1', 'segmentation_id': 223, 'network_id': 'f74579f7-cf04-4f81-a210-7227c1b3e5d1'}] {{(pid=110825) _bind_port_level /opt/stack/neutron/neutron/plugins/ml2/managers.py:820}}
Apr 01 08:58:50.249063 dv-neutron-836120-1-hyperv neutron-server[110825]: DEBUG neutron.plugins.ml2.drivers.mech_agent [None req-dc68eeda-557d-4c62-9b04-f143edff1e01 tempest-PortsAdminExtendedAttrsIpV6TestJSON-2065191125 tempest-PortsAdminExtendedAttrsIpV6TestJSON-2065191125-project-admin] Attempting to bind port adf9fb55-7fdc-40e1-a67f-1743b3591fe1 on network f74579f7-cf04-4f81-a210-7227c1b3e5d1 {{(pid=110825) bind_port /opt/stack/neutron/neutron/plugins/ml2/drivers/mech_agent.py:91}}
Apr 01 08:58:50.257142 dv-neutron-836120-1-hyperv neutron-server[110825]: DEBUG neutron.plugins.ml2.drivers.mech_agent [None req-dc68eeda-557d-4c62-9b04-f143edff1e01 tempest-PortsAdminExtendedAttrsIpV6TestJSON-2065191125 tempest-PortsAdminExtendedAttrsIpV6TestJSON-2065191125-project-admin] Port adf9fb55-7fdc-40e1-a67f-1743b3591fe1 on network f74579f7-cf04-4f81-a210-7227c1b3e5d1 not bound, no agent of type Open vSwitch agent registered on host hv-neutron-8361 {{(pid=110825) bind_port /opt/stack/neutron/neutron/plugins/ml2/drivers/mech_agent.py:103}}
Apr 01 08:58:50.257699 dv-neutron-836120-1-hyperv neutron-server[110825]: ERROR neutron.plugins.ml2.managers [None req-dc68eeda-557d-4c62-9b04-f143edff1e01 tempest-PortsAdminExtendedAttrsIpV6TestJSON-2065191125 tempest-PortsAdminExtendedAttrsIpV6TestJSON-2065191125-project-admin] Failed to bind port adf9fb55-7fdc-40e1-a67f-1743b3591fe1 on host hv-neutron-8361 for vnic_type normal using segments [{'id': '0432cb1a-a0d9-4a7d-b3aa-09dd7033b154', 'network_type': 'vlan', 'physical_network': 'physnet1', 'segmentation_id': 223, 'network_id': 'f74579f7-cf04-4f81-a210-7227c1b3e5d1'}]
Apr 01 08:58:50.258577 dv-neutron-836120-1-hyperv neutron-server[110825]: DEBUG neutron_lib.callbacks.manager [None req-3935096a-a299-4225-b41b-dfa1e4b0008e admin admin] Publish callbacks ['neutron.plugins.ml2.ovo_rpc._ObjectChangeHandler.handle_event-638677'] for security_group (4bc99878-3de0-4e22-b62a-7ea6d92474b0), after_delete {{(pid=110825) _notify_loop /usr/local/lib/python3.8/dist-packages/neutron_lib/callbacks/manager.py:176}}
Apr 01 08:58:50.262524 dv-neutron-836120-1-hyperv neutron-server[110825]: DEBUG neutron_lib.callbacks.manager [None req-3935096a-a299-4225-b41b-dfa1e4b0008e admin admin] Publish callbacks [] for security_group (None), before_response {{(pid=110825) _notify_loop /usr/local/lib/python3.8/dist-packages/neutron_lib/callbacks/manager.py:176}}
Apr 01 08:58:50.266042 dv-neutron-836120-1-hyperv neutron-server[110825]: INFO neutron.wsgi [None req-3935096a-a299-4225-b41b-dfa1e4b0008e admin admin] 10.222.0.39 "DELETE /v2.0/security-groups/4bc99878-3de0-4e22-b62a-7ea6d92474b0 HTTP/1.1" status: 204 len: 168 time: 1.0154843
Apr 01 08:58:50.268134 dv-neutron-836120-1-hyperv neutron-server[110825]: INFO neutron.plugins.ml2.plugin [None req-dc68eeda-557d-4c62-9b04-f143edff1e01 tempest-PortsAdminExtendedAttrsIpV6TestJSON-2065191125 tempest-PortsAdminExtendedAttrsIpV6TestJSON-2065191125-project-admin] Attempt 8 to bind port adf9fb55-7fdc-40e1-a67f-1743b3591fe1
Apr 01 08:58:50.290377 dv-neutron-836120-1-hyperv neutron-server[110825]: DEBUG neutron.api.rpc.handlers.resources_rpc [None req-3935096a-a299-4225-b41b-dfa1e4b0008e admin admin] Pushing event deleted for resources: {'SecurityGroup': ['ID=4bc99878-3de0-4e22-b62a-7ea6d92474b0,revision_number=None']} {{(pid=110825) push /opt/stack/neutron/neutron/api/rpc/handlers/resources_rpc.py:237}}
Apr 01 08:58:50.297797 dv-neutron-836120-1-hyperv neutron-server[110825]: DEBUG neutron.plugins.ml2.managers [None req-dc68eeda-557d-4c62-9b04-f143edff1e01 tempest-PortsAdminExtendedAttrsIpV6TestJSON-2065191125 tempest-PortsAdminExtendedAttrsIpV6TestJSON-2065191125-project-admin] Attempting to bind port adf9fb55-7fdc-40e1-a67f-1743b3591fe1 on host hv-neutron-8361 for vnic_type normal with profile {{(pid=110825) bind_port /opt/stack/neutron/neutron/plugins/ml2/managers.py:795}}
Apr 01 08:58:50.298137 dv-neutron-836120-1-hyperv neutron-server[110825]: DEBUG neutron.plugins.ml2.managers [None req-dc68eeda-557d-4c62-9b04-f143edff1e01 tempest-PortsAdminExtendedAttrsIpV6TestJSON-2065191125 tempest-PortsAdminExtendedAttrsIpV6TestJSON-2065191125-project-admin] Attempting to bind port adf9fb55-7fdc-40e1-a67f-1743b3591fe1 by drivers openvswitch,hyperv on host hv-neutron-8361 at level 0 using segments [{'id': '0432cb1a-a0d9-4a7d-b3aa-09dd7033b154', 'network_type': 'vlan', 'physical_network': 'physnet1', 'segmentation_id': 223, 'network_id': 'f74579f7-cf04-4f81-a210-7227c1b3e5d1'}] {{(pid=110825) _bind_port_level /opt/stack/neutron/neutron/plugins/ml2/managers.py:820}}
Apr 01 08:58:50.298579 dv-neutron-836120-1-hyperv neutron-server[110825]: DEBUG neutron.plugins.ml2.drivers.mech_agent [None req-dc68eeda-557d-4c62-9b04-f143edff1e01 tempest-PortsAdminExtendedAttrsIpV6TestJSON-2065191125 tempest-PortsAdminExtendedAttrsIpV6TestJSON-2065191125-project-admin] Attempting to bind port adf9fb55-7fdc-40e1-a67f-1743b3591fe1 on network f74579f7-cf04-4f81-a210-7227c1b3e5d1 {{(pid=110825) bind_port /opt/stack/neutron/neutron/plugins/ml2/drivers/mech_agent.py:91}}
Apr 01 08:58:50.314400 dv-neutron-836120-1-hyperv neutron-server[110825]: DEBUG neutron.plugins.ml2.drivers.mech_agent [None req-dc68eeda-557d-4c62-9b04-f143edff1e01 tempest-PortsAdminExtendedAttrsIpV6TestJSON-2065191125 tempest-PortsAdminExtendedAttrsIpV6TestJSON-2065191125-project-admin] Port adf9fb55-7fdc-40e1-a67f-1743b3591fe1 on network f74579f7-cf04-4f81-a210-7227c1b3e5d1 not bound, no agent of type Open vSwitch agent registered on host hv-neutron-8361 {{(pid=110825) bind_port /opt/stack/neutron/neutron/plugins/ml2/drivers/mech_agent.py:103}}
Apr 01 08:58:50.314715 dv-neutron-836120-1-hyperv neutron-server[110825]: ERROR neutron.plugins.ml2.managers [None req-dc68eeda-557d-4c62-9b04-f143edff1e01 tempest-PortsAdminExtendedAttrsIpV6TestJSON-2065191125 tempest-PortsAdminExtendedAttrsIpV6TestJSON-2065191125-project-admin] Failed to bind port adf9fb55-7fdc-40e1-a67f-1743b3591fe1 on host hv-neutron-8361 for vnic_type normal using segments [{'id': '0432cb1a-a0d9-4a7d-b3aa-09dd7033b154', 'network_type': 'vlan', 'physical_network': 'physnet1', 'segmentation_id': 223, 'network_id': 'f74579f7-cf04-4f81-a210-7227c1b3e5d1'}]
Apr 01 08:58:50.316101 dv-neutron-836120-1-hyperv neutron-server[110825]: INFO neutron.plugins.ml2.plugin [None req-dc68eeda-557d-4c62-9b04-f143edff1e01 tempest-PortsAdminExtendedAttrsIpV6TestJSON-2065191125 tempest-PortsAdminExtendedAttrsIpV6TestJSON-2065191125-project-admin] Attempt 9 to bind port adf9fb55-7fdc-40e1-a67f-1743b3591fe1
Apr 01 08:58:50.358401 dv-neutron-836120-1-hyperv neutron-server[110825]: DEBUG neutron.plugins.ml2.managers [None req-dc68eeda-557d-4c62-9b04-f143edff1e01 tempest-PortsAdminExtendedAttrsIpV6TestJSON-2065191125 tempest-PortsAdminExtendedAttrsIpV6TestJSON-2065191125-project-admin] Attempting to bind port adf9fb55-7fdc-40e1-a67f-1743b3591fe1 on host hv-neutron-8361 for vnic_type normal with profile {{(pid=110825) bind_port /opt/stack/neutron/neutron/plugins/ml2/managers.py:795}}
Apr 01 08:58:50.358753 dv-neutron-836120-1-hyperv neutron-server[110825]: DEBUG neutron.plugins.ml2.managers [None req-dc68eeda-557d-4c62-9b04-f143edff1e01 tempest-PortsAdminExtendedAttrsIpV6TestJSON-2065191125 tempest-PortsAdminExtendedAttrsIpV6TestJSON-2065191125-project-admin] Attempting to bind port adf9fb55-7fdc-40e1-a67f-1743b3591fe1 by drivers openvswitch,hyperv on host hv-neutron-8361 at level 0 using segments [{'id': '0432cb1a-a0d9-4a7d-b3aa-09dd7033b154', 'network_type': 'vlan', 'physical_network': 'physnet1', 'segmentation_id': 223, 'network_id': 'f74579f7-cf04-4f81-a210-7227c1b3e5d1'}] {{(pid=110825) _bind_port_level /opt/stack/neutron/neutron/plugins/ml2/managers.py:820}}
Apr 01 08:58:50.359124 dv-neutron-836120-1-hyperv neutron-server[110825]: DEBUG neutron.plugins.ml2.drivers.mech_agent [None req-dc68eeda-557d-4c62-9b04-f143edff1e01 tempest-PortsAdminExtendedAttrsIpV6TestJSON-2065191125 tempest-PortsAdminExtendedAttrsIpV6TestJSON-2065191125-project-admin] Attempting to bind port adf9fb55-7fdc-40e1-a67f-1743b3591fe1 on network f74579f7-cf04-4f81-a210-7227c1b3e5d1 {{(pid=110825) bind_port /opt/stack/neutron/neutron/plugins/ml2/drivers/mech_agent.py:91}}
Apr 01 08:58:50.365630 dv-neutron-836120-1-hyperv neutron-server[110825]: DEBUG neutron.plugins.ml2.drivers.mech_agent [None req-dc68eeda-557d-4c62-9b04-f143edff1e01 tempest-PortsAdminExtendedAttrsIpV6TestJSON-2065191125 tempest-PortsAdminExtendedAttrsIpV6TestJSON-2065191125-project-admin] Port adf9fb55-7fdc-40e1-a67f-1743b3591fe1 on network f74579f7-cf04-4f81-a210-7227c1b3e5d1 not bound, no agent of type Open vSwitch agent registered on host hv-neutron-8361 {{(pid=110825) bind_port /opt/stack/neutron/neutron/plugins/ml2/drivers/mech_agent.py:103}}
Apr 01 08:58:50.365630 dv-neutron-836120-1-hyperv neutron-server[110825]: ERROR neutron.plugins.ml2.managers [None req-dc68eeda-557d-4c62-9b04-f143edff1e01 tempest-PortsAdminExtendedAttrsIpV6TestJSON-2065191125 tempest-PortsAdminExtendedAttrsIpV6TestJSON-2065191125-project-admin] Failed to bind port adf9fb55-7fdc-40e1-a67f-1743b3591fe1 on host hv-neutron-8361 for vnic_type normal using segments [{'id': '0432cb1a-a0d9-4a7d-b3aa-09dd7033b154', 'network_type': 'vlan', 'physical_network': 'physnet1', 'segmentation_id': 223, 'network_id': 'f74579f7-cf04-4f81-a210-7227c1b3e5d1'}]
Apr 01 08:58:50.367504 dv-neutron-836120-1-hyperv neutron-server[110825]: INFO neutron.plugins.ml2.plugin [None req-dc68eeda-557d-4c62-9b04-f143edff1e01 tempest-PortsAdminExtendedAttrsIpV6TestJSON-2065191125 tempest-PortsAdminExtendedAttrsIpV6TestJSON-2065191125-project-admin] Attempt 10 to bind port adf9fb55-7fdc-40e1-a67f-1743b3591fe1
Apr 01 08:58:50.377784 dv-neutron-836120-1-hyperv neutron-server[110827]: DEBUG neutron.db.l3_dvr_db [None req-7bd17b9e-7a9c-451a-9b6c-34e94f644d85 None None] Set router bffa2dfc-d716-4b6e-8c0c-7edb0249c4e4 gateway port host: dv-neutron-836120-1-hyperv {{(pid=110827) _build_routers_list /opt/stack/neutron/neutron/db/l3_dvr_db.py:906}}
Apr 01 08:58:50.380845 dv-neutron-836120-1-hyperv neutron-server[110825]: DEBUG neutron_lib.callbacks.manager [None req-c52afe3a-f6b9-4f31-888e-faf4e9402030 tempest-FloatingIPAdminTestJSON-1120232739 tempest-FloatingIPAdminTestJSON-1120232739-project] Publish callbacks ['neutron.plugins.ml2.plugin.SecurityGroupDbMixin._ensure_default_security_group_handler-4133928'] for port (None), before_create {{(pid=110825) _notify_loop /usr/local/lib/python3.8/dist-packages/neutron_lib/callbacks/manager.py:176}}
Apr 01 08:58:50.396354 dv-neutron-836120-1-hyperv neutron-server[110825]: DEBUG neutron.plugins.ml2.managers [None req-dc68eeda-557d-4c62-9b04-f143edff1e01 tempest-PortsAdminExtendedAttrsIpV6TestJSON-2065191125 tempest-PortsAdminExtendedAttrsIpV6TestJSON-2065191125-project-admin] Attempting to bind port adf9fb55-7fdc-40e1-a67f-1743b3591fe1 on host hv-neutron-8361 for vnic_type normal with profile {{(pid=110825) bind_port /opt/stack/neutron/neutron/plugins/ml2/managers.py:795}}
Apr 01 08:58:50.396693 dv-neutron-836120-1-hyperv neutron-server[110825]: DEBUG neutron.plugins.ml2.managers [None req-dc68eeda-557d-4c62-9b04-f143edff1e01 tempest-PortsAdminExtendedAttrsIpV6TestJSON-2065191125 tempest-PortsAdminExtendedAttrsIpV6TestJSON-2065191125-project-admin] Attempting to bind port adf9fb55-7fdc-40e1-a67f-1743b3591fe1 by drivers openvswitch,hyperv on host hv-neutron-8361 at level 0 using segments [{'id': '0432cb1a-a0d9-4a7d-b3aa-09dd7033b154', 'network_type': 'vlan', 'physical_network': 'physnet1', 'segmentation_id': 223, 'network_id': 'f74579f7-cf04-4f81-a210-7227c1b3e5d1'}] {{(pid=110825) _bind_port_level /opt/stack/neutron/neutron/plugins/ml2/managers.py:820}}
Apr 01 08:58:50.397032 dv-neutron-836120-1-hyperv neutron-server[110825]: DEBUG neutron.plugins.ml2.drivers.mech_agent [None req-dc68eeda-557d-4c62-9b04-f143edff1e01 tempest-PortsAdminExtendedAttrsIpV6TestJSON-2065191125 tempest-PortsAdminExtendedAttrsIpV6TestJSON-2065191125-project-admin] Attempting to bind port adf9fb55-7fdc-40e1-a67f-1743b3591fe1 on network f74579f7-cf04-4f81-a210-7227c1b3e5d1 {{(pid=110825) bind_port /opt/stack/neutron/neutron/plugins/ml2/drivers/mech_agent.py:91}}
Apr 01 08:58:50.554108 dv-neutron-836120-1-hyperv neutron-server[110824]: DEBUG neutron.wsgi [-] (110824) accepted ('10.222.0.39', 33632) {{(pid=110824) server /usr/local/lib/python3.8/dist-packages/eventlet/wsgi.py:1004}}
Apr 01 08:58:50.560405 dv-neutron-836120-1-hyperv neutron-server[110826]: DEBUG neutron.db.provisioning_blocks [None req-776582b5-384c-49c4-ab08-c6c0ee91add0 None None] Provisioning complete for port 0d12ff16-ea0b-40e0-aa47-31270d8e9252 triggered by entity L2. {{(pid=110826) provisioning_complete /opt/stack/neutron/neutron/db/provisioning_blocks.py:140}}
Apr 01 08:58:50.560945 dv-neutron-836120-1-hyperv neutron-server[110826]: DEBUG neutron_lib.callbacks.manager [None req-776582b5-384c-49c4-ab08-c6c0ee91add0 None None] Publish callbacks ['neutron.plugins.ml2.plugin.Ml2Plugin._port_provisioned-4096722'] for port (0d12ff16-ea0b-40e0-aa47-31270d8e9252), provisioning_complete {{(pid=110826) _notify_loop /usr/local/lib/python3.8/dist-packages/neutron_lib/callbacks/manager.py:176}}
