Jun 28 16:34:43.183279 dv-neutron-835638-17-hyperv devstack@keystone.service[92366]: DEBUG keystone.server.flask.request_processing.req_logging [None req-c3ae4ab0-691b-4793-bb44-63a8a19809ae None None] PATH_INFO: `/` {{(pid=92366) log_request_info /opt/stack/keystone/keystone/server/flask/request_processing/req_logging.py:29}}
Jun 28 16:34:43.185473 dv-neutron-835638-17-hyperv devstack@keystone.service[92366]: [pid: 92366|app: 0|req: 131/268] 10.222.0.33 () {54 vars in 926 bytes} [Tue Jun 28 16:34:43 2022] GET /identity => generated 270 bytes in 4 msecs (HTTP/1.1 300) 6 headers in 234 bytes (1 switches on core 0)
Jun 28 16:34:43.195725 dv-neutron-835638-17-hyperv devstack@keystone.service[92366]: DEBUG keystone.server.flask.request_processing.req_logging [None req-3121c26a-0b18-4103-a9fa-e747276dd371 None None] REQUEST_METHOD: `POST` {{(pid=92366) log_request_info /opt/stack/keystone/keystone/server/flask/request_processing/req_logging.py:27}}
Jun 28 16:34:43.199693 dv-neutron-835638-17-hyperv devstack@keystone.service[92366]: DEBUG keystone.server.flask.request_processing.req_logging [None req-3121c26a-0b18-4103-a9fa-e747276dd371 None None] SCRIPT_NAME: `/identity` {{(pid=92366) log_request_info /opt/stack/keystone/keystone/server/flask/request_processing/req_logging.py:28}}
Jun 28 16:34:43.199693 dv-neutron-835638-17-hyperv devstack@keystone.service[92366]: DEBUG keystone.server.flask.request_processing.req_logging [None req-3121c26a-0b18-4103-a9fa-e747276dd371 None None] PATH_INFO: `/v3/auth/tokens` {{(pid=92366) log_request_info /opt/stack/keystone/keystone/server/flask/request_processing/req_logging.py:29}}
Jun 28 16:34:43.203106 dv-neutron-835638-17-hyperv devstack@keystone.service[92367]: DEBUG keystone.server.flask.request_processing.middleware.auth_context [None req-ae80869f-04fa-41de-9c94-85219c9cb24c None admin] RBAC: auth_context: {'token': , 'domain_id': None, 'trust_id': None, 'trustor_id': None, 'trustee_id': None, 'domain_name': None, 'group_ids': [], 'user_id': '0bf9011b7ffb4121a4dc352d81e6540b', 'user_domain_id': 'default', 'system_scope': 'all', 'project_id': None, 'project_domain_id': None, 'roles': ['admin', 'member', 'reader'], 'is_admin_project': True, 'service_user_id': None, 'service_user_domain_id': None, 'service_project_id': None, 'service_project_domain_id': None, 'service_roles': []} {{(pid=92367) fill_context /opt/stack/keystone/keystone/server/flask/request_processing/middleware/auth_context.py:478}}
Jun 28 16:34:43.204016 dv-neutron-835638-17-hyperv devstack@keystone.service[92367]: DEBUG keystone.server.flask.request_processing.req_logging [None req-ae80869f-04fa-41de-9c94-85219c9cb24c None admin] REQUEST_METHOD: `GET` {{(pid=92367) log_request_info /opt/stack/keystone/keystone/server/flask/request_processing/req_logging.py:27}}
Jun 28 16:34:43.204356 dv-neutron-835638-17-hyperv devstack@keystone.service[92367]: DEBUG keystone.server.flask.request_processing.req_logging [None req-ae80869f-04fa-41de-9c94-85219c9cb24c None admin] SCRIPT_NAME: `/identity` {{(pid=92367) log_request_info /opt/stack/keystone/keystone/server/flask/request_processing/req_logging.py:28}}
Jun 28 16:34:43.204610 dv-neutron-835638-17-hyperv devstack@keystone.service[92367]: DEBUG keystone.server.flask.request_processing.req_logging [None req-ae80869f-04fa-41de-9c94-85219c9cb24c None admin] PATH_INFO: `/v3/projects/6ab8c833aca9433dbcdbb9cb72779976` {{(pid=92367) log_request_info /opt/stack/keystone/keystone/server/flask/request_processing/req_logging.py:29}}
Jun 28 16:34:43.207589 dv-neutron-835638-17-hyperv devstack@keystone.service[92367]: DEBUG keystone.common.rbac_enforcer.enforcer [None req-ae80869f-04fa-41de-9c94-85219c9cb24c None admin] RBAC: Authorizing `identity:get_project(project_id=6ab8c833aca9433dbcdbb9cb72779976)` {{(pid=92367) enforce_call /opt/stack/keystone/keystone/common/rbac_enforcer/enforcer.py:449}}
Jun 28 16:34:43.210150 dv-neutron-835638-17-hyperv devstack@keystone.service[92367]: DEBUG keystone.common.rbac_enforcer.enforcer [None req-ae80869f-04fa-41de-9c94-85219c9cb24c None admin] RBAC: Authorization granted {{(pid=92367) enforce_call /opt/stack/keystone/keystone/common/rbac_enforcer/enforcer.py:457}}
Jun 28 16:34:43.219942 dv-neutron-835638-17-hyperv devstack@keystone.service[92367]: [pid: 92367|app: 0|req: 138/269] 10.222.0.33 () {56 vars in 1186 bytes} [Tue Jun 28 16:34:42 2022] GET /identity/v3/projects/6ab8c833aca9433dbcdbb9cb72779976 => generated 302 bytes in 304 msecs (HTTP/1.1 200) 5 headers in 177 bytes (2 switches on core 0)
Jun 28 16:34:43.223948 dv-neutron-835638-17-hyperv devstack@keystone.service[92367]: DEBUG keystone.server.flask.request_processing.middleware.auth_context [None req-ae80869f-04fa-41de-9c94-85219c9cb24c None admin] Authenticating user token {{(pid=92367) process_request /usr/local/lib/python3.8/dist-packages/keystonemiddleware/auth_token/__init__.py:407}}
Jun 28 16:34:43.231548 dv-neutron-835638-17-hyperv devstack@keystone.service[92366]: DEBUG keystone.auth.core [None req-3121c26a-0b18-4103-a9fa-e747276dd371 None None] MFA Rules not processed for user `0bf9011b7ffb4121a4dc352d81e6540b`. Rule list: `[]` (Enabled: `True`). {{(pid=92366) check_auth_methods_against_rules /opt/stack/keystone/keystone/auth/core.py:438}}
Jun 28 16:34:43.231548 dv-neutron-835638-17-hyperv devstack@keystone.service[92366]: DEBUG keystone.common.fernet_utils [None req-3121c26a-0b18-4103-a9fa-e747276dd371 None None] Loaded 2 Fernet keys from /etc/keystone/fernet-keys/, but `[fernet_tokens] max_active_keys = 3`; perhaps there have not been enough key rotations to reach `max_active_keys` yet? {{(pid=92366) load_keys /opt/stack/keystone/keystone/common/fernet_utils.py:286}}
Jun 28 16:34:43.289263 dv-neutron-835638-17-hyperv devstack@keystone.service[92367]: DEBUG dbcounter [-] [92367] Writing DB stats keystone:SELECT=100 {{(pid=92367) stat_writer /usr/local/lib/python3.8/dist-packages/dbcounter.py:114}}
Jun 28 16:34:43.320057 dv-neutron-835638-17-hyperv devstack@keystone.service[92366]: [pid: 92366|app: 0|req: 132/270] 10.222.0.33 () {58 vars in 1023 bytes} [Tue Jun 28 16:34:43 2022] POST /identity/v3/auth/tokens => generated 799 bytes in 125 msecs (HTTP/1.1 201) 6 headers in 363 bytes (1 switches on core 0)
Jun 28 16:34:43.363188 dv-neutron-835638-17-hyperv devstack@keystone.service[92366]: DEBUG keystone.server.flask.request_processing.req_logging [None req-9c34f002-e644-4453-b940-e48042b8047d None None] REQUEST_METHOD: `GET` {{(pid=92366) log_request_info /opt/stack/keystone/keystone/server/flask/request_processing/req_logging.py:27}}
Jun 28 16:34:43.363742 dv-neutron-835638-17-hyperv devstack@keystone.service[92366]: DEBUG keystone.server.flask.request_processing.req_logging [None req-9c34f002-e644-4453-b940-e48042b8047d None None] SCRIPT_NAME: `/identity` {{(pid=92366) log_request_info /opt/stack/keystone/keystone/server/flask/request_processing/req_logging.py:28}}
Jun 28 16:34:43.364190 dv-neutron-835638-17-hyperv devstack@keystone.service[92366]: DEBUG keystone.server.flask.request_processing.req_logging [None req-9c34f002-e644-4453-b940-e48042b8047d None None] PATH_INFO: `/` {{(pid=92366) log_request_info /opt/stack/keystone/keystone/server/flask/request_processing/req_logging.py:29}}
Jun 28 16:34:43.365716 dv-neutron-835638-17-hyperv devstack@keystone.service[92366]: [pid: 92366|app: 0|req: 133/271] 10.222.0.33 () {54 vars in 926 bytes} [Tue Jun 28 16:34:43 2022] GET /identity => generated 270 bytes in 4 msecs (HTTP/1.1 300) 6 headers in 234 bytes (2 switches on core 0)
Jun 28 16:34:43.371053 dv-neutron-835638-17-hyperv devstack@keystone.service[92366]: DEBUG keystone.server.flask.request_processing.req_logging [None req-35839589-066f-43d2-b94f-e7a706bbfc5c None None] REQUEST_METHOD: `POST` {{(pid=92366) log_request_info /opt/stack/keystone/keystone/server/flask/request_processing/req_logging.py:27}}
Jun 28 16:34:43.371529 dv-neutron-835638-17-hyperv devstack@keystone.service[92366]: DEBUG keystone.server.flask.request_processing.req_logging [None req-35839589-066f-43d2-b94f-e7a706bbfc5c None None] SCRIPT_NAME: `/identity` {{(pid=92366) log_request_info /opt/stack/keystone/keystone/server/flask/request_processing/req_logging.py:28}}
Jun 28 16:34:43.372022 dv-neutron-835638-17-hyperv devstack@keystone.service[92366]: DEBUG keystone.server.flask.request_processing.req_logging [None req-35839589-066f-43d2-b94f-e7a706bbfc5c None None] PATH_INFO: `/v3/auth/tokens` {{(pid=92366) log_request_info /opt/stack/keystone/keystone/server/flask/request_processing/req_logging.py:29}}
Jun 28 16:34:43.391380 dv-neutron-835638-17-hyperv devstack@keystone.service[92366]: DEBUG keystone.auth.core [None req-35839589-066f-43d2-b94f-e7a706bbfc5c None None] MFA Rules not processed for user `0bf9011b7ffb4121a4dc352d81e6540b`. Rule list: `[]` (Enabled: `True`). {{(pid=92366) check_auth_methods_against_rules /opt/stack/keystone/keystone/auth/core.py:438}}
Jun 28 16:34:43.392846 dv-neutron-835638-17-hyperv devstack@keystone.service[92366]: DEBUG keystone.common.fernet_utils [None req-35839589-066f-43d2-b94f-e7a706bbfc5c None None] Loaded 2 Fernet keys from /etc/keystone/fernet-keys/, but `[fernet_tokens] max_active_keys = 3`; perhaps there have not been enough key rotations to reach `max_active_keys` yet? {{(pid=92366) load_keys /opt/stack/keystone/keystone/common/fernet_utils.py:286}}
Jun 28 16:34:43.440118 dv-neutron-835638-17-hyperv devstack@keystone.service[92367]: DEBUG keystone.server.flask.request_processing.middleware.auth_context [None req-ae80869f-04fa-41de-9c94-85219c9cb24c None admin] Validating token access rules against request {{(pid=92367) validate_allowed_request /usr/local/lib/python3.8/dist-packages/keystonemiddleware/auth_token/__init__.py:545}}
Jun 28 16:34:43.492910 dv-neutron-835638-17-hyperv devstack@keystone.service[92366]: [pid: 92366|app: 0|req: 134/272] 10.222.0.33 () {58 vars in 1023 bytes} [Tue Jun 28 16:34:43 2022] POST /identity/v3/auth/tokens => generated 799 bytes in 122 msecs (HTTP/1.1 201) 6 headers in 363 bytes (1 switches on core 0)
Jun 28 16:34:43.493836 dv-neutron-835638-17-hyperv devstack@keystone.service[92366]: DEBUG keystone.server.flask.request_processing.middleware.auth_context [None req-35839589-066f-43d2-b94f-e7a706bbfc5c None None] Authenticating user token {{(pid=92366) process_request /usr/local/lib/python3.8/dist-packages/keystonemiddleware/auth_token/__init__.py:407}}
Jun 28 16:34:43.494934 dv-neutron-835638-17-hyperv devstack@keystone.service[92367]: DEBUG keystone.server.flask.request_processing.middleware.auth_context [None req-83d40956-dfde-45df-81e9-b194b2b79135 None admin] RBAC: auth_context: {'token': , 'domain_id': None, 'trust_id': None, 'trustor_id': None, 'trustee_id': None, 'domain_name': None, 'group_ids': [], 'user_id': '0bf9011b7ffb4121a4dc352d81e6540b', 'user_domain_id': 'default', 'system_scope': 'all', 'project_id': None, 'project_domain_id': None, 'roles': ['admin', 'member', 'reader'], 'is_admin_project': True, 'service_user_id': None, 'service_user_domain_id': None, 'service_project_id': None, 'service_project_domain_id': None, 'service_roles': []} {{(pid=92367) fill_context /opt/stack/keystone/keystone/server/flask/request_processing/middleware/auth_context.py:478}}
Jun 28 16:34:43.496348 dv-neutron-835638-17-hyperv devstack@keystone.service[92367]: DEBUG keystone.server.flask.request_processing.req_logging [None req-83d40956-dfde-45df-81e9-b194b2b79135 None admin] REQUEST_METHOD: `GET` {{(pid=92367) log_request_info /opt/stack/keystone/keystone/server/flask/request_processing/req_logging.py:27}}
Jun 28 16:34:43.496836 dv-neutron-835638-17-hyperv devstack@keystone.service[92367]: DEBUG keystone.server.flask.request_processing.req_logging [None req-83d40956-dfde-45df-81e9-b194b2b79135 None admin] SCRIPT_NAME: `/identity` {{(pid=92367) log_request_info /opt/stack/keystone/keystone/server/flask/request_processing/req_logging.py:28}}
Jun 28 16:34:43.497373 dv-neutron-835638-17-hyperv devstack@keystone.service[92367]: DEBUG keystone.server.flask.request_processing.req_logging [None req-83d40956-dfde-45df-81e9-b194b2b79135 None admin] PATH_INFO: `/v3/role_assignments` {{(pid=92367) log_request_info /opt/stack/keystone/keystone/server/flask/request_processing/req_logging.py:29}}
Jun 28 16:34:43.498404 dv-neutron-835638-17-hyperv devstack@keystone.service[92367]: DEBUG keystone.common.rbac_enforcer.enforcer [None req-83d40956-dfde-45df-81e9-b194b2b79135 None admin] RBAC: Adding query filter params (role.id=8bf56d890983471899d8f8362d45847c, scope.project.id=6ab8c833aca9433dbcdbb9cb72779976, user.id=7c89601f11c04fffbd3e82d14a78bb58) {{(pid=92367) _extract_filter_values /opt/stack/keystone/keystone/common/rbac_enforcer/enforcer.py:167}}
Jun 28 16:34:43.498912 dv-neutron-835638-17-hyperv devstack@keystone.service[92367]: DEBUG keystone.common.rbac_enforcer.enforcer [None req-83d40956-dfde-45df-81e9-b194b2b79135 None admin] RBAC: Authorizing `identity:list_role_assignments()` {{(pid=92367) enforce_call /opt/stack/keystone/keystone/common/rbac_enforcer/enforcer.py:449}}
Jun 28 16:34:43.500597 dv-neutron-835638-17-hyperv devstack@keystone.service[92367]: DEBUG keystone.common.rbac_enforcer.enforcer [None req-83d40956-dfde-45df-81e9-b194b2b79135 None admin] RBAC: Authorization granted {{(pid=92367) enforce_call /opt/stack/keystone/keystone/common/rbac_enforcer/enforcer.py:457}}
Jun 28 16:34:43.507737 dv-neutron-835638-17-hyperv devstack@keystone.service[92367]: [pid: 92367|app: 0|req: 139/273] 10.222.0.33 () {56 vars in 1374 bytes} [Tue Jun 28 16:34:43 2022] GET /identity/v3/role_assignments?user.id=7c89601f11c04fffbd3e82d14a78bb58&scope.project.id=6ab8c833aca9433dbcdbb9cb72779976&role.id=8bf56d890983471899d8f8362d45847c => generated 608 bytes in 284 msecs (HTTP/1.1 200) 5 headers in 177 bytes (2 switches on core 0)
Jun 28 16:34:43.522333 dv-neutron-835638-17-hyperv devstack@keystone.service[92367]: DEBUG keystone.server.flask.request_processing.middleware.auth_context [None req-83d40956-dfde-45df-81e9-b194b2b79135 None admin] Authenticating user token {{(pid=92367) process_request /usr/local/lib/python3.8/dist-packages/keystonemiddleware/auth_token/__init__.py:407}}
Jun 28 16:34:43.542310 dv-neutron-835638-17-hyperv devstack@keystone.service[92366]: DEBUG dbcounter [-] [92366] Writing DB stats keystone:SELECT=100 {{(pid=92366) stat_writer /usr/local/lib/python3.8/dist-packages/dbcounter.py:114}}
Jun 28 16:34:43.695104 dv-neutron-835638-17-hyperv devstack@keystone.service[92367]: DEBUG dbcounter [-] [92367] Writing DB stats keystone:SELECT=100 {{(pid=92367) stat_writer /usr/local/lib/python3.8/dist-packages/dbcounter.py:114}}
Jun 28 16:34:43.706181 dv-neutron-835638-17-hyperv devstack@keystone.service[92367]: DEBUG keystone.server.flask.request_processing.middleware.auth_context [None req-83d40956-dfde-45df-81e9-b194b2b79135 None admin] Validating token access rules against request {{(pid=92367) validate_allowed_request /usr/local/lib/python3.8/dist-packages/keystonemiddleware/auth_token/__init__.py:545}}
Jun 28 16:34:43.711853 dv-neutron-835638-17-hyperv devstack@keystone.service[92366]: DEBUG keystone.server.flask.request_processing.middleware.auth_context [None req-35839589-066f-43d2-b94f-e7a706bbfc5c None None] Validating token access rules against request {{(pid=92366) validate_allowed_request /usr/local/lib/python3.8/dist-packages/keystonemiddleware/auth_token/__init__.py:545}}
Jun 28 16:34:43.750417 dv-neutron-835638-17-hyperv devstack@keystone.service[92367]: DEBUG keystone.server.flask.request_processing.middleware.auth_context [None req-03d810fc-0da6-4afb-967c-28168e4d49bc None admin] RBAC: auth_context: {'token': , 'domain_id': None, 'trust_id': None, 'trustor_id': None, 'trustee_id': None, 'domain_name': None, 'group_ids': [], 'user_id': '0bf9011b7ffb4121a4dc352d81e6540b', 'user_domain_id': 'default', 'system_scope': 'all', 'project_id': None, 'project_domain_id': None, 'roles': ['admin', 'member', 'reader'], 'is_admin_project': True, 'service_user_id': None, 'service_user_domain_id': None, 'service_project_id': None, 'service_project_domain_id': None, 'service_roles': []} {{(pid=92367) fill_context /opt/stack/keystone/keystone/server/flask/request_processing/middleware/auth_context.py:478}}
Jun 28 16:34:43.751238 dv-neutron-835638-17-hyperv devstack@keystone.service[92367]: DEBUG keystone.server.flask.request_processing.req_logging [None req-03d810fc-0da6-4afb-967c-28168e4d49bc None admin] REQUEST_METHOD: `GET` {{(pid=92367) log_request_info /opt/stack/keystone/keystone/server/flask/request_processing/req_logging.py:27}}
Jun 28 16:34:43.751740 dv-neutron-835638-17-hyperv devstack@keystone.service[92367]: DEBUG keystone.server.flask.request_processing.req_logging [None req-03d810fc-0da6-4afb-967c-28168e4d49bc None admin] SCRIPT_NAME: `/identity` {{(pid=92367) log_request_info /opt/stack/keystone/keystone/server/flask/request_processing/req_logging.py:28}}
Jun 28 16:34:43.752023 dv-neutron-835638-17-hyperv devstack@keystone.service[92367]: DEBUG keystone.server.flask.request_processing.req_logging [None req-03d810fc-0da6-4afb-967c-28168e4d49bc None admin] PATH_INFO: `/v3/roles/member` {{(pid=92367) log_request_info /opt/stack/keystone/keystone/server/flask/request_processing/req_logging.py:29}}
Jun 28 16:34:43.753161 dv-neutron-835638-17-hyperv devstack@keystone.service[92366]: DEBUG keystone.server.flask.request_processing.middleware.auth_context [None req-5a0c6e2a-837a-4e05-94cc-3cd394076ec9 None admin] RBAC: auth_context: {'token': , 'domain_id': None, 'trust_id': None, 'trustor_id': None, 'trustee_id': None, 'domain_name': None, 'group_ids': [], 'user_id': '0bf9011b7ffb4121a4dc352d81e6540b', 'user_domain_id': 'default', 'system_scope': 'all', 'project_id': None, 'project_domain_id': None, 'roles': ['admin', 'member', 'reader'], 'is_admin_project': True, 'service_user_id': None, 'service_user_domain_id': None, 'service_project_id': None, 'service_project_domain_id': None, 'service_roles': []} {{(pid=92366) fill_context /opt/stack/keystone/keystone/server/flask/request_processing/middleware/auth_context.py:478}}
Jun 28 16:34:43.754082 dv-neutron-835638-17-hyperv devstack@keystone.service[92366]: DEBUG keystone.server.flask.request_processing.req_logging [None req-5a0c6e2a-837a-4e05-94cc-3cd394076ec9 None admin] REQUEST_METHOD: `GET` {{(pid=92366) log_request_info /opt/stack/keystone/keystone/server/flask/request_processing/req_logging.py:27}}
Jun 28 16:34:43.754372 dv-neutron-835638-17-hyperv devstack@keystone.service[92366]: DEBUG keystone.server.flask.request_processing.req_logging [None req-5a0c6e2a-837a-4e05-94cc-3cd394076ec9 None admin] SCRIPT_NAME: `/identity` {{(pid=92366) log_request_info /opt/stack/keystone/keystone/server/flask/request_processing/req_logging.py:28}}
Jun 28 16:34:43.754649 dv-neutron-835638-17-hyperv devstack@keystone.service[92366]: DEBUG keystone.server.flask.request_processing.req_logging [None req-5a0c6e2a-837a-4e05-94cc-3cd394076ec9 None admin] PATH_INFO: `/v3/domains/default` {{(pid=92366) log_request_info /opt/stack/keystone/keystone/server/flask/request_processing/req_logging.py:29}}
Jun 28 16:34:43.755919 dv-neutron-835638-17-hyperv devstack@keystone.service[92366]: DEBUG keystone.common.rbac_enforcer.enforcer [None req-5a0c6e2a-837a-4e05-94cc-3cd394076ec9 None admin] RBAC: Authorizing `identity:get_domain(domain_id=default)` {{(pid=92366) enforce_call /opt/stack/keystone/keystone/common/rbac_enforcer/enforcer.py:449}}
Jun 28 16:34:43.757653 dv-neutron-835638-17-hyperv devstack@keystone.service[92366]: DEBUG keystone.common.rbac_enforcer.enforcer [None req-5a0c6e2a-837a-4e05-94cc-3cd394076ec9 None admin] RBAC: Authorization granted {{(pid=92366) enforce_call /opt/stack/keystone/keystone/common/rbac_enforcer/enforcer.py:457}}
Jun 28 16:34:43.764308 dv-neutron-835638-17-hyperv devstack@keystone.service[92367]: DEBUG keystone.common.rbac_enforcer.enforcer [None req-03d810fc-0da6-4afb-967c-28168e4d49bc None admin] Extracting inferred target data resulted in "NOT FOUND (404)". {{(pid=92367) enforce_call /opt/stack/keystone/keystone/common/rbac_enforcer/enforcer.py:409}}
Jun 28 16:34:43.764477 dv-neutron-835638-17-hyperv devstack@keystone.service[92366]: [pid: 92366|app: 0|req: 135/274] 10.222.0.33 () {56 vars in 1108 bytes} [Tue Jun 28 16:34:43 2022] GET /identity/v3/domains/default => generated 199 bytes in 271 msecs (HTTP/1.1 200) 5 headers in 177 bytes (1 switches on core 0)
Jun 28 16:34:43.766259 dv-neutron-835638-17-hyperv devstack@keystone.service[92366]: DEBUG keystone.server.flask.request_processing.middleware.auth_context [None req-5a0c6e2a-837a-4e05-94cc-3cd394076ec9 None admin] Authenticating user token {{(pid=92366) process_request /usr/local/lib/python3.8/dist-packages/keystonemiddleware/auth_token/__init__.py:407}}
Jun 28 16:34:43.773838 dv-neutron-835638-17-hyperv devstack@keystone.service[92367]: ERROR keystone.server.flask.application [None req-03d810fc-0da6-4afb-967c-28168e4d49bc None admin] Could not find role: member.: keystone.exception.RoleNotFound: Could not find role: member.
Jun 28 16:34:43.773838 dv-neutron-835638-17-hyperv devstack@keystone.service[92367]: ERROR keystone.server.flask.application
Traceback (most recent call last):
Jun 28 16:34:43.773838 dv-neutron-835638-17-hyperv devstack@keystone.service[92367]: ERROR keystone.server.flask.application
File "/usr/local/lib/python3.8/dist-packages/flask/app.py", line 1523, in full_dispatch_request
Jun 28 16:34:43.773838 dv-neutron-835638-17-hyperv devstack@keystone.service[92367]: ERROR keystone.server.flask.application rv = self.dispatch_request()
Jun 28 16:34:43.773838 dv-neutron-835638-17-hyperv devstack@keystone.service[92367]: ERROR keystone.server.flask.application
File "/usr/local/lib/python3.8/dist-packages/flask/app.py", line 1509, in dispatch_request
Jun 28 16:34:43.773838 dv-neutron-835638-17-hyperv devstack@keystone.service[92367]: ERROR keystone.server.flask.application return self.ensure_sync(self.view_functions[rule.endpoint])(**req.view_args)
Jun 28 16:34:43.773838 dv-neutron-835638-17-hyperv devstack@keystone.service[92367]: ERROR keystone.server.flask.application
File "/usr/local/lib/python3.8/dist-packages/flask_restful/__init__.py", line 467, in wrapper
Jun 28 16:34:43.773838 dv-neutron-835638-17-hyperv devstack@keystone.service[92367]: ERROR keystone.server.flask.application resp = resource(*args, **kwargs)
Jun 28 16:34:43.773838 dv-neutron-835638-17-hyperv devstack@keystone.service[92367]: ERROR keystone.server.flask.application
File "/usr/local/lib/python3.8/dist-packages/flask/views.py", line 84, in view
Jun 28 16:34:43.773838 dv-neutron-835638-17-hyperv devstack@keystone.service[92367]: ERROR keystone.server.flask.application return current_app.ensure_sync(self.dispatch_request)(*args, **kwargs)
Jun 28 16:34:43.773838 dv-neutron-835638-17-hyperv devstack@keystone.service[92367]: ERROR keystone.server.flask.application
File "/usr/local/lib/python3.8/dist-packages/flask_restful/__init__.py", line 582, in dispatch_request
Jun 28 16:34:43.773838 dv-neutron-835638-17-hyperv devstack@keystone.service[92367]: ERROR keystone.server.flask.application resp = meth(*args, **kwargs)
Jun 28 16:34:43.773838 dv-neutron-835638-17-hyperv devstack@keystone.service[92367]: ERROR keystone.server.flask.application
File "/opt/stack/keystone/keystone/api/roles.py", line 50, in get
Jun 28 16:34:43.773838 dv-neutron-835638-17-hyperv devstack@keystone.service[92367]: ERROR keystone.server.flask.application return self._get_role(role_id)
Jun 28 16:34:43.773838 dv-neutron-835638-17-hyperv devstack@keystone.service[92367]: ERROR keystone.server.flask.application
File "/opt/stack/keystone/keystone/api/roles.py", line 70, in _get_role
Jun 28 16:34:43.773838 dv-neutron-835638-17-hyperv devstack@keystone.service[92367]: ERROR keystone.server.flask.application ENFORCER.enforce_call(action='identity:get_role')
Jun 28 16:34:43.774730 dv-neutron-835638-17-hyperv devstack@keystone.service[92367]: ERROR keystone.server.flask.application
File "/opt/stack/keystone/keystone/common/rbac_enforcer/enforcer.py", line 402, in enforce_call
Jun 28 16:34:43.774730 dv-neutron-835638-17-hyperv devstack@keystone.service[92367]: ERROR keystone.server.flask.application policy_dict.update(cls._extract_member_target_data(
Jun 28 16:34:43.774730 dv-neutron-835638-17-hyperv devstack@keystone.service[92367]: ERROR keystone.server.flask.application
File "/opt/stack/keystone/keystone/common/rbac_enforcer/enforcer.py", line 234, in _extract_member_target_data
Jun 28 16:34:43.774730 dv-neutron-835638-17-hyperv devstack@keystone.service[92367]: ERROR keystone.server.flask.application member_name: func(flask.request.view_args[key])
Jun 28 16:34:43.774730 dv-neutron-835638-17-hyperv devstack@keystone.service[92367]: ERROR keystone.server.flask.application
File "/opt/stack/keystone/keystone/common/manager.py", line 115, in wrapped
Jun 28 16:34:43.774730 dv-neutron-835638-17-hyperv devstack@keystone.service[92367]: ERROR keystone.server.flask.application __ret_val = __f(*args, **kwargs)
Jun 28 16:34:43.774730 dv-neutron-835638-17-hyperv devstack@keystone.service[92367]: ERROR keystone.server.flask.application
File "/usr/local/lib/python3.8/dist-packages/decorator.py", line 232, in fun
Jun 28 16:34:43.774730 dv-neutron-835638-17-hyperv devstack@keystone.service[92367]: ERROR keystone.server.flask.application return caller(func, *(extras + args), **kw)
Jun 28 16:34:43.774730 dv-neutron-835638-17-hyperv devstack@keystone.service[92367]: ERROR keystone.server.flask.application
File "/usr/local/lib/python3.8/dist-packages/dogpile/cache/region.py", line 1577, in get_or_create_for_user_func
Jun 28 16:34:43.774730 dv-neutron-835638-17-hyperv devstack@keystone.service[92367]: ERROR keystone.server.flask.application return self.get_or_create(
Jun 28 16:34:43.774730 dv-neutron-835638-17-hyperv devstack@keystone.service[92367]: ERROR keystone.server.flask.application
File "/usr/local/lib/python3.8/dist-packages/dogpile/cache/region.py", line 1042, in get_or_create
Jun 28 16:34:43.774730 dv-neutron-835638-17-hyperv devstack@keystone.service[92367]: ERROR keystone.server.flask.application with Lock(
Jun 28 16:34:43.774730 dv-neutron-835638-17-hyperv devstack@keystone.service[92367]: ERROR keystone.server.flask.application
File "/usr/local/lib/python3.8/dist-packages/dogpile/lock.py", line 185, in __enter__
Jun 28 16:34:43.774730 dv-neutron-835638-17-hyperv devstack@keystone.service[92367]: ERROR keystone.server.flask.application return self._enter()
Jun 28 16:34:43.774730 dv-neutron-835638-17-hyperv devstack@keystone.service[92367]: ERROR keystone.server.flask.application
File "/usr/local/lib/python3.8/dist-packages/dogpile/lock.py", line 94, in _enter
Jun 28 16:34:43.774730 dv-neutron-835638-17-hyperv devstack@keystone.service[92367]: ERROR keystone.server.flask.application generated = self._enter_create(value, createdtime)
Jun 28 16:34:43.775516 dv-neutron-835638-17-hyperv devstack@keystone.service[92367]: ERROR keystone.server.flask.application
File "/usr/local/lib/python3.8/dist-packages/dogpile/lock.py", line 178, in _enter_create
Jun 28 16:34:43.775516 dv-neutron-835638-17-hyperv devstack@keystone.service[92367]: ERROR keystone.server.flask.application return self.creator()
Jun 28 16:34:43.775516 dv-neutron-835638-17-hyperv devstack@keystone.service[92367]: ERROR keystone.server.flask.application
File "/usr/local/lib/python3.8/dist-packages/dogpile/cache/region.py", line 995, in gen_value
Jun 28 16:34:43.775516 dv-neutron-835638-17-hyperv devstack@keystone.service[92367]: ERROR keystone.server.flask.application created_value = creator(
Jun 28 16:34:43.775516 dv-neutron-835638-17-hyperv devstack@keystone.service[92367]: ERROR keystone.server.flask.application
File "/opt/stack/keystone/keystone/assignment/core.py", line 1276, in get_role
Jun 28 16:34:43.775516 dv-neutron-835638-17-hyperv devstack@keystone.service[92367]: ERROR keystone.server.flask.application return self.driver.get_role(role_id)
Jun 28 16:34:43.775516 dv-neutron-835638-17-hyperv devstack@keystone.service[92367]: ERROR keystone.server.flask.application
File "/opt/stack/keystone/keystone/assignment/role_backends/sql.py", line 70, in get_role
Jun 28 16:34:43.775516 dv-neutron-835638-17-hyperv devstack@keystone.service[92367]: ERROR keystone.server.flask.application return self._get_role(session, role_id).to_dict()
Jun 28 16:34:43.775516 dv-neutron-835638-17-hyperv devstack@keystone.service[92367]: ERROR keystone.server.flask.application
File "/opt/stack/keystone/keystone/assignment/role_backends/sql.py", line 65, in _get_role
Jun 28 16:34:43.775516 dv-neutron-835638-17-hyperv devstack@keystone.service[92367]: ERROR keystone.server.flask.application raise exception.RoleNotFound(role_id=role_id)
Jun 28 16:34:43.775516 dv-neutron-835638-17-hyperv devstack@keystone.service[92367]: ERROR keystone.server.flask.application keystone.exception.RoleNotFound: Could not find role: member.
Jun 28 16:34:43.775516 dv-neutron-835638-17-hyperv devstack@keystone.service[92367]: ERROR keystone.server.flask.application
Jun 28 16:34:43.776613 dv-neutron-835638-17-hyperv devstack@keystone.service[92367]: [pid: 92367|app: 0|req: 140/275] 10.222.0.33 () {56 vars in 1099 bytes} [Tue Jun 28 16:34:43 2022] GET /identity/v3/roles/member => generated 84 bytes in 254 msecs (HTTP/1.1 404) 5 headers in 183 bytes (1 switches on core 0)
Jun 28 16:34:43.784642 dv-neutron-835638-17-hyperv devstack@keystone.service[92367]: DEBUG keystone.server.flask.request_processing.middleware.auth_context [None req-03d810fc-0da6-4afb-967c-28168e4d49bc None admin] Authenticating user token {{(pid=92367) process_request /usr/local/lib/python3.8/dist-packages/keystonemiddleware/auth_token/__init__.py:407}}
Jun 28 16:34:43.894410 dv-neutron-835638-17-hyperv devstack@keystone.service[92366]: DEBUG dbcounter [-] [92366] Writing DB stats keystone:SELECT=100 {{(pid=92366) stat_writer /usr/local/lib/python3.8/dist-packages/dbcounter.py:114}}
Jun 28 16:34:43.897246 dv-neutron-835638-17-hyperv devstack@keystone.service[92366]: DEBUG keystone.server.flask.request_processing.middleware.auth_context [None req-5a0c6e2a-837a-4e05-94cc-3cd394076ec9 None admin] Validating token access rules against request {{(pid=92366) validate_allowed_request /usr/local/lib/python3.8/dist-packages/keystonemiddleware/auth_token/__init__.py:545}}
Jun 28 16:34:43.917463 dv-neutron-835638-17-hyperv devstack@keystone.service[92367]: DEBUG keystone.server.flask.request_processing.middleware.auth_context [None req-03d810fc-0da6-4afb-967c-28168e4d49bc None admin] Validating token access rules against request {{(pid=92367) validate_allowed_request /usr/local/lib/python3.8/dist-packages/keystonemiddleware/auth_token/__init__.py:545}}
Jun 28 16:34:43.937123 dv-neutron-835638-17-hyperv devstack@keystone.service[92366]: DEBUG keystone.server.flask.request_processing.middleware.auth_context [None req-481e5a34-2237-4144-be1c-fb9d1ff2b95a None admin] RBAC: auth_context: {'token': , 'domain_id': None, 'trust_id': None, 'trustor_id': None, 'trustee_id': None, 'domain_name': None, 'group_ids': [], 'user_id': '0bf9011b7ffb4121a4dc352d81e6540b', 'user_domain_id': 'default', 'system_scope': 'all', 'project_id': None, 'project_domain_id': None, 'roles': ['admin', 'member', 'reader'], 'is_admin_project': True, 'service_user_id': None, 'service_user_domain_id': None, 'service_project_id': None, 'service_project_domain_id': None, 'service_roles': []} {{(pid=92366) fill_context /opt/stack/keystone/keystone/server/flask/request_processing/middleware/auth_context.py:478}}
Jun 28 16:34:43.937800 dv-neutron-835638-17-hyperv devstack@keystone.service[92366]: DEBUG keystone.server.flask.request_processing.req_logging [None req-481e5a34-2237-4144-be1c-fb9d1ff2b95a None admin] REQUEST_METHOD: `POST` {{(pid=92366) log_request_info /opt/stack/keystone/keystone/server/flask/request_processing/req_logging.py:27}}
Jun 28 16:34:43.938088 dv-neutron-835638-17-hyperv devstack@keystone.service[92366]: DEBUG keystone.server.flask.request_processing.req_logging [None req-481e5a34-2237-4144-be1c-fb9d1ff2b95a None admin] SCRIPT_NAME: `/identity` {{(pid=92366) log_request_info /opt/stack/keystone/keystone/server/flask/request_processing/req_logging.py:28}}
Jun 28 16:34:43.938369 dv-neutron-835638-17-hyperv devstack@keystone.service[92366]: DEBUG keystone.server.flask.request_processing.req_logging [None req-481e5a34-2237-4144-be1c-fb9d1ff2b95a None admin] PATH_INFO: `/v3/users` {{(pid=92366) log_request_info /opt/stack/keystone/keystone/server/flask/request_processing/req_logging.py:29}}
Jun 28 16:34:43.939085 dv-neutron-835638-17-hyperv devstack@keystone.service[92366]: DEBUG keystone.common.rbac_enforcer.enforcer [None req-481e5a34-2237-4144-be1c-fb9d1ff2b95a None admin] RBAC: Authorizing `identity:create_user()` {{(pid=92366) enforce_call /opt/stack/keystone/keystone/common/rbac_enforcer/enforcer.py:449}}
Jun 28 16:34:43.940611 dv-neutron-835638-17-hyperv devstack@keystone.service[92366]: DEBUG keystone.common.rbac_enforcer.enforcer [None req-481e5a34-2237-4144-be1c-fb9d1ff2b95a None admin] RBAC: Authorization granted {{(pid=92366) enforce_call /opt/stack/keystone/keystone/common/rbac_enforcer/enforcer.py:457}}
Jun 28 16:34:43.955201 dv-neutron-835638-17-hyperv devstack@keystone.service[92367]: DEBUG keystone.server.flask.request_processing.middleware.auth_context [None req-cb273b4c-20a0-4106-9eb1-a06dbce20428 None admin] RBAC: auth_context: {'token': , 'domain_id': None, 'trust_id': None, 'trustor_id': None, 'trustee_id': None, 'domain_name': None, 'group_ids': [], 'user_id': '0bf9011b7ffb4121a4dc352d81e6540b', 'user_domain_id': 'default', 'system_scope': 'all', 'project_id': None, 'project_domain_id': None, 'roles': ['admin', 'member', 'reader'], 'is_admin_project': True, 'service_user_id': None, 'service_user_domain_id': None, 'service_project_id': None, 'service_project_domain_id': None, 'service_roles': []} {{(pid=92367) fill_context /opt/stack/keystone/keystone/server/flask/request_processing/middleware/auth_context.py:478}}
Jun 28 16:34:43.956094 dv-neutron-835638-17-hyperv devstack@keystone.service[92367]: DEBUG keystone.server.flask.request_processing.req_logging [None req-cb273b4c-20a0-4106-9eb1-a06dbce20428 None admin] REQUEST_METHOD: `GET` {{(pid=92367) log_request_info /opt/stack/keystone/keystone/server/flask/request_processing/req_logging.py:27}}
Jun 28 16:34:43.956387 dv-neutron-835638-17-hyperv devstack@keystone.service[92367]: DEBUG keystone.server.flask.request_processing.req_logging [None req-cb273b4c-20a0-4106-9eb1-a06dbce20428 None admin] SCRIPT_NAME: `/identity` {{(pid=92367) log_request_info /opt/stack/keystone/keystone/server/flask/request_processing/req_logging.py:28}}
Jun 28 16:34:43.956659 dv-neutron-835638-17-hyperv devstack@keystone.service[92367]: DEBUG keystone.server.flask.request_processing.req_logging [None req-cb273b4c-20a0-4106-9eb1-a06dbce20428 None admin] PATH_INFO: `/v3/roles` {{(pid=92367) log_request_info /opt/stack/keystone/keystone/server/flask/request_processing/req_logging.py:29}}
Jun 28 16:34:43.957408 dv-neutron-835638-17-hyperv devstack@keystone.service[92367]: DEBUG keystone.common.rbac_enforcer.enforcer [None req-cb273b4c-20a0-4106-9eb1-a06dbce20428 None admin] RBAC: Adding query filter params (name=member) {{(pid=92367) _extract_filter_values /opt/stack/keystone/keystone/common/rbac_enforcer/enforcer.py:167}}
Jun 28 16:34:43.958064 dv-neutron-835638-17-hyperv devstack@keystone.service[92367]: DEBUG keystone.common.rbac_enforcer.enforcer [None req-cb273b4c-20a0-4106-9eb1-a06dbce20428 None admin] RBAC: Authorizing `identity:list_roles()` {{(pid=92367) enforce_call /opt/stack/keystone/keystone/common/rbac_enforcer/enforcer.py:449}}
Jun 28 16:34:43.959083 dv-neutron-835638-17-hyperv devstack@keystone.service[92367]: DEBUG keystone.common.rbac_enforcer.enforcer [None req-cb273b4c-20a0-4106-9eb1-a06dbce20428 None admin] RBAC: Authorization granted {{(pid=92367) enforce_call /opt/stack/keystone/keystone/common/rbac_enforcer/enforcer.py:457}}
Jun 28 16:34:43.967230 dv-neutron-835638-17-hyperv devstack@keystone.service[92367]: [pid: 92367|app: 0|req: 141/276] 10.222.0.33 () {56 vars in 1101 bytes} [Tue Jun 28 16:34:43 2022] GET /identity/v3/roles?name=member => generated 341 bytes in 183 msecs (HTTP/1.1 200) 5 headers in 177 bytes (1 switches on core 0)
Jun 28 16:34:43.970649 dv-neutron-835638-17-hyperv devstack@keystone.service[92367]: DEBUG keystone.server.flask.request_processing.req_logging [None req-99bbe775-444a-4218-b69d-968901f41797 None None] REQUEST_METHOD: `GET` {{(pid=92367) log_request_info /opt/stack/keystone/keystone/server/flask/request_processing/req_logging.py:27}}
Jun 28 16:34:43.971010 dv-neutron-835638-17-hyperv devstack@keystone.service[92367]: DEBUG keystone.server.flask.request_processing.req_logging [None req-99bbe775-444a-4218-b69d-968901f41797 None None] SCRIPT_NAME: `/identity` {{(pid=92367) log_request_info /opt/stack/keystone/keystone/server/flask/request_processing/req_logging.py:28}}
Jun 28 16:34:43.971360 dv-neutron-835638-17-hyperv devstack@keystone.service[92367]: DEBUG keystone.server.flask.request_processing.req_logging [None req-99bbe775-444a-4218-b69d-968901f41797 None None] PATH_INFO: `/` {{(pid=92367) log_request_info /opt/stack/keystone/keystone/server/flask/request_processing/req_logging.py:29}}
Jun 28 16:34:43.972996 dv-neutron-835638-17-hyperv devstack@keystone.service[92367]: [pid: 92367|app: 0|req: 142/277] 10.222.0.33 () {54 vars in 926 bytes} [Tue Jun 28 16:34:43 2022] GET /identity => generated 270 bytes in 5 msecs (HTTP/1.1 300) 6 headers in 234 bytes (1 switches on core 0)
Jun 28 16:34:43.973691 dv-neutron-835638-17-hyperv devstack@keystone.service[92367]: DEBUG keystone.server.flask.request_processing.middleware.auth_context [None req-99bbe775-444a-4218-b69d-968901f41797 None None] Authenticating user token {{(pid=92367) process_request /usr/local/lib/python3.8/dist-packages/keystonemiddleware/auth_token/__init__.py:407}}
Jun 28 16:34:43.990591 dv-neutron-835638-17-hyperv devstack@keystone.service[92367]: DEBUG dbcounter [-] [92367] Writing DB stats keystone:SELECT=100 {{(pid=92367) stat_writer /usr/local/lib/python3.8/dist-packages/dbcounter.py:114}}
Jun 28 16:34:44.028192 dv-neutron-835638-17-hyperv devstack@keystone.service[92366]: [pid: 92366|app: 0|req: 136/278] 10.222.0.33 () {60 vars in 1132 bytes} [Tue Jun 28 16:34:43 2022] POST /identity/v3/users => generated 293 bytes in 255 msecs (HTTP/1.1 201) 5 headers in 182 bytes (1 switches on core 0)
Jun 28 16:34:44.028192 dv-neutron-835638-17-hyperv devstack@keystone.service[92366]: DEBUG keystone.server.flask.request_processing.req_logging [None req-9c9ca205-552d-41ae-b2da-134ed7147318 None None] REQUEST_METHOD: `POST` {{(pid=92366) log_request_info /opt/stack/keystone/keystone/server/flask/request_processing/req_logging.py:27}}
Jun 28 16:34:44.028192 dv-neutron-835638-17-hyperv devstack@keystone.service[92366]: DEBUG keystone.server.flask.request_processing.req_logging [None req-9c9ca205-552d-41ae-b2da-134ed7147318 None None] SCRIPT_NAME: `/identity` {{(pid=92366) log_request_info /opt/stack/keystone/keystone/server/flask/request_processing/req_logging.py:28}}
Jun 28 16:34:44.028192 dv-neutron-835638-17-hyperv devstack@keystone.service[92366]: DEBUG keystone.server.flask.request_processing.req_logging [None req-9c9ca205-552d-41ae-b2da-134ed7147318 None None] PATH_INFO: `/v3/auth/tokens` {{(pid=92366) log_request_info /opt/stack/keystone/keystone/server/flask/request_processing/req_logging.py:29}}
Jun 28 16:34:44.048551 dv-neutron-835638-17-hyperv devstack@keystone.service[92366]: DEBUG keystone.auth.core [None req-9c9ca205-552d-41ae-b2da-134ed7147318 None None] MFA Rules not processed for user `0bf9011b7ffb4121a4dc352d81e6540b`. Rule list: `[]` (Enabled: `True`). {{(pid=92366) check_auth_methods_against_rules /opt/stack/keystone/keystone/auth/core.py:438}}
Jun 28 16:34:44.050390 dv-neutron-835638-17-hyperv devstack@keystone.service[92366]: DEBUG keystone.common.fernet_utils [None req-9c9ca205-552d-41ae-b2da-134ed7147318 None None] Loaded 2 Fernet keys from /etc/keystone/fernet-keys/, but `[fernet_tokens] max_active_keys = 3`; perhaps there have not been enough key rotations to reach `max_active_keys` yet? {{(pid=92366) load_keys /opt/stack/keystone/keystone/common/fernet_utils.py:286}}
Jun 28 16:34:44.096548 dv-neutron-835638-17-hyperv devstack@keystone.service[92367]: DEBUG keystone.server.flask.request_processing.middleware.auth_context [None req-99bbe775-444a-4218-b69d-968901f41797 None None] Validating token access rules against request {{(pid=92367) validate_allowed_request /usr/local/lib/python3.8/dist-packages/keystonemiddleware/auth_token/__init__.py:545}}
Jun 28 16:34:44.143837 dv-neutron-835638-17-hyperv devstack@keystone.service[92367]: DEBUG keystone.server.flask.request_processing.middleware.auth_context [None req-1e55f415-3fc0-4b6c-a195-de724778cdf7 None admin] RBAC: auth_context: {'token': , 'domain_id': None, 'trust_id': None, 'trustor_id': None, 'trustee_id': None, 'domain_name': None, 'group_ids': [], 'user_id': '0bf9011b7ffb4121a4dc352d81e6540b', 'user_domain_id': 'default', 'system_scope': 'all', 'project_id': None, 'project_domain_id': None, 'roles': ['admin', 'member', 'reader'], 'is_admin_project': True, 'service_user_id': None, 'service_user_domain_id': None, 'service_project_id': None, 'service_project_domain_id': None, 'service_roles': []} {{(pid=92367) fill_context /opt/stack/keystone/keystone/server/flask/request_processing/middleware/auth_context.py:478}}
Jun 28 16:34:44.144781 dv-neutron-835638-17-hyperv devstack@keystone.service[92367]: DEBUG keystone.server.flask.request_processing.req_logging [None req-1e55f415-3fc0-4b6c-a195-de724778cdf7 None admin] REQUEST_METHOD: `GET` {{(pid=92367) log_request_info /opt/stack/keystone/keystone/server/flask/request_processing/req_logging.py:27}}
Jun 28 16:34:44.145068 dv-neutron-835638-17-hyperv devstack@keystone.service[92367]: DEBUG keystone.server.flask.request_processing.req_logging [None req-1e55f415-3fc0-4b6c-a195-de724778cdf7 None admin] SCRIPT_NAME: `/identity` {{(pid=92367) log_request_info /opt/stack/keystone/keystone/server/flask/request_processing/req_logging.py:28}}
Jun 28 16:34:44.145351 dv-neutron-835638-17-hyperv devstack@keystone.service[92367]: DEBUG keystone.server.flask.request_processing.req_logging [None req-1e55f415-3fc0-4b6c-a195-de724778cdf7 None admin] PATH_INFO: `/v3/users/3746083445b3498e8b68ea64722ed476` {{(pid=92367) log_request_info /opt/stack/keystone/keystone/server/flask/request_processing/req_logging.py:29}}
Jun 28 16:34:44.152546 dv-neutron-835638-17-hyperv devstack@keystone.service[92366]: [pid: 92366|app: 0|req: 137/279] 10.222.0.33 () {58 vars in 1023 bytes} [Tue Jun 28 16:34:44 2022] POST /identity/v3/auth/tokens => generated 799 bytes in 126 msecs (HTTP/1.1 201) 6 headers in 363 bytes (1 switches on core 0)
Jun 28 16:34:44.166417 dv-neutron-835638-17-hyperv devstack@keystone.service[92367]: DEBUG keystone.common.rbac_enforcer.enforcer [None req-1e55f415-3fc0-4b6c-a195-de724778cdf7 None admin] RBAC: Authorizing `identity:get_user(user_id=3746083445b3498e8b68ea64722ed476)` {{(pid=92367) enforce_call /opt/stack/keystone/keystone/common/rbac_enforcer/enforcer.py:449}}
Jun 28 16:34:44.168556 dv-neutron-835638-17-hyperv devstack@keystone.service[92367]: DEBUG keystone.common.rbac_enforcer.enforcer [None req-1e55f415-3fc0-4b6c-a195-de724778cdf7 None admin] RBAC: Authorization granted {{(pid=92367) enforce_call /opt/stack/keystone/keystone/common/rbac_enforcer/enforcer.py:457}}
Jun 28 16:34:44.170623 dv-neutron-835638-17-hyperv devstack@keystone.service[92367]: [pid: 92367|app: 0|req: 143/280] 10.222.0.33 () {56 vars in 1177 bytes} [Tue Jun 28 16:34:43 2022] GET /identity/v3/users/3746083445b3498e8b68ea64722ed476 => generated 293 bytes in 197 msecs (HTTP/1.1 200) 5 headers in 177 bytes (1 switches on core 0)
Jun 28 16:34:44.175947 dv-neutron-835638-17-hyperv devstack@keystone.service[92366]: DEBUG keystone.server.flask.request_processing.req_logging [None req-fe6213f8-56ee-4010-8711-a856f7ca4f5f None None] REQUEST_METHOD: `GET` {{(pid=92366) log_request_info /opt/stack/keystone/keystone/server/flask/request_processing/req_logging.py:27}}
Jun 28 16:34:44.176160 dv-neutron-835638-17-hyperv devstack@keystone.service[92367]: DEBUG keystone.server.flask.request_processing.middleware.auth_context [None req-1e55f415-3fc0-4b6c-a195-de724778cdf7 None admin] Authenticating user token {{(pid=92367) process_request /usr/local/lib/python3.8/dist-packages/keystonemiddleware/auth_token/__init__.py:407}}
Jun 28 16:34:44.176268 dv-neutron-835638-17-hyperv devstack@keystone.service[92366]: DEBUG keystone.server.flask.request_processing.req_logging [None req-fe6213f8-56ee-4010-8711-a856f7ca4f5f None None] SCRIPT_NAME: `/identity` {{(pid=92366) log_request_info /opt/stack/keystone/keystone/server/flask/request_processing/req_logging.py:28}}
Jun 28 16:34:44.176559 dv-neutron-835638-17-hyperv devstack@keystone.service[92366]: DEBUG keystone.server.flask.request_processing.req_logging [None req-fe6213f8-56ee-4010-8711-a856f7ca4f5f None None] PATH_INFO: `/` {{(pid=92366) log_request_info /opt/stack/keystone/keystone/server/flask/request_processing/req_logging.py:29}}
Jun 28 16:34:44.178003 dv-neutron-835638-17-hyperv devstack@keystone.service[92366]: [pid: 92366|app: 0|req: 138/281] 10.222.0.33 () {54 vars in 926 bytes} [Tue Jun 28 16:34:44 2022] GET /identity => generated 270 bytes in 3 msecs (HTTP/1.1 300) 6 headers in 234 bytes (1 switches on core 0)
Jun 28 16:34:44.182318 dv-neutron-835638-17-hyperv devstack@keystone.service[92366]: DEBUG keystone.server.flask.request_processing.middleware.auth_context [None req-fe6213f8-56ee-4010-8711-a856f7ca4f5f None None] Authenticating user token {{(pid=92366) process_request /usr/local/lib/python3.8/dist-packages/keystonemiddleware/auth_token/__init__.py:407}}
Jun 28 16:34:44.253813 dv-neutron-835638-17-hyperv devstack@keystone.service[92367]: DEBUG dbcounter [-] [92367] Writing DB stats keystone:SELECT=100 {{(pid=92367) stat_writer /usr/local/lib/python3.8/dist-packages/dbcounter.py:114}}
Jun 28 16:34:44.287285 dv-neutron-835638-17-hyperv devstack@keystone.service[92367]: DEBUG keystone.server.flask.request_processing.middleware.auth_context [None req-1e55f415-3fc0-4b6c-a195-de724778cdf7 None admin] Validating token access rules against request {{(pid=92367) validate_allowed_request /usr/local/lib/python3.8/dist-packages/keystonemiddleware/auth_token/__init__.py:545}}
Jun 28 16:34:44.301745 dv-neutron-835638-17-hyperv devstack@keystone.service[92366]: DEBUG dbcounter [-] [92366] Writing DB stats keystone:SELECT=97,keystone:INSERT=3 {{(pid=92366) stat_writer /usr/local/lib/python3.8/dist-packages/dbcounter.py:114}}
Jun 28 16:34:44.321392 dv-neutron-835638-17-hyperv devstack@keystone.service[92366]: DEBUG keystone.server.flask.request_processing.middleware.auth_context [None req-fe6213f8-56ee-4010-8711-a856f7ca4f5f None None] Validating token access rules against request {{(pid=92366) validate_allowed_request /usr/local/lib/python3.8/dist-packages/keystonemiddleware/auth_token/__init__.py:545}}
Jun 28 16:34:44.332069 dv-neutron-835638-17-hyperv devstack@keystone.service[92367]: DEBUG keystone.server.flask.request_processing.middleware.auth_context [None req-6cf0f5f5-2bf7-45a2-ba0e-cdd3b57cf2a2 None admin] RBAC: auth_context: {'token': , 'domain_id': None, 'trust_id': None, 'trustor_id': None, 'trustee_id': None, 'domain_name': None, 'group_ids': [], 'user_id': '0bf9011b7ffb4121a4dc352d81e6540b', 'user_domain_id': 'default', 'system_scope': 'all', 'project_id': None, 'project_domain_id': None, 'roles': ['admin', 'member', 'reader'], 'is_admin_project': True, 'service_user_id': None, 'service_user_domain_id': None, 'service_project_id': None, 'service_project_domain_id': None, 'service_roles': []} {{(pid=92367) fill_context /opt/stack/keystone/keystone/server/flask/request_processing/middleware/auth_context.py:478}}
Jun 28 16:34:44.332762 dv-neutron-835638-17-hyperv devstack@keystone.service[92367]: DEBUG keystone.server.flask.request_processing.req_logging [None req-6cf0f5f5-2bf7-45a2-ba0e-cdd3b57cf2a2 None admin] REQUEST_METHOD: `GET` {{(pid=92367) log_request_info /opt/stack/keystone/keystone/server/flask/request_processing/req_logging.py:27}}
Jun 28 16:34:44.333046 dv-neutron-835638-17-hyperv devstack@keystone.service[92367]: DEBUG keystone.server.flask.request_processing.req_logging [None req-6cf0f5f5-2bf7-45a2-ba0e-cdd3b57cf2a2 None admin] SCRIPT_NAME: `/identity` {{(pid=92367) log_request_info /opt/stack/keystone/keystone/server/flask/request_processing/req_logging.py:28}}
Jun 28 16:34:44.333325 dv-neutron-835638-17-hyperv devstack@keystone.service[92367]: DEBUG keystone.server.flask.request_processing.req_logging [None req-6cf0f5f5-2bf7-45a2-ba0e-cdd3b57cf2a2 None admin] PATH_INFO: `/v3/role_assignments` {{(pid=92367) log_request_info /opt/stack/keystone/keystone/server/flask/request_processing/req_logging.py:29}}
Jun 28 16:34:44.334164 dv-neutron-835638-17-hyperv devstack@keystone.service[92367]: DEBUG keystone.common.rbac_enforcer.enforcer [None req-6cf0f5f5-2bf7-45a2-ba0e-cdd3b57cf2a2 None admin] RBAC: Adding query filter params (role.id=c3579f40364c45b1bd86e003158cdea9, user.id=3746083445b3498e8b68ea64722ed476, scope.system=all) {{(pid=92367) _extract_filter_values /opt/stack/keystone/keystone/common/rbac_enforcer/enforcer.py:167}}
Jun 28 16:34:44.334477 dv-neutron-835638-17-hyperv devstack@keystone.service[92367]: DEBUG keystone.common.rbac_enforcer.enforcer [None req-6cf0f5f5-2bf7-45a2-ba0e-cdd3b57cf2a2 None admin] RBAC: Authorizing `identity:list_role_assignments()` {{(pid=92367) enforce_call /opt/stack/keystone/keystone/common/rbac_enforcer/enforcer.py:449}}
