Jun 23 15:29:34.216250 dv-neutron-835638-13-hyperv devstack@keystone.service[80707]: DEBUG keystone.server.flask.request_processing.middleware.auth_context [None req-ba79661f-3267-4af8-9864-1eb111b0f10e None admin] Authenticating user token {{(pid=80707) process_request /usr/local/lib/python3.8/dist-packages/keystonemiddleware/auth_token/__init__.py:407}}
Jun 23 15:29:34.216322 dv-neutron-835638-13-hyperv devstack@keystone.service[80706]: DEBUG keystone.server.flask.request_processing.req_logging [None req-c81cbc40-a090-4c12-82d1-aacdf9f35f74 None admin] PATH_INFO: `/v3/roles/reader` {{(pid=80706) log_request_info /opt/stack/keystone/keystone/server/flask/request_processing/req_logging.py:29}}
Jun 23 15:29:34.226203 dv-neutron-835638-13-hyperv devstack@keystone.service[80707]: DEBUG dbcounter [-] [80707] Writing DB stats keystone:SELECT=100 {{(pid=80707) stat_writer /usr/local/lib/python3.8/dist-packages/dbcounter.py:114}}
Jun 23 15:29:34.226421 dv-neutron-835638-13-hyperv devstack@keystone.service[80706]: DEBUG keystone.common.rbac_enforcer.enforcer [None req-c81cbc40-a090-4c12-82d1-aacdf9f35f74 None admin] Extracting inferred target data resulted in "NOT FOUND (404)". {{(pid=80706) enforce_call /opt/stack/keystone/keystone/common/rbac_enforcer/enforcer.py:409}}
Jun 23 15:29:34.234925 dv-neutron-835638-13-hyperv devstack@keystone.service[80706]: ERROR keystone.server.flask.application [None req-c81cbc40-a090-4c12-82d1-aacdf9f35f74 None admin] Could not find role: reader.: keystone.exception.RoleNotFound: Could not find role: reader.
Jun 23 15:29:34.234925 dv-neutron-835638-13-hyperv devstack@keystone.service[80706]: ERROR keystone.server.flask.application
Traceback (most recent call last):
Jun 23 15:29:34.234925 dv-neutron-835638-13-hyperv devstack@keystone.service[80706]: ERROR keystone.server.flask.application
File "/usr/local/lib/python3.8/dist-packages/flask/app.py", line 1523, in full_dispatch_request
Jun 23 15:29:34.234925 dv-neutron-835638-13-hyperv devstack@keystone.service[80706]: ERROR keystone.server.flask.application rv = self.dispatch_request()
Jun 23 15:29:34.234925 dv-neutron-835638-13-hyperv devstack@keystone.service[80706]: ERROR keystone.server.flask.application
File "/usr/local/lib/python3.8/dist-packages/flask/app.py", line 1509, in dispatch_request
Jun 23 15:29:34.234925 dv-neutron-835638-13-hyperv devstack@keystone.service[80706]: ERROR keystone.server.flask.application return self.ensure_sync(self.view_functions[rule.endpoint])(**req.view_args)
Jun 23 15:29:34.234925 dv-neutron-835638-13-hyperv devstack@keystone.service[80706]: ERROR keystone.server.flask.application
File "/usr/local/lib/python3.8/dist-packages/flask_restful/__init__.py", line 467, in wrapper
Jun 23 15:29:34.234925 dv-neutron-835638-13-hyperv devstack@keystone.service[80706]: ERROR keystone.server.flask.application resp = resource(*args, **kwargs)
Jun 23 15:29:34.234925 dv-neutron-835638-13-hyperv devstack@keystone.service[80706]: ERROR keystone.server.flask.application
File "/usr/local/lib/python3.8/dist-packages/flask/views.py", line 84, in view
Jun 23 15:29:34.234925 dv-neutron-835638-13-hyperv devstack@keystone.service[80706]: ERROR keystone.server.flask.application return current_app.ensure_sync(self.dispatch_request)(*args, **kwargs)
Jun 23 15:29:34.234925 dv-neutron-835638-13-hyperv devstack@keystone.service[80706]: ERROR keystone.server.flask.application
File "/usr/local/lib/python3.8/dist-packages/flask_restful/__init__.py", line 582, in dispatch_request
Jun 23 15:29:34.234925 dv-neutron-835638-13-hyperv devstack@keystone.service[80706]: ERROR keystone.server.flask.application resp = meth(*args, **kwargs)
Jun 23 15:29:34.234925 dv-neutron-835638-13-hyperv devstack@keystone.service[80706]: ERROR keystone.server.flask.application
File "/opt/stack/keystone/keystone/api/roles.py", line 50, in get
Jun 23 15:29:34.234925 dv-neutron-835638-13-hyperv devstack@keystone.service[80706]: ERROR keystone.server.flask.application return self._get_role(role_id)
Jun 23 15:29:34.234925 dv-neutron-835638-13-hyperv devstack@keystone.service[80706]: ERROR keystone.server.flask.application
File "/opt/stack/keystone/keystone/api/roles.py", line 70, in _get_role
Jun 23 15:29:34.234925 dv-neutron-835638-13-hyperv devstack@keystone.service[80706]: ERROR keystone.server.flask.application ENFORCER.enforce_call(action='identity:get_role')
Jun 23 15:29:34.235781 dv-neutron-835638-13-hyperv devstack@keystone.service[80706]: ERROR keystone.server.flask.application
File "/opt/stack/keystone/keystone/common/rbac_enforcer/enforcer.py", line 402, in enforce_call
Jun 23 15:29:34.235781 dv-neutron-835638-13-hyperv devstack@keystone.service[80706]: ERROR keystone.server.flask.application policy_dict.update(cls._extract_member_target_data(
Jun 23 15:29:34.235781 dv-neutron-835638-13-hyperv devstack@keystone.service[80706]: ERROR keystone.server.flask.application
File "/opt/stack/keystone/keystone/common/rbac_enforcer/enforcer.py", line 234, in _extract_member_target_data
Jun 23 15:29:34.235781 dv-neutron-835638-13-hyperv devstack@keystone.service[80706]: ERROR keystone.server.flask.application member_name: func(flask.request.view_args[key])
Jun 23 15:29:34.235781 dv-neutron-835638-13-hyperv devstack@keystone.service[80706]: ERROR keystone.server.flask.application
File "/opt/stack/keystone/keystone/common/manager.py", line 115, in wrapped
Jun 23 15:29:34.235781 dv-neutron-835638-13-hyperv devstack@keystone.service[80706]: ERROR keystone.server.flask.application __ret_val = __f(*args, **kwargs)
Jun 23 15:29:34.235781 dv-neutron-835638-13-hyperv devstack@keystone.service[80706]: ERROR keystone.server.flask.application
File "/usr/local/lib/python3.8/dist-packages/decorator.py", line 232, in fun
Jun 23 15:29:34.235781 dv-neutron-835638-13-hyperv devstack@keystone.service[80706]: ERROR keystone.server.flask.application return caller(func, *(extras + args), **kw)
Jun 23 15:29:34.235781 dv-neutron-835638-13-hyperv devstack@keystone.service[80706]: ERROR keystone.server.flask.application
File "/usr/local/lib/python3.8/dist-packages/dogpile/cache/region.py", line 1577, in get_or_create_for_user_func
Jun 23 15:29:34.235781 dv-neutron-835638-13-hyperv devstack@keystone.service[80706]: ERROR keystone.server.flask.application return self.get_or_create(
Jun 23 15:29:34.235781 dv-neutron-835638-13-hyperv devstack@keystone.service[80706]: ERROR keystone.server.flask.application
File "/usr/local/lib/python3.8/dist-packages/dogpile/cache/region.py", line 1042, in get_or_create
Jun 23 15:29:34.235781 dv-neutron-835638-13-hyperv devstack@keystone.service[80706]: ERROR keystone.server.flask.application with Lock(
Jun 23 15:29:34.235781 dv-neutron-835638-13-hyperv devstack@keystone.service[80706]: ERROR keystone.server.flask.application
File "/usr/local/lib/python3.8/dist-packages/dogpile/lock.py", line 185, in __enter__
Jun 23 15:29:34.235781 dv-neutron-835638-13-hyperv devstack@keystone.service[80706]: ERROR keystone.server.flask.application return self._enter()
Jun 23 15:29:34.235781 dv-neutron-835638-13-hyperv devstack@keystone.service[80706]: ERROR keystone.server.flask.application
File "/usr/local/lib/python3.8/dist-packages/dogpile/lock.py", line 94, in _enter
Jun 23 15:29:34.235781 dv-neutron-835638-13-hyperv devstack@keystone.service[80706]: ERROR keystone.server.flask.application generated = self._enter_create(value, createdtime)
Jun 23 15:29:34.236639 dv-neutron-835638-13-hyperv devstack@keystone.service[80706]: ERROR keystone.server.flask.application
File "/usr/local/lib/python3.8/dist-packages/dogpile/lock.py", line 178, in _enter_create
Jun 23 15:29:34.236639 dv-neutron-835638-13-hyperv devstack@keystone.service[80706]: ERROR keystone.server.flask.application return self.creator()
Jun 23 15:29:34.236639 dv-neutron-835638-13-hyperv devstack@keystone.service[80706]: ERROR keystone.server.flask.application
File "/usr/local/lib/python3.8/dist-packages/dogpile/cache/region.py", line 995, in gen_value
Jun 23 15:29:34.236639 dv-neutron-835638-13-hyperv devstack@keystone.service[80706]: ERROR keystone.server.flask.application created_value = creator(
Jun 23 15:29:34.236639 dv-neutron-835638-13-hyperv devstack@keystone.service[80706]: ERROR keystone.server.flask.application
File "/opt/stack/keystone/keystone/assignment/core.py", line 1276, in get_role
Jun 23 15:29:34.236639 dv-neutron-835638-13-hyperv devstack@keystone.service[80706]: ERROR keystone.server.flask.application return self.driver.get_role(role_id)
Jun 23 15:29:34.236639 dv-neutron-835638-13-hyperv devstack@keystone.service[80706]: ERROR keystone.server.flask.application
File "/opt/stack/keystone/keystone/assignment/role_backends/sql.py", line 70, in get_role
Jun 23 15:29:34.236639 dv-neutron-835638-13-hyperv devstack@keystone.service[80706]: ERROR keystone.server.flask.application return self._get_role(session, role_id).to_dict()
Jun 23 15:29:34.236639 dv-neutron-835638-13-hyperv devstack@keystone.service[80706]: ERROR keystone.server.flask.application
File "/opt/stack/keystone/keystone/assignment/role_backends/sql.py", line 65, in _get_role
Jun 23 15:29:34.236639 dv-neutron-835638-13-hyperv devstack@keystone.service[80706]: ERROR keystone.server.flask.application raise exception.RoleNotFound(role_id=role_id)
Jun 23 15:29:34.236639 dv-neutron-835638-13-hyperv devstack@keystone.service[80706]: ERROR keystone.server.flask.application keystone.exception.RoleNotFound: Could not find role: reader.
Jun 23 15:29:34.236639 dv-neutron-835638-13-hyperv devstack@keystone.service[80706]: ERROR keystone.server.flask.application
Jun 23 15:29:34.236639 dv-neutron-835638-13-hyperv devstack@keystone.service[80706]: [pid: 80706|app: 0|req: 100/198] 10.222.0.27 () {56 vars in 1099 bytes} [Thu Jun 23 15:29:34 2022] GET /identity/v3/roles/reader => generated 84 bytes in 199 msecs (HTTP/1.1 404) 5 headers in 183 bytes (1 switches on core 0)
Jun 23 15:29:34.237380 dv-neutron-835638-13-hyperv devstack@keystone.service[80706]: DEBUG keystone.server.flask.request_processing.middleware.auth_context [None req-c81cbc40-a090-4c12-82d1-aacdf9f35f74 None admin] Authenticating user token {{(pid=80706) process_request /usr/local/lib/python3.8/dist-packages/keystonemiddleware/auth_token/__init__.py:407}}
Jun 23 15:29:34.343784 dv-neutron-835638-13-hyperv devstack@keystone.service[80707]: DEBUG keystone.server.flask.request_processing.middleware.auth_context [None req-ba79661f-3267-4af8-9864-1eb111b0f10e None admin] Validating token access rules against request {{(pid=80707) validate_allowed_request /usr/local/lib/python3.8/dist-packages/keystonemiddleware/auth_token/__init__.py:545}}
Jun 23 15:29:34.349523 dv-neutron-835638-13-hyperv devstack@keystone.service[80706]: DEBUG dbcounter [-] [80706] Writing DB stats keystone:SELECT=100 {{(pid=80706) stat_writer /usr/local/lib/python3.8/dist-packages/dbcounter.py:114}}
Jun 23 15:29:34.363643 dv-neutron-835638-13-hyperv devstack@keystone.service[80706]: DEBUG keystone.server.flask.request_processing.middleware.auth_context [None req-c81cbc40-a090-4c12-82d1-aacdf9f35f74 None admin] Validating token access rules against request {{(pid=80706) validate_allowed_request /usr/local/lib/python3.8/dist-packages/keystonemiddleware/auth_token/__init__.py:545}}
Jun 23 15:29:34.391282 dv-neutron-835638-13-hyperv devstack@keystone.service[80707]: DEBUG keystone.server.flask.request_processing.middleware.auth_context [None req-769240cb-ed2e-4837-81cf-706e315385f0 None admin] RBAC: auth_context: {'token': , 'domain_id': None, 'trust_id': None, 'trustor_id': None, 'trustee_id': None, 'domain_name': None, 'group_ids': [], 'user_id': '27cb12d8cba0478890e38b8c38fe311e', 'user_domain_id': 'default', 'system_scope': 'all', 'project_id': None, 'project_domain_id': None, 'roles': ['admin', 'member', 'reader'], 'is_admin_project': True, 'service_user_id': None, 'service_user_domain_id': None, 'service_project_id': None, 'service_project_domain_id': None, 'service_roles': []} {{(pid=80707) fill_context /opt/stack/keystone/keystone/server/flask/request_processing/middleware/auth_context.py:478}}
Jun 23 15:29:34.392268 dv-neutron-835638-13-hyperv devstack@keystone.service[80707]: DEBUG keystone.server.flask.request_processing.req_logging [None req-769240cb-ed2e-4837-81cf-706e315385f0 None admin] REQUEST_METHOD: `GET` {{(pid=80707) log_request_info /opt/stack/keystone/keystone/server/flask/request_processing/req_logging.py:27}}
Jun 23 15:29:34.392667 dv-neutron-835638-13-hyperv devstack@keystone.service[80707]: DEBUG keystone.server.flask.request_processing.req_logging [None req-769240cb-ed2e-4837-81cf-706e315385f0 None admin] SCRIPT_NAME: `/identity` {{(pid=80707) log_request_info /opt/stack/keystone/keystone/server/flask/request_processing/req_logging.py:28}}
Jun 23 15:29:34.393039 dv-neutron-835638-13-hyperv devstack@keystone.service[80707]: DEBUG keystone.server.flask.request_processing.req_logging [None req-769240cb-ed2e-4837-81cf-706e315385f0 None admin] PATH_INFO: `/v3/projects/13a17973a62048e7b6ba4d3a698719e5` {{(pid=80707) log_request_info /opt/stack/keystone/keystone/server/flask/request_processing/req_logging.py:29}}
Jun 23 15:29:34.394320 dv-neutron-835638-13-hyperv devstack@keystone.service[80707]: DEBUG keystone.common.rbac_enforcer.enforcer [None req-769240cb-ed2e-4837-81cf-706e315385f0 None admin] RBAC: Authorizing `identity:get_project(project_id=13a17973a62048e7b6ba4d3a698719e5)` {{(pid=80707) enforce_call /opt/stack/keystone/keystone/common/rbac_enforcer/enforcer.py:449}}
Jun 23 15:29:34.395877 dv-neutron-835638-13-hyperv devstack@keystone.service[80707]: DEBUG keystone.common.rbac_enforcer.enforcer [None req-769240cb-ed2e-4837-81cf-706e315385f0 None admin] RBAC: Authorization granted {{(pid=80707) enforce_call /opt/stack/keystone/keystone/common/rbac_enforcer/enforcer.py:457}}
Jun 23 15:29:34.397898 dv-neutron-835638-13-hyperv devstack@keystone.service[80707]: [pid: 80707|app: 0|req: 99/199] 10.222.0.27 () {56 vars in 1186 bytes} [Thu Jun 23 15:29:34 2022] GET /identity/v3/projects/13a17973a62048e7b6ba4d3a698719e5 => generated 302 bytes in 186 msecs (HTTP/1.1 200) 5 headers in 177 bytes (1 switches on core 0)
Jun 23 15:29:34.398702 dv-neutron-835638-13-hyperv devstack@keystone.service[80707]: DEBUG keystone.server.flask.request_processing.middleware.auth_context [None req-769240cb-ed2e-4837-81cf-706e315385f0 None admin] Authenticating user token {{(pid=80707) process_request /usr/local/lib/python3.8/dist-packages/keystonemiddleware/auth_token/__init__.py:407}}
Jun 23 15:29:34.405950 dv-neutron-835638-13-hyperv devstack@keystone.service[80706]: DEBUG keystone.server.flask.request_processing.middleware.auth_context [None req-c0dd5562-0c81-49d1-8647-8718edb4ec3b None admin] RBAC: auth_context: {'token': , 'domain_id': None, 'trust_id': None, 'trustor_id': None, 'trustee_id': None, 'domain_name': None, 'group_ids': [], 'user_id': '27cb12d8cba0478890e38b8c38fe311e', 'user_domain_id': 'default', 'system_scope': 'all', 'project_id': None, 'project_domain_id': None, 'roles': ['admin', 'member', 'reader'], 'is_admin_project': True, 'service_user_id': None, 'service_user_domain_id': None, 'service_project_id': None, 'service_project_domain_id': None, 'service_roles': []} {{(pid=80706) fill_context /opt/stack/keystone/keystone/server/flask/request_processing/middleware/auth_context.py:478}}
Jun 23 15:29:34.406882 dv-neutron-835638-13-hyperv devstack@keystone.service[80706]: DEBUG keystone.server.flask.request_processing.req_logging [None req-c0dd5562-0c81-49d1-8647-8718edb4ec3b None admin] REQUEST_METHOD: `GET` {{(pid=80706) log_request_info /opt/stack/keystone/keystone/server/flask/request_processing/req_logging.py:27}}
Jun 23 15:29:34.407335 dv-neutron-835638-13-hyperv devstack@keystone.service[80706]: DEBUG keystone.server.flask.request_processing.req_logging [None req-c0dd5562-0c81-49d1-8647-8718edb4ec3b None admin] SCRIPT_NAME: `/identity` {{(pid=80706) log_request_info /opt/stack/keystone/keystone/server/flask/request_processing/req_logging.py:28}}
Jun 23 15:29:34.407789 dv-neutron-835638-13-hyperv devstack@keystone.service[80706]: DEBUG keystone.server.flask.request_processing.req_logging [None req-c0dd5562-0c81-49d1-8647-8718edb4ec3b None admin] PATH_INFO: `/v3/auth/tokens` {{(pid=80706) log_request_info /opt/stack/keystone/keystone/server/flask/request_processing/req_logging.py:29}}
Jun 23 15:29:34.477394 dv-neutron-835638-13-hyperv devstack@keystone.service[80707]: DEBUG dbcounter [-] [80707] Writing DB stats keystone:SELECT=100 {{(pid=80707) stat_writer /usr/local/lib/python3.8/dist-packages/dbcounter.py:114}}
Jun 23 15:29:34.498547 dv-neutron-835638-13-hyperv devstack@keystone.service[80706]: DEBUG keystone.common.rbac_enforcer.enforcer [None req-c0dd5562-0c81-49d1-8647-8718edb4ec3b None admin] RBAC: Authorizing `identity:validate_token()` {{(pid=80706) enforce_call /opt/stack/keystone/keystone/common/rbac_enforcer/enforcer.py:449}}
Jun 23 15:29:34.501143 dv-neutron-835638-13-hyperv devstack@keystone.service[80706]: DEBUG keystone.common.rbac_enforcer.enforcer [None req-c0dd5562-0c81-49d1-8647-8718edb4ec3b None admin] RBAC: Authorization granted {{(pid=80706) enforce_call /opt/stack/keystone/keystone/common/rbac_enforcer/enforcer.py:457}}
Jun 23 15:29:34.502716 dv-neutron-835638-13-hyperv devstack@keystone.service[80707]: DEBUG keystone.server.flask.request_processing.middleware.auth_context [None req-769240cb-ed2e-4837-81cf-706e315385f0 None admin] Validating token access rules against request {{(pid=80707) validate_allowed_request /usr/local/lib/python3.8/dist-packages/keystonemiddleware/auth_token/__init__.py:545}}
Jun 23 15:29:34.547866 dv-neutron-835638-13-hyperv devstack@keystone.service[80707]: DEBUG keystone.server.flask.request_processing.middleware.auth_context [None req-b216ccce-5c49-4fb8-a844-55ce45b371f4 None admin] RBAC: auth_context: {'token': , 'domain_id': None, 'trust_id': None, 'trustor_id': None, 'trustee_id': None, 'domain_name': None, 'group_ids': [], 'user_id': '27cb12d8cba0478890e38b8c38fe311e', 'user_domain_id': 'default', 'system_scope': 'all', 'project_id': None, 'project_domain_id': None, 'roles': ['admin', 'member', 'reader'], 'is_admin_project': True, 'service_user_id': None, 'service_user_domain_id': None, 'service_project_id': None, 'service_project_domain_id': None, 'service_roles': []} {{(pid=80707) fill_context /opt/stack/keystone/keystone/server/flask/request_processing/middleware/auth_context.py:478}}
Jun 23 15:29:34.548851 dv-neutron-835638-13-hyperv devstack@keystone.service[80707]: DEBUG keystone.server.flask.request_processing.req_logging [None req-b216ccce-5c49-4fb8-a844-55ce45b371f4 None admin] REQUEST_METHOD: `GET` {{(pid=80707) log_request_info /opt/stack/keystone/keystone/server/flask/request_processing/req_logging.py:27}}
Jun 23 15:29:34.549300 dv-neutron-835638-13-hyperv devstack@keystone.service[80707]: DEBUG keystone.server.flask.request_processing.req_logging [None req-b216ccce-5c49-4fb8-a844-55ce45b371f4 None admin] SCRIPT_NAME: `/identity` {{(pid=80707) log_request_info /opt/stack/keystone/keystone/server/flask/request_processing/req_logging.py:28}}
Jun 23 15:29:34.550212 dv-neutron-835638-13-hyperv devstack@keystone.service[80707]: DEBUG keystone.server.flask.request_processing.req_logging [None req-b216ccce-5c49-4fb8-a844-55ce45b371f4 None admin] PATH_INFO: `/v3/roles` {{(pid=80707) log_request_info /opt/stack/keystone/keystone/server/flask/request_processing/req_logging.py:29}}
Jun 23 15:29:34.551109 dv-neutron-835638-13-hyperv devstack@keystone.service[80707]: DEBUG keystone.common.rbac_enforcer.enforcer [None req-b216ccce-5c49-4fb8-a844-55ce45b371f4 None admin] RBAC: Adding query filter params (name=reader) {{(pid=80707) _extract_filter_values /opt/stack/keystone/keystone/common/rbac_enforcer/enforcer.py:167}}
Jun 23 15:29:34.551554 dv-neutron-835638-13-hyperv devstack@keystone.service[80707]: DEBUG keystone.common.rbac_enforcer.enforcer [None req-b216ccce-5c49-4fb8-a844-55ce45b371f4 None admin] RBAC: Authorizing `identity:list_roles()` {{(pid=80707) enforce_call /opt/stack/keystone/keystone/common/rbac_enforcer/enforcer.py:449}}
Jun 23 15:29:34.553956 dv-neutron-835638-13-hyperv devstack@keystone.service[80707]: DEBUG keystone.common.rbac_enforcer.enforcer [None req-b216ccce-5c49-4fb8-a844-55ce45b371f4 None admin] RBAC: Authorization granted {{(pid=80707) enforce_call /opt/stack/keystone/keystone/common/rbac_enforcer/enforcer.py:457}}
Jun 23 15:29:34.565714 dv-neutron-835638-13-hyperv devstack@keystone.service[80707]: [pid: 80707|app: 0|req: 100/200] 10.222.0.27 () {56 vars in 1101 bytes} [Thu Jun 23 15:29:34 2022] GET /identity/v3/roles?name=reader => generated 341 bytes in 167 msecs (HTTP/1.1 200) 5 headers in 177 bytes (1 switches on core 0)
Jun 23 15:29:34.567151 dv-neutron-835638-13-hyperv devstack@keystone.service[80707]: DEBUG keystone.server.flask.request_processing.middleware.auth_context [None req-b216ccce-5c49-4fb8-a844-55ce45b371f4 None admin] Authenticating user token {{(pid=80707) process_request /usr/local/lib/python3.8/dist-packages/keystonemiddleware/auth_token/__init__.py:407}}
Jun 23 15:29:34.618023 dv-neutron-835638-13-hyperv devstack@keystone.service[80706]: DEBUG dbcounter [-] [80706] Writing DB stats keystone:SELECT=100 {{(pid=80706) stat_writer /usr/local/lib/python3.8/dist-packages/dbcounter.py:114}}
Jun 23 15:29:34.635471 dv-neutron-835638-13-hyperv devstack@keystone.service[80706]: [pid: 80706|app: 0|req: 101/201] 10.222.0.27 () {58 vars in 1282 bytes} [Thu Jun 23 15:29:34 2022] GET /identity/v3/auth/tokens => generated 799 bytes in 399 msecs (HTTP/1.1 200) 6 headers in 358 bytes (1 switches on core 0)
Jun 23 15:29:34.636652 dv-neutron-835638-13-hyperv devstack@keystone.service[80706]: DEBUG keystone.server.flask.request_processing.middleware.auth_context [None req-c0dd5562-0c81-49d1-8647-8718edb4ec3b None admin] Authenticating user token {{(pid=80706) process_request /usr/local/lib/python3.8/dist-packages/keystonemiddleware/auth_token/__init__.py:407}}
Jun 23 15:29:34.691735 dv-neutron-835638-13-hyperv devstack@keystone.service[80707]: DEBUG keystone.server.flask.request_processing.middleware.auth_context [None req-b216ccce-5c49-4fb8-a844-55ce45b371f4 None admin] Validating token access rules against request {{(pid=80707) validate_allowed_request /usr/local/lib/python3.8/dist-packages/keystonemiddleware/auth_token/__init__.py:545}}
Jun 23 15:29:34.728908 dv-neutron-835638-13-hyperv devstack@keystone.service[80707]: DEBUG keystone.server.flask.request_processing.middleware.auth_context [None req-c40a5f58-fe2b-45e4-a1bc-3e5291ba35c6 None admin] RBAC: auth_context: {'token': , 'domain_id': None, 'trust_id': None, 'trustor_id': None, 'trustee_id': None, 'domain_name': None, 'group_ids': [], 'user_id': '27cb12d8cba0478890e38b8c38fe311e', 'user_domain_id': 'default', 'system_scope': 'all', 'project_id': None, 'project_domain_id': None, 'roles': ['admin', 'member', 'reader'], 'is_admin_project': True, 'service_user_id': None, 'service_user_domain_id': None, 'service_project_id': None, 'service_project_domain_id': None, 'service_roles': []} {{(pid=80707) fill_context /opt/stack/keystone/keystone/server/flask/request_processing/middleware/auth_context.py:478}}
Jun 23 15:29:34.729910 dv-neutron-835638-13-hyperv devstack@keystone.service[80707]: DEBUG keystone.server.flask.request_processing.req_logging [None req-c40a5f58-fe2b-45e4-a1bc-3e5291ba35c6 None admin] REQUEST_METHOD: `GET` {{(pid=80707) log_request_info /opt/stack/keystone/keystone/server/flask/request_processing/req_logging.py:27}}
Jun 23 15:29:34.730435 dv-neutron-835638-13-hyperv devstack@keystone.service[80707]: DEBUG keystone.server.flask.request_processing.req_logging [None req-c40a5f58-fe2b-45e4-a1bc-3e5291ba35c6 None admin] SCRIPT_NAME: `/identity` {{(pid=80707) log_request_info /opt/stack/keystone/keystone/server/flask/request_processing/req_logging.py:28}}
Jun 23 15:29:34.730933 dv-neutron-835638-13-hyperv devstack@keystone.service[80707]: DEBUG keystone.server.flask.request_processing.req_logging [None req-c40a5f58-fe2b-45e4-a1bc-3e5291ba35c6 None admin] PATH_INFO: `/v3/role_assignments` {{(pid=80707) log_request_info /opt/stack/keystone/keystone/server/flask/request_processing/req_logging.py:29}}
Jun 23 15:29:34.732023 dv-neutron-835638-13-hyperv devstack@keystone.service[80707]: DEBUG keystone.common.rbac_enforcer.enforcer [None req-c40a5f58-fe2b-45e4-a1bc-3e5291ba35c6 None admin] RBAC: Adding query filter params (role.id=5d993ce13c214b9ca0145283bc07a438, scope.project.id=13a17973a62048e7b6ba4d3a698719e5, user.id=9de5f353546c41c59f9659633902969a) {{(pid=80707) _extract_filter_values /opt/stack/keystone/keystone/common/rbac_enforcer/enforcer.py:167}}
Jun 23 15:29:34.732525 dv-neutron-835638-13-hyperv devstack@keystone.service[80707]: DEBUG keystone.common.rbac_enforcer.enforcer [None req-c40a5f58-fe2b-45e4-a1bc-3e5291ba35c6 None admin] RBAC: Authorizing `identity:list_role_assignments()` {{(pid=80707) enforce_call /opt/stack/keystone/keystone/common/rbac_enforcer/enforcer.py:449}}
Jun 23 15:29:34.734213 dv-neutron-835638-13-hyperv devstack@keystone.service[80707]: DEBUG keystone.common.rbac_enforcer.enforcer [None req-c40a5f58-fe2b-45e4-a1bc-3e5291ba35c6 None admin] RBAC: Authorization granted {{(pid=80707) enforce_call /opt/stack/keystone/keystone/common/rbac_enforcer/enforcer.py:457}}
Jun 23 15:29:34.740618 dv-neutron-835638-13-hyperv devstack@keystone.service[80707]: [pid: 80707|app: 0|req: 101/202] 10.222.0.27 () {56 vars in 1374 bytes} [Thu Jun 23 15:29:34 2022] GET /identity/v3/role_assignments?user.id=9de5f353546c41c59f9659633902969a&scope.project.id=13a17973a62048e7b6ba4d3a698719e5&role.id=5d993ce13c214b9ca0145283bc07a438 => generated 259 bytes in 174 msecs (HTTP/1.1 200) 5 headers in 177 bytes (1 switches on core 0)
Jun 23 15:29:34.741647 dv-neutron-835638-13-hyperv devstack@keystone.service[80707]: DEBUG keystone.server.flask.request_processing.middleware.auth_context [None req-c40a5f58-fe2b-45e4-a1bc-3e5291ba35c6 None admin] Authenticating user token {{(pid=80707) process_request /usr/local/lib/python3.8/dist-packages/keystonemiddleware/auth_token/__init__.py:407}}
Jun 23 15:29:34.744468 dv-neutron-835638-13-hyperv devstack@keystone.service[80707]: DEBUG dbcounter [-] [80707] Writing DB stats keystone:SELECT=100 {{(pid=80707) stat_writer /usr/local/lib/python3.8/dist-packages/dbcounter.py:114}}
Jun 23 15:29:34.768211 dv-neutron-835638-13-hyperv devstack@keystone.service[80706]: DEBUG keystone.server.flask.request_processing.middleware.auth_context [None req-c0dd5562-0c81-49d1-8647-8718edb4ec3b None admin] Validating token access rules against request {{(pid=80706) validate_allowed_request /usr/local/lib/python3.8/dist-packages/keystonemiddleware/auth_token/__init__.py:545}}
Jun 23 15:29:34.848695 dv-neutron-835638-13-hyperv devstack@keystone.service[80706]: DEBUG keystone.server.flask.request_processing.middleware.auth_context [None req-8516fa95-fb5e-4994-9c23-1d54c5d7e673 None admin] RBAC: auth_context: {'token': , 'domain_id': None, 'trust_id': None, 'trustor_id': None, 'trustee_id': None, 'domain_name': None, 'group_ids': [], 'user_id': '27cb12d8cba0478890e38b8c38fe311e', 'user_domain_id': 'default', 'system_scope': 'all', 'project_id': None, 'project_domain_id': None, 'roles': ['admin', 'member', 'reader'], 'is_admin_project': True, 'service_user_id': None, 'service_user_domain_id': None, 'service_project_id': None, 'service_project_domain_id': None, 'service_roles': []} {{(pid=80706) fill_context /opt/stack/keystone/keystone/server/flask/request_processing/middleware/auth_context.py:478}}
Jun 23 15:29:34.850061 dv-neutron-835638-13-hyperv devstack@keystone.service[80706]: DEBUG keystone.server.flask.request_processing.req_logging [None req-8516fa95-fb5e-4994-9c23-1d54c5d7e673 None admin] REQUEST_METHOD: `GET` {{(pid=80706) log_request_info /opt/stack/keystone/keystone/server/flask/request_processing/req_logging.py:27}}
Jun 23 15:29:34.850538 dv-neutron-835638-13-hyperv devstack@keystone.service[80706]: DEBUG keystone.server.flask.request_processing.req_logging [None req-8516fa95-fb5e-4994-9c23-1d54c5d7e673 None admin] SCRIPT_NAME: `/identity` {{(pid=80706) log_request_info /opt/stack/keystone/keystone/server/flask/request_processing/req_logging.py:28}}
Jun 23 15:29:34.851016 dv-neutron-835638-13-hyperv devstack@keystone.service[80706]: DEBUG keystone.server.flask.request_processing.req_logging [None req-8516fa95-fb5e-4994-9c23-1d54c5d7e673 None admin] PATH_INFO: `/v3/users/0f04001d02554eb68199215940858bac` {{(pid=80706) log_request_info /opt/stack/keystone/keystone/server/flask/request_processing/req_logging.py:29}}
Jun 23 15:29:34.854454 dv-neutron-835638-13-hyperv devstack@keystone.service[80706]: DEBUG keystone.common.rbac_enforcer.enforcer [None req-8516fa95-fb5e-4994-9c23-1d54c5d7e673 None admin] RBAC: Authorizing `identity:get_user(user_id=0f04001d02554eb68199215940858bac)` {{(pid=80706) enforce_call /opt/stack/keystone/keystone/common/rbac_enforcer/enforcer.py:449}}
Jun 23 15:29:34.856237 dv-neutron-835638-13-hyperv devstack@keystone.service[80706]: DEBUG keystone.common.rbac_enforcer.enforcer [None req-8516fa95-fb5e-4994-9c23-1d54c5d7e673 None admin] RBAC: Authorization granted {{(pid=80706) enforce_call /opt/stack/keystone/keystone/common/rbac_enforcer/enforcer.py:457}}
Jun 23 15:29:34.859779 dv-neutron-835638-13-hyperv devstack@keystone.service[80706]: [pid: 80706|app: 0|req: 102/203] 10.222.0.27 () {56 vars in 1177 bytes} [Thu Jun 23 15:29:34 2022] GET /identity/v3/users/0f04001d02554eb68199215940858bac => generated 289 bytes in 223 msecs (HTTP/1.1 200) 5 headers in 177 bytes (1 switches on core 0)
Jun 23 15:29:34.865660 dv-neutron-835638-13-hyperv devstack@keystone.service[80706]: DEBUG keystone.server.flask.request_processing.middleware.auth_context [None req-8516fa95-fb5e-4994-9c23-1d54c5d7e673 None admin] Authenticating user token {{(pid=80706) process_request /usr/local/lib/python3.8/dist-packages/keystonemiddleware/auth_token/__init__.py:407}}
Jun 23 15:29:34.950673 dv-neutron-835638-13-hyperv devstack@keystone.service[80707]: DEBUG keystone.server.flask.request_processing.middleware.auth_context [None req-c40a5f58-fe2b-45e4-a1bc-3e5291ba35c6 None admin] Validating token access rules against request {{(pid=80707) validate_allowed_request /usr/local/lib/python3.8/dist-packages/keystonemiddleware/auth_token/__init__.py:545}}
Jun 23 15:29:34.989273 dv-neutron-835638-13-hyperv devstack@keystone.service[80706]: DEBUG dbcounter [-] [80706] Writing DB stats keystone:SELECT=100 {{(pid=80706) stat_writer /usr/local/lib/python3.8/dist-packages/dbcounter.py:114}}
Jun 23 15:29:35.018293 dv-neutron-835638-13-hyperv devstack@keystone.service[80707]: DEBUG keystone.server.flask.request_processing.middleware.auth_context [None req-ac231b5b-415a-4702-99b1-232d9c48f692 None admin] RBAC: auth_context: {'token': , 'domain_id': None, 'trust_id': None, 'trustor_id': None, 'trustee_id': None, 'domain_name': None, 'group_ids': [], 'user_id': '27cb12d8cba0478890e38b8c38fe311e', 'user_domain_id': 'default', 'system_scope': 'all', 'project_id': None, 'project_domain_id': None, 'roles': ['admin', 'member', 'reader'], 'is_admin_project': True, 'service_user_id': None, 'service_user_domain_id': None, 'service_project_id': None, 'service_project_domain_id': None, 'service_roles': []} {{(pid=80707) fill_context /opt/stack/keystone/keystone/server/flask/request_processing/middleware/auth_context.py:478}}
Jun 23 15:29:35.019569 dv-neutron-835638-13-hyperv devstack@keystone.service[80707]: DEBUG keystone.server.flask.request_processing.req_logging [None req-ac231b5b-415a-4702-99b1-232d9c48f692 None admin] REQUEST_METHOD: `GET` {{(pid=80707) log_request_info /opt/stack/keystone/keystone/server/flask/request_processing/req_logging.py:27}}
Jun 23 15:29:35.020046 dv-neutron-835638-13-hyperv devstack@keystone.service[80707]: DEBUG keystone.server.flask.request_processing.req_logging [None req-ac231b5b-415a-4702-99b1-232d9c48f692 None admin] SCRIPT_NAME: `/identity` {{(pid=80707) log_request_info /opt/stack/keystone/keystone/server/flask/request_processing/req_logging.py:28}}
Jun 23 15:29:35.020514 dv-neutron-835638-13-hyperv devstack@keystone.service[80707]: DEBUG keystone.server.flask.request_processing.req_logging [None req-ac231b5b-415a-4702-99b1-232d9c48f692 None admin] PATH_INFO: `/v3/projects/13a17973a62048e7b6ba4d3a698719e5` {{(pid=80707) log_request_info /opt/stack/keystone/keystone/server/flask/request_processing/req_logging.py:29}}
Jun 23 15:29:35.022941 dv-neutron-835638-13-hyperv devstack@keystone.service[80707]: DEBUG keystone.common.rbac_enforcer.enforcer [None req-ac231b5b-415a-4702-99b1-232d9c48f692 None admin] RBAC: Authorizing `identity:get_project(project_id=13a17973a62048e7b6ba4d3a698719e5)` {{(pid=80707) enforce_call /opt/stack/keystone/keystone/common/rbac_enforcer/enforcer.py:449}}
Jun 23 15:29:35.025370 dv-neutron-835638-13-hyperv devstack@keystone.service[80707]: DEBUG keystone.common.rbac_enforcer.enforcer [None req-ac231b5b-415a-4702-99b1-232d9c48f692 None admin] RBAC: Authorization granted {{(pid=80707) enforce_call /opt/stack/keystone/keystone/common/rbac_enforcer/enforcer.py:457}}
Jun 23 15:29:35.029738 dv-neutron-835638-13-hyperv devstack@keystone.service[80707]: [pid: 80707|app: 0|req: 102/204] 10.222.0.27 () {56 vars in 1186 bytes} [Thu Jun 23 15:29:34 2022] GET /identity/v3/projects/13a17973a62048e7b6ba4d3a698719e5 => generated 302 bytes in 288 msecs (HTTP/1.1 200) 5 headers in 177 bytes (1 switches on core 0)
Jun 23 15:29:35.035870 dv-neutron-835638-13-hyperv devstack@keystone.service[80707]: DEBUG keystone.server.flask.request_processing.middleware.auth_context [None req-ac231b5b-415a-4702-99b1-232d9c48f692 None admin] Authenticating user token {{(pid=80707) process_request /usr/local/lib/python3.8/dist-packages/keystonemiddleware/auth_token/__init__.py:407}}
Jun 23 15:29:35.065138 dv-neutron-835638-13-hyperv devstack@keystone.service[80706]: DEBUG keystone.server.flask.request_processing.middleware.auth_context [None req-8516fa95-fb5e-4994-9c23-1d54c5d7e673 None admin] Validating token access rules against request {{(pid=80706) validate_allowed_request /usr/local/lib/python3.8/dist-packages/keystonemiddleware/auth_token/__init__.py:545}}
Jun 23 15:29:35.123901 dv-neutron-835638-13-hyperv devstack@keystone.service[80707]: DEBUG dbcounter [-] [80707] Writing DB stats keystone:SELECT=100 {{(pid=80707) stat_writer /usr/local/lib/python3.8/dist-packages/dbcounter.py:114}}
Jun 23 15:29:35.154098 dv-neutron-835638-13-hyperv devstack@keystone.service[80706]: DEBUG keystone.server.flask.request_processing.middleware.auth_context [None req-c7944865-fb02-406c-a946-48e3d36d7595 None admin] RBAC: auth_context: {'token': , 'domain_id': None, 'trust_id': None, 'trustor_id': None, 'trustee_id': None, 'domain_name': None, 'group_ids': [], 'user_id': '27cb12d8cba0478890e38b8c38fe311e', 'user_domain_id': 'default', 'system_scope': 'all', 'project_id': None, 'project_domain_id': None, 'roles': ['admin', 'member', 'reader'], 'is_admin_project': True, 'service_user_id': None, 'service_user_domain_id': None, 'service_project_id': None, 'service_project_domain_id': None, 'service_roles': []} {{(pid=80706) fill_context /opt/stack/keystone/keystone/server/flask/request_processing/middleware/auth_context.py:478}}
Jun 23 15:29:35.154770 dv-neutron-835638-13-hyperv devstack@keystone.service[80706]: DEBUG keystone.server.flask.request_processing.req_logging [None req-c7944865-fb02-406c-a946-48e3d36d7595 None admin] REQUEST_METHOD: `GET` {{(pid=80706) log_request_info /opt/stack/keystone/keystone/server/flask/request_processing/req_logging.py:27}}
Jun 23 15:29:35.155058 dv-neutron-835638-13-hyperv devstack@keystone.service[80706]: DEBUG keystone.server.flask.request_processing.req_logging [None req-c7944865-fb02-406c-a946-48e3d36d7595 None admin] SCRIPT_NAME: `/identity` {{(pid=80706) log_request_info /opt/stack/keystone/keystone/server/flask/request_processing/req_logging.py:28}}
Jun 23 15:29:35.155337 dv-neutron-835638-13-hyperv devstack@keystone.service[80706]: DEBUG keystone.server.flask.request_processing.req_logging [None req-c7944865-fb02-406c-a946-48e3d36d7595 None admin] PATH_INFO: `/v3/auth/tokens` {{(pid=80706) log_request_info /opt/stack/keystone/keystone/server/flask/request_processing/req_logging.py:29}}
Jun 23 15:29:35.163476 dv-neutron-835638-13-hyperv devstack@keystone.service[80707]: DEBUG keystone.server.flask.request_processing.middleware.auth_context [None req-ac231b5b-415a-4702-99b1-232d9c48f692 None admin] Validating token access rules against request {{(pid=80707) validate_allowed_request /usr/local/lib/python3.8/dist-packages/keystonemiddleware/auth_token/__init__.py:545}}
Jun 23 15:29:35.209449 dv-neutron-835638-13-hyperv devstack@keystone.service[80707]: DEBUG keystone.server.flask.request_processing.middleware.auth_context [None req-76bc7999-5427-4db4-9510-33d48cddf578 None admin] RBAC: auth_context: {'token': , 'domain_id': None, 'trust_id': None, 'trustor_id': None, 'trustee_id': None, 'domain_name': None, 'group_ids': [], 'user_id': '27cb12d8cba0478890e38b8c38fe311e', 'user_domain_id': 'default', 'system_scope': 'all', 'project_id': None, 'project_domain_id': None, 'roles': ['admin', 'member', 'reader'], 'is_admin_project': True, 'service_user_id': None, 'service_user_domain_id': None, 'service_project_id': None, 'service_project_domain_id': None, 'service_roles': []} {{(pid=80707) fill_context /opt/stack/keystone/keystone/server/flask/request_processing/middleware/auth_context.py:478}}
Jun 23 15:29:35.210126 dv-neutron-835638-13-hyperv devstack@keystone.service[80707]: DEBUG keystone.server.flask.request_processing.req_logging [None req-76bc7999-5427-4db4-9510-33d48cddf578 None admin] REQUEST_METHOD: `GET` {{(pid=80707) log_request_info /opt/stack/keystone/keystone/server/flask/request_processing/req_logging.py:27}}
Jun 23 15:29:35.210415 dv-neutron-835638-13-hyperv devstack@keystone.service[80707]: DEBUG keystone.server.flask.request_processing.req_logging [None req-76bc7999-5427-4db4-9510-33d48cddf578 None admin] SCRIPT_NAME: `/identity` {{(pid=80707) log_request_info /opt/stack/keystone/keystone/server/flask/request_processing/req_logging.py:28}}
Jun 23 15:29:35.210696 dv-neutron-835638-13-hyperv devstack@keystone.service[80707]: DEBUG keystone.server.flask.request_processing.req_logging [None req-76bc7999-5427-4db4-9510-33d48cddf578 None admin] PATH_INFO: `/v3/role_assignments` {{(pid=80707) log_request_info /opt/stack/keystone/keystone/server/flask/request_processing/req_logging.py:29}}
Jun 23 15:29:35.211550 dv-neutron-835638-13-hyperv devstack@keystone.service[80707]: DEBUG keystone.common.rbac_enforcer.enforcer [None req-76bc7999-5427-4db4-9510-33d48cddf578 None admin] RBAC: Adding query filter params (role.id=c7286203eec94128b22a0d36a79899f7, scope.project.id=13a17973a62048e7b6ba4d3a698719e5, user.id=9de5f353546c41c59f9659633902969a) {{(pid=80707) _extract_filter_values /opt/stack/keystone/keystone/common/rbac_enforcer/enforcer.py:167}}
Jun 23 15:29:35.211874 dv-neutron-835638-13-hyperv devstack@keystone.service[80707]: DEBUG keystone.common.rbac_enforcer.enforcer [None req-76bc7999-5427-4db4-9510-33d48cddf578 None admin] RBAC: Authorizing `identity:list_role_assignments()` {{(pid=80707) enforce_call /opt/stack/keystone/keystone/common/rbac_enforcer/enforcer.py:449}}
Jun 23 15:29:35.213379 dv-neutron-835638-13-hyperv devstack@keystone.service[80707]: DEBUG keystone.common.rbac_enforcer.enforcer [None req-76bc7999-5427-4db4-9510-33d48cddf578 None admin] RBAC: Authorization granted {{(pid=80707) enforce_call /opt/stack/keystone/keystone/common/rbac_enforcer/enforcer.py:457}}
Jun 23 15:29:35.227100 dv-neutron-835638-13-hyperv devstack@keystone.service[80707]: [pid: 80707|app: 0|req: 103/205] 10.222.0.27 () {56 vars in 1374 bytes} [Thu Jun 23 15:29:35 2022] GET /identity/v3/role_assignments?user.id=9de5f353546c41c59f9659633902969a&scope.project.id=13a17973a62048e7b6ba4d3a698719e5&role.id=c7286203eec94128b22a0d36a79899f7 => generated 259 bytes in 191 msecs (HTTP/1.1 200) 5 headers in 177 bytes (2 switches on core 0)
Jun 23 15:29:35.301389 dv-neutron-835638-13-hyperv devstack@keystone.service[80706]: DEBUG keystone.common.rbac_enforcer.enforcer [None req-c7944865-fb02-406c-a946-48e3d36d7595 None admin] RBAC: Authorizing `identity:validate_token()` {{(pid=80706) enforce_call /opt/stack/keystone/keystone/common/rbac_enforcer/enforcer.py:449}}
Jun 23 15:29:35.302993 dv-neutron-835638-13-hyperv devstack@keystone.service[80706]: DEBUG keystone.common.rbac_enforcer.enforcer [None req-c7944865-fb02-406c-a946-48e3d36d7595 None admin] RBAC: Authorization granted {{(pid=80706) enforce_call /opt/stack/keystone/keystone/common/rbac_enforcer/enforcer.py:457}}
Jun 23 15:29:35.395044 dv-neutron-835638-13-hyperv devstack@keystone.service[80706]: DEBUG dbcounter [-] [80706] Writing DB stats keystone:SELECT=100 {{(pid=80706) stat_writer /usr/local/lib/python3.8/dist-packages/dbcounter.py:114}}
Jun 23 15:29:35.454480 dv-neutron-835638-13-hyperv devstack@keystone.service[80706]: [pid: 80706|app: 0|req: 103/206] 10.222.0.27 () {58 vars in 1282 bytes} [Thu Jun 23 15:29:34 2022] GET /identity/v3/auth/tokens => generated 799 bytes in 589 msecs (HTTP/1.1 200) 6 headers in 358 bytes (1 switches on core 0)
Jun 23 15:29:35.460410 dv-neutron-835638-13-hyperv devstack@keystone.service[80707]: DEBUG keystone.server.flask.request_processing.middleware.auth_context [None req-76bc7999-5427-4db4-9510-33d48cddf578 None admin] Authenticating user token {{(pid=80707) process_request /usr/local/lib/python3.8/dist-packages/keystonemiddleware/auth_token/__init__.py:407}}
Jun 23 15:29:35.606517 dv-neutron-835638-13-hyperv devstack@keystone.service[80707]: DEBUG keystone.server.flask.request_processing.middleware.auth_context [None req-76bc7999-5427-4db4-9510-33d48cddf578 None admin] Validating token access rules against request {{(pid=80707) validate_allowed_request /usr/local/lib/python3.8/dist-packages/keystonemiddleware/auth_token/__init__.py:545}}
Jun 23 15:29:35.662592 dv-neutron-835638-13-hyperv devstack@keystone.service[80707]: DEBUG keystone.server.flask.request_processing.middleware.auth_context [None req-aafec71b-a731-4d5a-a6ad-5bb8d7896e06 None admin] RBAC: auth_context: {'token': , 'domain_id': None, 'trust_id': None, 'trustor_id': None, 'trustee_id': None, 'domain_name': None, 'group_ids': [], 'user_id': '27cb12d8cba0478890e38b8c38fe311e', 'user_domain_id': 'default', 'system_scope': 'all', 'project_id': None, 'project_domain_id': None, 'roles': ['admin', 'member', 'reader'], 'is_admin_project': True, 'service_user_id': None, 'service_user_domain_id': None, 'service_project_id': None, 'service_project_domain_id': None, 'service_roles': []} {{(pid=80707) fill_context /opt/stack/keystone/keystone/server/flask/request_processing/middleware/auth_context.py:478}}
Jun 23 15:29:35.663783 dv-neutron-835638-13-hyperv devstack@keystone.service[80707]: DEBUG keystone.server.flask.request_processing.req_logging [None req-aafec71b-a731-4d5a-a6ad-5bb8d7896e06 None admin] REQUEST_METHOD: `GET` {{(pid=80707) log_request_info /opt/stack/keystone/keystone/server/flask/request_processing/req_logging.py:27}}
Jun 23 15:29:35.664259 dv-neutron-835638-13-hyperv devstack@keystone.service[80707]: DEBUG keystone.server.flask.request_processing.req_logging [None req-aafec71b-a731-4d5a-a6ad-5bb8d7896e06 None admin] SCRIPT_NAME: `/identity` {{(pid=80707) log_request_info /opt/stack/keystone/keystone/server/flask/request_processing/req_logging.py:28}}
Jun 23 15:29:35.664721 dv-neutron-835638-13-hyperv devstack@keystone.service[80707]: DEBUG keystone.server.flask.request_processing.req_logging [None req-aafec71b-a731-4d5a-a6ad-5bb8d7896e06 None admin] PATH_INFO: `/v3/projects/06a934eb93da4e67ae3a4ea1fdb7b2f3` {{(pid=80707) log_request_info /opt/stack/keystone/keystone/server/flask/request_processing/req_logging.py:29}}
Jun 23 15:29:35.669541 dv-neutron-835638-13-hyperv devstack@keystone.service[80707]: DEBUG keystone.common.rbac_enforcer.enforcer [None req-aafec71b-a731-4d5a-a6ad-5bb8d7896e06 None admin] RBAC: Authorizing `identity:get_project(project_id=06a934eb93da4e67ae3a4ea1fdb7b2f3)` {{(pid=80707) enforce_call /opt/stack/keystone/keystone/common/rbac_enforcer/enforcer.py:449}}
Jun 23 15:29:35.671259 dv-neutron-835638-13-hyperv devstack@keystone.service[80707]: DEBUG keystone.common.rbac_enforcer.enforcer [None req-aafec71b-a731-4d5a-a6ad-5bb8d7896e06 None admin] RBAC: Authorization granted {{(pid=80707) enforce_call /opt/stack/keystone/keystone/common/rbac_enforcer/enforcer.py:457}}
Jun 23 15:29:35.673290 dv-neutron-835638-13-hyperv devstack@keystone.service[80707]: [pid: 80707|app: 0|req: 104/207] 10.222.0.27 () {56 vars in 1186 bytes} [Thu Jun 23 15:29:35 2022] GET /identity/v3/projects/06a934eb93da4e67ae3a4ea1fdb7b2f3 => generated 298 bytes in 213 msecs (HTTP/1.1 200) 5 headers in 177 bytes (1 switches on core 0)
Jun 23 15:29:35.679108 dv-neutron-835638-13-hyperv devstack@keystone.service[80706]: DEBUG keystone.server.flask.request_processing.middleware.auth_context [None req-c7944865-fb02-406c-a946-48e3d36d7595 None admin] Authenticating user token {{(pid=80706) process_request /usr/local/lib/python3.8/dist-packages/keystonemiddleware/auth_token/__init__.py:407}}
Jun 23 15:29:35.795313 dv-neutron-835638-13-hyperv devstack@keystone.service[80706]: DEBUG keystone.server.flask.request_processing.middleware.auth_context [None req-c7944865-fb02-406c-a946-48e3d36d7595 None admin] Validating token access rules against request {{(pid=80706) validate_allowed_request /usr/local/lib/python3.8/dist-packages/keystonemiddleware/auth_token/__init__.py:545}}
Jun 23 15:29:35.835286 dv-neutron-835638-13-hyperv devstack@keystone.service[80706]: DEBUG keystone.server.flask.request_processing.middleware.auth_context [None req-a3beda2e-c551-4741-836e-ca4c56455064 None admin] RBAC: auth_context: {'token': , 'domain_id': None, 'trust_id': None, 'trustor_id': None, 'trustee_id': None, 'domain_name': None, 'group_ids': [], 'user_id': '27cb12d8cba0478890e38b8c38fe311e', 'user_domain_id': 'default', 'system_scope': 'all', 'project_id': None, 'project_domain_id': None, 'roles': ['admin', 'member', 'reader'], 'is_admin_project': True, 'service_user_id': None, 'service_user_domain_id': None, 'service_project_id': None, 'service_project_domain_id': None, 'service_roles': []} {{(pid=80706) fill_context /opt/stack/keystone/keystone/server/flask/request_processing/middleware/auth_context.py:478}}
Jun 23 15:29:35.835963 dv-neutron-835638-13-hyperv devstack@keystone.service[80706]: DEBUG keystone.server.flask.request_processing.req_logging [None req-a3beda2e-c551-4741-836e-ca4c56455064 None admin] REQUEST_METHOD: `GET` {{(pid=80706) log_request_info /opt/stack/keystone/keystone/server/flask/request_processing/req_logging.py:27}}
Jun 23 15:29:35.836251 dv-neutron-835638-13-hyperv devstack@keystone.service[80706]: DEBUG keystone.server.flask.request_processing.req_logging [None req-a3beda2e-c551-4741-836e-ca4c56455064 None admin] SCRIPT_NAME: `/identity` {{(pid=80706) log_request_info /opt/stack/keystone/keystone/server/flask/request_processing/req_logging.py:28}}
Jun 23 15:29:35.836532 dv-neutron-835638-13-hyperv devstack@keystone.service[80706]: DEBUG keystone.server.flask.request_processing.req_logging [None req-a3beda2e-c551-4741-836e-ca4c56455064 None admin] PATH_INFO: `/v3/role_assignments` {{(pid=80706) log_request_info /opt/stack/keystone/keystone/server/flask/request_processing/req_logging.py:29}}
Jun 23 15:29:35.837423 dv-neutron-835638-13-hyperv devstack@keystone.service[80706]: DEBUG keystone.common.rbac_enforcer.enforcer [None req-a3beda2e-c551-4741-836e-ca4c56455064 None admin] RBAC: Adding query filter params (role.id=f5929125f13443648efa1215aa7f6307, scope.project.id=06a934eb93da4e67ae3a4ea1fdb7b2f3, user.id=0f04001d02554eb68199215940858bac) {{(pid=80706) _extract_filter_values /opt/stack/keystone/keystone/common/rbac_enforcer/enforcer.py:167}}
Jun 23 15:29:35.837735 dv-neutron-835638-13-hyperv devstack@keystone.service[80706]: DEBUG keystone.common.rbac_enforcer.enforcer [None req-a3beda2e-c551-4741-836e-ca4c56455064 None admin] RBAC: Authorizing `identity:list_role_assignments()` {{(pid=80706) enforce_call /opt/stack/keystone/keystone/common/rbac_enforcer/enforcer.py:449}}
Jun 23 15:29:35.839208 dv-neutron-835638-13-hyperv devstack@keystone.service[80706]: DEBUG keystone.common.rbac_enforcer.enforcer [None req-a3beda2e-c551-4741-836e-ca4c56455064 None admin] RBAC: Authorization granted {{(pid=80706) enforce_call /opt/stack/keystone/keystone/common/rbac_enforcer/enforcer.py:457}}
Jun 23 15:29:35.845637 dv-neutron-835638-13-hyperv devstack@keystone.service[80706]: [pid: 80706|app: 0|req: 104/208] 10.222.0.27 () {56 vars in 1374 bytes} [Thu Jun 23 15:29:35 2022] GET /identity/v3/role_assignments?user.id=0f04001d02554eb68199215940858bac&scope.project.id=06a934eb93da4e67ae3a4ea1fdb7b2f3&role.id=f5929125f13443648efa1215aa7f6307 => generated 608 bytes in 167 msecs (HTTP/1.1 200) 5 headers in 177 bytes (1 switches on core 0)
Jun 23 15:29:36.279193 dv-neutron-835638-13-hyperv devstack@keystone.service[80707]: DEBUG keystone.server.flask.request_processing.req_logging [None req-8ba4629d-ed85-4e86-a8dc-19072bfe9c99 None None] REQUEST_METHOD: `GET` {{(pid=80707) log_request_info /opt/stack/keystone/keystone/server/flask/request_processing/req_logging.py:27}}
Jun 23 15:29:36.279702 dv-neutron-835638-13-hyperv devstack@keystone.service[80707]: DEBUG keystone.server.flask.request_processing.req_logging [None req-8ba4629d-ed85-4e86-a8dc-19072bfe9c99 None None] SCRIPT_NAME: `/identity` {{(pid=80707) log_request_info /opt/stack/keystone/keystone/server/flask/request_processing/req_logging.py:28}}
