Jun 23 15:29:43.577098 dv-neutron-835638-13-hyperv devstack@keystone.service[80707]: DEBUG keystone.server.flask.request_processing.req_logging [None req-d10e856c-f858-448c-b62b-ea930fe66b6c None admin] SCRIPT_NAME: `/identity` {{(pid=80707) log_request_info /opt/stack/keystone/keystone/server/flask/request_processing/req_logging.py:28}}
Jun 23 15:29:43.577383 dv-neutron-835638-13-hyperv devstack@keystone.service[80707]: DEBUG keystone.server.flask.request_processing.req_logging [None req-d10e856c-f858-448c-b62b-ea930fe66b6c None admin] PATH_INFO: `/v3/projects/13a17973a62048e7b6ba4d3a698719e5` {{(pid=80707) log_request_info /opt/stack/keystone/keystone/server/flask/request_processing/req_logging.py:29}}
Jun 23 15:29:43.578621 dv-neutron-835638-13-hyperv devstack@keystone.service[80707]: DEBUG keystone.common.rbac_enforcer.enforcer [None req-d10e856c-f858-448c-b62b-ea930fe66b6c None admin] RBAC: Authorizing `identity:get_project(project_id=13a17973a62048e7b6ba4d3a698719e5)` {{(pid=80707) enforce_call /opt/stack/keystone/keystone/common/rbac_enforcer/enforcer.py:449}}
Jun 23 15:29:43.580141 dv-neutron-835638-13-hyperv devstack@keystone.service[80707]: DEBUG keystone.common.rbac_enforcer.enforcer [None req-d10e856c-f858-448c-b62b-ea930fe66b6c None admin] RBAC: Authorization granted {{(pid=80707) enforce_call /opt/stack/keystone/keystone/common/rbac_enforcer/enforcer.py:457}}
Jun 23 15:29:43.583532 dv-neutron-835638-13-hyperv devstack@keystone.service[80707]: [pid: 80707|app: 0|req: 135/268] 10.222.0.27 () {56 vars in 1186 bytes} [Thu Jun 23 15:29:43 2022] GET /identity/v3/projects/13a17973a62048e7b6ba4d3a698719e5 => generated 302 bytes in 201 msecs (HTTP/1.1 200) 5 headers in 177 bytes (1 switches on core 0)
Jun 23 15:29:43.589952 dv-neutron-835638-13-hyperv devstack@keystone.service[80706]: DEBUG keystone.server.flask.request_processing.middleware.auth_context [None req-8153bea6-10d4-4a13-801c-ab79888ec809 None admin] Authenticating user token {{(pid=80706) process_request /usr/local/lib/python3.8/dist-packages/keystonemiddleware/auth_token/__init__.py:407}}
Jun 23 15:29:43.675451 dv-neutron-835638-13-hyperv devstack@keystone.service[80706]: DEBUG dbcounter [-] [80706] Writing DB stats keystone:SELECT=100 {{(pid=80706) stat_writer /usr/local/lib/python3.8/dist-packages/dbcounter.py:114}}
Jun 23 15:29:43.728839 dv-neutron-835638-13-hyperv devstack@keystone.service[80707]: DEBUG keystone.server.flask.request_processing.req_logging [None req-cca67205-5272-47a7-b86f-f2e13ea23876 None None] REQUEST_METHOD: `GET` {{(pid=80707) log_request_info /opt/stack/keystone/keystone/server/flask/request_processing/req_logging.py:27}}
Jun 23 15:29:43.728839 dv-neutron-835638-13-hyperv devstack@keystone.service[80707]: DEBUG keystone.server.flask.request_processing.req_logging [None req-cca67205-5272-47a7-b86f-f2e13ea23876 None None] SCRIPT_NAME: `/identity` {{(pid=80707) log_request_info /opt/stack/keystone/keystone/server/flask/request_processing/req_logging.py:28}}
Jun 23 15:29:43.728839 dv-neutron-835638-13-hyperv devstack@keystone.service[80707]: DEBUG keystone.server.flask.request_processing.req_logging [None req-cca67205-5272-47a7-b86f-f2e13ea23876 None None] PATH_INFO: `/` {{(pid=80707) log_request_info /opt/stack/keystone/keystone/server/flask/request_processing/req_logging.py:29}}
Jun 23 15:29:43.729168 dv-neutron-835638-13-hyperv devstack@keystone.service[80706]: DEBUG keystone.server.flask.request_processing.middleware.auth_context [None req-8153bea6-10d4-4a13-801c-ab79888ec809 None admin] Validating token access rules against request {{(pid=80706) validate_allowed_request /usr/local/lib/python3.8/dist-packages/keystonemiddleware/auth_token/__init__.py:545}}
Jun 23 15:29:43.729251 dv-neutron-835638-13-hyperv devstack@keystone.service[80707]: [pid: 80707|app: 0|req: 136/269] 10.222.0.27 () {54 vars in 926 bytes} [Thu Jun 23 15:29:43 2022] GET /identity => generated 270 bytes in 4 msecs (HTTP/1.1 300) 6 headers in 234 bytes (2 switches on core 0)
Jun 23 15:29:43.738138 dv-neutron-835638-13-hyperv devstack@keystone.service[80707]: DEBUG keystone.server.flask.request_processing.req_logging [None req-cc1c7cee-4f99-438b-97e2-0b2b6575a8b7 None None] REQUEST_METHOD: `POST` {{(pid=80707) log_request_info /opt/stack/keystone/keystone/server/flask/request_processing/req_logging.py:27}}
Jun 23 15:29:43.738433 dv-neutron-835638-13-hyperv devstack@keystone.service[80707]: DEBUG keystone.server.flask.request_processing.req_logging [None req-cc1c7cee-4f99-438b-97e2-0b2b6575a8b7 None None] SCRIPT_NAME: `/identity` {{(pid=80707) log_request_info /opt/stack/keystone/keystone/server/flask/request_processing/req_logging.py:28}}
Jun 23 15:29:43.738724 dv-neutron-835638-13-hyperv devstack@keystone.service[80707]: DEBUG keystone.server.flask.request_processing.req_logging [None req-cc1c7cee-4f99-438b-97e2-0b2b6575a8b7 None None] PATH_INFO: `/v3/auth/tokens` {{(pid=80707) log_request_info /opt/stack/keystone/keystone/server/flask/request_processing/req_logging.py:29}}
Jun 23 15:29:43.771654 dv-neutron-835638-13-hyperv devstack@keystone.service[80706]: DEBUG keystone.server.flask.request_processing.middleware.auth_context [None req-b2fa89e3-7b15-447f-933e-5da66aa17e07 None admin] RBAC: auth_context: {'token': , 'domain_id': None, 'trust_id': None, 'trustor_id': None, 'trustee_id': None, 'domain_name': None, 'group_ids': [], 'user_id': '27cb12d8cba0478890e38b8c38fe311e', 'user_domain_id': 'default', 'system_scope': 'all', 'project_id': None, 'project_domain_id': None, 'roles': ['admin', 'member', 'reader'], 'is_admin_project': True, 'service_user_id': None, 'service_user_domain_id': None, 'service_project_id': None, 'service_project_domain_id': None, 'service_roles': []} {{(pid=80706) fill_context /opt/stack/keystone/keystone/server/flask/request_processing/middleware/auth_context.py:478}}
Jun 23 15:29:43.772329 dv-neutron-835638-13-hyperv devstack@keystone.service[80706]: DEBUG keystone.server.flask.request_processing.req_logging [None req-b2fa89e3-7b15-447f-933e-5da66aa17e07 None admin] REQUEST_METHOD: `GET` {{(pid=80706) log_request_info /opt/stack/keystone/keystone/server/flask/request_processing/req_logging.py:27}}
Jun 23 15:29:43.772618 dv-neutron-835638-13-hyperv devstack@keystone.service[80706]: DEBUG keystone.server.flask.request_processing.req_logging [None req-b2fa89e3-7b15-447f-933e-5da66aa17e07 None admin] SCRIPT_NAME: `/identity` {{(pid=80706) log_request_info /opt/stack/keystone/keystone/server/flask/request_processing/req_logging.py:28}}
Jun 23 15:29:43.772783 dv-neutron-835638-13-hyperv devstack@keystone.service[80707]: DEBUG keystone.auth.core [None req-cc1c7cee-4f99-438b-97e2-0b2b6575a8b7 None None] MFA Rules not processed for user `27cb12d8cba0478890e38b8c38fe311e`. Rule list: `[]` (Enabled: `True`). {{(pid=80707) check_auth_methods_against_rules /opt/stack/keystone/keystone/auth/core.py:438}}
Jun 23 15:29:43.772964 dv-neutron-835638-13-hyperv devstack@keystone.service[80706]: DEBUG keystone.server.flask.request_processing.req_logging [None req-b2fa89e3-7b15-447f-933e-5da66aa17e07 None admin] PATH_INFO: `/v3/role_assignments` {{(pid=80706) log_request_info /opt/stack/keystone/keystone/server/flask/request_processing/req_logging.py:29}}
Jun 23 15:29:43.773775 dv-neutron-835638-13-hyperv devstack@keystone.service[80706]: DEBUG keystone.common.rbac_enforcer.enforcer [None req-b2fa89e3-7b15-447f-933e-5da66aa17e07 None admin] RBAC: Adding query filter params (role.id=c7286203eec94128b22a0d36a79899f7, scope.project.id=13a17973a62048e7b6ba4d3a698719e5, user.id=9de5f353546c41c59f9659633902969a) {{(pid=80706) _extract_filter_values /opt/stack/keystone/keystone/common/rbac_enforcer/enforcer.py:167}}
Jun 23 15:29:43.774009 dv-neutron-835638-13-hyperv devstack@keystone.service[80707]: DEBUG keystone.common.fernet_utils [None req-cc1c7cee-4f99-438b-97e2-0b2b6575a8b7 None None] Loaded 2 Fernet keys from /etc/keystone/fernet-keys/, but `[fernet_tokens] max_active_keys = 3`; perhaps there have not been enough key rotations to reach `max_active_keys` yet? {{(pid=80707) load_keys /opt/stack/keystone/keystone/common/fernet_utils.py:286}}
Jun 23 15:29:43.774108 dv-neutron-835638-13-hyperv devstack@keystone.service[80706]: DEBUG keystone.common.rbac_enforcer.enforcer [None req-b2fa89e3-7b15-447f-933e-5da66aa17e07 None admin] RBAC: Authorizing `identity:list_role_assignments()` {{(pid=80706) enforce_call /opt/stack/keystone/keystone/common/rbac_enforcer/enforcer.py:449}}
Jun 23 15:29:43.775546 dv-neutron-835638-13-hyperv devstack@keystone.service[80706]: DEBUG keystone.common.rbac_enforcer.enforcer [None req-b2fa89e3-7b15-447f-933e-5da66aa17e07 None admin] RBAC: Authorization granted {{(pid=80706) enforce_call /opt/stack/keystone/keystone/common/rbac_enforcer/enforcer.py:457}}
Jun 23 15:29:43.782259 dv-neutron-835638-13-hyperv devstack@keystone.service[80706]: [pid: 80706|app: 0|req: 134/270] 10.222.0.27 () {56 vars in 1374 bytes} [Thu Jun 23 15:29:43 2022] GET /identity/v3/role_assignments?user.id=9de5f353546c41c59f9659633902969a&scope.project.id=13a17973a62048e7b6ba4d3a698719e5&role.id=c7286203eec94128b22a0d36a79899f7 => generated 608 bytes in 193 msecs (HTTP/1.1 200) 5 headers in 177 bytes (1 switches on core 0)
Jun 23 15:29:43.808374 dv-neutron-835638-13-hyperv devstack@keystone.service[80706]: DEBUG keystone.server.flask.request_processing.req_logging [None req-6b664060-0e74-46e3-860b-3cafa4ea657e None None] REQUEST_METHOD: `GET` {{(pid=80706) log_request_info /opt/stack/keystone/keystone/server/flask/request_processing/req_logging.py:27}}
Jun 23 15:29:43.808679 dv-neutron-835638-13-hyperv devstack@keystone.service[80706]: DEBUG keystone.server.flask.request_processing.req_logging [None req-6b664060-0e74-46e3-860b-3cafa4ea657e None None] SCRIPT_NAME: `/identity` {{(pid=80706) log_request_info /opt/stack/keystone/keystone/server/flask/request_processing/req_logging.py:28}}
Jun 23 15:29:43.808990 dv-neutron-835638-13-hyperv devstack@keystone.service[80706]: DEBUG keystone.server.flask.request_processing.req_logging [None req-6b664060-0e74-46e3-860b-3cafa4ea657e None None] PATH_INFO: `/` {{(pid=80706) log_request_info /opt/stack/keystone/keystone/server/flask/request_processing/req_logging.py:29}}
Jun 23 15:29:43.811603 dv-neutron-835638-13-hyperv devstack@keystone.service[80706]: [pid: 80706|app: 0|req: 135/271] 10.222.0.27 () {54 vars in 926 bytes} [Thu Jun 23 15:29:43 2022] GET /identity => generated 270 bytes in 5 msecs (HTTP/1.1 300) 6 headers in 234 bytes (1 switches on core 0)
Jun 23 15:29:43.818376 dv-neutron-835638-13-hyperv devstack@keystone.service[80706]: DEBUG keystone.server.flask.request_processing.req_logging [None req-83cc80eb-c00c-4c00-b922-9f2c27812dc2 None None] REQUEST_METHOD: `POST` {{(pid=80706) log_request_info /opt/stack/keystone/keystone/server/flask/request_processing/req_logging.py:27}}
Jun 23 15:29:43.818701 dv-neutron-835638-13-hyperv devstack@keystone.service[80706]: DEBUG keystone.server.flask.request_processing.req_logging [None req-83cc80eb-c00c-4c00-b922-9f2c27812dc2 None None] SCRIPT_NAME: `/identity` {{(pid=80706) log_request_info /opt/stack/keystone/keystone/server/flask/request_processing/req_logging.py:28}}
Jun 23 15:29:43.818951 dv-neutron-835638-13-hyperv devstack@keystone.service[80706]: DEBUG keystone.server.flask.request_processing.req_logging [None req-83cc80eb-c00c-4c00-b922-9f2c27812dc2 None None] PATH_INFO: `/v3/auth/tokens` {{(pid=80706) log_request_info /opt/stack/keystone/keystone/server/flask/request_processing/req_logging.py:29}}
Jun 23 15:29:43.848102 dv-neutron-835638-13-hyperv devstack@keystone.service[80706]: DEBUG keystone.auth.core [None req-83cc80eb-c00c-4c00-b922-9f2c27812dc2 None None] MFA Rules not processed for user `27cb12d8cba0478890e38b8c38fe311e`. Rule list: `[]` (Enabled: `True`). {{(pid=80706) check_auth_methods_against_rules /opt/stack/keystone/keystone/auth/core.py:438}}
Jun 23 15:29:43.849365 dv-neutron-835638-13-hyperv devstack@keystone.service[80706]: DEBUG keystone.common.fernet_utils [None req-83cc80eb-c00c-4c00-b922-9f2c27812dc2 None None] Loaded 2 Fernet keys from /etc/keystone/fernet-keys/, but `[fernet_tokens] max_active_keys = 3`; perhaps there have not been enough key rotations to reach `max_active_keys` yet? {{(pid=80706) load_keys /opt/stack/keystone/keystone/common/fernet_utils.py:286}}
Jun 23 15:29:43.912029 dv-neutron-835638-13-hyperv devstack@keystone.service[80707]: [pid: 80707|app: 0|req: 137/272] 10.222.0.27 () {58 vars in 1023 bytes} [Thu Jun 23 15:29:43 2022] POST /identity/v3/auth/tokens => generated 799 bytes in 175 msecs (HTTP/1.1 201) 6 headers in 363 bytes (3 switches on core 0)
Jun 23 15:29:43.936465 dv-neutron-835638-13-hyperv devstack@keystone.service[80707]: DEBUG keystone.server.flask.request_processing.middleware.auth_context [None req-cc1c7cee-4f99-438b-97e2-0b2b6575a8b7 None None] Authenticating user token {{(pid=80707) process_request /usr/local/lib/python3.8/dist-packages/keystonemiddleware/auth_token/__init__.py:407}}
Jun 23 15:29:43.982106 dv-neutron-835638-13-hyperv devstack@keystone.service[80706]: [pid: 80706|app: 0|req: 136/273] 10.222.0.27 () {58 vars in 1023 bytes} [Thu Jun 23 15:29:43 2022] POST /identity/v3/auth/tokens => generated 799 bytes in 165 msecs (HTTP/1.1 201) 6 headers in 363 bytes (2 switches on core 0)
Jun 23 15:29:43.983493 dv-neutron-835638-13-hyperv devstack@keystone.service[80706]: DEBUG keystone.server.flask.request_processing.req_logging [None req-b5349a7a-c124-4852-93c2-238663c4e819 None None] REQUEST_METHOD: `GET` {{(pid=80706) log_request_info /opt/stack/keystone/keystone/server/flask/request_processing/req_logging.py:27}}
Jun 23 15:29:43.983789 dv-neutron-835638-13-hyperv devstack@keystone.service[80706]: DEBUG keystone.server.flask.request_processing.req_logging [None req-b5349a7a-c124-4852-93c2-238663c4e819 None None] SCRIPT_NAME: `/identity` {{(pid=80706) log_request_info /opt/stack/keystone/keystone/server/flask/request_processing/req_logging.py:28}}
Jun 23 15:29:43.984073 dv-neutron-835638-13-hyperv devstack@keystone.service[80706]: DEBUG keystone.server.flask.request_processing.req_logging [None req-b5349a7a-c124-4852-93c2-238663c4e819 None None] PATH_INFO: `/` {{(pid=80706) log_request_info /opt/stack/keystone/keystone/server/flask/request_processing/req_logging.py:29}}
Jun 23 15:29:43.985533 dv-neutron-835638-13-hyperv devstack@keystone.service[80706]: [pid: 80706|app: 0|req: 137/274] 10.222.0.27 () {54 vars in 926 bytes} [Thu Jun 23 15:29:43 2022] GET /identity => generated 270 bytes in 3 msecs (HTTP/1.1 300) 6 headers in 234 bytes (1 switches on core 0)
Jun 23 15:29:43.991000 dv-neutron-835638-13-hyperv devstack@keystone.service[80706]: DEBUG keystone.server.flask.request_processing.req_logging [None req-0c7d4b2c-0cc7-48ce-8a7f-6d40ac338ddd None None] REQUEST_METHOD: `POST` {{(pid=80706) log_request_info /opt/stack/keystone/keystone/server/flask/request_processing/req_logging.py:27}}
Jun 23 15:29:43.991294 dv-neutron-835638-13-hyperv devstack@keystone.service[80706]: DEBUG keystone.server.flask.request_processing.req_logging [None req-0c7d4b2c-0cc7-48ce-8a7f-6d40ac338ddd None None] SCRIPT_NAME: `/identity` {{(pid=80706) log_request_info /opt/stack/keystone/keystone/server/flask/request_processing/req_logging.py:28}}
Jun 23 15:29:43.991579 dv-neutron-835638-13-hyperv devstack@keystone.service[80706]: DEBUG keystone.server.flask.request_processing.req_logging [None req-0c7d4b2c-0cc7-48ce-8a7f-6d40ac338ddd None None] PATH_INFO: `/v3/auth/tokens` {{(pid=80706) log_request_info /opt/stack/keystone/keystone/server/flask/request_processing/req_logging.py:29}}
Jun 23 15:29:44.008906 dv-neutron-835638-13-hyperv devstack@keystone.service[80706]: DEBUG keystone.auth.core [None req-0c7d4b2c-0cc7-48ce-8a7f-6d40ac338ddd None None] MFA Rules not processed for user `27cb12d8cba0478890e38b8c38fe311e`. Rule list: `[]` (Enabled: `True`). {{(pid=80706) check_auth_methods_against_rules /opt/stack/keystone/keystone/auth/core.py:438}}
Jun 23 15:29:44.010098 dv-neutron-835638-13-hyperv devstack@keystone.service[80706]: DEBUG keystone.common.fernet_utils [None req-0c7d4b2c-0cc7-48ce-8a7f-6d40ac338ddd None None] Loaded 2 Fernet keys from /etc/keystone/fernet-keys/, but `[fernet_tokens] max_active_keys = 3`; perhaps there have not been enough key rotations to reach `max_active_keys` yet? {{(pid=80706) load_keys /opt/stack/keystone/keystone/common/fernet_utils.py:286}}
Jun 23 15:29:44.022372 dv-neutron-835638-13-hyperv devstack@keystone.service[80707]: DEBUG dbcounter [-] [80707] Writing DB stats keystone:SELECT=100 {{(pid=80707) stat_writer /usr/local/lib/python3.8/dist-packages/dbcounter.py:114}}
Jun 23 15:29:44.063341 dv-neutron-835638-13-hyperv devstack@keystone.service[80707]: DEBUG keystone.server.flask.request_processing.middleware.auth_context [None req-cc1c7cee-4f99-438b-97e2-0b2b6575a8b7 None None] Validating token access rules against request {{(pid=80707) validate_allowed_request /usr/local/lib/python3.8/dist-packages/keystonemiddleware/auth_token/__init__.py:545}}
Jun 23 15:29:44.073968 dv-neutron-835638-13-hyperv devstack@keystone.service[80706]: DEBUG dbcounter [-] [80706] Writing DB stats keystone:SELECT=100 {{(pid=80706) stat_writer /usr/local/lib/python3.8/dist-packages/dbcounter.py:114}}
Jun 23 15:29:44.096922 dv-neutron-835638-13-hyperv devstack@keystone.service[80706]: [pid: 80706|app: 0|req: 138/275] 10.222.0.27 () {58 vars in 1023 bytes} [Thu Jun 23 15:29:43 2022] POST /identity/v3/auth/tokens => generated 799 bytes in 100 msecs (HTTP/1.1 201) 6 headers in 363 bytes (1 switches on core 0)
Jun 23 15:29:44.097842 dv-neutron-835638-13-hyperv devstack@keystone.service[80706]: DEBUG keystone.server.flask.request_processing.middleware.auth_context [None req-0c7d4b2c-0cc7-48ce-8a7f-6d40ac338ddd None None] Authenticating user token {{(pid=80706) process_request /usr/local/lib/python3.8/dist-packages/keystonemiddleware/auth_token/__init__.py:407}}
Jun 23 15:29:44.106118 dv-neutron-835638-13-hyperv devstack@keystone.service[80707]: DEBUG keystone.server.flask.request_processing.middleware.auth_context [None req-a41b758e-62f3-4e00-9882-c89a921d2e4f None admin] RBAC: auth_context: {'token': , 'domain_id': None, 'trust_id': None, 'trustor_id': None, 'trustee_id': None, 'domain_name': None, 'group_ids': [], 'user_id': '27cb12d8cba0478890e38b8c38fe311e', 'user_domain_id': 'default', 'system_scope': 'all', 'project_id': None, 'project_domain_id': None, 'roles': ['admin', 'member', 'reader'], 'is_admin_project': True, 'service_user_id': None, 'service_user_domain_id': None, 'service_project_id': None, 'service_project_domain_id': None, 'service_roles': []} {{(pid=80707) fill_context /opt/stack/keystone/keystone/server/flask/request_processing/middleware/auth_context.py:478}}
Jun 23 15:29:44.106946 dv-neutron-835638-13-hyperv devstack@keystone.service[80707]: DEBUG keystone.server.flask.request_processing.req_logging [None req-a41b758e-62f3-4e00-9882-c89a921d2e4f None admin] REQUEST_METHOD: `GET` {{(pid=80707) log_request_info /opt/stack/keystone/keystone/server/flask/request_processing/req_logging.py:27}}
Jun 23 15:29:44.107235 dv-neutron-835638-13-hyperv devstack@keystone.service[80707]: DEBUG keystone.server.flask.request_processing.req_logging [None req-a41b758e-62f3-4e00-9882-c89a921d2e4f None admin] SCRIPT_NAME: `/identity` {{(pid=80707) log_request_info /opt/stack/keystone/keystone/server/flask/request_processing/req_logging.py:28}}
Jun 23 15:29:44.107513 dv-neutron-835638-13-hyperv devstack@keystone.service[80707]: DEBUG keystone.server.flask.request_processing.req_logging [None req-a41b758e-62f3-4e00-9882-c89a921d2e4f None admin] PATH_INFO: `/v3/domains/default` {{(pid=80707) log_request_info /opt/stack/keystone/keystone/server/flask/request_processing/req_logging.py:29}}
Jun 23 15:29:44.109112 dv-neutron-835638-13-hyperv devstack@keystone.service[80707]: DEBUG keystone.common.rbac_enforcer.enforcer [None req-a41b758e-62f3-4e00-9882-c89a921d2e4f None admin] RBAC: Authorizing `identity:get_domain(domain_id=default)` {{(pid=80707) enforce_call /opt/stack/keystone/keystone/common/rbac_enforcer/enforcer.py:449}}
Jun 23 15:29:44.110991 dv-neutron-835638-13-hyperv devstack@keystone.service[80707]: DEBUG keystone.common.rbac_enforcer.enforcer [None req-a41b758e-62f3-4e00-9882-c89a921d2e4f None admin] RBAC: Authorization granted {{(pid=80707) enforce_call /opt/stack/keystone/keystone/common/rbac_enforcer/enforcer.py:457}}
Jun 23 15:29:44.113522 dv-neutron-835638-13-hyperv devstack@keystone.service[80707]: [pid: 80707|app: 0|req: 138/276] 10.222.0.27 () {56 vars in 1108 bytes} [Thu Jun 23 15:29:43 2022] GET /identity/v3/domains/default => generated 199 bytes in 177 msecs (HTTP/1.1 200) 5 headers in 177 bytes (2 switches on core 0)
Jun 23 15:29:44.118386 dv-neutron-835638-13-hyperv devstack@keystone.service[80707]: DEBUG keystone.server.flask.request_processing.middleware.auth_context [None req-a41b758e-62f3-4e00-9882-c89a921d2e4f None admin] Authenticating user token {{(pid=80707) process_request /usr/local/lib/python3.8/dist-packages/keystonemiddleware/auth_token/__init__.py:407}}
Jun 23 15:29:44.213929 dv-neutron-835638-13-hyperv devstack@keystone.service[80706]: DEBUG keystone.server.flask.request_processing.middleware.auth_context [None req-0c7d4b2c-0cc7-48ce-8a7f-6d40ac338ddd None None] Validating token access rules against request {{(pid=80706) validate_allowed_request /usr/local/lib/python3.8/dist-packages/keystonemiddleware/auth_token/__init__.py:545}}
Jun 23 15:29:44.220564 dv-neutron-835638-13-hyperv devstack@keystone.service[80707]: DEBUG keystone.server.flask.request_processing.middleware.auth_context [None req-a41b758e-62f3-4e00-9882-c89a921d2e4f None admin] Validating token access rules against request {{(pid=80707) validate_allowed_request /usr/local/lib/python3.8/dist-packages/keystonemiddleware/auth_token/__init__.py:545}}
Jun 23 15:29:44.249597 dv-neutron-835638-13-hyperv devstack@keystone.service[80706]: DEBUG keystone.server.flask.request_processing.middleware.auth_context [None req-982f1d64-3ec2-4e2b-bbae-488d075715bd None admin] RBAC: auth_context: {'token': , 'domain_id': None, 'trust_id': None, 'trustor_id': None, 'trustee_id': None, 'domain_name': None, 'group_ids': [], 'user_id': '27cb12d8cba0478890e38b8c38fe311e', 'user_domain_id': 'default', 'system_scope': 'all', 'project_id': None, 'project_domain_id': None, 'roles': ['admin', 'member', 'reader'], 'is_admin_project': True, 'service_user_id': None, 'service_user_domain_id': None, 'service_project_id': None, 'service_project_domain_id': None, 'service_roles': []} {{(pid=80706) fill_context /opt/stack/keystone/keystone/server/flask/request_processing/middleware/auth_context.py:478}}
Jun 23 15:29:44.250424 dv-neutron-835638-13-hyperv devstack@keystone.service[80706]: DEBUG keystone.server.flask.request_processing.req_logging [None req-982f1d64-3ec2-4e2b-bbae-488d075715bd None admin] REQUEST_METHOD: `GET` {{(pid=80706) log_request_info /opt/stack/keystone/keystone/server/flask/request_processing/req_logging.py:27}}
Jun 23 15:29:44.250699 dv-neutron-835638-13-hyperv devstack@keystone.service[80706]: DEBUG keystone.server.flask.request_processing.req_logging [None req-982f1d64-3ec2-4e2b-bbae-488d075715bd None admin] SCRIPT_NAME: `/identity` {{(pid=80706) log_request_info /opt/stack/keystone/keystone/server/flask/request_processing/req_logging.py:28}}
Jun 23 15:29:44.250976 dv-neutron-835638-13-hyperv devstack@keystone.service[80706]: DEBUG keystone.server.flask.request_processing.req_logging [None req-982f1d64-3ec2-4e2b-bbae-488d075715bd None admin] PATH_INFO: `/v3/roles/reader` {{(pid=80706) log_request_info /opt/stack/keystone/keystone/server/flask/request_processing/req_logging.py:29}}
Jun 23 15:29:44.254882 dv-neutron-835638-13-hyperv devstack@keystone.service[80707]: DEBUG keystone.server.flask.request_processing.middleware.auth_context [None req-928cb783-e533-49bf-aaf2-99214202515b None admin] RBAC: auth_context: {'token': , 'domain_id': None, 'trust_id': None, 'trustor_id': None, 'trustee_id': None, 'domain_name': None, 'group_ids': [], 'user_id': '27cb12d8cba0478890e38b8c38fe311e', 'user_domain_id': 'default', 'system_scope': 'all', 'project_id': None, 'project_domain_id': None, 'roles': ['admin', 'member', 'reader'], 'is_admin_project': True, 'service_user_id': None, 'service_user_domain_id': None, 'service_project_id': None, 'service_project_domain_id': None, 'service_roles': []} {{(pid=80707) fill_context /opt/stack/keystone/keystone/server/flask/request_processing/middleware/auth_context.py:478}}
Jun 23 15:29:44.255558 dv-neutron-835638-13-hyperv devstack@keystone.service[80707]: DEBUG keystone.server.flask.request_processing.req_logging [None req-928cb783-e533-49bf-aaf2-99214202515b None admin] REQUEST_METHOD: `POST` {{(pid=80707) log_request_info /opt/stack/keystone/keystone/server/flask/request_processing/req_logging.py:27}}
Jun 23 15:29:44.255843 dv-neutron-835638-13-hyperv devstack@keystone.service[80707]: DEBUG keystone.server.flask.request_processing.req_logging [None req-928cb783-e533-49bf-aaf2-99214202515b None admin] SCRIPT_NAME: `/identity` {{(pid=80707) log_request_info /opt/stack/keystone/keystone/server/flask/request_processing/req_logging.py:28}}
Jun 23 15:29:44.256122 dv-neutron-835638-13-hyperv devstack@keystone.service[80707]: DEBUG keystone.server.flask.request_processing.req_logging [None req-928cb783-e533-49bf-aaf2-99214202515b None admin] PATH_INFO: `/v3/users` {{(pid=80707) log_request_info /opt/stack/keystone/keystone/server/flask/request_processing/req_logging.py:29}}
Jun 23 15:29:44.256902 dv-neutron-835638-13-hyperv devstack@keystone.service[80707]: DEBUG keystone.common.rbac_enforcer.enforcer [None req-928cb783-e533-49bf-aaf2-99214202515b None admin] RBAC: Authorizing `identity:create_user()` {{(pid=80707) enforce_call /opt/stack/keystone/keystone/common/rbac_enforcer/enforcer.py:449}}
Jun 23 15:29:44.258352 dv-neutron-835638-13-hyperv devstack@keystone.service[80707]: DEBUG keystone.common.rbac_enforcer.enforcer [None req-928cb783-e533-49bf-aaf2-99214202515b None admin] RBAC: Authorization granted {{(pid=80707) enforce_call /opt/stack/keystone/keystone/common/rbac_enforcer/enforcer.py:457}}
Jun 23 15:29:44.261372 dv-neutron-835638-13-hyperv devstack@keystone.service[80706]: DEBUG keystone.common.rbac_enforcer.enforcer [None req-982f1d64-3ec2-4e2b-bbae-488d075715bd None admin] Extracting inferred target data resulted in "NOT FOUND (404)". {{(pid=80706) enforce_call /opt/stack/keystone/keystone/common/rbac_enforcer/enforcer.py:409}}
Jun 23 15:29:44.267245 dv-neutron-835638-13-hyperv devstack@keystone.service[80707]: DEBUG dbcounter [-] [80707] Writing DB stats keystone:SELECT=98,keystone:INSERT=2 {{(pid=80707) stat_writer /usr/local/lib/python3.8/dist-packages/dbcounter.py:114}}
Jun 23 15:29:44.269701 dv-neutron-835638-13-hyperv devstack@keystone.service[80706]: ERROR keystone.server.flask.application [None req-982f1d64-3ec2-4e2b-bbae-488d075715bd None admin] Could not find role: reader.: keystone.exception.RoleNotFound: Could not find role: reader.
Jun 23 15:29:44.269701 dv-neutron-835638-13-hyperv devstack@keystone.service[80706]: ERROR keystone.server.flask.application
Traceback (most recent call last):
Jun 23 15:29:44.269701 dv-neutron-835638-13-hyperv devstack@keystone.service[80706]: ERROR keystone.server.flask.application
File "/usr/local/lib/python3.8/dist-packages/flask/app.py", line 1523, in full_dispatch_request
Jun 23 15:29:44.269701 dv-neutron-835638-13-hyperv devstack@keystone.service[80706]: ERROR keystone.server.flask.application rv = self.dispatch_request()
Jun 23 15:29:44.269701 dv-neutron-835638-13-hyperv devstack@keystone.service[80706]: ERROR keystone.server.flask.application
File "/usr/local/lib/python3.8/dist-packages/flask/app.py", line 1509, in dispatch_request
Jun 23 15:29:44.269701 dv-neutron-835638-13-hyperv devstack@keystone.service[80706]: ERROR keystone.server.flask.application return self.ensure_sync(self.view_functions[rule.endpoint])(**req.view_args)
Jun 23 15:29:44.269701 dv-neutron-835638-13-hyperv devstack@keystone.service[80706]: ERROR keystone.server.flask.application
File "/usr/local/lib/python3.8/dist-packages/flask_restful/__init__.py", line 467, in wrapper
Jun 23 15:29:44.269701 dv-neutron-835638-13-hyperv devstack@keystone.service[80706]: ERROR keystone.server.flask.application resp = resource(*args, **kwargs)
Jun 23 15:29:44.269701 dv-neutron-835638-13-hyperv devstack@keystone.service[80706]: ERROR keystone.server.flask.application
File "/usr/local/lib/python3.8/dist-packages/flask/views.py", line 84, in view
Jun 23 15:29:44.269701 dv-neutron-835638-13-hyperv devstack@keystone.service[80706]: ERROR keystone.server.flask.application return current_app.ensure_sync(self.dispatch_request)(*args, **kwargs)
Jun 23 15:29:44.269701 dv-neutron-835638-13-hyperv devstack@keystone.service[80706]: ERROR keystone.server.flask.application
File "/usr/local/lib/python3.8/dist-packages/flask_restful/__init__.py", line 582, in dispatch_request
Jun 23 15:29:44.269701 dv-neutron-835638-13-hyperv devstack@keystone.service[80706]: ERROR keystone.server.flask.application resp = meth(*args, **kwargs)
Jun 23 15:29:44.269701 dv-neutron-835638-13-hyperv devstack@keystone.service[80706]: ERROR keystone.server.flask.application
File "/opt/stack/keystone/keystone/api/roles.py", line 50, in get
Jun 23 15:29:44.269701 dv-neutron-835638-13-hyperv devstack@keystone.service[80706]: ERROR keystone.server.flask.application return self._get_role(role_id)
Jun 23 15:29:44.269701 dv-neutron-835638-13-hyperv devstack@keystone.service[80706]: ERROR keystone.server.flask.application
File "/opt/stack/keystone/keystone/api/roles.py", line 70, in _get_role
Jun 23 15:29:44.269701 dv-neutron-835638-13-hyperv devstack@keystone.service[80706]: ERROR keystone.server.flask.application ENFORCER.enforce_call(action='identity:get_role')
Jun 23 15:29:44.270770 dv-neutron-835638-13-hyperv devstack@keystone.service[80706]: ERROR keystone.server.flask.application
File "/opt/stack/keystone/keystone/common/rbac_enforcer/enforcer.py", line 402, in enforce_call
Jun 23 15:29:44.270770 dv-neutron-835638-13-hyperv devstack@keystone.service[80706]: ERROR keystone.server.flask.application policy_dict.update(cls._extract_member_target_data(
Jun 23 15:29:44.270770 dv-neutron-835638-13-hyperv devstack@keystone.service[80706]: ERROR keystone.server.flask.application
File "/opt/stack/keystone/keystone/common/rbac_enforcer/enforcer.py", line 234, in _extract_member_target_data
Jun 23 15:29:44.270770 dv-neutron-835638-13-hyperv devstack@keystone.service[80706]: ERROR keystone.server.flask.application member_name: func(flask.request.view_args[key])
Jun 23 15:29:44.270770 dv-neutron-835638-13-hyperv devstack@keystone.service[80706]: ERROR keystone.server.flask.application
File "/opt/stack/keystone/keystone/common/manager.py", line 115, in wrapped
Jun 23 15:29:44.270770 dv-neutron-835638-13-hyperv devstack@keystone.service[80706]: ERROR keystone.server.flask.application __ret_val = __f(*args, **kwargs)
Jun 23 15:29:44.270770 dv-neutron-835638-13-hyperv devstack@keystone.service[80706]: ERROR keystone.server.flask.application
File "/usr/local/lib/python3.8/dist-packages/decorator.py", line 232, in fun
Jun 23 15:29:44.270770 dv-neutron-835638-13-hyperv devstack@keystone.service[80706]: ERROR keystone.server.flask.application return caller(func, *(extras + args), **kw)
Jun 23 15:29:44.270770 dv-neutron-835638-13-hyperv devstack@keystone.service[80706]: ERROR keystone.server.flask.application
File "/usr/local/lib/python3.8/dist-packages/dogpile/cache/region.py", line 1577, in get_or_create_for_user_func
Jun 23 15:29:44.270770 dv-neutron-835638-13-hyperv devstack@keystone.service[80706]: ERROR keystone.server.flask.application return self.get_or_create(
Jun 23 15:29:44.270770 dv-neutron-835638-13-hyperv devstack@keystone.service[80706]: ERROR keystone.server.flask.application
File "/usr/local/lib/python3.8/dist-packages/dogpile/cache/region.py", line 1042, in get_or_create
Jun 23 15:29:44.270770 dv-neutron-835638-13-hyperv devstack@keystone.service[80706]: ERROR keystone.server.flask.application with Lock(
Jun 23 15:29:44.270770 dv-neutron-835638-13-hyperv devstack@keystone.service[80706]: ERROR keystone.server.flask.application
File "/usr/local/lib/python3.8/dist-packages/dogpile/lock.py", line 185, in __enter__
Jun 23 15:29:44.270770 dv-neutron-835638-13-hyperv devstack@keystone.service[80706]: ERROR keystone.server.flask.application return self._enter()
Jun 23 15:29:44.270770 dv-neutron-835638-13-hyperv devstack@keystone.service[80706]: ERROR keystone.server.flask.application
File "/usr/local/lib/python3.8/dist-packages/dogpile/lock.py", line 94, in _enter
Jun 23 15:29:44.270770 dv-neutron-835638-13-hyperv devstack@keystone.service[80706]: ERROR keystone.server.flask.application generated = self._enter_create(value, createdtime)
Jun 23 15:29:44.271810 dv-neutron-835638-13-hyperv devstack@keystone.service[80706]: ERROR keystone.server.flask.application
File "/usr/local/lib/python3.8/dist-packages/dogpile/lock.py", line 178, in _enter_create
Jun 23 15:29:44.271810 dv-neutron-835638-13-hyperv devstack@keystone.service[80706]: ERROR keystone.server.flask.application return self.creator()
Jun 23 15:29:44.271810 dv-neutron-835638-13-hyperv devstack@keystone.service[80706]: ERROR keystone.server.flask.application
File "/usr/local/lib/python3.8/dist-packages/dogpile/cache/region.py", line 995, in gen_value
Jun 23 15:29:44.271810 dv-neutron-835638-13-hyperv devstack@keystone.service[80706]: ERROR keystone.server.flask.application created_value = creator(
Jun 23 15:29:44.271810 dv-neutron-835638-13-hyperv devstack@keystone.service[80706]: ERROR keystone.server.flask.application
File "/opt/stack/keystone/keystone/assignment/core.py", line 1276, in get_role
Jun 23 15:29:44.271810 dv-neutron-835638-13-hyperv devstack@keystone.service[80706]: ERROR keystone.server.flask.application return self.driver.get_role(role_id)
Jun 23 15:29:44.271810 dv-neutron-835638-13-hyperv devstack@keystone.service[80706]: ERROR keystone.server.flask.application
File "/opt/stack/keystone/keystone/assignment/role_backends/sql.py", line 70, in get_role
Jun 23 15:29:44.271810 dv-neutron-835638-13-hyperv devstack@keystone.service[80706]: ERROR keystone.server.flask.application return self._get_role(session, role_id).to_dict()
Jun 23 15:29:44.271810 dv-neutron-835638-13-hyperv devstack@keystone.service[80706]: ERROR keystone.server.flask.application
File "/opt/stack/keystone/keystone/assignment/role_backends/sql.py", line 65, in _get_role
Jun 23 15:29:44.271810 dv-neutron-835638-13-hyperv devstack@keystone.service[80706]: ERROR keystone.server.flask.application raise exception.RoleNotFound(role_id=role_id)
Jun 23 15:29:44.271810 dv-neutron-835638-13-hyperv devstack@keystone.service[80706]: ERROR keystone.server.flask.application keystone.exception.RoleNotFound: Could not find role: reader.
Jun 23 15:29:44.271810 dv-neutron-835638-13-hyperv devstack@keystone.service[80706]: ERROR keystone.server.flask.application
Jun 23 15:29:44.271810 dv-neutron-835638-13-hyperv devstack@keystone.service[80706]: [pid: 80706|app: 0|req: 139/277] 10.222.0.27 () {56 vars in 1099 bytes} [Thu Jun 23 15:29:44 2022] GET /identity/v3/roles/reader => generated 84 bytes in 174 msecs (HTTP/1.1 404) 5 headers in 183 bytes (1 switches on core 0)
Jun 23 15:29:44.272535 dv-neutron-835638-13-hyperv devstack@keystone.service[80706]: DEBUG keystone.server.flask.request_processing.middleware.auth_context [None req-982f1d64-3ec2-4e2b-bbae-488d075715bd None admin] Authenticating user token {{(pid=80706) process_request /usr/local/lib/python3.8/dist-packages/keystonemiddleware/auth_token/__init__.py:407}}
Jun 23 15:29:44.285595 dv-neutron-835638-13-hyperv devstack@keystone.service[80707]: [pid: 80707|app: 0|req: 139/278] 10.222.0.27 () {60 vars in 1132 bytes} [Thu Jun 23 15:29:44 2022] POST /identity/v3/users => generated 293 bytes in 167 msecs (HTTP/1.1 201) 5 headers in 182 bytes (2 switches on core 0)
Jun 23 15:29:44.292203 dv-neutron-835638-13-hyperv devstack@keystone.service[80707]: DEBUG keystone.server.flask.request_processing.middleware.auth_context [None req-928cb783-e533-49bf-aaf2-99214202515b None admin] Authenticating user token {{(pid=80707) process_request /usr/local/lib/python3.8/dist-packages/keystonemiddleware/auth_token/__init__.py:407}}
Jun 23 15:29:44.332512 dv-neutron-835638-13-hyperv devstack@keystone.service[80706]: DEBUG dbcounter [-] [80706] Writing DB stats keystone:SELECT=100 {{(pid=80706) stat_writer /usr/local/lib/python3.8/dist-packages/dbcounter.py:114}}
Jun 23 15:29:44.393946 dv-neutron-835638-13-hyperv devstack@keystone.service[80706]: DEBUG keystone.server.flask.request_processing.middleware.auth_context [None req-982f1d64-3ec2-4e2b-bbae-488d075715bd None admin] Validating token access rules against request {{(pid=80706) validate_allowed_request /usr/local/lib/python3.8/dist-packages/keystonemiddleware/auth_token/__init__.py:545}}
Jun 23 15:29:44.417890 dv-neutron-835638-13-hyperv devstack@keystone.service[80707]: DEBUG keystone.server.flask.request_processing.middleware.auth_context [None req-928cb783-e533-49bf-aaf2-99214202515b None admin] Validating token access rules against request {{(pid=80707) validate_allowed_request /usr/local/lib/python3.8/dist-packages/keystonemiddleware/auth_token/__init__.py:545}}
Jun 23 15:29:44.431085 dv-neutron-835638-13-hyperv devstack@keystone.service[80706]: DEBUG keystone.server.flask.request_processing.middleware.auth_context [None req-5e7921ce-9166-4e95-b8f3-b23fbc69ac31 None admin] RBAC: auth_context: {'token': , 'domain_id': None, 'trust_id': None, 'trustor_id': None, 'trustee_id': None, 'domain_name': None, 'group_ids': [], 'user_id': '27cb12d8cba0478890e38b8c38fe311e', 'user_domain_id': 'default', 'system_scope': 'all', 'project_id': None, 'project_domain_id': None, 'roles': ['admin', 'member', 'reader'], 'is_admin_project': True, 'service_user_id': None, 'service_user_domain_id': None, 'service_project_id': None, 'service_project_domain_id': None, 'service_roles': []} {{(pid=80706) fill_context /opt/stack/keystone/keystone/server/flask/request_processing/middleware/auth_context.py:478}}
Jun 23 15:29:44.432165 dv-neutron-835638-13-hyperv devstack@keystone.service[80706]: DEBUG keystone.server.flask.request_processing.req_logging [None req-5e7921ce-9166-4e95-b8f3-b23fbc69ac31 None admin] REQUEST_METHOD: `GET` {{(pid=80706) log_request_info /opt/stack/keystone/keystone/server/flask/request_processing/req_logging.py:27}}
Jun 23 15:29:44.432586 dv-neutron-835638-13-hyperv devstack@keystone.service[80706]: DEBUG keystone.server.flask.request_processing.req_logging [None req-5e7921ce-9166-4e95-b8f3-b23fbc69ac31 None admin] SCRIPT_NAME: `/identity` {{(pid=80706) log_request_info /opt/stack/keystone/keystone/server/flask/request_processing/req_logging.py:28}}
Jun 23 15:29:44.433072 dv-neutron-835638-13-hyperv devstack@keystone.service[80706]: DEBUG keystone.server.flask.request_processing.req_logging [None req-5e7921ce-9166-4e95-b8f3-b23fbc69ac31 None admin] PATH_INFO: `/v3/roles/member` {{(pid=80706) log_request_info /opt/stack/keystone/keystone/server/flask/request_processing/req_logging.py:29}}
Jun 23 15:29:44.445281 dv-neutron-835638-13-hyperv devstack@keystone.service[80706]: DEBUG keystone.common.rbac_enforcer.enforcer [None req-5e7921ce-9166-4e95-b8f3-b23fbc69ac31 None admin] Extracting inferred target data resulted in "NOT FOUND (404)". {{(pid=80706) enforce_call /opt/stack/keystone/keystone/common/rbac_enforcer/enforcer.py:409}}
Jun 23 15:29:44.454303 dv-neutron-835638-13-hyperv devstack@keystone.service[80706]: ERROR keystone.server.flask.application [None req-5e7921ce-9166-4e95-b8f3-b23fbc69ac31 None admin] Could not find role: member.: keystone.exception.RoleNotFound: Could not find role: member.
Jun 23 15:29:44.454303 dv-neutron-835638-13-hyperv devstack@keystone.service[80706]: ERROR keystone.server.flask.application
Traceback (most recent call last):
Jun 23 15:29:44.454303 dv-neutron-835638-13-hyperv devstack@keystone.service[80706]: ERROR keystone.server.flask.application
File "/usr/local/lib/python3.8/dist-packages/flask/app.py", line 1523, in full_dispatch_request
Jun 23 15:29:44.454303 dv-neutron-835638-13-hyperv devstack@keystone.service[80706]: ERROR keystone.server.flask.application rv = self.dispatch_request()
Jun 23 15:29:44.454303 dv-neutron-835638-13-hyperv devstack@keystone.service[80706]: ERROR keystone.server.flask.application
File "/usr/local/lib/python3.8/dist-packages/flask/app.py", line 1509, in dispatch_request
Jun 23 15:29:44.454303 dv-neutron-835638-13-hyperv devstack@keystone.service[80706]: ERROR keystone.server.flask.application return self.ensure_sync(self.view_functions[rule.endpoint])(**req.view_args)
Jun 23 15:29:44.454303 dv-neutron-835638-13-hyperv devstack@keystone.service[80706]: ERROR keystone.server.flask.application
File "/usr/local/lib/python3.8/dist-packages/flask_restful/__init__.py", line 467, in wrapper
Jun 23 15:29:44.454303 dv-neutron-835638-13-hyperv devstack@keystone.service[80706]: ERROR keystone.server.flask.application resp = resource(*args, **kwargs)
Jun 23 15:29:44.454303 dv-neutron-835638-13-hyperv devstack@keystone.service[80706]: ERROR keystone.server.flask.application
File "/usr/local/lib/python3.8/dist-packages/flask/views.py", line 84, in view
Jun 23 15:29:44.454303 dv-neutron-835638-13-hyperv devstack@keystone.service[80706]: ERROR keystone.server.flask.application return current_app.ensure_sync(self.dispatch_request)(*args, **kwargs)
Jun 23 15:29:44.454303 dv-neutron-835638-13-hyperv devstack@keystone.service[80706]: ERROR keystone.server.flask.application
File "/usr/local/lib/python3.8/dist-packages/flask_restful/__init__.py", line 582, in dispatch_request
Jun 23 15:29:44.454303 dv-neutron-835638-13-hyperv devstack@keystone.service[80706]: ERROR keystone.server.flask.application resp = meth(*args, **kwargs)
Jun 23 15:29:44.454303 dv-neutron-835638-13-hyperv devstack@keystone.service[80706]: ERROR keystone.server.flask.application
File "/opt/stack/keystone/keystone/api/roles.py", line 50, in get
Jun 23 15:29:44.454303 dv-neutron-835638-13-hyperv devstack@keystone.service[80706]: ERROR keystone.server.flask.application return self._get_role(role_id)
Jun 23 15:29:44.454303 dv-neutron-835638-13-hyperv devstack@keystone.service[80706]: ERROR keystone.server.flask.application
File "/opt/stack/keystone/keystone/api/roles.py", line 70, in _get_role
Jun 23 15:29:44.454303 dv-neutron-835638-13-hyperv devstack@keystone.service[80706]: ERROR keystone.server.flask.application ENFORCER.enforce_call(action='identity:get_role')
Jun 23 15:29:44.455300 dv-neutron-835638-13-hyperv devstack@keystone.service[80706]: ERROR keystone.server.flask.application
File "/opt/stack/keystone/keystone/common/rbac_enforcer/enforcer.py", line 402, in enforce_call
Jun 23 15:29:44.455300 dv-neutron-835638-13-hyperv devstack@keystone.service[80706]: ERROR keystone.server.flask.application policy_dict.update(cls._extract_member_target_data(
Jun 23 15:29:44.455300 dv-neutron-835638-13-hyperv devstack@keystone.service[80706]: ERROR keystone.server.flask.application
File "/opt/stack/keystone/keystone/common/rbac_enforcer/enforcer.py", line 234, in _extract_member_target_data
Jun 23 15:29:44.455300 dv-neutron-835638-13-hyperv devstack@keystone.service[80706]: ERROR keystone.server.flask.application member_name: func(flask.request.view_args[key])
Jun 23 15:29:44.455300 dv-neutron-835638-13-hyperv devstack@keystone.service[80706]: ERROR keystone.server.flask.application
File "/opt/stack/keystone/keystone/common/manager.py", line 115, in wrapped
Jun 23 15:29:44.455300 dv-neutron-835638-13-hyperv devstack@keystone.service[80706]: ERROR keystone.server.flask.application __ret_val = __f(*args, **kwargs)
Jun 23 15:29:44.455300 dv-neutron-835638-13-hyperv devstack@keystone.service[80706]: ERROR keystone.server.flask.application
File "/usr/local/lib/python3.8/dist-packages/decorator.py", line 232, in fun
Jun 23 15:29:44.455300 dv-neutron-835638-13-hyperv devstack@keystone.service[80706]: ERROR keystone.server.flask.application return caller(func, *(extras + args), **kw)
Jun 23 15:29:44.455300 dv-neutron-835638-13-hyperv devstack@keystone.service[80706]: ERROR keystone.server.flask.application
File "/usr/local/lib/python3.8/dist-packages/dogpile/cache/region.py", line 1577, in get_or_create_for_user_func
Jun 23 15:29:44.455300 dv-neutron-835638-13-hyperv devstack@keystone.service[80706]: ERROR keystone.server.flask.application return self.get_or_create(
Jun 23 15:29:44.455300 dv-neutron-835638-13-hyperv devstack@keystone.service[80706]: ERROR keystone.server.flask.application
File "/usr/local/lib/python3.8/dist-packages/dogpile/cache/region.py", line 1042, in get_or_create
Jun 23 15:29:44.455300 dv-neutron-835638-13-hyperv devstack@keystone.service[80706]: ERROR keystone.server.flask.application with Lock(
Jun 23 15:29:44.455300 dv-neutron-835638-13-hyperv devstack@keystone.service[80706]: ERROR keystone.server.flask.application
File "/usr/local/lib/python3.8/dist-packages/dogpile/lock.py", line 185, in __enter__
Jun 23 15:29:44.455300 dv-neutron-835638-13-hyperv devstack@keystone.service[80706]: ERROR keystone.server.flask.application return self._enter()
Jun 23 15:29:44.455300 dv-neutron-835638-13-hyperv devstack@keystone.service[80706]: ERROR keystone.server.flask.application
File "/usr/local/lib/python3.8/dist-packages/dogpile/lock.py", line 94, in _enter
Jun 23 15:29:44.455300 dv-neutron-835638-13-hyperv devstack@keystone.service[80706]: ERROR keystone.server.flask.application generated = self._enter_create(value, createdtime)
Jun 23 15:29:44.456089 dv-neutron-835638-13-hyperv devstack@keystone.service[80706]: ERROR keystone.server.flask.application
File "/usr/local/lib/python3.8/dist-packages/dogpile/lock.py", line 178, in _enter_create
Jun 23 15:29:44.456089 dv-neutron-835638-13-hyperv devstack@keystone.service[80706]: ERROR keystone.server.flask.application return self.creator()
Jun 23 15:29:44.456089 dv-neutron-835638-13-hyperv devstack@keystone.service[80706]: ERROR keystone.server.flask.application
File "/usr/local/lib/python3.8/dist-packages/dogpile/cache/region.py", line 995, in gen_value
Jun 23 15:29:44.456089 dv-neutron-835638-13-hyperv devstack@keystone.service[80706]: ERROR keystone.server.flask.application created_value = creator(
Jun 23 15:29:44.456089 dv-neutron-835638-13-hyperv devstack@keystone.service[80706]: ERROR keystone.server.flask.application
File "/opt/stack/keystone/keystone/assignment/core.py", line 1276, in get_role
Jun 23 15:29:44.456089 dv-neutron-835638-13-hyperv devstack@keystone.service[80706]: ERROR keystone.server.flask.application return self.driver.get_role(role_id)
Jun 23 15:29:44.456089 dv-neutron-835638-13-hyperv devstack@keystone.service[80706]: ERROR keystone.server.flask.application
File "/opt/stack/keystone/keystone/assignment/role_backends/sql.py", line 70, in get_role
Jun 23 15:29:44.456089 dv-neutron-835638-13-hyperv devstack@keystone.service[80706]: ERROR keystone.server.flask.application return self._get_role(session, role_id).to_dict()
Jun 23 15:29:44.456089 dv-neutron-835638-13-hyperv devstack@keystone.service[80706]: ERROR keystone.server.flask.application
File "/opt/stack/keystone/keystone/assignment/role_backends/sql.py", line 65, in _get_role
Jun 23 15:29:44.456089 dv-neutron-835638-13-hyperv devstack@keystone.service[80706]: ERROR keystone.server.flask.application raise exception.RoleNotFound(role_id=role_id)
Jun 23 15:29:44.456089 dv-neutron-835638-13-hyperv devstack@keystone.service[80706]: ERROR keystone.server.flask.application keystone.exception.RoleNotFound: Could not find role: member.
Jun 23 15:29:44.456089 dv-neutron-835638-13-hyperv devstack@keystone.service[80706]: ERROR keystone.server.flask.application
Jun 23 15:29:44.457730 dv-neutron-835638-13-hyperv devstack@keystone.service[80707]: DEBUG keystone.server.flask.request_processing.middleware.auth_context [None req-bbeef5f5-967f-4ad6-8202-a5780e215c4f None admin] RBAC: auth_context: {'token': , 'domain_id': None, 'trust_id': None, 'trustor_id': None, 'trustee_id': None, 'domain_name': None, 'group_ids': [], 'user_id': '27cb12d8cba0478890e38b8c38fe311e', 'user_domain_id': 'default', 'system_scope': 'all', 'project_id': None, 'project_domain_id': None, 'roles': ['admin', 'member', 'reader'], 'is_admin_project': True, 'service_user_id': None, 'service_user_domain_id': None, 'service_project_id': None, 'service_project_domain_id': None, 'service_roles': []} {{(pid=80707) fill_context /opt/stack/keystone/keystone/server/flask/request_processing/middleware/auth_context.py:478}}
Jun 23 15:29:44.458698 dv-neutron-835638-13-hyperv devstack@keystone.service[80706]: [pid: 80706|app: 0|req: 140/279] 10.222.0.27 () {56 vars in 1099 bytes} [Thu Jun 23 15:29:44 2022] GET /identity/v3/roles/member => generated 84 bytes in 187 msecs (HTTP/1.1 404) 5 headers in 183 bytes (1 switches on core 0)
Jun 23 15:29:44.458808 dv-neutron-835638-13-hyperv devstack@keystone.service[80707]: DEBUG keystone.server.flask.request_processing.req_logging [None req-bbeef5f5-967f-4ad6-8202-a5780e215c4f None admin] REQUEST_METHOD: `GET` {{(pid=80707) log_request_info /opt/stack/keystone/keystone/server/flask/request_processing/req_logging.py:27}}
Jun 23 15:29:44.459014 dv-neutron-835638-13-hyperv devstack@keystone.service[80707]: DEBUG keystone.server.flask.request_processing.req_logging [None req-bbeef5f5-967f-4ad6-8202-a5780e215c4f None admin] SCRIPT_NAME: `/identity` {{(pid=80707) log_request_info /opt/stack/keystone/keystone/server/flask/request_processing/req_logging.py:28}}
