May 18 12:54:39.133555 dv-neutron-835638-10-hyperv devstack@g-api.service[113620]: DEBUG swiftclient [None req-f5790552-0436-44b8-bab0-eac297a48ef1 tempest-TestMinimumBasicScenario-603892398 tempest-TestMinimumBasicScenario-603892398-project] REQ: curl -i http://10.222.0.58:8080/v1/AUTH_8702872b970040dfb546b1068cd0a499/glance?format=json&prefix=e43a1cae-b580-4329-ac13-11c61501b0e1- -X GET -H "X-Auth-Token: gAAAAABihOyPInIe..." -H "Accept-Encoding: gzip" {{(pid=113620) http_log /usr/local/lib/python3.8/dist-packages/swiftclient/client.py:187}}
May 18 12:54:39.133829 dv-neutron-835638-10-hyperv devstack@g-api.service[113620]: DEBUG swiftclient [None req-f5790552-0436-44b8-bab0-eac297a48ef1 tempest-TestMinimumBasicScenario-603892398 tempest-TestMinimumBasicScenario-603892398-project] RESP STATUS: 200 OK {{(pid=113620) http_log /usr/local/lib/python3.8/dist-packages/swiftclient/client.py:188}}
May 18 12:54:39.134340 dv-neutron-835638-10-hyperv devstack@g-api.service[113620]: DEBUG swiftclient [None req-f5790552-0436-44b8-bab0-eac297a48ef1 tempest-TestMinimumBasicScenario-603892398 tempest-TestMinimumBasicScenario-603892398-project] RESP HEADERS: {'Content-Type': 'application/json; charset=utf-8', 'Content-Length': '843', 'X-Container-Object-Count': '6', 'X-Container-Bytes-Used': '1291845632', 'X-Timestamp': '1652875413.66289', 'Last-Modified': 'Wed, 18 May 2022 12:03:34 GMT', 'Accept-Ranges': 'bytes', 'X-Storage-Policy': 'Policy-0', 'X-Container-Sharding': 'False', 'X-Trans-Id': 'tx3373dac8bb81421487b88-006284ec8f', 'X-Openstack-Request-Id': 'tx3373dac8bb81421487b88-006284ec8f', 'Date': 'Wed, 18 May 2022 12:54:39 GMT'} {{(pid=113620) http_log /usr/local/lib/python3.8/dist-packages/swiftclient/client.py:189}}
May 18 12:54:39.134998 dv-neutron-835638-10-hyperv devstack@g-api.service[113620]: DEBUG swiftclient [None req-f5790552-0436-44b8-bab0-eac297a48ef1 tempest-TestMinimumBasicScenario-603892398 tempest-TestMinimumBasicScenario-603892398-project] RESP BODY: b'[{"bytes": 204800000, "hash": "048deade7f6ee243fd159705c19dd024", "name": "e43a1cae-b580-4329-ac13-11c61501b0e1-00001", "content_type": "application/octet-stream", "last_modified": "2022-05-18T12:51:28.150970"}, {"bytes": 204800000, "hash": "0cac3120b17bb1686ec6c5f9aa93c86d", "name": "e43a1cae-b580-4329-ac13-11c61501b0e1-00002", "content_type": "application/octet-stream", "last_modified": "2022-05-18T12:51:31.411600"}, {"bytes": 204800000, "hash": "474c454a7d42aa08dc839c761619c10b", "name": "e43a1cae-b580-4329-ac13-11c61501b0e1-00003", "content_type": "application/octet-stream", "last_modified": "2022-05-18T12:51:34.653660"}, {"bytes": 31522816, "hash": "0be982c76a84f3b50fdfe738452bdba1", "name": "e43a1cae-b580-4329-ac13-11c61501b0e1-00004", "content_type": "application/octet-stream", "last_modified": "2022-05-18T12:51:37.572410"}]' {{(pid=113620) http_log /usr/local/lib/python3.8/dist-packages/swiftclient/client.py:193}}
May 18 12:54:39.294398 dv-neutron-835638-10-hyperv devstack@g-api.service[113620]: DEBUG swiftclient [None req-f5790552-0436-44b8-bab0-eac297a48ef1 tempest-TestMinimumBasicScenario-603892398 tempest-TestMinimumBasicScenario-603892398-project] REQ: curl -i http://10.222.0.58:8080/v1/AUTH_8702872b970040dfb546b1068cd0a499/glance/e43a1cae-b580-4329-ac13-11c61501b0e1-00001 DELETE -H "X-Auth-Token: gAAAAABihOyPInIe..." {{(pid=113620) http_log /usr/local/lib/python3.8/dist-packages/swiftclient/client.py:187}}
May 18 12:54:39.294678 dv-neutron-835638-10-hyperv devstack@g-api.service[113620]: DEBUG swiftclient [None req-f5790552-0436-44b8-bab0-eac297a48ef1 tempest-TestMinimumBasicScenario-603892398 tempest-TestMinimumBasicScenario-603892398-project] RESP STATUS: 204 No Content {{(pid=113620) http_log /usr/local/lib/python3.8/dist-packages/swiftclient/client.py:188}}
May 18 12:54:39.295011 dv-neutron-835638-10-hyperv devstack@g-api.service[113620]: DEBUG swiftclient [None req-f5790552-0436-44b8-bab0-eac297a48ef1 tempest-TestMinimumBasicScenario-603892398 tempest-TestMinimumBasicScenario-603892398-project] RESP HEADERS: {'Content-Type': 'text/html; charset=UTF-8', 'Content-Length': '0', 'X-Trans-Id': 'tx357ec92b4a3848ca95508-006284ec8f', 'X-Openstack-Request-Id': 'tx357ec92b4a3848ca95508-006284ec8f', 'Date': 'Wed, 18 May 2022 12:54:39 GMT'} {{(pid=113620) http_log /usr/local/lib/python3.8/dist-packages/swiftclient/client.py:189}}
May 18 12:54:39.395620 dv-neutron-835638-10-hyperv devstack@g-api.service[113620]: DEBUG swiftclient [None req-f5790552-0436-44b8-bab0-eac297a48ef1 tempest-TestMinimumBasicScenario-603892398 tempest-TestMinimumBasicScenario-603892398-project] REQ: curl -i http://10.222.0.58:8080/v1/AUTH_8702872b970040dfb546b1068cd0a499/glance/e43a1cae-b580-4329-ac13-11c61501b0e1-00002 DELETE -H "X-Auth-Token: gAAAAABihOyPInIe..." {{(pid=113620) http_log /usr/local/lib/python3.8/dist-packages/swiftclient/client.py:187}}
May 18 12:54:39.395870 dv-neutron-835638-10-hyperv devstack@g-api.service[113620]: DEBUG swiftclient [None req-f5790552-0436-44b8-bab0-eac297a48ef1 tempest-TestMinimumBasicScenario-603892398 tempest-TestMinimumBasicScenario-603892398-project] RESP STATUS: 204 No Content {{(pid=113620) http_log /usr/local/lib/python3.8/dist-packages/swiftclient/client.py:188}}
May 18 12:54:39.396205 dv-neutron-835638-10-hyperv devstack@g-api.service[113620]: DEBUG swiftclient [None req-f5790552-0436-44b8-bab0-eac297a48ef1 tempest-TestMinimumBasicScenario-603892398 tempest-TestMinimumBasicScenario-603892398-project] RESP HEADERS: {'Content-Type': 'text/html; charset=UTF-8', 'Content-Length': '0', 'X-Trans-Id': 'tx79a9de5b7880484b8ab36-006284ec8f', 'X-Openstack-Request-Id': 'tx79a9de5b7880484b8ab36-006284ec8f', 'Date': 'Wed, 18 May 2022 12:54:39 GMT'} {{(pid=113620) http_log /usr/local/lib/python3.8/dist-packages/swiftclient/client.py:189}}
May 18 12:54:39.470314 dv-neutron-835638-10-hyperv devstack@g-api.service[113620]: DEBUG swiftclient [None req-f5790552-0436-44b8-bab0-eac297a48ef1 tempest-TestMinimumBasicScenario-603892398 tempest-TestMinimumBasicScenario-603892398-project] REQ: curl -i http://10.222.0.58:8080/v1/AUTH_8702872b970040dfb546b1068cd0a499/glance/e43a1cae-b580-4329-ac13-11c61501b0e1-00003 DELETE -H "X-Auth-Token: gAAAAABihOyPInIe..." {{(pid=113620) http_log /usr/local/lib/python3.8/dist-packages/swiftclient/client.py:187}}
May 18 12:54:39.470572 dv-neutron-835638-10-hyperv devstack@g-api.service[113620]: DEBUG swiftclient [None req-f5790552-0436-44b8-bab0-eac297a48ef1 tempest-TestMinimumBasicScenario-603892398 tempest-TestMinimumBasicScenario-603892398-project] RESP STATUS: 204 No Content {{(pid=113620) http_log /usr/local/lib/python3.8/dist-packages/swiftclient/client.py:188}}
May 18 12:54:39.470918 dv-neutron-835638-10-hyperv devstack@g-api.service[113620]: DEBUG swiftclient [None req-f5790552-0436-44b8-bab0-eac297a48ef1 tempest-TestMinimumBasicScenario-603892398 tempest-TestMinimumBasicScenario-603892398-project] RESP HEADERS: {'Content-Type': 'text/html; charset=UTF-8', 'Content-Length': '0', 'X-Trans-Id': 'txd09700fb1c744421933c5-006284ec8f', 'X-Openstack-Request-Id': 'txd09700fb1c744421933c5-006284ec8f', 'Date': 'Wed, 18 May 2022 12:54:39 GMT'} {{(pid=113620) http_log /usr/local/lib/python3.8/dist-packages/swiftclient/client.py:189}}
May 18 12:54:39.550481 dv-neutron-835638-10-hyperv devstack@g-api.service[113620]: DEBUG swiftclient [None req-f5790552-0436-44b8-bab0-eac297a48ef1 tempest-TestMinimumBasicScenario-603892398 tempest-TestMinimumBasicScenario-603892398-project] REQ: curl -i http://10.222.0.58:8080/v1/AUTH_8702872b970040dfb546b1068cd0a499/glance/e43a1cae-b580-4329-ac13-11c61501b0e1-00004 DELETE -H "X-Auth-Token: gAAAAABihOyPInIe..." {{(pid=113620) http_log /usr/local/lib/python3.8/dist-packages/swiftclient/client.py:187}}
May 18 12:54:39.550727 dv-neutron-835638-10-hyperv devstack@g-api.service[113620]: DEBUG swiftclient [None req-f5790552-0436-44b8-bab0-eac297a48ef1 tempest-TestMinimumBasicScenario-603892398 tempest-TestMinimumBasicScenario-603892398-project] RESP STATUS: 204 No Content {{(pid=113620) http_log /usr/local/lib/python3.8/dist-packages/swiftclient/client.py:188}}
May 18 12:54:39.551055 dv-neutron-835638-10-hyperv devstack@g-api.service[113620]: DEBUG swiftclient [None req-f5790552-0436-44b8-bab0-eac297a48ef1 tempest-TestMinimumBasicScenario-603892398 tempest-TestMinimumBasicScenario-603892398-project] RESP HEADERS: {'Content-Type': 'text/html; charset=UTF-8', 'Content-Length': '0', 'X-Trans-Id': 'txddb74538ca39416388c9f-006284ec8f', 'X-Openstack-Request-Id': 'txddb74538ca39416388c9f-006284ec8f', 'Date': 'Wed, 18 May 2022 12:54:39 GMT'} {{(pid=113620) http_log /usr/local/lib/python3.8/dist-packages/swiftclient/client.py:189}}
May 18 12:54:39.638730 dv-neutron-835638-10-hyperv devstack@g-api.service[113620]: DEBUG swiftclient [None req-f5790552-0436-44b8-bab0-eac297a48ef1 tempest-TestMinimumBasicScenario-603892398 tempest-TestMinimumBasicScenario-603892398-project] REQ: curl -i http://10.222.0.58:8080/v1/AUTH_8702872b970040dfb546b1068cd0a499/glance/e43a1cae-b580-4329-ac13-11c61501b0e1 DELETE -H "X-Auth-Token: gAAAAABihOyPInIe..." {{(pid=113620) http_log /usr/local/lib/python3.8/dist-packages/swiftclient/client.py:187}}
May 18 12:54:39.638974 dv-neutron-835638-10-hyperv devstack@g-api.service[113620]: DEBUG swiftclient [None req-f5790552-0436-44b8-bab0-eac297a48ef1 tempest-TestMinimumBasicScenario-603892398 tempest-TestMinimumBasicScenario-603892398-project] RESP STATUS: 204 No Content {{(pid=113620) http_log /usr/local/lib/python3.8/dist-packages/swiftclient/client.py:188}}
May 18 12:54:39.639303 dv-neutron-835638-10-hyperv devstack@g-api.service[113620]: DEBUG swiftclient [None req-f5790552-0436-44b8-bab0-eac297a48ef1 tempest-TestMinimumBasicScenario-603892398 tempest-TestMinimumBasicScenario-603892398-project] RESP HEADERS: {'Content-Type': 'text/html; charset=UTF-8', 'Content-Length': '0', 'X-Trans-Id': 'txd49a9b26f29d44f9a79fe-006284ec8f', 'X-Openstack-Request-Id': 'txd49a9b26f29d44f9a79fe-006284ec8f', 'Date': 'Wed, 18 May 2022 12:54:39 GMT'} {{(pid=113620) http_log /usr/local/lib/python3.8/dist-packages/swiftclient/client.py:189}}
May 18 12:54:39.967647 dv-neutron-835638-10-hyperv devstack@g-api.service[113620]: DEBUG glance.api.middleware.cache [None req-f5790552-0436-44b8-bab0-eac297a48ef1 tempest-TestMinimumBasicScenario-603892398 tempest-TestMinimumBasicScenario-603892398-project] Removing image e43a1cae-b580-4329-ac13-11c61501b0e1 from cache {{(pid=113620) _process_DELETE_response /opt/stack/glance/glance/api/middleware/cache.py:264}}
May 18 12:54:39.968580 dv-neutron-835638-10-hyperv devstack@g-api.service[113620]: DEBUG glance.image_cache.drivers.sqlite [None req-f5790552-0436-44b8-bab0-eac297a48ef1 tempest-TestMinimumBasicScenario-603892398 tempest-TestMinimumBasicScenario-603892398-project] Deleting image cache file '/opt/stack/data/glance/cache/e43a1cae-b580-4329-ac13-11c61501b0e1' {{(pid=113620) delete_cached_file /opt/stack/glance/glance/image_cache/drivers/sqlite.py:506}}
May 18 12:54:40.144767 dv-neutron-835638-10-hyperv devstack@g-api.service[113620]: [pid: 113620|app: 0|req: 88/183] 127.0.0.1 () {38 vars in 793 bytes} [Wed May 18 12:54:38 2022] DELETE /v2/images/e43a1cae-b580-4329-ac13-11c61501b0e1 => generated 0 bytes in 1189 msecs (HTTP/1.1 204) 4 headers in 171 bytes (1 switches on core 0)
May 18 12:54:49.879153 dv-neutron-835638-10-hyperv devstack@g-api.service[113620]: DEBUG dbcounter [-] [113620] Writing DB stats glance:SELECT=16,glance:UPDATE=6 {{(pid=113620) stat_writer /usr/local/lib/python3.8/dist-packages/dbcounter.py:114}}
May 18 12:54:59.523457 dv-neutron-835638-10-hyperv devstack@g-api.service[113619]: DEBUG glance.api.middleware.version_negotiation [None req-77f60481-b912-46b7-a74d-da24765441cb tempest-TestMinimumBasicScenario-603892398 tempest-TestMinimumBasicScenario-603892398-project] Determining version of request: GET /v2/images/24fbb26f-c0c1-43c0-adf7-f3cfef51333b Accept: */* {{(pid=113619) process_request /opt/stack/glance/glance/api/middleware/version_negotiation.py:44}}
May 18 12:54:59.523959 dv-neutron-835638-10-hyperv devstack@g-api.service[113619]: DEBUG glance.api.middleware.version_negotiation [None req-77f60481-b912-46b7-a74d-da24765441cb tempest-TestMinimumBasicScenario-603892398 tempest-TestMinimumBasicScenario-603892398-project] Using url versioning {{(pid=113619) process_request /opt/stack/glance/glance/api/middleware/version_negotiation.py:57}}
May 18 12:54:59.524155 dv-neutron-835638-10-hyperv devstack@g-api.service[113619]: DEBUG glance.api.middleware.version_negotiation [None req-77f60481-b912-46b7-a74d-da24765441cb tempest-TestMinimumBasicScenario-603892398 tempest-TestMinimumBasicScenario-603892398-project] Matched version: v2 {{(pid=113619) process_request /opt/stack/glance/glance/api/middleware/version_negotiation.py:69}}
May 18 12:54:59.524380 dv-neutron-835638-10-hyperv devstack@g-api.service[113619]: DEBUG glance.api.middleware.version_negotiation [None req-77f60481-b912-46b7-a74d-da24765441cb tempest-TestMinimumBasicScenario-603892398 tempest-TestMinimumBasicScenario-603892398-project] new path /v2/images/24fbb26f-c0c1-43c0-adf7-f3cfef51333b {{(pid=113619) process_request /opt/stack/glance/glance/api/middleware/version_negotiation.py:70}}
May 18 12:54:59.542921 dv-neutron-835638-10-hyperv devstack@g-api.service[113619]: [pid: 113619|app: 0|req: 96/184] 127.0.0.1 () {42 vars in 1066 bytes} [Wed May 18 12:54:59 2022] GET /v2/images/24fbb26f-c0c1-43c0-adf7-f3cfef51333b => generated 946 bytes in 20 msecs (HTTP/1.1 200) 4 headers in 157 bytes (1 switches on core 0)
May 18 12:54:59.548194 dv-neutron-835638-10-hyperv devstack@g-api.service[113620]: DEBUG glance.api.middleware.version_negotiation [None req-f5790552-0436-44b8-bab0-eac297a48ef1 tempest-TestMinimumBasicScenario-603892398 tempest-TestMinimumBasicScenario-603892398-project] Determining version of request: GET /v2/schemas/image Accept: */* {{(pid=113620) process_request /opt/stack/glance/glance/api/middleware/version_negotiation.py:44}}
May 18 12:54:59.550564 dv-neutron-835638-10-hyperv devstack@g-api.service[113620]: DEBUG glance.api.middleware.version_negotiation [None req-f5790552-0436-44b8-bab0-eac297a48ef1 tempest-TestMinimumBasicScenario-603892398 tempest-TestMinimumBasicScenario-603892398-project] Using url versioning {{(pid=113620) process_request /opt/stack/glance/glance/api/middleware/version_negotiation.py:57}}
May 18 12:54:59.550564 dv-neutron-835638-10-hyperv devstack@g-api.service[113620]: DEBUG glance.api.middleware.version_negotiation [None req-f5790552-0436-44b8-bab0-eac297a48ef1 tempest-TestMinimumBasicScenario-603892398 tempest-TestMinimumBasicScenario-603892398-project] Matched version: v2 {{(pid=113620) process_request /opt/stack/glance/glance/api/middleware/version_negotiation.py:69}}
May 18 12:54:59.550564 dv-neutron-835638-10-hyperv devstack@g-api.service[113620]: DEBUG glance.api.middleware.version_negotiation [None req-f5790552-0436-44b8-bab0-eac297a48ef1 tempest-TestMinimumBasicScenario-603892398 tempest-TestMinimumBasicScenario-603892398-project] new path /v2/schemas/image {{(pid=113620) process_request /opt/stack/glance/glance/api/middleware/version_negotiation.py:70}}
May 18 12:54:59.555097 dv-neutron-835638-10-hyperv devstack@g-api.service[113620]: [pid: 113620|app: 0|req: 89/185] 127.0.0.1 () {42 vars in 1006 bytes} [Wed May 18 12:54:59 2022] GET /v2/schemas/image => generated 6083 bytes in 7 msecs (HTTP/1.1 200) 4 headers in 158 bytes (1 switches on core 0)
May 18 12:55:05.007464 dv-neutron-835638-10-hyperv devstack@g-api.service[113619]: DEBUG glance.api.middleware.version_negotiation [None req-59d87d5f-9c00-432a-a184-e0102b39d9c8 tempest-TestNetworkAdvancedServerOps-121273436 tempest-TestNetworkAdvancedServerOps-121273436-project] Determining version of request: GET /v2/images/24fbb26f-c0c1-43c0-adf7-f3cfef51333b Accept: */* {{(pid=113619) process_request /opt/stack/glance/glance/api/middleware/version_negotiation.py:44}}
May 18 12:55:05.008055 dv-neutron-835638-10-hyperv devstack@g-api.service[113619]: DEBUG glance.api.middleware.version_negotiation [None req-59d87d5f-9c00-432a-a184-e0102b39d9c8 tempest-TestNetworkAdvancedServerOps-121273436 tempest-TestNetworkAdvancedServerOps-121273436-project] Using url versioning {{(pid=113619) process_request /opt/stack/glance/glance/api/middleware/version_negotiation.py:57}}
May 18 12:55:05.008174 dv-neutron-835638-10-hyperv devstack@g-api.service[113619]: DEBUG glance.api.middleware.version_negotiation [None req-59d87d5f-9c00-432a-a184-e0102b39d9c8 tempest-TestNetworkAdvancedServerOps-121273436 tempest-TestNetworkAdvancedServerOps-121273436-project] Matched version: v2 {{(pid=113619) process_request /opt/stack/glance/glance/api/middleware/version_negotiation.py:69}}
May 18 12:55:05.008366 dv-neutron-835638-10-hyperv devstack@g-api.service[113619]: DEBUG glance.api.middleware.version_negotiation [None req-59d87d5f-9c00-432a-a184-e0102b39d9c8 tempest-TestNetworkAdvancedServerOps-121273436 tempest-TestNetworkAdvancedServerOps-121273436-project] new path /v2/images/24fbb26f-c0c1-43c0-adf7-f3cfef51333b {{(pid=113619) process_request /opt/stack/glance/glance/api/middleware/version_negotiation.py:70}}
May 18 12:55:05.024073 dv-neutron-835638-10-hyperv devstack@g-api.service[113619]: [pid: 113619|app: 0|req: 97/186] 127.0.0.1 () {40 vars in 859 bytes} [Wed May 18 12:55:05 2022] GET /v2/images/24fbb26f-c0c1-43c0-adf7-f3cfef51333b => generated 946 bytes in 17 msecs (HTTP/1.1 200) 4 headers in 157 bytes (1 switches on core 0)
May 18 12:55:05.029707 dv-neutron-835638-10-hyperv devstack@g-api.service[113620]: DEBUG glance.api.middleware.version_negotiation [None req-59d87d5f-9c00-432a-a184-e0102b39d9c8 tempest-TestNetworkAdvancedServerOps-121273436 tempest-TestNetworkAdvancedServerOps-121273436-project] Determining version of request: GET /v2/schemas/image Accept: */* {{(pid=113620) process_request /opt/stack/glance/glance/api/middleware/version_negotiation.py:44}}
May 18 12:55:05.030223 dv-neutron-835638-10-hyperv devstack@g-api.service[113620]: DEBUG glance.api.middleware.version_negotiation [None req-59d87d5f-9c00-432a-a184-e0102b39d9c8 tempest-TestNetworkAdvancedServerOps-121273436 tempest-TestNetworkAdvancedServerOps-121273436-project] Using url versioning {{(pid=113620) process_request /opt/stack/glance/glance/api/middleware/version_negotiation.py:57}}
May 18 12:55:05.030515 dv-neutron-835638-10-hyperv devstack@g-api.service[113620]: DEBUG glance.api.middleware.version_negotiation [None req-59d87d5f-9c00-432a-a184-e0102b39d9c8 tempest-TestNetworkAdvancedServerOps-121273436 tempest-TestNetworkAdvancedServerOps-121273436-project] Matched version: v2 {{(pid=113620) process_request /opt/stack/glance/glance/api/middleware/version_negotiation.py:69}}
May 18 12:55:05.030891 dv-neutron-835638-10-hyperv devstack@g-api.service[113620]: DEBUG glance.api.middleware.version_negotiation [None req-59d87d5f-9c00-432a-a184-e0102b39d9c8 tempest-TestNetworkAdvancedServerOps-121273436 tempest-TestNetworkAdvancedServerOps-121273436-project] new path /v2/schemas/image {{(pid=113620) process_request /opt/stack/glance/glance/api/middleware/version_negotiation.py:70}}
May 18 12:55:05.034826 dv-neutron-835638-10-hyperv devstack@g-api.service[113620]: [pid: 113620|app: 0|req: 90/187] 127.0.0.1 () {40 vars in 799 bytes} [Wed May 18 12:55:05 2022] GET /v2/schemas/image => generated 6083 bytes in 5 msecs (HTTP/1.1 200) 4 headers in 158 bytes (1 switches on core 0)
May 18 12:55:15.020505 dv-neutron-835638-10-hyperv devstack@g-api.service[113619]: DEBUG dbcounter [-] [113619] Writing DB stats glance:SELECT=8 {{(pid=113619) stat_writer /usr/local/lib/python3.8/dist-packages/dbcounter.py:114}}
May 18 12:56:41.463393 dv-neutron-835638-10-hyperv devstack@g-api.service[113619]: DEBUG glance.api.middleware.version_negotiation [None req-59d87d5f-9c00-432a-a184-e0102b39d9c8 tempest-TestNetworkAdvancedServerOps-121273436 tempest-TestNetworkAdvancedServerOps-121273436-project] Determining version of request: GET /v2/images/24fbb26f-c0c1-43c0-adf7-f3cfef51333b Accept: */* {{(pid=113619) process_request /opt/stack/glance/glance/api/middleware/version_negotiation.py:44}}
May 18 12:56:41.464569 dv-neutron-835638-10-hyperv devstack@g-api.service[113619]: DEBUG glance.api.middleware.version_negotiation [None req-59d87d5f-9c00-432a-a184-e0102b39d9c8 tempest-TestNetworkAdvancedServerOps-121273436 tempest-TestNetworkAdvancedServerOps-121273436-project] Using url versioning {{(pid=113619) process_request /opt/stack/glance/glance/api/middleware/version_negotiation.py:57}}
May 18 12:56:41.464892 dv-neutron-835638-10-hyperv devstack@g-api.service[113619]: DEBUG glance.api.middleware.version_negotiation [None req-59d87d5f-9c00-432a-a184-e0102b39d9c8 tempest-TestNetworkAdvancedServerOps-121273436 tempest-TestNetworkAdvancedServerOps-121273436-project] Matched version: v2 {{(pid=113619) process_request /opt/stack/glance/glance/api/middleware/version_negotiation.py:69}}
May 18 12:56:41.465170 dv-neutron-835638-10-hyperv devstack@g-api.service[113619]: DEBUG glance.api.middleware.version_negotiation [None req-59d87d5f-9c00-432a-a184-e0102b39d9c8 tempest-TestNetworkAdvancedServerOps-121273436 tempest-TestNetworkAdvancedServerOps-121273436-project] new path /v2/images/24fbb26f-c0c1-43c0-adf7-f3cfef51333b {{(pid=113619) process_request /opt/stack/glance/glance/api/middleware/version_negotiation.py:70}}
May 18 12:56:41.489441 dv-neutron-835638-10-hyperv devstack@g-api.service[113619]: [pid: 113619|app: 0|req: 98/188] 127.0.0.1 () {42 vars in 1066 bytes} [Wed May 18 12:56:41 2022] GET /v2/images/24fbb26f-c0c1-43c0-adf7-f3cfef51333b => generated 946 bytes in 26 msecs (HTTP/1.1 200) 4 headers in 157 bytes (1 switches on core 0)
May 18 12:56:41.496015 dv-neutron-835638-10-hyperv devstack@g-api.service[113620]: DEBUG glance.api.middleware.version_negotiation [None req-59d87d5f-9c00-432a-a184-e0102b39d9c8 tempest-TestNetworkAdvancedServerOps-121273436 tempest-TestNetworkAdvancedServerOps-121273436-project] Determining version of request: GET /v2/schemas/image Accept: */* {{(pid=113620) process_request /opt/stack/glance/glance/api/middleware/version_negotiation.py:44}}
May 18 12:56:41.496015 dv-neutron-835638-10-hyperv devstack@g-api.service[113620]: DEBUG glance.api.middleware.version_negotiation [None req-59d87d5f-9c00-432a-a184-e0102b39d9c8 tempest-TestNetworkAdvancedServerOps-121273436 tempest-TestNetworkAdvancedServerOps-121273436-project] Using url versioning {{(pid=113620) process_request /opt/stack/glance/glance/api/middleware/version_negotiation.py:57}}
May 18 12:56:41.496015 dv-neutron-835638-10-hyperv devstack@g-api.service[113620]: DEBUG glance.api.middleware.version_negotiation [None req-59d87d5f-9c00-432a-a184-e0102b39d9c8 tempest-TestNetworkAdvancedServerOps-121273436 tempest-TestNetworkAdvancedServerOps-121273436-project] Matched version: v2 {{(pid=113620) process_request /opt/stack/glance/glance/api/middleware/version_negotiation.py:69}}
May 18 12:56:41.496015 dv-neutron-835638-10-hyperv devstack@g-api.service[113620]: DEBUG glance.api.middleware.version_negotiation [None req-59d87d5f-9c00-432a-a184-e0102b39d9c8 tempest-TestNetworkAdvancedServerOps-121273436 tempest-TestNetworkAdvancedServerOps-121273436-project] new path /v2/schemas/image {{(pid=113620) process_request /opt/stack/glance/glance/api/middleware/version_negotiation.py:70}}
May 18 12:56:41.501413 dv-neutron-835638-10-hyperv devstack@g-api.service[113620]: [pid: 113620|app: 0|req: 91/189] 127.0.0.1 () {42 vars in 1006 bytes} [Wed May 18 12:56:41 2022] GET /v2/schemas/image => generated 6083 bytes in 7 msecs (HTTP/1.1 200) 4 headers in 158 bytes (1 switches on core 0)
May 18 12:56:46.837901 dv-neutron-835638-10-hyperv devstack@g-api.service[113619]: DEBUG glance.api.middleware.version_negotiation [None req-88b2c68b-87c2-46fe-947f-f63ff24f3eff tempest-TestNetworkAdvancedServerOps-121273436 tempest-TestNetworkAdvancedServerOps-121273436-project] Determining version of request: GET /v2/images/24fbb26f-c0c1-43c0-adf7-f3cfef51333b Accept: */* {{(pid=113619) process_request /opt/stack/glance/glance/api/middleware/version_negotiation.py:44}}
May 18 12:56:46.838972 dv-neutron-835638-10-hyperv devstack@g-api.service[113619]: DEBUG glance.api.middleware.version_negotiation [None req-88b2c68b-87c2-46fe-947f-f63ff24f3eff tempest-TestNetworkAdvancedServerOps-121273436 tempest-TestNetworkAdvancedServerOps-121273436-project] Using url versioning {{(pid=113619) process_request /opt/stack/glance/glance/api/middleware/version_negotiation.py:57}}
May 18 12:56:46.839522 dv-neutron-835638-10-hyperv devstack@g-api.service[113619]: DEBUG glance.api.middleware.version_negotiation [None req-88b2c68b-87c2-46fe-947f-f63ff24f3eff tempest-TestNetworkAdvancedServerOps-121273436 tempest-TestNetworkAdvancedServerOps-121273436-project] Matched version: v2 {{(pid=113619) process_request /opt/stack/glance/glance/api/middleware/version_negotiation.py:69}}
May 18 12:56:46.839970 dv-neutron-835638-10-hyperv devstack@g-api.service[113619]: DEBUG glance.api.middleware.version_negotiation [None req-88b2c68b-87c2-46fe-947f-f63ff24f3eff tempest-TestNetworkAdvancedServerOps-121273436 tempest-TestNetworkAdvancedServerOps-121273436-project] new path /v2/images/24fbb26f-c0c1-43c0-adf7-f3cfef51333b {{(pid=113619) process_request /opt/stack/glance/glance/api/middleware/version_negotiation.py:70}}
May 18 12:56:46.856576 dv-neutron-835638-10-hyperv devstack@g-api.service[113619]: [pid: 113619|app: 0|req: 99/190] 127.0.0.1 () {40 vars in 859 bytes} [Wed May 18 12:56:46 2022] GET /v2/images/24fbb26f-c0c1-43c0-adf7-f3cfef51333b => generated 946 bytes in 19 msecs (HTTP/1.1 200) 4 headers in 157 bytes (1 switches on core 0)
May 18 12:56:46.862057 dv-neutron-835638-10-hyperv devstack@g-api.service[113620]: DEBUG glance.api.middleware.version_negotiation [None req-88b2c68b-87c2-46fe-947f-f63ff24f3eff tempest-TestNetworkAdvancedServerOps-121273436 tempest-TestNetworkAdvancedServerOps-121273436-project] Determining version of request: GET /v2/schemas/image Accept: */* {{(pid=113620) process_request /opt/stack/glance/glance/api/middleware/version_negotiation.py:44}}
May 18 12:56:46.862549 dv-neutron-835638-10-hyperv devstack@g-api.service[113620]: DEBUG glance.api.middleware.version_negotiation [None req-88b2c68b-87c2-46fe-947f-f63ff24f3eff tempest-TestNetworkAdvancedServerOps-121273436 tempest-TestNetworkAdvancedServerOps-121273436-project] Using url versioning {{(pid=113620) process_request /opt/stack/glance/glance/api/middleware/version_negotiation.py:57}}
May 18 12:56:46.862726 dv-neutron-835638-10-hyperv devstack@g-api.service[113620]: DEBUG glance.api.middleware.version_negotiation [None req-88b2c68b-87c2-46fe-947f-f63ff24f3eff tempest-TestNetworkAdvancedServerOps-121273436 tempest-TestNetworkAdvancedServerOps-121273436-project] Matched version: v2 {{(pid=113620) process_request /opt/stack/glance/glance/api/middleware/version_negotiation.py:69}}
May 18 12:56:46.863127 dv-neutron-835638-10-hyperv devstack@g-api.service[113620]: DEBUG glance.api.middleware.version_negotiation [None req-88b2c68b-87c2-46fe-947f-f63ff24f3eff tempest-TestNetworkAdvancedServerOps-121273436 tempest-TestNetworkAdvancedServerOps-121273436-project] new path /v2/schemas/image {{(pid=113620) process_request /opt/stack/glance/glance/api/middleware/version_negotiation.py:70}}
May 18 12:56:46.867209 dv-neutron-835638-10-hyperv devstack@g-api.service[113620]: [pid: 113620|app: 0|req: 92/191] 127.0.0.1 () {40 vars in 799 bytes} [Wed May 18 12:56:46 2022] GET /v2/schemas/image => generated 6083 bytes in 5 msecs (HTTP/1.1 200) 4 headers in 158 bytes (1 switches on core 0)
May 18 12:56:56.852559 dv-neutron-835638-10-hyperv devstack@g-api.service[113619]: DEBUG dbcounter [-] [113619] Writing DB stats glance:SELECT=8 {{(pid=113619) stat_writer /usr/local/lib/python3.8/dist-packages/dbcounter.py:114}}
May 18 12:58:23.267901 dv-neutron-835638-10-hyperv devstack@g-api.service[113620]: DEBUG oslo_concurrency.lockutils [-] Acquired lock "glance-cache" {{(pid=113620) lock /usr/local/lib/python3.8/dist-packages/oslo_concurrency/lockutils.py:294}}
May 18 12:58:23.268934 dv-neutron-835638-10-hyperv devstack@g-api.service[113620]: DEBUG oslo_concurrency.lockutils [-] Acquired external semaphore "glance-cache" {{(pid=113620) lock /usr/local/lib/python3.8/dist-packages/oslo_concurrency/lockutils.py:302}}
May 18 12:58:23.269171 dv-neutron-835638-10-hyperv devstack@g-api.service[113620]: DEBUG glance.image_cache.prefetcher [-] Nothing to prefetch. {{(pid=113620) run /opt/stack/glance/glance/image_cache/prefetcher.py:79}}
May 18 12:58:23.269483 dv-neutron-835638-10-hyperv devstack@g-api.service[113620]: DEBUG oslo_concurrency.lockutils [-] Releasing lock "glance-cache" {{(pid=113620) lock /usr/local/lib/python3.8/dist-packages/oslo_concurrency/lockutils.py:312}}
May 18 12:58:23.270023 dv-neutron-835638-10-hyperv devstack@g-api.service[113619]: DEBUG oslo_concurrency.lockutils [-] Acquired lock "glance-cache" {{(pid=113619) lock /usr/local/lib/python3.8/dist-packages/oslo_concurrency/lockutils.py:294}}
May 18 12:58:23.270453 dv-neutron-835638-10-hyperv devstack@g-api.service[113619]: DEBUG oslo_concurrency.lockutils [-] Acquired external semaphore "glance-cache" {{(pid=113619) lock /usr/local/lib/python3.8/dist-packages/oslo_concurrency/lockutils.py:302}}
May 18 12:58:23.270699 dv-neutron-835638-10-hyperv devstack@g-api.service[113619]: DEBUG glance.image_cache.prefetcher [-] Nothing to prefetch. {{(pid=113619) run /opt/stack/glance/glance/image_cache/prefetcher.py:79}}
May 18 12:58:23.270916 dv-neutron-835638-10-hyperv devstack@g-api.service[113619]: DEBUG oslo_concurrency.lockutils [-] Releasing lock "glance-cache" {{(pid=113619) lock /usr/local/lib/python3.8/dist-packages/oslo_concurrency/lockutils.py:312}}
May 18 12:59:29.437869 dv-neutron-835638-10-hyperv devstack@g-api.service[113619]: DEBUG glance.api.middleware.version_negotiation [None req-88b2c68b-87c2-46fe-947f-f63ff24f3eff tempest-TestNetworkAdvancedServerOps-121273436 tempest-TestNetworkAdvancedServerOps-121273436-project] Determining version of request: GET /v2/images/24fbb26f-c0c1-43c0-adf7-f3cfef51333b Accept: */* {{(pid=113619) process_request /opt/stack/glance/glance/api/middleware/version_negotiation.py:44}}
May 18 12:59:29.438546 dv-neutron-835638-10-hyperv devstack@g-api.service[113619]: DEBUG glance.api.middleware.version_negotiation [None req-88b2c68b-87c2-46fe-947f-f63ff24f3eff tempest-TestNetworkAdvancedServerOps-121273436 tempest-TestNetworkAdvancedServerOps-121273436-project] Using url versioning {{(pid=113619) process_request /opt/stack/glance/glance/api/middleware/version_negotiation.py:57}}
May 18 12:59:29.438546 dv-neutron-835638-10-hyperv devstack@g-api.service[113619]: DEBUG glance.api.middleware.version_negotiation [None req-88b2c68b-87c2-46fe-947f-f63ff24f3eff tempest-TestNetworkAdvancedServerOps-121273436 tempest-TestNetworkAdvancedServerOps-121273436-project] Matched version: v2 {{(pid=113619) process_request /opt/stack/glance/glance/api/middleware/version_negotiation.py:69}}
May 18 12:59:29.438763 dv-neutron-835638-10-hyperv devstack@g-api.service[113619]: DEBUG glance.api.middleware.version_negotiation [None req-88b2c68b-87c2-46fe-947f-f63ff24f3eff tempest-TestNetworkAdvancedServerOps-121273436 tempest-TestNetworkAdvancedServerOps-121273436-project] new path /v2/images/24fbb26f-c0c1-43c0-adf7-f3cfef51333b {{(pid=113619) process_request /opt/stack/glance/glance/api/middleware/version_negotiation.py:70}}
May 18 12:59:29.639086 dv-neutron-835638-10-hyperv devstack@g-api.service[113619]: [pid: 113619|app: 0|req: 100/192] 127.0.0.1 () {42 vars in 1066 bytes} [Wed May 18 12:59:29 2022] GET /v2/images/24fbb26f-c0c1-43c0-adf7-f3cfef51333b => generated 946 bytes in 201 msecs (HTTP/1.1 200) 4 headers in 157 bytes (1 switches on core 0)
May 18 12:59:29.639852 dv-neutron-835638-10-hyperv devstack@g-api.service[113620]: DEBUG glance.api.middleware.version_negotiation [None req-88b2c68b-87c2-46fe-947f-f63ff24f3eff tempest-TestNetworkAdvancedServerOps-121273436 tempest-TestNetworkAdvancedServerOps-121273436-project] Determining version of request: GET /v2/schemas/image Accept: */* {{(pid=113620) process_request /opt/stack/glance/glance/api/middleware/version_negotiation.py:44}}
May 18 12:59:29.640330 dv-neutron-835638-10-hyperv devstack@g-api.service[113620]: DEBUG glance.api.middleware.version_negotiation [None req-88b2c68b-87c2-46fe-947f-f63ff24f3eff tempest-TestNetworkAdvancedServerOps-121273436 tempest-TestNetworkAdvancedServerOps-121273436-project] Using url versioning {{(pid=113620) process_request /opt/stack/glance/glance/api/middleware/version_negotiation.py:57}}
May 18 12:59:29.640513 dv-neutron-835638-10-hyperv devstack@g-api.service[113620]: DEBUG glance.api.middleware.version_negotiation [None req-88b2c68b-87c2-46fe-947f-f63ff24f3eff tempest-TestNetworkAdvancedServerOps-121273436 tempest-TestNetworkAdvancedServerOps-121273436-project] Matched version: v2 {{(pid=113620) process_request /opt/stack/glance/glance/api/middleware/version_negotiation.py:69}}
May 18 12:59:29.640875 dv-neutron-835638-10-hyperv devstack@g-api.service[113620]: DEBUG glance.api.middleware.version_negotiation [None req-88b2c68b-87c2-46fe-947f-f63ff24f3eff tempest-TestNetworkAdvancedServerOps-121273436 tempest-TestNetworkAdvancedServerOps-121273436-project] new path /v2/schemas/image {{(pid=113620) process_request /opt/stack/glance/glance/api/middleware/version_negotiation.py:70}}
May 18 12:59:29.652133 dv-neutron-835638-10-hyperv devstack@g-api.service[113620]: [pid: 113620|app: 0|req: 93/193] 127.0.0.1 () {42 vars in 1006 bytes} [Wed May 18 12:59:29 2022] GET /v2/schemas/image => generated 6083 bytes in 12 msecs (HTTP/1.1 200) 4 headers in 158 bytes (1 switches on core 0)
May 18 12:59:33.177156 dv-neutron-835638-10-hyperv devstack@g-api.service[113619]: DEBUG glance.api.middleware.version_negotiation [None req-17c45e50-21ef-460f-ad14-36e9dc61c8cd tempest-TestNetworkAdvancedServerOps-121273436 tempest-TestNetworkAdvancedServerOps-121273436-project] Determining version of request: GET /v2/images/24fbb26f-c0c1-43c0-adf7-f3cfef51333b Accept: */* {{(pid=113619) process_request /opt/stack/glance/glance/api/middleware/version_negotiation.py:44}}
May 18 12:59:33.177766 dv-neutron-835638-10-hyperv devstack@g-api.service[113619]: DEBUG glance.api.middleware.version_negotiation [None req-17c45e50-21ef-460f-ad14-36e9dc61c8cd tempest-TestNetworkAdvancedServerOps-121273436 tempest-TestNetworkAdvancedServerOps-121273436-project] Using url versioning {{(pid=113619) process_request /opt/stack/glance/glance/api/middleware/version_negotiation.py:57}}
May 18 12:59:33.177963 dv-neutron-835638-10-hyperv devstack@g-api.service[113619]: DEBUG glance.api.middleware.version_negotiation [None req-17c45e50-21ef-460f-ad14-36e9dc61c8cd tempest-TestNetworkAdvancedServerOps-121273436 tempest-TestNetworkAdvancedServerOps-121273436-project] Matched version: v2 {{(pid=113619) process_request /opt/stack/glance/glance/api/middleware/version_negotiation.py:69}}
May 18 12:59:33.178248 dv-neutron-835638-10-hyperv devstack@g-api.service[113619]: DEBUG glance.api.middleware.version_negotiation [None req-17c45e50-21ef-460f-ad14-36e9dc61c8cd tempest-TestNetworkAdvancedServerOps-121273436 tempest-TestNetworkAdvancedServerOps-121273436-project] new path /v2/images/24fbb26f-c0c1-43c0-adf7-f3cfef51333b {{(pid=113619) process_request /opt/stack/glance/glance/api/middleware/version_negotiation.py:70}}
May 18 12:59:33.194403 dv-neutron-835638-10-hyperv devstack@g-api.service[113619]: [pid: 113619|app: 0|req: 101/194] 127.0.0.1 () {40 vars in 859 bytes} [Wed May 18 12:59:33 2022] GET /v2/images/24fbb26f-c0c1-43c0-adf7-f3cfef51333b => generated 946 bytes in 18 msecs (HTTP/1.1 200) 4 headers in 157 bytes (1 switches on core 0)
May 18 12:59:33.199851 dv-neutron-835638-10-hyperv devstack@g-api.service[113620]: DEBUG glance.api.middleware.version_negotiation [None req-17c45e50-21ef-460f-ad14-36e9dc61c8cd tempest-TestNetworkAdvancedServerOps-121273436 tempest-TestNetworkAdvancedServerOps-121273436-project] Determining version of request: GET /v2/schemas/image Accept: */* {{(pid=113620) process_request /opt/stack/glance/glance/api/middleware/version_negotiation.py:44}}
May 18 12:59:33.200728 dv-neutron-835638-10-hyperv devstack@g-api.service[113620]: DEBUG glance.api.middleware.version_negotiation [None req-17c45e50-21ef-460f-ad14-36e9dc61c8cd tempest-TestNetworkAdvancedServerOps-121273436 tempest-TestNetworkAdvancedServerOps-121273436-project] Using url versioning {{(pid=113620) process_request /opt/stack/glance/glance/api/middleware/version_negotiation.py:57}}
May 18 12:59:33.201053 dv-neutron-835638-10-hyperv devstack@g-api.service[113620]: DEBUG glance.api.middleware.version_negotiation [None req-17c45e50-21ef-460f-ad14-36e9dc61c8cd tempest-TestNetworkAdvancedServerOps-121273436 tempest-TestNetworkAdvancedServerOps-121273436-project] Matched version: v2 {{(pid=113620) process_request /opt/stack/glance/glance/api/middleware/version_negotiation.py:69}}
May 18 12:59:33.201381 dv-neutron-835638-10-hyperv devstack@g-api.service[113620]: DEBUG glance.api.middleware.version_negotiation [None req-17c45e50-21ef-460f-ad14-36e9dc61c8cd tempest-TestNetworkAdvancedServerOps-121273436 tempest-TestNetworkAdvancedServerOps-121273436-project] new path /v2/schemas/image {{(pid=113620) process_request /opt/stack/glance/glance/api/middleware/version_negotiation.py:70}}
May 18 12:59:33.205657 dv-neutron-835638-10-hyperv devstack@g-api.service[113620]: [pid: 113620|app: 0|req: 94/195] 127.0.0.1 () {40 vars in 799 bytes} [Wed May 18 12:59:33 2022] GET /v2/schemas/image => generated 6083 bytes in 6 msecs (HTTP/1.1 200) 4 headers in 158 bytes (1 switches on core 0)
May 18 12:59:43.190952 dv-neutron-835638-10-hyperv devstack@g-api.service[113619]: DEBUG dbcounter [-] [113619] Writing DB stats glance:SELECT=8 {{(pid=113619) stat_writer /usr/local/lib/python3.8/dist-packages/dbcounter.py:114}}
May 18 13:01:14.804792 dv-neutron-835638-10-hyperv devstack@g-api.service[113619]: DEBUG glance.api.middleware.version_negotiation [None req-17c45e50-21ef-460f-ad14-36e9dc61c8cd tempest-TestNetworkAdvancedServerOps-121273436 tempest-TestNetworkAdvancedServerOps-121273436-project] Determining version of request: GET /v2/images/24fbb26f-c0c1-43c0-adf7-f3cfef51333b Accept: */* {{(pid=113619) process_request /opt/stack/glance/glance/api/middleware/version_negotiation.py:44}}
May 18 13:01:14.805441 dv-neutron-835638-10-hyperv devstack@g-api.service[113619]: DEBUG glance.api.middleware.version_negotiation [None req-17c45e50-21ef-460f-ad14-36e9dc61c8cd tempest-TestNetworkAdvancedServerOps-121273436 tempest-TestNetworkAdvancedServerOps-121273436-project] Using url versioning {{(pid=113619) process_request /opt/stack/glance/glance/api/middleware/version_negotiation.py:57}}
May 18 13:01:14.805542 dv-neutron-835638-10-hyperv devstack@g-api.service[113619]: DEBUG glance.api.middleware.version_negotiation [None req-17c45e50-21ef-460f-ad14-36e9dc61c8cd tempest-TestNetworkAdvancedServerOps-121273436 tempest-TestNetworkAdvancedServerOps-121273436-project] Matched version: v2 {{(pid=113619) process_request /opt/stack/glance/glance/api/middleware/version_negotiation.py:69}}
May 18 13:01:14.805746 dv-neutron-835638-10-hyperv devstack@g-api.service[113619]: DEBUG glance.api.middleware.version_negotiation [None req-17c45e50-21ef-460f-ad14-36e9dc61c8cd tempest-TestNetworkAdvancedServerOps-121273436 tempest-TestNetworkAdvancedServerOps-121273436-project] new path /v2/images/24fbb26f-c0c1-43c0-adf7-f3cfef51333b {{(pid=113619) process_request /opt/stack/glance/glance/api/middleware/version_negotiation.py:70}}
May 18 13:01:14.821512 dv-neutron-835638-10-hyperv devstack@g-api.service[113619]: [pid: 113619|app: 0|req: 102/196] 127.0.0.1 () {40 vars in 859 bytes} [Wed May 18 13:01:14 2022] GET /v2/images/24fbb26f-c0c1-43c0-adf7-f3cfef51333b => generated 946 bytes in 17 msecs (HTTP/1.1 200) 4 headers in 157 bytes (1 switches on core 0)
May 18 13:01:14.829165 dv-neutron-835638-10-hyperv devstack@g-api.service[113620]: DEBUG glance.api.middleware.version_negotiation [None req-17c45e50-21ef-460f-ad14-36e9dc61c8cd tempest-TestNetworkAdvancedServerOps-121273436 tempest-TestNetworkAdvancedServerOps-121273436-project] Determining version of request: GET /v2/schemas/image Accept: */* {{(pid=113620) process_request /opt/stack/glance/glance/api/middleware/version_negotiation.py:44}}
May 18 13:01:14.829165 dv-neutron-835638-10-hyperv devstack@g-api.service[113620]: DEBUG glance.api.middleware.version_negotiation [None req-17c45e50-21ef-460f-ad14-36e9dc61c8cd tempest-TestNetworkAdvancedServerOps-121273436 tempest-TestNetworkAdvancedServerOps-121273436-project] Using url versioning {{(pid=113620) process_request /opt/stack/glance/glance/api/middleware/version_negotiation.py:57}}
May 18 13:01:14.829165 dv-neutron-835638-10-hyperv devstack@g-api.service[113620]: DEBUG glance.api.middleware.version_negotiation [None req-17c45e50-21ef-460f-ad14-36e9dc61c8cd tempest-TestNetworkAdvancedServerOps-121273436 tempest-TestNetworkAdvancedServerOps-121273436-project] Matched version: v2 {{(pid=113620) process_request /opt/stack/glance/glance/api/middleware/version_negotiation.py:69}}
May 18 13:01:14.829165 dv-neutron-835638-10-hyperv devstack@g-api.service[113620]: DEBUG glance.api.middleware.version_negotiation [None req-17c45e50-21ef-460f-ad14-36e9dc61c8cd tempest-TestNetworkAdvancedServerOps-121273436 tempest-TestNetworkAdvancedServerOps-121273436-project] new path /v2/schemas/image {{(pid=113620) process_request /opt/stack/glance/glance/api/middleware/version_negotiation.py:70}}
May 18 13:01:14.832310 dv-neutron-835638-10-hyperv devstack@g-api.service[113620]: [pid: 113620|app: 0|req: 95/197] 127.0.0.1 () {40 vars in 799 bytes} [Wed May 18 13:01:14 2022] GET /v2/schemas/image => generated 6083 bytes in 5 msecs (HTTP/1.1 200) 4 headers in 158 bytes (1 switches on core 0)
May 18 13:01:24.818152 dv-neutron-835638-10-hyperv devstack@g-api.service[113619]: DEBUG dbcounter [-] [113619] Writing DB stats glance:SELECT=4 {{(pid=113619) stat_writer /usr/local/lib/python3.8/dist-packages/dbcounter.py:114}}
May 18 13:02:32.397551 dv-neutron-835638-10-hyperv devstack@g-api.service[113619]: DEBUG glance.api.middleware.version_negotiation [None req-af782fd1-07db-42c3-8d9f-eb2054417a63 tempest-TestNetworkAdvancedServerOps-121273436 tempest-TestNetworkAdvancedServerOps-121273436-project] Determining version of request: GET /v2/images/24fbb26f-c0c1-43c0-adf7-f3cfef51333b Accept: */* {{(pid=113619) process_request /opt/stack/glance/glance/api/middleware/version_negotiation.py:44}}
May 18 13:02:32.397551 dv-neutron-835638-10-hyperv devstack@g-api.service[113619]: DEBUG glance.api.middleware.version_negotiation [None req-af782fd1-07db-42c3-8d9f-eb2054417a63 tempest-TestNetworkAdvancedServerOps-121273436 tempest-TestNetworkAdvancedServerOps-121273436-project] Using url versioning {{(pid=113619) process_request /opt/stack/glance/glance/api/middleware/version_negotiation.py:57}}
May 18 13:02:32.398248 dv-neutron-835638-10-hyperv devstack@g-api.service[113619]: DEBUG glance.api.middleware.version_negotiation [None req-af782fd1-07db-42c3-8d9f-eb2054417a63 tempest-TestNetworkAdvancedServerOps-121273436 tempest-TestNetworkAdvancedServerOps-121273436-project] Matched version: v2 {{(pid=113619) process_request /opt/stack/glance/glance/api/middleware/version_negotiation.py:69}}
May 18 13:02:32.398561 dv-neutron-835638-10-hyperv devstack@g-api.service[113619]: DEBUG glance.api.middleware.version_negotiation [None req-af782fd1-07db-42c3-8d9f-eb2054417a63 tempest-TestNetworkAdvancedServerOps-121273436 tempest-TestNetworkAdvancedServerOps-121273436-project] new path /v2/images/24fbb26f-c0c1-43c0-adf7-f3cfef51333b {{(pid=113619) process_request /opt/stack/glance/glance/api/middleware/version_negotiation.py:70}}
May 18 13:02:32.417643 dv-neutron-835638-10-hyperv devstack@g-api.service[113619]: [pid: 113619|app: 0|req: 103/198] 127.0.0.1 () {42 vars in 1066 bytes} [Wed May 18 13:02:32 2022] GET /v2/images/24fbb26f-c0c1-43c0-adf7-f3cfef51333b => generated 946 bytes in 21 msecs (HTTP/1.1 200) 4 headers in 157 bytes (1 switches on core 0)
May 18 13:02:32.422896 dv-neutron-835638-10-hyperv devstack@g-api.service[113620]: DEBUG glance.api.middleware.version_negotiation [None req-af782fd1-07db-42c3-8d9f-eb2054417a63 tempest-TestNetworkAdvancedServerOps-121273436 tempest-TestNetworkAdvancedServerOps-121273436-project] Determining version of request: GET /v2/schemas/image Accept: */* {{(pid=113620) process_request /opt/stack/glance/glance/api/middleware/version_negotiation.py:44}}
May 18 13:02:32.423518 dv-neutron-835638-10-hyperv devstack@g-api.service[113620]: DEBUG glance.api.middleware.version_negotiation [None req-af782fd1-07db-42c3-8d9f-eb2054417a63 tempest-TestNetworkAdvancedServerOps-121273436 tempest-TestNetworkAdvancedServerOps-121273436-project] Using url versioning {{(pid=113620) process_request /opt/stack/glance/glance/api/middleware/version_negotiation.py:57}}
May 18 13:02:32.423932 dv-neutron-835638-10-hyperv devstack@g-api.service[113620]: DEBUG glance.api.middleware.version_negotiation [None req-af782fd1-07db-42c3-8d9f-eb2054417a63 tempest-TestNetworkAdvancedServerOps-121273436 tempest-TestNetworkAdvancedServerOps-121273436-project] Matched version: v2 {{(pid=113620) process_request /opt/stack/glance/glance/api/middleware/version_negotiation.py:69}}
May 18 13:02:32.424280 dv-neutron-835638-10-hyperv devstack@g-api.service[113620]: DEBUG glance.api.middleware.version_negotiation [None req-af782fd1-07db-42c3-8d9f-eb2054417a63 tempest-TestNetworkAdvancedServerOps-121273436 tempest-TestNetworkAdvancedServerOps-121273436-project] new path /v2/schemas/image {{(pid=113620) process_request /opt/stack/glance/glance/api/middleware/version_negotiation.py:70}}
May 18 13:02:32.430445 dv-neutron-835638-10-hyperv devstack@g-api.service[113620]: [pid: 113620|app: 0|req: 96/199] 127.0.0.1 () {42 vars in 1006 bytes} [Wed May 18 13:02:32 2022] GET /v2/schemas/image => generated 6083 bytes in 8 msecs (HTTP/1.1 200) 4 headers in 158 bytes (1 switches on core 0)
May 18 13:02:38.742689 dv-neutron-835638-10-hyperv devstack@g-api.service[113619]: DEBUG glance.api.middleware.version_negotiation [None req-ff97d899-4781-4c80-a285-6a9b54578f26 tempest-TestNetworkAdvancedServerOps-121273436 tempest-TestNetworkAdvancedServerOps-121273436-project] Determining version of request: GET /v2/images/24fbb26f-c0c1-43c0-adf7-f3cfef51333b Accept: */* {{(pid=113619) process_request /opt/stack/glance/glance/api/middleware/version_negotiation.py:44}}
May 18 13:02:38.743308 dv-neutron-835638-10-hyperv devstack@g-api.service[113619]: DEBUG glance.api.middleware.version_negotiation [None req-ff97d899-4781-4c80-a285-6a9b54578f26 tempest-TestNetworkAdvancedServerOps-121273436 tempest-TestNetworkAdvancedServerOps-121273436-project] Using url versioning {{(pid=113619) process_request /opt/stack/glance/glance/api/middleware/version_negotiation.py:57}}
May 18 13:02:38.743431 dv-neutron-835638-10-hyperv devstack@g-api.service[113619]: DEBUG glance.api.middleware.version_negotiation [None req-ff97d899-4781-4c80-a285-6a9b54578f26 tempest-TestNetworkAdvancedServerOps-121273436 tempest-TestNetworkAdvancedServerOps-121273436-project] Matched version: v2 {{(pid=113619) process_request /opt/stack/glance/glance/api/middleware/version_negotiation.py:69}}
May 18 13:02:38.743646 dv-neutron-835638-10-hyperv devstack@g-api.service[113619]: DEBUG glance.api.middleware.version_negotiation [None req-ff97d899-4781-4c80-a285-6a9b54578f26 tempest-TestNetworkAdvancedServerOps-121273436 tempest-TestNetworkAdvancedServerOps-121273436-project] new path /v2/images/24fbb26f-c0c1-43c0-adf7-f3cfef51333b {{(pid=113619) process_request /opt/stack/glance/glance/api/middleware/version_negotiation.py:70}}
May 18 13:02:38.759239 dv-neutron-835638-10-hyperv devstack@g-api.service[113619]: [pid: 113619|app: 0|req: 104/200] 127.0.0.1 () {40 vars in 859 bytes} [Wed May 18 13:02:38 2022] GET /v2/images/24fbb26f-c0c1-43c0-adf7-f3cfef51333b => generated 946 bytes in 17 msecs (HTTP/1.1 200) 4 headers in 157 bytes (1 switches on core 0)
May 18 13:02:38.765090 dv-neutron-835638-10-hyperv devstack@g-api.service[113620]: DEBUG glance.api.middleware.version_negotiation [None req-ff97d899-4781-4c80-a285-6a9b54578f26 tempest-TestNetworkAdvancedServerOps-121273436 tempest-TestNetworkAdvancedServerOps-121273436-project] Determining version of request: GET /v2/schemas/image Accept: */* {{(pid=113620) process_request /opt/stack/glance/glance/api/middleware/version_negotiation.py:44}}
May 18 13:02:38.766365 dv-neutron-835638-10-hyperv devstack@g-api.service[113620]: DEBUG glance.api.middleware.version_negotiation [None req-ff97d899-4781-4c80-a285-6a9b54578f26 tempest-TestNetworkAdvancedServerOps-121273436 tempest-TestNetworkAdvancedServerOps-121273436-project] Using url versioning {{(pid=113620) process_request /opt/stack/glance/glance/api/middleware/version_negotiation.py:57}}
May 18 13:02:38.766738 dv-neutron-835638-10-hyperv devstack@g-api.service[113620]: DEBUG glance.api.middleware.version_negotiation [None req-ff97d899-4781-4c80-a285-6a9b54578f26 tempest-TestNetworkAdvancedServerOps-121273436 tempest-TestNetworkAdvancedServerOps-121273436-project] Matched version: v2 {{(pid=113620) process_request /opt/stack/glance/glance/api/middleware/version_negotiation.py:69}}
