May 13 17:00:17.405148 dv-neutron-835014-4-hyperv devstack@keystone.service[80491]: DEBUG keystone.server.flask.request_processing.req_logging [None req-221e815b-8312-441a-a304-f26e2dc990a9 None admin] REQUEST_METHOD: `GET` {{(pid=80491) log_request_info /opt/stack/keystone/keystone/server/flask/request_processing/req_logging.py:27}}
May 13 17:00:17.405391 dv-neutron-835014-4-hyperv devstack@keystone.service[80490]: DEBUG keystone.server.flask.request_processing.middleware.auth_context [None req-5b2fc785-40e1-4d6f-afb2-5fc8bd6659ca None admin] Validating token access rules against request {{(pid=80490) validate_allowed_request /usr/local/lib/python3.8/dist-packages/keystonemiddleware/auth_token/__init__.py:545}}
May 13 17:00:17.405498 dv-neutron-835014-4-hyperv devstack@keystone.service[80491]: DEBUG keystone.server.flask.request_processing.req_logging [None req-221e815b-8312-441a-a304-f26e2dc990a9 None admin] SCRIPT_NAME: `/identity` {{(pid=80491) log_request_info /opt/stack/keystone/keystone/server/flask/request_processing/req_logging.py:28}}
May 13 17:00:17.405689 dv-neutron-835014-4-hyperv devstack@keystone.service[80491]: DEBUG keystone.server.flask.request_processing.req_logging [None req-221e815b-8312-441a-a304-f26e2dc990a9 None admin] PATH_INFO: `/v3/domains/default` {{(pid=80491) log_request_info /opt/stack/keystone/keystone/server/flask/request_processing/req_logging.py:29}}
May 13 17:00:17.409032 dv-neutron-835014-4-hyperv devstack@keystone.service[80491]: DEBUG keystone.common.rbac_enforcer.enforcer [None req-221e815b-8312-441a-a304-f26e2dc990a9 None admin] RBAC: Authorizing `identity:get_domain(domain_id=default)` {{(pid=80491) enforce_call /opt/stack/keystone/keystone/common/rbac_enforcer/enforcer.py:449}}
May 13 17:00:17.410539 dv-neutron-835014-4-hyperv devstack@keystone.service[80491]: DEBUG keystone.common.rbac_enforcer.enforcer [None req-221e815b-8312-441a-a304-f26e2dc990a9 None admin] RBAC: Authorization granted {{(pid=80491) enforce_call /opt/stack/keystone/keystone/common/rbac_enforcer/enforcer.py:457}}
May 13 17:00:17.412259 dv-neutron-835014-4-hyperv devstack@keystone.service[80491]: [pid: 80491|app: 0|req: 118/242] 10.222.0.36 () {56 vars in 1108 bytes} [Fri May 13 17:00:17 2022] GET /identity/v3/domains/default => generated 199 bytes in 330 msecs (HTTP/1.1 200) 5 headers in 177 bytes (1 switches on core 0)
May 13 17:00:17.417625 dv-neutron-835014-4-hyperv devstack@keystone.service[80491]: DEBUG keystone.server.flask.request_processing.middleware.auth_context [None req-221e815b-8312-441a-a304-f26e2dc990a9 None admin] Authenticating user token {{(pid=80491) process_request /usr/local/lib/python3.8/dist-packages/keystonemiddleware/auth_token/__init__.py:407}}
May 13 17:00:17.445188 dv-neutron-835014-4-hyperv devstack@keystone.service[80490]: DEBUG keystone.server.flask.request_processing.middleware.auth_context [None req-a0d5b1e3-8fd6-4d36-b4d3-0878850158ef None admin] RBAC: auth_context: {'token': , 'domain_id': None, 'trust_id': None, 'trustor_id': None, 'trustee_id': None, 'domain_name': None, 'group_ids': [], 'user_id': '12803cd0a5f84218bbfcecad3a9cec18', 'user_domain_id': 'default', 'system_scope': 'all', 'project_id': None, 'project_domain_id': None, 'roles': ['admin', 'member', 'reader'], 'is_admin_project': True, 'service_user_id': None, 'service_user_domain_id': None, 'service_project_id': None, 'service_project_domain_id': None, 'service_roles': []} {{(pid=80490) fill_context /opt/stack/keystone/keystone/server/flask/request_processing/middleware/auth_context.py:478}}
May 13 17:00:17.445840 dv-neutron-835014-4-hyperv devstack@keystone.service[80490]: DEBUG keystone.server.flask.request_processing.req_logging [None req-a0d5b1e3-8fd6-4d36-b4d3-0878850158ef None admin] REQUEST_METHOD: `GET` {{(pid=80490) log_request_info /opt/stack/keystone/keystone/server/flask/request_processing/req_logging.py:27}}
May 13 17:00:17.446127 dv-neutron-835014-4-hyperv devstack@keystone.service[80490]: DEBUG keystone.server.flask.request_processing.req_logging [None req-a0d5b1e3-8fd6-4d36-b4d3-0878850158ef None admin] SCRIPT_NAME: `/identity` {{(pid=80490) log_request_info /opt/stack/keystone/keystone/server/flask/request_processing/req_logging.py:28}}
May 13 17:00:17.446406 dv-neutron-835014-4-hyperv devstack@keystone.service[80490]: DEBUG keystone.server.flask.request_processing.req_logging [None req-a0d5b1e3-8fd6-4d36-b4d3-0878850158ef None admin] PATH_INFO: `/v3/auth/tokens` {{(pid=80490) log_request_info /opt/stack/keystone/keystone/server/flask/request_processing/req_logging.py:29}}
May 13 17:00:17.526210 dv-neutron-835014-4-hyperv devstack@keystone.service[80490]: DEBUG keystone.common.rbac_enforcer.enforcer [None req-a0d5b1e3-8fd6-4d36-b4d3-0878850158ef None admin] RBAC: Authorizing `identity:validate_token()` {{(pid=80490) enforce_call /opt/stack/keystone/keystone/common/rbac_enforcer/enforcer.py:449}}
May 13 17:00:17.528481 dv-neutron-835014-4-hyperv devstack@keystone.service[80490]: DEBUG keystone.common.rbac_enforcer.enforcer [None req-a0d5b1e3-8fd6-4d36-b4d3-0878850158ef None admin] RBAC: Authorization granted {{(pid=80490) enforce_call /opt/stack/keystone/keystone/common/rbac_enforcer/enforcer.py:457}}
May 13 17:00:17.545121 dv-neutron-835014-4-hyperv devstack@keystone.service[80491]: DEBUG keystone.server.flask.request_processing.middleware.auth_context [None req-221e815b-8312-441a-a304-f26e2dc990a9 None admin] Validating token access rules against request {{(pid=80491) validate_allowed_request /usr/local/lib/python3.8/dist-packages/keystonemiddleware/auth_token/__init__.py:545}}
May 13 17:00:17.584373 dv-neutron-835014-4-hyperv devstack@keystone.service[80491]: DEBUG keystone.server.flask.request_processing.middleware.auth_context [None req-cfbd8eeb-f0aa-4659-a790-0ae36c0359e1 None admin] RBAC: auth_context: {'token': , 'domain_id': None, 'trust_id': None, 'trustor_id': None, 'trustee_id': None, 'domain_name': None, 'group_ids': [], 'user_id': '12803cd0a5f84218bbfcecad3a9cec18', 'user_domain_id': 'default', 'system_scope': 'all', 'project_id': None, 'project_domain_id': None, 'roles': ['admin', 'member', 'reader'], 'is_admin_project': True, 'service_user_id': None, 'service_user_domain_id': None, 'service_project_id': None, 'service_project_domain_id': None, 'service_roles': []} {{(pid=80491) fill_context /opt/stack/keystone/keystone/server/flask/request_processing/middleware/auth_context.py:478}}
May 13 17:00:17.585330 dv-neutron-835014-4-hyperv devstack@keystone.service[80491]: DEBUG keystone.server.flask.request_processing.req_logging [None req-cfbd8eeb-f0aa-4659-a790-0ae36c0359e1 None admin] REQUEST_METHOD: `POST` {{(pid=80491) log_request_info /opt/stack/keystone/keystone/server/flask/request_processing/req_logging.py:27}}
May 13 17:00:17.585822 dv-neutron-835014-4-hyperv devstack@keystone.service[80491]: DEBUG keystone.server.flask.request_processing.req_logging [None req-cfbd8eeb-f0aa-4659-a790-0ae36c0359e1 None admin] SCRIPT_NAME: `/identity` {{(pid=80491) log_request_info /opt/stack/keystone/keystone/server/flask/request_processing/req_logging.py:28}}
May 13 17:00:17.586284 dv-neutron-835014-4-hyperv devstack@keystone.service[80491]: DEBUG keystone.server.flask.request_processing.req_logging [None req-cfbd8eeb-f0aa-4659-a790-0ae36c0359e1 None admin] PATH_INFO: `/v3/users` {{(pid=80491) log_request_info /opt/stack/keystone/keystone/server/flask/request_processing/req_logging.py:29}}
May 13 17:00:17.587213 dv-neutron-835014-4-hyperv devstack@keystone.service[80491]: DEBUG keystone.common.rbac_enforcer.enforcer [None req-cfbd8eeb-f0aa-4659-a790-0ae36c0359e1 None admin] RBAC: Authorizing `identity:create_user()` {{(pid=80491) enforce_call /opt/stack/keystone/keystone/common/rbac_enforcer/enforcer.py:449}}
May 13 17:00:17.588960 dv-neutron-835014-4-hyperv devstack@keystone.service[80491]: DEBUG keystone.common.rbac_enforcer.enforcer [None req-cfbd8eeb-f0aa-4659-a790-0ae36c0359e1 None admin] RBAC: Authorization granted {{(pid=80491) enforce_call /opt/stack/keystone/keystone/common/rbac_enforcer/enforcer.py:457}}
May 13 17:00:17.611166 dv-neutron-835014-4-hyperv devstack@keystone.service[80491]: [pid: 80491|app: 0|req: 119/243] 10.222.0.36 () {60 vars in 1132 bytes} [Fri May 13 17:00:17 2022] POST /identity/v3/users => generated 293 bytes in 194 msecs (HTTP/1.1 201) 5 headers in 182 bytes (2 switches on core 0)
May 13 17:00:17.613469 dv-neutron-835014-4-hyperv devstack@keystone.service[80491]: DEBUG keystone.server.flask.request_processing.req_logging [None req-9b18170e-52ae-4b9e-923d-769ab33af1a2 None None] REQUEST_METHOD: `GET` {{(pid=80491) log_request_info /opt/stack/keystone/keystone/server/flask/request_processing/req_logging.py:27}}
May 13 17:00:17.613954 dv-neutron-835014-4-hyperv devstack@keystone.service[80491]: DEBUG keystone.server.flask.request_processing.req_logging [None req-9b18170e-52ae-4b9e-923d-769ab33af1a2 None None] SCRIPT_NAME: `/identity` {{(pid=80491) log_request_info /opt/stack/keystone/keystone/server/flask/request_processing/req_logging.py:28}}
May 13 17:00:17.614472 dv-neutron-835014-4-hyperv devstack@keystone.service[80491]: DEBUG keystone.server.flask.request_processing.req_logging [None req-9b18170e-52ae-4b9e-923d-769ab33af1a2 None None] PATH_INFO: `/` {{(pid=80491) log_request_info /opt/stack/keystone/keystone/server/flask/request_processing/req_logging.py:29}}
May 13 17:00:17.616258 dv-neutron-835014-4-hyperv devstack@keystone.service[80491]: [pid: 80491|app: 0|req: 120/244] 10.222.0.36 () {54 vars in 926 bytes} [Fri May 13 17:00:17 2022] GET /identity => generated 270 bytes in 4 msecs (HTTP/1.1 300) 6 headers in 234 bytes (1 switches on core 0)
May 13 17:00:17.622821 dv-neutron-835014-4-hyperv devstack@keystone.service[80491]: DEBUG keystone.server.flask.request_processing.req_logging [None req-eafa56a2-ccce-4eae-877d-8410ab34b4a1 None None] REQUEST_METHOD: `POST` {{(pid=80491) log_request_info /opt/stack/keystone/keystone/server/flask/request_processing/req_logging.py:27}}
May 13 17:00:17.623425 dv-neutron-835014-4-hyperv devstack@keystone.service[80491]: DEBUG keystone.server.flask.request_processing.req_logging [None req-eafa56a2-ccce-4eae-877d-8410ab34b4a1 None None] SCRIPT_NAME: `/identity` {{(pid=80491) log_request_info /opt/stack/keystone/keystone/server/flask/request_processing/req_logging.py:28}}
May 13 17:00:17.623903 dv-neutron-835014-4-hyperv devstack@keystone.service[80491]: DEBUG keystone.server.flask.request_processing.req_logging [None req-eafa56a2-ccce-4eae-877d-8410ab34b4a1 None None] PATH_INFO: `/v3/auth/tokens` {{(pid=80491) log_request_info /opt/stack/keystone/keystone/server/flask/request_processing/req_logging.py:29}}
May 13 17:00:17.637350 dv-neutron-835014-4-hyperv devstack@keystone.service[80490]: [pid: 80490|app: 0|req: 125/245] 10.222.0.36 () {58 vars in 1282 bytes} [Fri May 13 17:00:17 2022] GET /identity/v3/auth/tokens => generated 799 bytes in 366 msecs (HTTP/1.1 200) 6 headers in 358 bytes (1 switches on core 0)
May 13 17:00:17.648039 dv-neutron-835014-4-hyperv devstack@keystone.service[80491]: DEBUG keystone.auth.core [None req-eafa56a2-ccce-4eae-877d-8410ab34b4a1 None None] MFA Rules not processed for user `12803cd0a5f84218bbfcecad3a9cec18`. Rule list: `[]` (Enabled: `True`). {{(pid=80491) check_auth_methods_against_rules /opt/stack/keystone/keystone/auth/core.py:438}}
May 13 17:00:17.648565 dv-neutron-835014-4-hyperv devstack@keystone.service[80490]: DEBUG keystone.server.flask.request_processing.middleware.auth_context [None req-a0d5b1e3-8fd6-4d36-b4d3-0878850158ef None admin] Authenticating user token {{(pid=80490) process_request /usr/local/lib/python3.8/dist-packages/keystonemiddleware/auth_token/__init__.py:407}}
May 13 17:00:17.649471 dv-neutron-835014-4-hyperv devstack@keystone.service[80491]: DEBUG keystone.common.fernet_utils [None req-eafa56a2-ccce-4eae-877d-8410ab34b4a1 None None] Loaded 2 Fernet keys from /etc/keystone/fernet-keys/, but `[fernet_tokens] max_active_keys = 3`; perhaps there have not been enough key rotations to reach `max_active_keys` yet? {{(pid=80491) load_keys /opt/stack/keystone/keystone/common/fernet_utils.py:286}}
May 13 17:00:17.724202 dv-neutron-835014-4-hyperv devstack@keystone.service[80491]: [pid: 80491|app: 0|req: 121/246] 10.222.0.36 () {58 vars in 1023 bytes} [Fri May 13 17:00:17 2022] POST /identity/v3/auth/tokens => generated 799 bytes in 102 msecs (HTTP/1.1 201) 6 headers in 363 bytes (1 switches on core 0)
May 13 17:00:17.778149 dv-neutron-835014-4-hyperv devstack@keystone.service[80490]: DEBUG keystone.server.flask.request_processing.middleware.auth_context [None req-a0d5b1e3-8fd6-4d36-b4d3-0878850158ef None admin] Validating token access rules against request {{(pid=80490) validate_allowed_request /usr/local/lib/python3.8/dist-packages/keystonemiddleware/auth_token/__init__.py:545}}
May 13 17:00:17.807370 dv-neutron-835014-4-hyperv devstack@keystone.service[80491]: DEBUG keystone.server.flask.request_processing.middleware.auth_context [None req-eafa56a2-ccce-4eae-877d-8410ab34b4a1 None None] Authenticating user token {{(pid=80491) process_request /usr/local/lib/python3.8/dist-packages/keystonemiddleware/auth_token/__init__.py:407}}
May 13 17:00:17.827046 dv-neutron-835014-4-hyperv devstack@keystone.service[80490]: DEBUG keystone.server.flask.request_processing.middleware.auth_context [None req-b586566f-0f86-4cb4-aeea-a43dfc991499 None admin] RBAC: auth_context: {'token': , 'domain_id': None, 'trust_id': None, 'trustor_id': None, 'trustee_id': None, 'domain_name': None, 'group_ids': [], 'user_id': '12803cd0a5f84218bbfcecad3a9cec18', 'user_domain_id': 'default', 'system_scope': 'all', 'project_id': None, 'project_domain_id': None, 'roles': ['admin', 'member', 'reader'], 'is_admin_project': True, 'service_user_id': None, 'service_user_domain_id': None, 'service_project_id': None, 'service_project_domain_id': None, 'service_roles': []} {{(pid=80490) fill_context /opt/stack/keystone/keystone/server/flask/request_processing/middleware/auth_context.py:478}}
May 13 17:00:17.828326 dv-neutron-835014-4-hyperv devstack@keystone.service[80490]: DEBUG keystone.server.flask.request_processing.req_logging [None req-b586566f-0f86-4cb4-aeea-a43dfc991499 None admin] REQUEST_METHOD: `GET` {{(pid=80490) log_request_info /opt/stack/keystone/keystone/server/flask/request_processing/req_logging.py:27}}
May 13 17:00:17.828808 dv-neutron-835014-4-hyperv devstack@keystone.service[80490]: DEBUG keystone.server.flask.request_processing.req_logging [None req-b586566f-0f86-4cb4-aeea-a43dfc991499 None admin] SCRIPT_NAME: `/identity` {{(pid=80490) log_request_info /opt/stack/keystone/keystone/server/flask/request_processing/req_logging.py:28}}
May 13 17:00:17.829278 dv-neutron-835014-4-hyperv devstack@keystone.service[80490]: DEBUG keystone.server.flask.request_processing.req_logging [None req-b586566f-0f86-4cb4-aeea-a43dfc991499 None admin] PATH_INFO: `/v3/projects/49c375283a554256926c64770cd451f2` {{(pid=80490) log_request_info /opt/stack/keystone/keystone/server/flask/request_processing/req_logging.py:29}}
May 13 17:00:17.831943 dv-neutron-835014-4-hyperv devstack@keystone.service[80490]: DEBUG keystone.common.rbac_enforcer.enforcer [None req-b586566f-0f86-4cb4-aeea-a43dfc991499 None admin] RBAC: Authorizing `identity:get_project(project_id=49c375283a554256926c64770cd451f2)` {{(pid=80490) enforce_call /opt/stack/keystone/keystone/common/rbac_enforcer/enforcer.py:449}}
May 13 17:00:17.834043 dv-neutron-835014-4-hyperv devstack@keystone.service[80490]: DEBUG keystone.common.rbac_enforcer.enforcer [None req-b586566f-0f86-4cb4-aeea-a43dfc991499 None admin] RBAC: Authorization granted {{(pid=80490) enforce_call /opt/stack/keystone/keystone/common/rbac_enforcer/enforcer.py:457}}
May 13 17:00:17.836039 dv-neutron-835014-4-hyperv devstack@keystone.service[80490]: [pid: 80490|app: 0|req: 126/247] 10.222.0.36 () {56 vars in 1186 bytes} [Fri May 13 17:00:17 2022] GET /identity/v3/projects/49c375283a554256926c64770cd451f2 => generated 302 bytes in 188 msecs (HTTP/1.1 200) 5 headers in 177 bytes (1 switches on core 0)
May 13 17:00:17.842743 dv-neutron-835014-4-hyperv devstack@keystone.service[80490]: DEBUG keystone.server.flask.request_processing.middleware.auth_context [None req-b586566f-0f86-4cb4-aeea-a43dfc991499 None admin] Authenticating user token {{(pid=80490) process_request /usr/local/lib/python3.8/dist-packages/keystonemiddleware/auth_token/__init__.py:407}}
May 13 17:00:17.946171 dv-neutron-835014-4-hyperv devstack@keystone.service[80491]: DEBUG keystone.server.flask.request_processing.middleware.auth_context [None req-eafa56a2-ccce-4eae-877d-8410ab34b4a1 None None] Validating token access rules against request {{(pid=80491) validate_allowed_request /usr/local/lib/python3.8/dist-packages/keystonemiddleware/auth_token/__init__.py:545}}
May 13 17:00:17.979690 dv-neutron-835014-4-hyperv devstack@keystone.service[80490]: DEBUG keystone.server.flask.request_processing.middleware.auth_context [None req-b586566f-0f86-4cb4-aeea-a43dfc991499 None admin] Validating token access rules against request {{(pid=80490) validate_allowed_request /usr/local/lib/python3.8/dist-packages/keystonemiddleware/auth_token/__init__.py:545}}
May 13 17:00:17.992194 dv-neutron-835014-4-hyperv devstack@keystone.service[80491]: DEBUG keystone.server.flask.request_processing.middleware.auth_context [None req-d376d4e0-af87-4af4-9e14-7bcfba956ea9 None admin] RBAC: auth_context: {'token': , 'domain_id': None, 'trust_id': None, 'trustor_id': None, 'trustee_id': None, 'domain_name': None, 'group_ids': [], 'user_id': '12803cd0a5f84218bbfcecad3a9cec18', 'user_domain_id': 'default', 'system_scope': 'all', 'project_id': None, 'project_domain_id': None, 'roles': ['admin', 'member', 'reader'], 'is_admin_project': True, 'service_user_id': None, 'service_user_domain_id': None, 'service_project_id': None, 'service_project_domain_id': None, 'service_roles': []} {{(pid=80491) fill_context /opt/stack/keystone/keystone/server/flask/request_processing/middleware/auth_context.py:478}}
May 13 17:00:17.993645 dv-neutron-835014-4-hyperv devstack@keystone.service[80491]: DEBUG keystone.server.flask.request_processing.req_logging [None req-d376d4e0-af87-4af4-9e14-7bcfba956ea9 None admin] REQUEST_METHOD: `GET` {{(pid=80491) log_request_info /opt/stack/keystone/keystone/server/flask/request_processing/req_logging.py:27}}
May 13 17:00:17.994277 dv-neutron-835014-4-hyperv devstack@keystone.service[80491]: DEBUG keystone.server.flask.request_processing.req_logging [None req-d376d4e0-af87-4af4-9e14-7bcfba956ea9 None admin] SCRIPT_NAME: `/identity` {{(pid=80491) log_request_info /opt/stack/keystone/keystone/server/flask/request_processing/req_logging.py:28}}
May 13 17:00:17.995356 dv-neutron-835014-4-hyperv devstack@keystone.service[80491]: DEBUG keystone.server.flask.request_processing.req_logging [None req-d376d4e0-af87-4af4-9e14-7bcfba956ea9 None admin] PATH_INFO: `/v3/roles/member` {{(pid=80491) log_request_info /opt/stack/keystone/keystone/server/flask/request_processing/req_logging.py:29}}
May 13 17:00:18.011457 dv-neutron-835014-4-hyperv devstack@keystone.service[80491]: DEBUG keystone.common.rbac_enforcer.enforcer [None req-d376d4e0-af87-4af4-9e14-7bcfba956ea9 None admin] Extracting inferred target data resulted in "NOT FOUND (404)". {{(pid=80491) enforce_call /opt/stack/keystone/keystone/common/rbac_enforcer/enforcer.py:409}}
May 13 17:00:18.021349 dv-neutron-835014-4-hyperv devstack@keystone.service[80491]: ERROR keystone.server.flask.application [None req-d376d4e0-af87-4af4-9e14-7bcfba956ea9 None admin] Could not find role: member.: keystone.exception.RoleNotFound: Could not find role: member.
May 13 17:00:18.021349 dv-neutron-835014-4-hyperv devstack@keystone.service[80491]: ERROR keystone.server.flask.application
Traceback (most recent call last):
May 13 17:00:18.021349 dv-neutron-835014-4-hyperv devstack@keystone.service[80491]: ERROR keystone.server.flask.application
File "/usr/local/lib/python3.8/dist-packages/flask/app.py", line 1523, in full_dispatch_request
May 13 17:00:18.021349 dv-neutron-835014-4-hyperv devstack@keystone.service[80491]: ERROR keystone.server.flask.application rv = self.dispatch_request()
May 13 17:00:18.021349 dv-neutron-835014-4-hyperv devstack@keystone.service[80491]: ERROR keystone.server.flask.application
File "/usr/local/lib/python3.8/dist-packages/flask/app.py", line 1509, in dispatch_request
May 13 17:00:18.021349 dv-neutron-835014-4-hyperv devstack@keystone.service[80491]: ERROR keystone.server.flask.application return self.ensure_sync(self.view_functions[rule.endpoint])(**req.view_args)
May 13 17:00:18.021349 dv-neutron-835014-4-hyperv devstack@keystone.service[80491]: ERROR keystone.server.flask.application
File "/usr/local/lib/python3.8/dist-packages/flask_restful/__init__.py", line 467, in wrapper
May 13 17:00:18.021349 dv-neutron-835014-4-hyperv devstack@keystone.service[80491]: ERROR keystone.server.flask.application resp = resource(*args, **kwargs)
May 13 17:00:18.021349 dv-neutron-835014-4-hyperv devstack@keystone.service[80491]: ERROR keystone.server.flask.application
File "/usr/local/lib/python3.8/dist-packages/flask/views.py", line 84, in view
May 13 17:00:18.021349 dv-neutron-835014-4-hyperv devstack@keystone.service[80491]: ERROR keystone.server.flask.application return current_app.ensure_sync(self.dispatch_request)(*args, **kwargs)
May 13 17:00:18.021349 dv-neutron-835014-4-hyperv devstack@keystone.service[80491]: ERROR keystone.server.flask.application
File "/usr/local/lib/python3.8/dist-packages/flask_restful/__init__.py", line 582, in dispatch_request
May 13 17:00:18.021349 dv-neutron-835014-4-hyperv devstack@keystone.service[80491]: ERROR keystone.server.flask.application resp = meth(*args, **kwargs)
May 13 17:00:18.021349 dv-neutron-835014-4-hyperv devstack@keystone.service[80491]: ERROR keystone.server.flask.application
File "/opt/stack/keystone/keystone/api/roles.py", line 50, in get
May 13 17:00:18.021349 dv-neutron-835014-4-hyperv devstack@keystone.service[80491]: ERROR keystone.server.flask.application return self._get_role(role_id)
May 13 17:00:18.021349 dv-neutron-835014-4-hyperv devstack@keystone.service[80491]: ERROR keystone.server.flask.application
File "/opt/stack/keystone/keystone/api/roles.py", line 70, in _get_role
May 13 17:00:18.021349 dv-neutron-835014-4-hyperv devstack@keystone.service[80491]: ERROR keystone.server.flask.application ENFORCER.enforce_call(action='identity:get_role')
May 13 17:00:18.022213 dv-neutron-835014-4-hyperv devstack@keystone.service[80491]: ERROR keystone.server.flask.application
File "/opt/stack/keystone/keystone/common/rbac_enforcer/enforcer.py", line 402, in enforce_call
May 13 17:00:18.022213 dv-neutron-835014-4-hyperv devstack@keystone.service[80491]: ERROR keystone.server.flask.application policy_dict.update(cls._extract_member_target_data(
May 13 17:00:18.022213 dv-neutron-835014-4-hyperv devstack@keystone.service[80491]: ERROR keystone.server.flask.application
File "/opt/stack/keystone/keystone/common/rbac_enforcer/enforcer.py", line 234, in _extract_member_target_data
May 13 17:00:18.022213 dv-neutron-835014-4-hyperv devstack@keystone.service[80491]: ERROR keystone.server.flask.application member_name: func(flask.request.view_args[key])
May 13 17:00:18.022213 dv-neutron-835014-4-hyperv devstack@keystone.service[80491]: ERROR keystone.server.flask.application
File "/opt/stack/keystone/keystone/common/manager.py", line 115, in wrapped
May 13 17:00:18.022213 dv-neutron-835014-4-hyperv devstack@keystone.service[80491]: ERROR keystone.server.flask.application __ret_val = __f(*args, **kwargs)
May 13 17:00:18.022213 dv-neutron-835014-4-hyperv devstack@keystone.service[80491]: ERROR keystone.server.flask.application
File "/usr/local/lib/python3.8/dist-packages/decorator.py", line 232, in fun
May 13 17:00:18.022213 dv-neutron-835014-4-hyperv devstack@keystone.service[80491]: ERROR keystone.server.flask.application return caller(func, *(extras + args), **kw)
May 13 17:00:18.022213 dv-neutron-835014-4-hyperv devstack@keystone.service[80491]: ERROR keystone.server.flask.application
File "/usr/local/lib/python3.8/dist-packages/dogpile/cache/region.py", line 1577, in get_or_create_for_user_func
May 13 17:00:18.022213 dv-neutron-835014-4-hyperv devstack@keystone.service[80491]: ERROR keystone.server.flask.application return self.get_or_create(
May 13 17:00:18.022213 dv-neutron-835014-4-hyperv devstack@keystone.service[80491]: ERROR keystone.server.flask.application
File "/usr/local/lib/python3.8/dist-packages/dogpile/cache/region.py", line 1042, in get_or_create
May 13 17:00:18.022213 dv-neutron-835014-4-hyperv devstack@keystone.service[80491]: ERROR keystone.server.flask.application with Lock(
May 13 17:00:18.022213 dv-neutron-835014-4-hyperv devstack@keystone.service[80491]: ERROR keystone.server.flask.application
File "/usr/local/lib/python3.8/dist-packages/dogpile/lock.py", line 185, in __enter__
May 13 17:00:18.022213 dv-neutron-835014-4-hyperv devstack@keystone.service[80491]: ERROR keystone.server.flask.application return self._enter()
May 13 17:00:18.022213 dv-neutron-835014-4-hyperv devstack@keystone.service[80491]: ERROR keystone.server.flask.application
File "/usr/local/lib/python3.8/dist-packages/dogpile/lock.py", line 94, in _enter
May 13 17:00:18.022213 dv-neutron-835014-4-hyperv devstack@keystone.service[80491]: ERROR keystone.server.flask.application generated = self._enter_create(value, createdtime)
May 13 17:00:18.023003 dv-neutron-835014-4-hyperv devstack@keystone.service[80491]: ERROR keystone.server.flask.application
File "/usr/local/lib/python3.8/dist-packages/dogpile/lock.py", line 178, in _enter_create
May 13 17:00:18.023003 dv-neutron-835014-4-hyperv devstack@keystone.service[80491]: ERROR keystone.server.flask.application return self.creator()
May 13 17:00:18.023003 dv-neutron-835014-4-hyperv devstack@keystone.service[80491]: ERROR keystone.server.flask.application
File "/usr/local/lib/python3.8/dist-packages/dogpile/cache/region.py", line 995, in gen_value
May 13 17:00:18.023003 dv-neutron-835014-4-hyperv devstack@keystone.service[80491]: ERROR keystone.server.flask.application created_value = creator(
May 13 17:00:18.023003 dv-neutron-835014-4-hyperv devstack@keystone.service[80491]: ERROR keystone.server.flask.application
File "/opt/stack/keystone/keystone/assignment/core.py", line 1276, in get_role
May 13 17:00:18.023003 dv-neutron-835014-4-hyperv devstack@keystone.service[80491]: ERROR keystone.server.flask.application return self.driver.get_role(role_id)
May 13 17:00:18.023003 dv-neutron-835014-4-hyperv devstack@keystone.service[80491]: ERROR keystone.server.flask.application
File "/opt/stack/keystone/keystone/assignment/role_backends/sql.py", line 70, in get_role
May 13 17:00:18.023003 dv-neutron-835014-4-hyperv devstack@keystone.service[80491]: ERROR keystone.server.flask.application return self._get_role(session, role_id).to_dict()
May 13 17:00:18.023003 dv-neutron-835014-4-hyperv devstack@keystone.service[80491]: ERROR keystone.server.flask.application
File "/opt/stack/keystone/keystone/assignment/role_backends/sql.py", line 65, in _get_role
May 13 17:00:18.023003 dv-neutron-835014-4-hyperv devstack@keystone.service[80491]: ERROR keystone.server.flask.application raise exception.RoleNotFound(role_id=role_id)
May 13 17:00:18.023003 dv-neutron-835014-4-hyperv devstack@keystone.service[80491]: ERROR keystone.server.flask.application keystone.exception.RoleNotFound: Could not find role: member.
May 13 17:00:18.023003 dv-neutron-835014-4-hyperv devstack@keystone.service[80491]: ERROR keystone.server.flask.application
May 13 17:00:18.025419 dv-neutron-835014-4-hyperv devstack@keystone.service[80491]: [pid: 80491|app: 0|req: 122/248] 10.222.0.36 () {56 vars in 1099 bytes} [Fri May 13 17:00:17 2022] GET /identity/v3/roles/member => generated 84 bytes in 219 msecs (HTTP/1.1 404) 5 headers in 183 bytes (1 switches on core 0)
May 13 17:00:18.028322 dv-neutron-835014-4-hyperv devstack@keystone.service[80490]: DEBUG keystone.server.flask.request_processing.middleware.auth_context [None req-69389671-843d-4fcf-a937-1b8fc8d5cb29 None admin] RBAC: auth_context: {'token': , 'domain_id': None, 'trust_id': None, 'trustor_id': None, 'trustee_id': None, 'domain_name': None, 'group_ids': [], 'user_id': '12803cd0a5f84218bbfcecad3a9cec18', 'user_domain_id': 'default', 'system_scope': 'all', 'project_id': None, 'project_domain_id': None, 'roles': ['admin', 'member', 'reader'], 'is_admin_project': True, 'service_user_id': None, 'service_user_domain_id': None, 'service_project_id': None, 'service_project_domain_id': None, 'service_roles': []} {{(pid=80490) fill_context /opt/stack/keystone/keystone/server/flask/request_processing/middleware/auth_context.py:478}}
May 13 17:00:18.028322 dv-neutron-835014-4-hyperv devstack@keystone.service[80490]: DEBUG keystone.server.flask.request_processing.req_logging [None req-69389671-843d-4fcf-a937-1b8fc8d5cb29 None admin] REQUEST_METHOD: `GET` {{(pid=80490) log_request_info /opt/stack/keystone/keystone/server/flask/request_processing/req_logging.py:27}}
May 13 17:00:18.028322 dv-neutron-835014-4-hyperv devstack@keystone.service[80490]: DEBUG keystone.server.flask.request_processing.req_logging [None req-69389671-843d-4fcf-a937-1b8fc8d5cb29 None admin] SCRIPT_NAME: `/identity` {{(pid=80490) log_request_info /opt/stack/keystone/keystone/server/flask/request_processing/req_logging.py:28}}
May 13 17:00:18.028592 dv-neutron-835014-4-hyperv devstack@keystone.service[80490]: DEBUG keystone.server.flask.request_processing.req_logging [None req-69389671-843d-4fcf-a937-1b8fc8d5cb29 None admin] PATH_INFO: `/v3/role_assignments` {{(pid=80490) log_request_info /opt/stack/keystone/keystone/server/flask/request_processing/req_logging.py:29}}
May 13 17:00:18.029455 dv-neutron-835014-4-hyperv devstack@keystone.service[80490]: DEBUG keystone.common.rbac_enforcer.enforcer [None req-69389671-843d-4fcf-a937-1b8fc8d5cb29 None admin] RBAC: Adding query filter params (role.id=e93c6832d9284ff1a54f7c63a0a0a538, scope.project.id=49c375283a554256926c64770cd451f2, user.id=81dfde3e02e846c99e6862711fd285ff) {{(pid=80490) _extract_filter_values /opt/stack/keystone/keystone/common/rbac_enforcer/enforcer.py:167}}
May 13 17:00:18.029837 dv-neutron-835014-4-hyperv devstack@keystone.service[80490]: DEBUG keystone.common.rbac_enforcer.enforcer [None req-69389671-843d-4fcf-a937-1b8fc8d5cb29 None admin] RBAC: Authorizing `identity:list_role_assignments()` {{(pid=80490) enforce_call /opt/stack/keystone/keystone/common/rbac_enforcer/enforcer.py:449}}
May 13 17:00:18.031681 dv-neutron-835014-4-hyperv devstack@keystone.service[80490]: DEBUG keystone.common.rbac_enforcer.enforcer [None req-69389671-843d-4fcf-a937-1b8fc8d5cb29 None admin] RBAC: Authorization granted {{(pid=80490) enforce_call /opt/stack/keystone/keystone/common/rbac_enforcer/enforcer.py:457}}
May 13 17:00:18.032186 dv-neutron-835014-4-hyperv devstack@keystone.service[80491]: DEBUG keystone.server.flask.request_processing.middleware.auth_context [None req-d376d4e0-af87-4af4-9e14-7bcfba956ea9 None admin] Authenticating user token {{(pid=80491) process_request /usr/local/lib/python3.8/dist-packages/keystonemiddleware/auth_token/__init__.py:407}}
May 13 17:00:18.040412 dv-neutron-835014-4-hyperv devstack@keystone.service[80490]: [pid: 80490|app: 0|req: 127/249] 10.222.0.36 () {56 vars in 1374 bytes} [Fri May 13 17:00:17 2022] GET /identity/v3/role_assignments?user.id=81dfde3e02e846c99e6862711fd285ff&scope.project.id=49c375283a554256926c64770cd451f2&role.id=e93c6832d9284ff1a54f7c63a0a0a538 => generated 259 bytes in 198 msecs (HTTP/1.1 200) 5 headers in 177 bytes (1 switches on core 0)
May 13 17:00:18.155957 dv-neutron-835014-4-hyperv devstack@keystone.service[80491]: DEBUG keystone.server.flask.request_processing.middleware.auth_context [None req-d376d4e0-af87-4af4-9e14-7bcfba956ea9 None admin] Validating token access rules against request {{(pid=80491) validate_allowed_request /usr/local/lib/python3.8/dist-packages/keystonemiddleware/auth_token/__init__.py:545}}
May 13 17:00:18.193291 dv-neutron-835014-4-hyperv devstack@keystone.service[80491]: DEBUG keystone.server.flask.request_processing.middleware.auth_context [None req-de265b5c-bfee-40e7-98b7-b0ccce827a5a None admin] RBAC: auth_context: {'token': , 'domain_id': None, 'trust_id': None, 'trustor_id': None, 'trustee_id': None, 'domain_name': None, 'group_ids': [], 'user_id': '12803cd0a5f84218bbfcecad3a9cec18', 'user_domain_id': 'default', 'system_scope': 'all', 'project_id': None, 'project_domain_id': None, 'roles': ['admin', 'member', 'reader'], 'is_admin_project': True, 'service_user_id': None, 'service_user_domain_id': None, 'service_project_id': None, 'service_project_domain_id': None, 'service_roles': []} {{(pid=80491) fill_context /opt/stack/keystone/keystone/server/flask/request_processing/middleware/auth_context.py:478}}
May 13 17:00:18.194240 dv-neutron-835014-4-hyperv devstack@keystone.service[80491]: DEBUG keystone.server.flask.request_processing.req_logging [None req-de265b5c-bfee-40e7-98b7-b0ccce827a5a None admin] REQUEST_METHOD: `GET` {{(pid=80491) log_request_info /opt/stack/keystone/keystone/server/flask/request_processing/req_logging.py:27}}
May 13 17:00:18.194669 dv-neutron-835014-4-hyperv devstack@keystone.service[80491]: DEBUG keystone.server.flask.request_processing.req_logging [None req-de265b5c-bfee-40e7-98b7-b0ccce827a5a None admin] SCRIPT_NAME: `/identity` {{(pid=80491) log_request_info /opt/stack/keystone/keystone/server/flask/request_processing/req_logging.py:28}}
May 13 17:00:18.195088 dv-neutron-835014-4-hyperv devstack@keystone.service[80491]: DEBUG keystone.server.flask.request_processing.req_logging [None req-de265b5c-bfee-40e7-98b7-b0ccce827a5a None admin] PATH_INFO: `/v3/roles` {{(pid=80491) log_request_info /opt/stack/keystone/keystone/server/flask/request_processing/req_logging.py:29}}
May 13 17:00:18.196004 dv-neutron-835014-4-hyperv devstack@keystone.service[80491]: DEBUG keystone.common.rbac_enforcer.enforcer [None req-de265b5c-bfee-40e7-98b7-b0ccce827a5a None admin] RBAC: Adding query filter params (name=member) {{(pid=80491) _extract_filter_values /opt/stack/keystone/keystone/common/rbac_enforcer/enforcer.py:167}}
May 13 17:00:18.196507 dv-neutron-835014-4-hyperv devstack@keystone.service[80491]: DEBUG keystone.common.rbac_enforcer.enforcer [None req-de265b5c-bfee-40e7-98b7-b0ccce827a5a None admin] RBAC: Authorizing `identity:list_roles()` {{(pid=80491) enforce_call /opt/stack/keystone/keystone/common/rbac_enforcer/enforcer.py:449}}
May 13 17:00:18.198656 dv-neutron-835014-4-hyperv devstack@keystone.service[80491]: DEBUG keystone.common.rbac_enforcer.enforcer [None req-de265b5c-bfee-40e7-98b7-b0ccce827a5a None admin] RBAC: Authorization granted {{(pid=80491) enforce_call /opt/stack/keystone/keystone/common/rbac_enforcer/enforcer.py:457}}
May 13 17:00:18.208445 dv-neutron-835014-4-hyperv devstack@keystone.service[80491]: [pid: 80491|app: 0|req: 123/250] 10.222.0.36 () {56 vars in 1101 bytes} [Fri May 13 17:00:18 2022] GET /identity/v3/roles?name=member => generated 341 bytes in 177 msecs (HTTP/1.1 200) 5 headers in 177 bytes (2 switches on core 0)
May 13 17:00:18.218990 dv-neutron-835014-4-hyperv devstack@keystone.service[80490]: DEBUG keystone.server.flask.request_processing.middleware.auth_context [None req-69389671-843d-4fcf-a937-1b8fc8d5cb29 None admin] Authenticating user token {{(pid=80490) process_request /usr/local/lib/python3.8/dist-packages/keystonemiddleware/auth_token/__init__.py:407}}
May 13 17:00:18.341607 dv-neutron-835014-4-hyperv devstack@keystone.service[80490]: DEBUG keystone.server.flask.request_processing.middleware.auth_context [None req-69389671-843d-4fcf-a937-1b8fc8d5cb29 None admin] Validating token access rules against request {{(pid=80490) validate_allowed_request /usr/local/lib/python3.8/dist-packages/keystonemiddleware/auth_token/__init__.py:545}}
May 13 17:00:18.383811 dv-neutron-835014-4-hyperv devstack@keystone.service[80490]: DEBUG keystone.server.flask.request_processing.middleware.auth_context [None req-2c388f43-06b0-494a-b58b-6402c5762e67 None admin] RBAC: auth_context: {'token': , 'domain_id': None, 'trust_id': None, 'trustor_id': None, 'trustee_id': None, 'domain_name': None, 'group_ids': [], 'user_id': '12803cd0a5f84218bbfcecad3a9cec18', 'user_domain_id': 'default', 'system_scope': 'all', 'project_id': None, 'project_domain_id': None, 'roles': ['admin', 'member', 'reader'], 'is_admin_project': True, 'service_user_id': None, 'service_user_domain_id': None, 'service_project_id': None, 'service_project_domain_id': None, 'service_roles': []} {{(pid=80490) fill_context /opt/stack/keystone/keystone/server/flask/request_processing/middleware/auth_context.py:478}}
May 13 17:00:18.384762 dv-neutron-835014-4-hyperv devstack@keystone.service[80490]: DEBUG keystone.server.flask.request_processing.req_logging [None req-2c388f43-06b0-494a-b58b-6402c5762e67 None admin] REQUEST_METHOD: `GET` {{(pid=80490) log_request_info /opt/stack/keystone/keystone/server/flask/request_processing/req_logging.py:27}}
May 13 17:00:18.385079 dv-neutron-835014-4-hyperv devstack@keystone.service[80490]: DEBUG keystone.server.flask.request_processing.req_logging [None req-2c388f43-06b0-494a-b58b-6402c5762e67 None admin] SCRIPT_NAME: `/identity` {{(pid=80490) log_request_info /opt/stack/keystone/keystone/server/flask/request_processing/req_logging.py:28}}
May 13 17:00:18.385428 dv-neutron-835014-4-hyperv devstack@keystone.service[80490]: DEBUG keystone.server.flask.request_processing.req_logging [None req-2c388f43-06b0-494a-b58b-6402c5762e67 None admin] PATH_INFO: `/v3/users/19d5d051c0254b228fd3a41127977c5b` {{(pid=80490) log_request_info /opt/stack/keystone/keystone/server/flask/request_processing/req_logging.py:29}}
May 13 17:00:18.386642 dv-neutron-835014-4-hyperv devstack@keystone.service[80490]: DEBUG keystone.common.rbac_enforcer.enforcer [None req-2c388f43-06b0-494a-b58b-6402c5762e67 None admin] RBAC: Authorizing `identity:get_user(user_id=19d5d051c0254b228fd3a41127977c5b)` {{(pid=80490) enforce_call /opt/stack/keystone/keystone/common/rbac_enforcer/enforcer.py:449}}
May 13 17:00:18.388098 dv-neutron-835014-4-hyperv devstack@keystone.service[80490]: DEBUG keystone.common.rbac_enforcer.enforcer [None req-2c388f43-06b0-494a-b58b-6402c5762e67 None admin] RBAC: Authorization granted {{(pid=80490) enforce_call /opt/stack/keystone/keystone/common/rbac_enforcer/enforcer.py:457}}
May 13 17:00:18.391115 dv-neutron-835014-4-hyperv devstack@keystone.service[80490]: [pid: 80490|app: 0|req: 128/251] 10.222.0.36 () {56 vars in 1177 bytes} [Fri May 13 17:00:18 2022] GET /identity/v3/users/19d5d051c0254b228fd3a41127977c5b => generated 297 bytes in 172 msecs (HTTP/1.1 200) 5 headers in 177 bytes (1 switches on core 0)
May 13 17:00:18.395692 dv-neutron-835014-4-hyperv devstack@keystone.service[80491]: DEBUG keystone.server.flask.request_processing.middleware.auth_context [None req-de265b5c-bfee-40e7-98b7-b0ccce827a5a None admin] Authenticating user token {{(pid=80491) process_request /usr/local/lib/python3.8/dist-packages/keystonemiddleware/auth_token/__init__.py:407}}
May 13 17:00:18.554669 dv-neutron-835014-4-hyperv devstack@keystone.service[80491]: DEBUG keystone.server.flask.request_processing.middleware.auth_context [None req-de265b5c-bfee-40e7-98b7-b0ccce827a5a None admin] Validating token access rules against request {{(pid=80491) validate_allowed_request /usr/local/lib/python3.8/dist-packages/keystonemiddleware/auth_token/__init__.py:545}}
May 13 17:00:18.597573 dv-neutron-835014-4-hyperv devstack@keystone.service[80491]: DEBUG keystone.server.flask.request_processing.middleware.auth_context [None req-1f72ee88-0ab7-49f5-9a8a-d0a954d2211e None admin] RBAC: auth_context: {'token': , 'domain_id': None, 'trust_id': None, 'trustor_id': None, 'trustee_id': None, 'domain_name': None, 'group_ids': [], 'user_id': '12803cd0a5f84218bbfcecad3a9cec18', 'user_domain_id': 'default', 'system_scope': 'all', 'project_id': None, 'project_domain_id': None, 'roles': ['admin', 'member', 'reader'], 'is_admin_project': True, 'service_user_id': None, 'service_user_domain_id': None, 'service_project_id': None, 'service_project_domain_id': None, 'service_roles': []} {{(pid=80491) fill_context /opt/stack/keystone/keystone/server/flask/request_processing/middleware/auth_context.py:478}}
May 13 17:00:18.598442 dv-neutron-835014-4-hyperv devstack@keystone.service[80491]: DEBUG keystone.server.flask.request_processing.req_logging [None req-1f72ee88-0ab7-49f5-9a8a-d0a954d2211e None admin] REQUEST_METHOD: `GET` {{(pid=80491) log_request_info /opt/stack/keystone/keystone/server/flask/request_processing/req_logging.py:27}}
May 13 17:00:18.598726 dv-neutron-835014-4-hyperv devstack@keystone.service[80491]: DEBUG keystone.server.flask.request_processing.req_logging [None req-1f72ee88-0ab7-49f5-9a8a-d0a954d2211e None admin] SCRIPT_NAME: `/identity` {{(pid=80491) log_request_info /opt/stack/keystone/keystone/server/flask/request_processing/req_logging.py:28}}
May 13 17:00:18.599003 dv-neutron-835014-4-hyperv devstack@keystone.service[80491]: DEBUG keystone.server.flask.request_processing.req_logging [None req-1f72ee88-0ab7-49f5-9a8a-d0a954d2211e None admin] PATH_INFO: `/v3/projects/49c375283a554256926c64770cd451f2` {{(pid=80491) log_request_info /opt/stack/keystone/keystone/server/flask/request_processing/req_logging.py:29}}
May 13 17:00:18.600224 dv-neutron-835014-4-hyperv devstack@keystone.service[80491]: DEBUG keystone.common.rbac_enforcer.enforcer [None req-1f72ee88-0ab7-49f5-9a8a-d0a954d2211e None admin] RBAC: Authorizing `identity:get_project(project_id=49c375283a554256926c64770cd451f2)` {{(pid=80491) enforce_call /opt/stack/keystone/keystone/common/rbac_enforcer/enforcer.py:449}}
May 13 17:00:18.601714 dv-neutron-835014-4-hyperv devstack@keystone.service[80491]: DEBUG keystone.common.rbac_enforcer.enforcer [None req-1f72ee88-0ab7-49f5-9a8a-d0a954d2211e None admin] RBAC: Authorization granted {{(pid=80491) enforce_call /opt/stack/keystone/keystone/common/rbac_enforcer/enforcer.py:457}}
May 13 17:00:18.603433 dv-neutron-835014-4-hyperv devstack@keystone.service[80491]: [pid: 80491|app: 0|req: 124/252] 10.222.0.36 () {56 vars in 1186 bytes} [Fri May 13 17:00:18 2022] GET /identity/v3/projects/49c375283a554256926c64770cd451f2 => generated 302 bytes in 208 msecs (HTTP/1.1 200) 5 headers in 177 bytes (1 switches on core 0)
May 13 17:00:18.609566 dv-neutron-835014-4-hyperv devstack@keystone.service[80491]: DEBUG keystone.server.flask.request_processing.middleware.auth_context [None req-1f72ee88-0ab7-49f5-9a8a-d0a954d2211e None admin] Authenticating user token {{(pid=80491) process_request /usr/local/lib/python3.8/dist-packages/keystonemiddleware/auth_token/__init__.py:407}}
May 13 17:00:18.613118 dv-neutron-835014-4-hyperv devstack@keystone.service[80490]: DEBUG keystone.server.flask.request_processing.req_logging [None req-ee9c07e2-02cc-4b1f-9707-6eabd68cd36f None None] REQUEST_METHOD: `GET` {{(pid=80490) log_request_info /opt/stack/keystone/keystone/server/flask/request_processing/req_logging.py:27}}
May 13 17:00:18.613552 dv-neutron-835014-4-hyperv devstack@keystone.service[80490]: DEBUG keystone.server.flask.request_processing.req_logging [None req-ee9c07e2-02cc-4b1f-9707-6eabd68cd36f None None] SCRIPT_NAME: `/identity` {{(pid=80490) log_request_info /opt/stack/keystone/keystone/server/flask/request_processing/req_logging.py:28}}
May 13 17:00:18.613717 dv-neutron-835014-4-hyperv devstack@keystone.service[80490]: DEBUG keystone.server.flask.request_processing.req_logging [None req-ee9c07e2-02cc-4b1f-9707-6eabd68cd36f None None] PATH_INFO: `/` {{(pid=80490) log_request_info /opt/stack/keystone/keystone/server/flask/request_processing/req_logging.py:29}}
May 13 17:00:18.615879 dv-neutron-835014-4-hyperv devstack@keystone.service[80490]: [pid: 80490|app: 0|req: 129/253] 10.222.0.36 () {54 vars in 926 bytes} [Fri May 13 17:00:18 2022] GET /identity => generated 270 bytes in 10 msecs (HTTP/1.1 300) 6 headers in 234 bytes (1 switches on core 0)
May 13 17:00:18.623979 dv-neutron-835014-4-hyperv devstack@keystone.service[80490]: DEBUG keystone.server.flask.request_processing.req_logging [None req-a1440870-bede-493c-92d6-ac5a8b5fd812 None None] REQUEST_METHOD: `POST` {{(pid=80490) log_request_info /opt/stack/keystone/keystone/server/flask/request_processing/req_logging.py:27}}
May 13 17:00:18.624306 dv-neutron-835014-4-hyperv devstack@keystone.service[80490]: DEBUG keystone.server.flask.request_processing.req_logging [None req-a1440870-bede-493c-92d6-ac5a8b5fd812 None None] SCRIPT_NAME: `/identity` {{(pid=80490) log_request_info /opt/stack/keystone/keystone/server/flask/request_processing/req_logging.py:28}}
May 13 17:00:18.624596 dv-neutron-835014-4-hyperv devstack@keystone.service[80490]: DEBUG keystone.server.flask.request_processing.req_logging [None req-a1440870-bede-493c-92d6-ac5a8b5fd812 None None] PATH_INFO: `/v3/auth/tokens` {{(pid=80490) log_request_info /opt/stack/keystone/keystone/server/flask/request_processing/req_logging.py:29}}
May 13 17:00:18.657720 dv-neutron-835014-4-hyperv devstack@keystone.service[80490]: DEBUG keystone.auth.core [None req-a1440870-bede-493c-92d6-ac5a8b5fd812 None None] MFA Rules not processed for user `12803cd0a5f84218bbfcecad3a9cec18`. Rule list: `[]` (Enabled: `True`). {{(pid=80490) check_auth_methods_against_rules /opt/stack/keystone/keystone/auth/core.py:438}}
May 13 17:00:18.658907 dv-neutron-835014-4-hyperv devstack@keystone.service[80490]: DEBUG keystone.common.fernet_utils [None req-a1440870-bede-493c-92d6-ac5a8b5fd812 None None] Loaded 2 Fernet keys from /etc/keystone/fernet-keys/, but `[fernet_tokens] max_active_keys = 3`; perhaps there have not been enough key rotations to reach `max_active_keys` yet? {{(pid=80490) load_keys /opt/stack/keystone/keystone/common/fernet_utils.py:286}}
May 13 17:00:18.792865 dv-neutron-835014-4-hyperv devstack@keystone.service[80491]: DEBUG keystone.server.flask.request_processing.middleware.auth_context [None req-1f72ee88-0ab7-49f5-9a8a-d0a954d2211e None admin] Validating token access rules against request {{(pid=80491) validate_allowed_request /usr/local/lib/python3.8/dist-packages/keystonemiddleware/auth_token/__init__.py:545}}
May 13 17:00:18.806813 dv-neutron-835014-4-hyperv devstack@keystone.service[80490]: [pid: 80490|app: 0|req: 130/254] 10.222.0.36 () {58 vars in 1023 bytes} [Fri May 13 17:00:18 2022] POST /identity/v3/auth/tokens => generated 799 bytes in 183 msecs (HTTP/1.1 201) 6 headers in 363 bytes (2 switches on core 0)
May 13 17:00:18.844044 dv-neutron-835014-4-hyperv devstack@keystone.service[80490]: DEBUG keystone.server.flask.request_processing.middleware.auth_context [None req-a1440870-bede-493c-92d6-ac5a8b5fd812 None None] Authenticating user token {{(pid=80490) process_request /usr/local/lib/python3.8/dist-packages/keystonemiddleware/auth_token/__init__.py:407}}
May 13 17:00:18.846280 dv-neutron-835014-4-hyperv devstack@keystone.service[80491]: DEBUG keystone.server.flask.request_processing.middleware.auth_context [None req-87bd69c2-bb62-4283-9e3c-da5b9ec8c78b None admin] RBAC: auth_context: {'token': , 'domain_id': None, 'trust_id': None, 'trustor_id': None, 'trustee_id': None, 'domain_name': None, 'group_ids': [], 'user_id': '12803cd0a5f84218bbfcecad3a9cec18', 'user_domain_id': 'default', 'system_scope': 'all', 'project_id': None, 'project_domain_id': None, 'roles': ['admin', 'member', 'reader'], 'is_admin_project': True, 'service_user_id': None, 'service_user_domain_id': None, 'service_project_id': None, 'service_project_domain_id': None, 'service_roles': []} {{(pid=80491) fill_context /opt/stack/keystone/keystone/server/flask/request_processing/middleware/auth_context.py:478}}
May 13 17:00:18.847170 dv-neutron-835014-4-hyperv devstack@keystone.service[80491]: DEBUG keystone.server.flask.request_processing.req_logging [None req-87bd69c2-bb62-4283-9e3c-da5b9ec8c78b None admin] REQUEST_METHOD: `PUT` {{(pid=80491) log_request_info /opt/stack/keystone/keystone/server/flask/request_processing/req_logging.py:27}}
May 13 17:00:18.847454 dv-neutron-835014-4-hyperv devstack@keystone.service[80491]: DEBUG keystone.server.flask.request_processing.req_logging [None req-87bd69c2-bb62-4283-9e3c-da5b9ec8c78b None admin] SCRIPT_NAME: `/identity` {{(pid=80491) log_request_info /opt/stack/keystone/keystone/server/flask/request_processing/req_logging.py:28}}
May 13 17:00:18.847732 dv-neutron-835014-4-hyperv devstack@keystone.service[80491]: DEBUG keystone.server.flask.request_processing.req_logging [None req-87bd69c2-bb62-4283-9e3c-da5b9ec8c78b None admin] PATH_INFO: `/v3/projects/49c375283a554256926c64770cd451f2/users/19d5d051c0254b228fd3a41127977c5b/roles/073a4ba3378542d38856e96f88d67cbd` {{(pid=80491) log_request_info /opt/stack/keystone/keystone/server/flask/request_processing/req_logging.py:29}}
May 13 17:00:18.853590 dv-neutron-835014-4-hyperv devstack@keystone.service[80491]: DEBUG keystone.common.rbac_enforcer.enforcer [None req-87bd69c2-bb62-4283-9e3c-da5b9ec8c78b None admin] RBAC: Authorizing `identity:create_grant(project_id=49c375283a554256926c64770cd451f2, user_id=19d5d051c0254b228fd3a41127977c5b, role_id=073a4ba3378542d38856e96f88d67cbd)` {{(pid=80491) enforce_call /opt/stack/keystone/keystone/common/rbac_enforcer/enforcer.py:449}}
May 13 17:00:18.855625 dv-neutron-835014-4-hyperv devstack@keystone.service[80491]: DEBUG keystone.common.rbac_enforcer.enforcer [None req-87bd69c2-bb62-4283-9e3c-da5b9ec8c78b None admin] RBAC: Authorization granted {{(pid=80491) enforce_call /opt/stack/keystone/keystone/common/rbac_enforcer/enforcer.py:457}}
