May 13 17:00:10.762201 dv-neutron-835014-4-hyperv devstack@keystone.service[80491]: DEBUG keystone.server.flask.request_processing.req_logging [None req-baa5fd25-c793-4e1a-a549-bbbbc39fa272 None None] PATH_INFO: `/` {{(pid=80491) log_request_info /opt/stack/keystone/keystone/server/flask/request_processing/req_logging.py:29}}
May 13 17:00:10.767701 dv-neutron-835014-4-hyperv devstack@keystone.service[80491]: [pid: 80491|app: 0|req: 95/192] 10.222.0.36 () {54 vars in 926 bytes} [Fri May 13 17:00:10 2022] GET /identity => generated 270 bytes in 3 msecs (HTTP/1.1 300) 6 headers in 234 bytes (1 switches on core 0)
May 13 17:00:10.768212 dv-neutron-835014-4-hyperv devstack@keystone.service[80491]: DEBUG keystone.server.flask.request_processing.middleware.auth_context [None req-baa5fd25-c793-4e1a-a549-bbbbc39fa272 None None] Authenticating user token {{(pid=80491) process_request /usr/local/lib/python3.8/dist-packages/keystonemiddleware/auth_token/__init__.py:407}}
May 13 17:00:10.798129 dv-neutron-835014-4-hyperv devstack@keystone.service[80490]: DEBUG keystone.server.flask.request_processing.middleware.auth_context [None req-4b8b6808-c5b8-4571-b278-53c68d363194 None admin] Validating token access rules against request {{(pid=80490) validate_allowed_request /usr/local/lib/python3.8/dist-packages/keystonemiddleware/auth_token/__init__.py:545}}
May 13 17:00:10.849779 dv-neutron-835014-4-hyperv devstack@keystone.service[80490]: DEBUG keystone.server.flask.request_processing.middleware.auth_context [None req-d51246fb-6a03-4361-b243-6aa6a93123ad None admin] RBAC: auth_context: {'token': , 'domain_id': None, 'trust_id': None, 'trustor_id': None, 'trustee_id': None, 'domain_name': None, 'group_ids': [], 'user_id': '12803cd0a5f84218bbfcecad3a9cec18', 'user_domain_id': 'default', 'system_scope': 'all', 'project_id': None, 'project_domain_id': None, 'roles': ['admin', 'member', 'reader'], 'is_admin_project': True, 'service_user_id': None, 'service_user_domain_id': None, 'service_project_id': None, 'service_project_domain_id': None, 'service_roles': []} {{(pid=80490) fill_context /opt/stack/keystone/keystone/server/flask/request_processing/middleware/auth_context.py:478}}
May 13 17:00:10.850681 dv-neutron-835014-4-hyperv devstack@keystone.service[80490]: DEBUG keystone.server.flask.request_processing.req_logging [None req-d51246fb-6a03-4361-b243-6aa6a93123ad None admin] REQUEST_METHOD: `GET` {{(pid=80490) log_request_info /opt/stack/keystone/keystone/server/flask/request_processing/req_logging.py:27}}
May 13 17:00:10.850973 dv-neutron-835014-4-hyperv devstack@keystone.service[80490]: DEBUG keystone.server.flask.request_processing.req_logging [None req-d51246fb-6a03-4361-b243-6aa6a93123ad None admin] SCRIPT_NAME: `/identity` {{(pid=80490) log_request_info /opt/stack/keystone/keystone/server/flask/request_processing/req_logging.py:28}}
May 13 17:00:10.851369 dv-neutron-835014-4-hyperv devstack@keystone.service[80490]: DEBUG keystone.server.flask.request_processing.req_logging [None req-d51246fb-6a03-4361-b243-6aa6a93123ad None admin] PATH_INFO: `/v3/users/22c6908c203d4387ad64aaa3d208940f` {{(pid=80490) log_request_info /opt/stack/keystone/keystone/server/flask/request_processing/req_logging.py:29}}
May 13 17:00:10.869513 dv-neutron-835014-4-hyperv devstack@keystone.service[80490]: DEBUG keystone.common.rbac_enforcer.enforcer [None req-d51246fb-6a03-4361-b243-6aa6a93123ad None admin] RBAC: Authorizing `identity:get_user(user_id=22c6908c203d4387ad64aaa3d208940f)` {{(pid=80490) enforce_call /opt/stack/keystone/keystone/common/rbac_enforcer/enforcer.py:449}}
May 13 17:00:10.871188 dv-neutron-835014-4-hyperv devstack@keystone.service[80490]: DEBUG keystone.common.rbac_enforcer.enforcer [None req-d51246fb-6a03-4361-b243-6aa6a93123ad None admin] RBAC: Authorization granted {{(pid=80490) enforce_call /opt/stack/keystone/keystone/common/rbac_enforcer/enforcer.py:457}}
May 13 17:00:10.873160 dv-neutron-835014-4-hyperv devstack@keystone.service[80490]: [pid: 80490|app: 0|req: 98/193] 10.222.0.36 () {56 vars in 1177 bytes} [Fri May 13 17:00:10 2022] GET /identity/v3/users/22c6908c203d4387ad64aaa3d208940f => generated 283 bytes in 209 msecs (HTTP/1.1 200) 5 headers in 177 bytes (1 switches on core 0)
May 13 17:00:10.874255 dv-neutron-835014-4-hyperv devstack@keystone.service[80490]: DEBUG keystone.server.flask.request_processing.req_logging [None req-94d788f1-49d0-4424-8b97-e363529d6e5f None None] REQUEST_METHOD: `POST` {{(pid=80490) log_request_info /opt/stack/keystone/keystone/server/flask/request_processing/req_logging.py:27}}
May 13 17:00:10.874544 dv-neutron-835014-4-hyperv devstack@keystone.service[80490]: DEBUG keystone.server.flask.request_processing.req_logging [None req-94d788f1-49d0-4424-8b97-e363529d6e5f None None] SCRIPT_NAME: `/identity` {{(pid=80490) log_request_info /opt/stack/keystone/keystone/server/flask/request_processing/req_logging.py:28}}
May 13 17:00:10.874831 dv-neutron-835014-4-hyperv devstack@keystone.service[80490]: DEBUG keystone.server.flask.request_processing.req_logging [None req-94d788f1-49d0-4424-8b97-e363529d6e5f None None] PATH_INFO: `/v3/auth/tokens` {{(pid=80490) log_request_info /opt/stack/keystone/keystone/server/flask/request_processing/req_logging.py:29}}
May 13 17:00:10.893966 dv-neutron-835014-4-hyperv devstack@keystone.service[80490]: DEBUG keystone.auth.core [None req-94d788f1-49d0-4424-8b97-e363529d6e5f None None] MFA Rules not processed for user `12803cd0a5f84218bbfcecad3a9cec18`. Rule list: `[]` (Enabled: `True`). {{(pid=80490) check_auth_methods_against_rules /opt/stack/keystone/keystone/auth/core.py:438}}
May 13 17:00:10.895172 dv-neutron-835014-4-hyperv devstack@keystone.service[80490]: DEBUG keystone.common.fernet_utils [None req-94d788f1-49d0-4424-8b97-e363529d6e5f None None] Loaded 2 Fernet keys from /etc/keystone/fernet-keys/, but `[fernet_tokens] max_active_keys = 3`; perhaps there have not been enough key rotations to reach `max_active_keys` yet? {{(pid=80490) load_keys /opt/stack/keystone/keystone/common/fernet_utils.py:286}}
May 13 17:00:10.916882 dv-neutron-835014-4-hyperv devstack@keystone.service[80491]: DEBUG keystone.server.flask.request_processing.middleware.auth_context [None req-baa5fd25-c793-4e1a-a549-bbbbc39fa272 None None] Validating token access rules against request {{(pid=80491) validate_allowed_request /usr/local/lib/python3.8/dist-packages/keystonemiddleware/auth_token/__init__.py:545}}
May 13 17:00:10.954245 dv-neutron-835014-4-hyperv devstack@keystone.service[80491]: DEBUG keystone.server.flask.request_processing.middleware.auth_context [None req-5fc44771-b0a8-4bce-9d53-a5d87becf2bd None admin] RBAC: auth_context: {'token': , 'domain_id': None, 'trust_id': None, 'trustor_id': None, 'trustee_id': None, 'domain_name': None, 'group_ids': [], 'user_id': '12803cd0a5f84218bbfcecad3a9cec18', 'user_domain_id': 'default', 'system_scope': 'all', 'project_id': None, 'project_domain_id': None, 'roles': ['admin', 'member', 'reader'], 'is_admin_project': True, 'service_user_id': None, 'service_user_domain_id': None, 'service_project_id': None, 'service_project_domain_id': None, 'service_roles': []} {{(pid=80491) fill_context /opt/stack/keystone/keystone/server/flask/request_processing/middleware/auth_context.py:478}}
May 13 17:00:10.954835 dv-neutron-835014-4-hyperv devstack@keystone.service[80491]: DEBUG keystone.server.flask.request_processing.req_logging [None req-5fc44771-b0a8-4bce-9d53-a5d87becf2bd None admin] REQUEST_METHOD: `GET` {{(pid=80491) log_request_info /opt/stack/keystone/keystone/server/flask/request_processing/req_logging.py:27}}
May 13 17:00:10.955118 dv-neutron-835014-4-hyperv devstack@keystone.service[80491]: DEBUG keystone.server.flask.request_processing.req_logging [None req-5fc44771-b0a8-4bce-9d53-a5d87becf2bd None admin] SCRIPT_NAME: `/identity` {{(pid=80491) log_request_info /opt/stack/keystone/keystone/server/flask/request_processing/req_logging.py:28}}
May 13 17:00:10.955393 dv-neutron-835014-4-hyperv devstack@keystone.service[80491]: DEBUG keystone.server.flask.request_processing.req_logging [None req-5fc44771-b0a8-4bce-9d53-a5d87becf2bd None admin] PATH_INFO: `/v3/roles` {{(pid=80491) log_request_info /opt/stack/keystone/keystone/server/flask/request_processing/req_logging.py:29}}
May 13 17:00:10.956148 dv-neutron-835014-4-hyperv devstack@keystone.service[80491]: DEBUG keystone.common.rbac_enforcer.enforcer [None req-5fc44771-b0a8-4bce-9d53-a5d87becf2bd None admin] RBAC: Adding query filter params (name=anotherrole) {{(pid=80491) _extract_filter_values /opt/stack/keystone/keystone/common/rbac_enforcer/enforcer.py:167}}
May 13 17:00:10.956489 dv-neutron-835014-4-hyperv devstack@keystone.service[80491]: DEBUG keystone.common.rbac_enforcer.enforcer [None req-5fc44771-b0a8-4bce-9d53-a5d87becf2bd None admin] RBAC: Authorizing `identity:list_roles()` {{(pid=80491) enforce_call /opt/stack/keystone/keystone/common/rbac_enforcer/enforcer.py:449}}
May 13 17:00:10.957871 dv-neutron-835014-4-hyperv devstack@keystone.service[80491]: DEBUG keystone.common.rbac_enforcer.enforcer [None req-5fc44771-b0a8-4bce-9d53-a5d87becf2bd None admin] RBAC: Authorization granted {{(pid=80491) enforce_call /opt/stack/keystone/keystone/common/rbac_enforcer/enforcer.py:457}}
May 13 17:00:10.967282 dv-neutron-835014-4-hyperv devstack@keystone.service[80491]: [pid: 80491|app: 0|req: 96/194] 10.222.0.36 () {56 vars in 1111 bytes} [Fri May 13 17:00:10 2022] GET /identity/v3/roles?name=anotherrole => generated 334 bytes in 200 msecs (HTTP/1.1 200) 5 headers in 177 bytes (2 switches on core 0)
May 13 17:00:10.968111 dv-neutron-835014-4-hyperv devstack@keystone.service[80491]: DEBUG keystone.server.flask.request_processing.middleware.auth_context [None req-5fc44771-b0a8-4bce-9d53-a5d87becf2bd None admin] Authenticating user token {{(pid=80491) process_request /usr/local/lib/python3.8/dist-packages/keystonemiddleware/auth_token/__init__.py:407}}
May 13 17:00:10.974645 dv-neutron-835014-4-hyperv devstack@keystone.service[80490]: [pid: 80490|app: 0|req: 99/195] 10.222.0.36 () {58 vars in 1023 bytes} [Fri May 13 17:00:10 2022] POST /identity/v3/auth/tokens => generated 799 bytes in 101 msecs (HTTP/1.1 201) 6 headers in 363 bytes (1 switches on core 0)
May 13 17:00:10.975490 dv-neutron-835014-4-hyperv devstack@keystone.service[80490]: DEBUG keystone.server.flask.request_processing.middleware.auth_context [None req-94d788f1-49d0-4424-8b97-e363529d6e5f None None] Authenticating user token {{(pid=80490) process_request /usr/local/lib/python3.8/dist-packages/keystonemiddleware/auth_token/__init__.py:407}}
May 13 17:00:11.083790 dv-neutron-835014-4-hyperv devstack@keystone.service[80490]: DEBUG keystone.server.flask.request_processing.middleware.auth_context [None req-94d788f1-49d0-4424-8b97-e363529d6e5f None None] Validating token access rules against request {{(pid=80490) validate_allowed_request /usr/local/lib/python3.8/dist-packages/keystonemiddleware/auth_token/__init__.py:545}}
May 13 17:00:11.101745 dv-neutron-835014-4-hyperv devstack@keystone.service[80491]: DEBUG keystone.server.flask.request_processing.middleware.auth_context [None req-5fc44771-b0a8-4bce-9d53-a5d87becf2bd None admin] Validating token access rules against request {{(pid=80491) validate_allowed_request /usr/local/lib/python3.8/dist-packages/keystonemiddleware/auth_token/__init__.py:545}}
May 13 17:00:11.118487 dv-neutron-835014-4-hyperv devstack@keystone.service[80490]: DEBUG keystone.server.flask.request_processing.middleware.auth_context [None req-67c34f1f-8ba4-470a-abde-dead83ac62e7 None admin] RBAC: auth_context: {'token': , 'domain_id': None, 'trust_id': None, 'trustor_id': None, 'trustee_id': None, 'domain_name': None, 'group_ids': [], 'user_id': '12803cd0a5f84218bbfcecad3a9cec18', 'user_domain_id': 'default', 'system_scope': 'all', 'project_id': None, 'project_domain_id': None, 'roles': ['admin', 'member', 'reader'], 'is_admin_project': True, 'service_user_id': None, 'service_user_domain_id': None, 'service_project_id': None, 'service_project_domain_id': None, 'service_roles': []} {{(pid=80490) fill_context /opt/stack/keystone/keystone/server/flask/request_processing/middleware/auth_context.py:478}}
May 13 17:00:11.119410 dv-neutron-835014-4-hyperv devstack@keystone.service[80490]: DEBUG keystone.server.flask.request_processing.req_logging [None req-67c34f1f-8ba4-470a-abde-dead83ac62e7 None admin] REQUEST_METHOD: `GET` {{(pid=80490) log_request_info /opt/stack/keystone/keystone/server/flask/request_processing/req_logging.py:27}}
May 13 17:00:11.121934 dv-neutron-835014-4-hyperv devstack@keystone.service[80490]: DEBUG keystone.server.flask.request_processing.req_logging [None req-67c34f1f-8ba4-470a-abde-dead83ac62e7 None admin] SCRIPT_NAME: `/identity` {{(pid=80490) log_request_info /opt/stack/keystone/keystone/server/flask/request_processing/req_logging.py:28}}
May 13 17:00:11.122256 dv-neutron-835014-4-hyperv devstack@keystone.service[80490]: DEBUG keystone.server.flask.request_processing.req_logging [None req-67c34f1f-8ba4-470a-abde-dead83ac62e7 None admin] PATH_INFO: `/v3/users/22c6908c203d4387ad64aaa3d208940f` {{(pid=80490) log_request_info /opt/stack/keystone/keystone/server/flask/request_processing/req_logging.py:29}}
May 13 17:00:11.123540 dv-neutron-835014-4-hyperv devstack@keystone.service[80490]: DEBUG keystone.common.rbac_enforcer.enforcer [None req-67c34f1f-8ba4-470a-abde-dead83ac62e7 None admin] RBAC: Authorizing `identity:get_user(user_id=22c6908c203d4387ad64aaa3d208940f)` {{(pid=80490) enforce_call /opt/stack/keystone/keystone/common/rbac_enforcer/enforcer.py:449}}
May 13 17:00:11.125030 dv-neutron-835014-4-hyperv devstack@keystone.service[80490]: DEBUG keystone.common.rbac_enforcer.enforcer [None req-67c34f1f-8ba4-470a-abde-dead83ac62e7 None admin] RBAC: Authorization granted {{(pid=80490) enforce_call /opt/stack/keystone/keystone/common/rbac_enforcer/enforcer.py:457}}
May 13 17:00:11.126671 dv-neutron-835014-4-hyperv devstack@keystone.service[80490]: [pid: 80490|app: 0|req: 100/196] 10.222.0.36 () {56 vars in 1177 bytes} [Fri May 13 17:00:10 2022] GET /identity/v3/users/22c6908c203d4387ad64aaa3d208940f => generated 283 bytes in 151 msecs (HTTP/1.1 200) 5 headers in 177 bytes (1 switches on core 0)
May 13 17:00:11.127435 dv-neutron-835014-4-hyperv devstack@keystone.service[80490]: DEBUG keystone.server.flask.request_processing.middleware.auth_context [None req-67c34f1f-8ba4-470a-abde-dead83ac62e7 None admin] Authenticating user token {{(pid=80490) process_request /usr/local/lib/python3.8/dist-packages/keystonemiddleware/auth_token/__init__.py:407}}
May 13 17:00:11.138759 dv-neutron-835014-4-hyperv devstack@keystone.service[80491]: DEBUG keystone.server.flask.request_processing.middleware.auth_context [None req-a4eb63ad-ff27-4dad-bade-ec2290379edf None admin] RBAC: auth_context: {'token': , 'domain_id': None, 'trust_id': None, 'trustor_id': None, 'trustee_id': None, 'domain_name': None, 'group_ids': [], 'user_id': '12803cd0a5f84218bbfcecad3a9cec18', 'user_domain_id': 'default', 'system_scope': 'all', 'project_id': None, 'project_domain_id': None, 'roles': ['admin', 'member', 'reader'], 'is_admin_project': True, 'service_user_id': None, 'service_user_domain_id': None, 'service_project_id': None, 'service_project_domain_id': None, 'service_roles': []} {{(pid=80491) fill_context /opt/stack/keystone/keystone/server/flask/request_processing/middleware/auth_context.py:478}}
May 13 17:00:11.139414 dv-neutron-835014-4-hyperv devstack@keystone.service[80491]: DEBUG keystone.server.flask.request_processing.req_logging [None req-a4eb63ad-ff27-4dad-bade-ec2290379edf None admin] REQUEST_METHOD: `GET` {{(pid=80491) log_request_info /opt/stack/keystone/keystone/server/flask/request_processing/req_logging.py:27}}
May 13 17:00:11.139701 dv-neutron-835014-4-hyperv devstack@keystone.service[80491]: DEBUG keystone.server.flask.request_processing.req_logging [None req-a4eb63ad-ff27-4dad-bade-ec2290379edf None admin] SCRIPT_NAME: `/identity` {{(pid=80491) log_request_info /opt/stack/keystone/keystone/server/flask/request_processing/req_logging.py:28}}
May 13 17:00:11.139981 dv-neutron-835014-4-hyperv devstack@keystone.service[80491]: DEBUG keystone.server.flask.request_processing.req_logging [None req-a4eb63ad-ff27-4dad-bade-ec2290379edf None admin] PATH_INFO: `/v3/auth/tokens` {{(pid=80491) log_request_info /opt/stack/keystone/keystone/server/flask/request_processing/req_logging.py:29}}
May 13 17:00:11.210173 dv-neutron-835014-4-hyperv devstack@keystone.service[80491]: DEBUG keystone.common.rbac_enforcer.enforcer [None req-a4eb63ad-ff27-4dad-bade-ec2290379edf None admin] RBAC: Authorizing `identity:validate_token()` {{(pid=80491) enforce_call /opt/stack/keystone/keystone/common/rbac_enforcer/enforcer.py:449}}
May 13 17:00:11.211565 dv-neutron-835014-4-hyperv devstack@keystone.service[80491]: DEBUG keystone.common.rbac_enforcer.enforcer [None req-a4eb63ad-ff27-4dad-bade-ec2290379edf None admin] RBAC: Authorization granted {{(pid=80491) enforce_call /opt/stack/keystone/keystone/common/rbac_enforcer/enforcer.py:457}}
May 13 17:00:11.227436 dv-neutron-835014-4-hyperv devstack@keystone.service[80490]: DEBUG keystone.server.flask.request_processing.middleware.auth_context [None req-67c34f1f-8ba4-470a-abde-dead83ac62e7 None admin] Validating token access rules against request {{(pid=80490) validate_allowed_request /usr/local/lib/python3.8/dist-packages/keystonemiddleware/auth_token/__init__.py:545}}
May 13 17:00:11.262075 dv-neutron-835014-4-hyperv devstack@keystone.service[80490]: DEBUG keystone.server.flask.request_processing.middleware.auth_context [None req-6844d04b-7c94-4969-bd55-685dfc2e5443 None admin] RBAC: auth_context: {'token': , 'domain_id': None, 'trust_id': None, 'trustor_id': None, 'trustee_id': None, 'domain_name': None, 'group_ids': [], 'user_id': '12803cd0a5f84218bbfcecad3a9cec18', 'user_domain_id': 'default', 'system_scope': 'all', 'project_id': None, 'project_domain_id': None, 'roles': ['admin', 'member', 'reader'], 'is_admin_project': True, 'service_user_id': None, 'service_user_domain_id': None, 'service_project_id': None, 'service_project_domain_id': None, 'service_roles': []} {{(pid=80490) fill_context /opt/stack/keystone/keystone/server/flask/request_processing/middleware/auth_context.py:478}}
May 13 17:00:11.262864 dv-neutron-835014-4-hyperv devstack@keystone.service[80490]: DEBUG keystone.server.flask.request_processing.req_logging [None req-6844d04b-7c94-4969-bd55-685dfc2e5443 None admin] REQUEST_METHOD: `GET` {{(pid=80490) log_request_info /opt/stack/keystone/keystone/server/flask/request_processing/req_logging.py:27}}
May 13 17:00:11.263146 dv-neutron-835014-4-hyperv devstack@keystone.service[80490]: DEBUG keystone.server.flask.request_processing.req_logging [None req-6844d04b-7c94-4969-bd55-685dfc2e5443 None admin] SCRIPT_NAME: `/identity` {{(pid=80490) log_request_info /opt/stack/keystone/keystone/server/flask/request_processing/req_logging.py:28}}
May 13 17:00:11.263420 dv-neutron-835014-4-hyperv devstack@keystone.service[80490]: DEBUG keystone.server.flask.request_processing.req_logging [None req-6844d04b-7c94-4969-bd55-685dfc2e5443 None admin] PATH_INFO: `/v3/roles/reader` {{(pid=80490) log_request_info /opt/stack/keystone/keystone/server/flask/request_processing/req_logging.py:29}}
May 13 17:00:11.274074 dv-neutron-835014-4-hyperv devstack@keystone.service[80490]: DEBUG keystone.common.rbac_enforcer.enforcer [None req-6844d04b-7c94-4969-bd55-685dfc2e5443 None admin] Extracting inferred target data resulted in "NOT FOUND (404)". {{(pid=80490) enforce_call /opt/stack/keystone/keystone/common/rbac_enforcer/enforcer.py:409}}
May 13 17:00:11.281876 dv-neutron-835014-4-hyperv devstack@keystone.service[80490]: ERROR keystone.server.flask.application [None req-6844d04b-7c94-4969-bd55-685dfc2e5443 None admin] Could not find role: reader.: keystone.exception.RoleNotFound: Could not find role: reader.
May 13 17:00:11.281876 dv-neutron-835014-4-hyperv devstack@keystone.service[80490]: ERROR keystone.server.flask.application
Traceback (most recent call last):
May 13 17:00:11.281876 dv-neutron-835014-4-hyperv devstack@keystone.service[80490]: ERROR keystone.server.flask.application
File "/usr/local/lib/python3.8/dist-packages/flask/app.py", line 1523, in full_dispatch_request
May 13 17:00:11.281876 dv-neutron-835014-4-hyperv devstack@keystone.service[80490]: ERROR keystone.server.flask.application rv = self.dispatch_request()
May 13 17:00:11.281876 dv-neutron-835014-4-hyperv devstack@keystone.service[80490]: ERROR keystone.server.flask.application
File "/usr/local/lib/python3.8/dist-packages/flask/app.py", line 1509, in dispatch_request
May 13 17:00:11.281876 dv-neutron-835014-4-hyperv devstack@keystone.service[80490]: ERROR keystone.server.flask.application return self.ensure_sync(self.view_functions[rule.endpoint])(**req.view_args)
May 13 17:00:11.281876 dv-neutron-835014-4-hyperv devstack@keystone.service[80490]: ERROR keystone.server.flask.application
File "/usr/local/lib/python3.8/dist-packages/flask_restful/__init__.py", line 467, in wrapper
May 13 17:00:11.281876 dv-neutron-835014-4-hyperv devstack@keystone.service[80490]: ERROR keystone.server.flask.application resp = resource(*args, **kwargs)
May 13 17:00:11.281876 dv-neutron-835014-4-hyperv devstack@keystone.service[80490]: ERROR keystone.server.flask.application
File "/usr/local/lib/python3.8/dist-packages/flask/views.py", line 84, in view
May 13 17:00:11.281876 dv-neutron-835014-4-hyperv devstack@keystone.service[80490]: ERROR keystone.server.flask.application return current_app.ensure_sync(self.dispatch_request)(*args, **kwargs)
May 13 17:00:11.281876 dv-neutron-835014-4-hyperv devstack@keystone.service[80490]: ERROR keystone.server.flask.application
File "/usr/local/lib/python3.8/dist-packages/flask_restful/__init__.py", line 582, in dispatch_request
May 13 17:00:11.281876 dv-neutron-835014-4-hyperv devstack@keystone.service[80490]: ERROR keystone.server.flask.application resp = meth(*args, **kwargs)
May 13 17:00:11.281876 dv-neutron-835014-4-hyperv devstack@keystone.service[80490]: ERROR keystone.server.flask.application
File "/opt/stack/keystone/keystone/api/roles.py", line 50, in get
May 13 17:00:11.281876 dv-neutron-835014-4-hyperv devstack@keystone.service[80490]: ERROR keystone.server.flask.application return self._get_role(role_id)
May 13 17:00:11.281876 dv-neutron-835014-4-hyperv devstack@keystone.service[80490]: ERROR keystone.server.flask.application
File "/opt/stack/keystone/keystone/api/roles.py", line 70, in _get_role
May 13 17:00:11.281876 dv-neutron-835014-4-hyperv devstack@keystone.service[80490]: ERROR keystone.server.flask.application ENFORCER.enforce_call(action='identity:get_role')
May 13 17:00:11.282752 dv-neutron-835014-4-hyperv devstack@keystone.service[80490]: ERROR keystone.server.flask.application
File "/opt/stack/keystone/keystone/common/rbac_enforcer/enforcer.py", line 402, in enforce_call
May 13 17:00:11.282752 dv-neutron-835014-4-hyperv devstack@keystone.service[80490]: ERROR keystone.server.flask.application policy_dict.update(cls._extract_member_target_data(
May 13 17:00:11.282752 dv-neutron-835014-4-hyperv devstack@keystone.service[80490]: ERROR keystone.server.flask.application
File "/opt/stack/keystone/keystone/common/rbac_enforcer/enforcer.py", line 234, in _extract_member_target_data
May 13 17:00:11.282752 dv-neutron-835014-4-hyperv devstack@keystone.service[80490]: ERROR keystone.server.flask.application member_name: func(flask.request.view_args[key])
May 13 17:00:11.282752 dv-neutron-835014-4-hyperv devstack@keystone.service[80490]: ERROR keystone.server.flask.application
File "/opt/stack/keystone/keystone/common/manager.py", line 115, in wrapped
May 13 17:00:11.282752 dv-neutron-835014-4-hyperv devstack@keystone.service[80490]: ERROR keystone.server.flask.application __ret_val = __f(*args, **kwargs)
May 13 17:00:11.282752 dv-neutron-835014-4-hyperv devstack@keystone.service[80490]: ERROR keystone.server.flask.application
File "/usr/local/lib/python3.8/dist-packages/decorator.py", line 232, in fun
May 13 17:00:11.282752 dv-neutron-835014-4-hyperv devstack@keystone.service[80490]: ERROR keystone.server.flask.application return caller(func, *(extras + args), **kw)
May 13 17:00:11.282752 dv-neutron-835014-4-hyperv devstack@keystone.service[80490]: ERROR keystone.server.flask.application
File "/usr/local/lib/python3.8/dist-packages/dogpile/cache/region.py", line 1577, in get_or_create_for_user_func
May 13 17:00:11.282752 dv-neutron-835014-4-hyperv devstack@keystone.service[80490]: ERROR keystone.server.flask.application return self.get_or_create(
May 13 17:00:11.282752 dv-neutron-835014-4-hyperv devstack@keystone.service[80490]: ERROR keystone.server.flask.application
File "/usr/local/lib/python3.8/dist-packages/dogpile/cache/region.py", line 1042, in get_or_create
May 13 17:00:11.282752 dv-neutron-835014-4-hyperv devstack@keystone.service[80490]: ERROR keystone.server.flask.application with Lock(
May 13 17:00:11.282752 dv-neutron-835014-4-hyperv devstack@keystone.service[80490]: ERROR keystone.server.flask.application
File "/usr/local/lib/python3.8/dist-packages/dogpile/lock.py", line 185, in __enter__
May 13 17:00:11.282752 dv-neutron-835014-4-hyperv devstack@keystone.service[80490]: ERROR keystone.server.flask.application return self._enter()
May 13 17:00:11.282752 dv-neutron-835014-4-hyperv devstack@keystone.service[80490]: ERROR keystone.server.flask.application
File "/usr/local/lib/python3.8/dist-packages/dogpile/lock.py", line 94, in _enter
May 13 17:00:11.282752 dv-neutron-835014-4-hyperv devstack@keystone.service[80490]: ERROR keystone.server.flask.application generated = self._enter_create(value, createdtime)
May 13 17:00:11.283547 dv-neutron-835014-4-hyperv devstack@keystone.service[80490]: ERROR keystone.server.flask.application
File "/usr/local/lib/python3.8/dist-packages/dogpile/lock.py", line 178, in _enter_create
May 13 17:00:11.283547 dv-neutron-835014-4-hyperv devstack@keystone.service[80490]: ERROR keystone.server.flask.application return self.creator()
May 13 17:00:11.283547 dv-neutron-835014-4-hyperv devstack@keystone.service[80490]: ERROR keystone.server.flask.application
File "/usr/local/lib/python3.8/dist-packages/dogpile/cache/region.py", line 995, in gen_value
May 13 17:00:11.283547 dv-neutron-835014-4-hyperv devstack@keystone.service[80490]: ERROR keystone.server.flask.application created_value = creator(
May 13 17:00:11.283547 dv-neutron-835014-4-hyperv devstack@keystone.service[80490]: ERROR keystone.server.flask.application
File "/opt/stack/keystone/keystone/assignment/core.py", line 1276, in get_role
May 13 17:00:11.283547 dv-neutron-835014-4-hyperv devstack@keystone.service[80490]: ERROR keystone.server.flask.application return self.driver.get_role(role_id)
May 13 17:00:11.283547 dv-neutron-835014-4-hyperv devstack@keystone.service[80490]: ERROR keystone.server.flask.application
File "/opt/stack/keystone/keystone/assignment/role_backends/sql.py", line 70, in get_role
May 13 17:00:11.283547 dv-neutron-835014-4-hyperv devstack@keystone.service[80490]: ERROR keystone.server.flask.application return self._get_role(session, role_id).to_dict()
May 13 17:00:11.283547 dv-neutron-835014-4-hyperv devstack@keystone.service[80490]: ERROR keystone.server.flask.application
File "/opt/stack/keystone/keystone/assignment/role_backends/sql.py", line 65, in _get_role
May 13 17:00:11.283547 dv-neutron-835014-4-hyperv devstack@keystone.service[80490]: ERROR keystone.server.flask.application raise exception.RoleNotFound(role_id=role_id)
May 13 17:00:11.283547 dv-neutron-835014-4-hyperv devstack@keystone.service[80490]: ERROR keystone.server.flask.application keystone.exception.RoleNotFound: Could not find role: reader.
May 13 17:00:11.283547 dv-neutron-835014-4-hyperv devstack@keystone.service[80490]: ERROR keystone.server.flask.application
May 13 17:00:11.283547 dv-neutron-835014-4-hyperv devstack@keystone.service[80490]: [pid: 80490|app: 0|req: 101/197] 10.222.0.36 () {56 vars in 1099 bytes} [Fri May 13 17:00:11 2022] GET /identity/v3/roles/reader => generated 84 bytes in 156 msecs (HTTP/1.1 404) 5 headers in 183 bytes (1 switches on core 0)
May 13 17:00:11.284901 dv-neutron-835014-4-hyperv devstack@keystone.service[80490]: DEBUG keystone.server.flask.request_processing.middleware.auth_context [None req-6844d04b-7c94-4969-bd55-685dfc2e5443 None admin] Authenticating user token {{(pid=80490) process_request /usr/local/lib/python3.8/dist-packages/keystonemiddleware/auth_token/__init__.py:407}}
May 13 17:00:11.312251 dv-neutron-835014-4-hyperv devstack@keystone.service[80491]: [pid: 80491|app: 0|req: 97/198] 10.222.0.36 () {58 vars in 1282 bytes} [Fri May 13 17:00:10 2022] GET /identity/v3/auth/tokens => generated 799 bytes in 344 msecs (HTTP/1.1 200) 6 headers in 358 bytes (1 switches on core 0)
May 13 17:00:11.312955 dv-neutron-835014-4-hyperv devstack@keystone.service[80491]: DEBUG keystone.server.flask.request_processing.middleware.auth_context [None req-a4eb63ad-ff27-4dad-bade-ec2290379edf None admin] Authenticating user token {{(pid=80491) process_request /usr/local/lib/python3.8/dist-packages/keystonemiddleware/auth_token/__init__.py:407}}
May 13 17:00:11.386101 dv-neutron-835014-4-hyperv devstack@keystone.service[80490]: DEBUG keystone.server.flask.request_processing.middleware.auth_context [None req-6844d04b-7c94-4969-bd55-685dfc2e5443 None admin] Validating token access rules against request {{(pid=80490) validate_allowed_request /usr/local/lib/python3.8/dist-packages/keystonemiddleware/auth_token/__init__.py:545}}
May 13 17:00:11.429137 dv-neutron-835014-4-hyperv devstack@keystone.service[80490]: DEBUG keystone.server.flask.request_processing.middleware.auth_context [None req-6e21fb33-730a-4ff1-b484-6228b23865c8 None admin] RBAC: auth_context: {'token': , 'domain_id': None, 'trust_id': None, 'trustor_id': None, 'trustee_id': None, 'domain_name': None, 'group_ids': [], 'user_id': '12803cd0a5f84218bbfcecad3a9cec18', 'user_domain_id': 'default', 'system_scope': 'all', 'project_id': None, 'project_domain_id': None, 'roles': ['admin', 'member', 'reader'], 'is_admin_project': True, 'service_user_id': None, 'service_user_domain_id': None, 'service_project_id': None, 'service_project_domain_id': None, 'service_roles': []} {{(pid=80490) fill_context /opt/stack/keystone/keystone/server/flask/request_processing/middleware/auth_context.py:478}}
May 13 17:00:11.429463 dv-neutron-835014-4-hyperv devstack@keystone.service[80491]: DEBUG keystone.server.flask.request_processing.middleware.auth_context [None req-a4eb63ad-ff27-4dad-bade-ec2290379edf None admin] Validating token access rules against request {{(pid=80491) validate_allowed_request /usr/local/lib/python3.8/dist-packages/keystonemiddleware/auth_token/__init__.py:545}}
May 13 17:00:11.429836 dv-neutron-835014-4-hyperv devstack@keystone.service[80490]: DEBUG keystone.server.flask.request_processing.req_logging [None req-6e21fb33-730a-4ff1-b484-6228b23865c8 None admin] REQUEST_METHOD: `GET` {{(pid=80490) log_request_info /opt/stack/keystone/keystone/server/flask/request_processing/req_logging.py:27}}
May 13 17:00:11.430119 dv-neutron-835014-4-hyperv devstack@keystone.service[80490]: DEBUG keystone.server.flask.request_processing.req_logging [None req-6e21fb33-730a-4ff1-b484-6228b23865c8 None admin] SCRIPT_NAME: `/identity` {{(pid=80490) log_request_info /opt/stack/keystone/keystone/server/flask/request_processing/req_logging.py:28}}
May 13 17:00:11.430396 dv-neutron-835014-4-hyperv devstack@keystone.service[80490]: DEBUG keystone.server.flask.request_processing.req_logging [None req-6e21fb33-730a-4ff1-b484-6228b23865c8 None admin] PATH_INFO: `/v3/auth/tokens` {{(pid=80490) log_request_info /opt/stack/keystone/keystone/server/flask/request_processing/req_logging.py:29}}
May 13 17:00:11.462887 dv-neutron-835014-4-hyperv devstack@keystone.service[80491]: DEBUG keystone.server.flask.request_processing.middleware.auth_context [None req-7c27a04f-ee12-4488-aa7d-b6ec06218e76 None admin] RBAC: auth_context: {'token': , 'domain_id': None, 'trust_id': None, 'trustor_id': None, 'trustee_id': None, 'domain_name': None, 'group_ids': [], 'user_id': '12803cd0a5f84218bbfcecad3a9cec18', 'user_domain_id': 'default', 'system_scope': 'all', 'project_id': None, 'project_domain_id': None, 'roles': ['admin', 'member', 'reader'], 'is_admin_project': True, 'service_user_id': None, 'service_user_domain_id': None, 'service_project_id': None, 'service_project_domain_id': None, 'service_roles': []} {{(pid=80491) fill_context /opt/stack/keystone/keystone/server/flask/request_processing/middleware/auth_context.py:478}}
May 13 17:00:11.463502 dv-neutron-835014-4-hyperv devstack@keystone.service[80491]: DEBUG keystone.server.flask.request_processing.req_logging [None req-7c27a04f-ee12-4488-aa7d-b6ec06218e76 None admin] REQUEST_METHOD: `GET` {{(pid=80491) log_request_info /opt/stack/keystone/keystone/server/flask/request_processing/req_logging.py:27}}
May 13 17:00:11.463788 dv-neutron-835014-4-hyperv devstack@keystone.service[80491]: DEBUG keystone.server.flask.request_processing.req_logging [None req-7c27a04f-ee12-4488-aa7d-b6ec06218e76 None admin] SCRIPT_NAME: `/identity` {{(pid=80491) log_request_info /opt/stack/keystone/keystone/server/flask/request_processing/req_logging.py:28}}
May 13 17:00:11.464070 dv-neutron-835014-4-hyperv devstack@keystone.service[80491]: DEBUG keystone.server.flask.request_processing.req_logging [None req-7c27a04f-ee12-4488-aa7d-b6ec06218e76 None admin] PATH_INFO: `/v3/roles` {{(pid=80491) log_request_info /opt/stack/keystone/keystone/server/flask/request_processing/req_logging.py:29}}
May 13 17:00:11.464868 dv-neutron-835014-4-hyperv devstack@keystone.service[80491]: DEBUG keystone.common.rbac_enforcer.enforcer [None req-7c27a04f-ee12-4488-aa7d-b6ec06218e76 None admin] RBAC: Adding query filter params (name=reader) {{(pid=80491) _extract_filter_values /opt/stack/keystone/keystone/common/rbac_enforcer/enforcer.py:167}}
May 13 17:00:11.465178 dv-neutron-835014-4-hyperv devstack@keystone.service[80491]: DEBUG keystone.common.rbac_enforcer.enforcer [None req-7c27a04f-ee12-4488-aa7d-b6ec06218e76 None admin] RBAC: Authorizing `identity:list_roles()` {{(pid=80491) enforce_call /opt/stack/keystone/keystone/common/rbac_enforcer/enforcer.py:449}}
May 13 17:00:11.466711 dv-neutron-835014-4-hyperv devstack@keystone.service[80491]: DEBUG keystone.common.rbac_enforcer.enforcer [None req-7c27a04f-ee12-4488-aa7d-b6ec06218e76 None admin] RBAC: Authorization granted {{(pid=80491) enforce_call /opt/stack/keystone/keystone/common/rbac_enforcer/enforcer.py:457}}
May 13 17:00:11.475183 dv-neutron-835014-4-hyperv devstack@keystone.service[80491]: [pid: 80491|app: 0|req: 98/199] 10.222.0.36 () {56 vars in 1101 bytes} [Fri May 13 17:00:11 2022] GET /identity/v3/roles?name=reader => generated 341 bytes in 162 msecs (HTTP/1.1 200) 5 headers in 177 bytes (1 switches on core 0)
May 13 17:00:11.475997 dv-neutron-835014-4-hyperv devstack@keystone.service[80491]: DEBUG keystone.server.flask.request_processing.middleware.auth_context [None req-7c27a04f-ee12-4488-aa7d-b6ec06218e76 None admin] Authenticating user token {{(pid=80491) process_request /usr/local/lib/python3.8/dist-packages/keystonemiddleware/auth_token/__init__.py:407}}
May 13 17:00:11.513097 dv-neutron-835014-4-hyperv devstack@keystone.service[80490]: DEBUG keystone.common.rbac_enforcer.enforcer [None req-6e21fb33-730a-4ff1-b484-6228b23865c8 None admin] RBAC: Authorizing `identity:validate_token()` {{(pid=80490) enforce_call /opt/stack/keystone/keystone/common/rbac_enforcer/enforcer.py:449}}
May 13 17:00:11.514561 dv-neutron-835014-4-hyperv devstack@keystone.service[80490]: DEBUG keystone.common.rbac_enforcer.enforcer [None req-6e21fb33-730a-4ff1-b484-6228b23865c8 None admin] RBAC: Authorization granted {{(pid=80490) enforce_call /opt/stack/keystone/keystone/common/rbac_enforcer/enforcer.py:457}}
May 13 17:00:11.590731 dv-neutron-835014-4-hyperv devstack@keystone.service[80491]: DEBUG keystone.server.flask.request_processing.middleware.auth_context [None req-7c27a04f-ee12-4488-aa7d-b6ec06218e76 None admin] Validating token access rules against request {{(pid=80491) validate_allowed_request /usr/local/lib/python3.8/dist-packages/keystonemiddleware/auth_token/__init__.py:545}}
May 13 17:00:11.626076 dv-neutron-835014-4-hyperv devstack@keystone.service[80491]: DEBUG keystone.server.flask.request_processing.middleware.auth_context [None req-4039f762-4678-443b-b40a-66921363a2a6 None admin] RBAC: auth_context: {'token': , 'domain_id': None, 'trust_id': None, 'trustor_id': None, 'trustee_id': None, 'domain_name': None, 'group_ids': [], 'user_id': '12803cd0a5f84218bbfcecad3a9cec18', 'user_domain_id': 'default', 'system_scope': 'all', 'project_id': None, 'project_domain_id': None, 'roles': ['admin', 'member', 'reader'], 'is_admin_project': True, 'service_user_id': None, 'service_user_domain_id': None, 'service_project_id': None, 'service_project_domain_id': None, 'service_roles': []} {{(pid=80491) fill_context /opt/stack/keystone/keystone/server/flask/request_processing/middleware/auth_context.py:478}}
May 13 17:00:11.626966 dv-neutron-835014-4-hyperv devstack@keystone.service[80491]: DEBUG keystone.server.flask.request_processing.req_logging [None req-4039f762-4678-443b-b40a-66921363a2a6 None admin] REQUEST_METHOD: `GET` {{(pid=80491) log_request_info /opt/stack/keystone/keystone/server/flask/request_processing/req_logging.py:27}}
May 13 17:00:11.627250 dv-neutron-835014-4-hyperv devstack@keystone.service[80491]: DEBUG keystone.server.flask.request_processing.req_logging [None req-4039f762-4678-443b-b40a-66921363a2a6 None admin] SCRIPT_NAME: `/identity` {{(pid=80491) log_request_info /opt/stack/keystone/keystone/server/flask/request_processing/req_logging.py:28}}
May 13 17:00:11.627527 dv-neutron-835014-4-hyperv devstack@keystone.service[80491]: DEBUG keystone.server.flask.request_processing.req_logging [None req-4039f762-4678-443b-b40a-66921363a2a6 None admin] PATH_INFO: `/v3/projects/49c375283a554256926c64770cd451f2` {{(pid=80491) log_request_info /opt/stack/keystone/keystone/server/flask/request_processing/req_logging.py:29}}
May 13 17:00:11.628174 dv-neutron-835014-4-hyperv devstack@keystone.service[80490]: [pid: 80490|app: 0|req: 102/200] 10.222.0.36 () {58 vars in 1282 bytes} [Fri May 13 17:00:11 2022] GET /identity/v3/auth/tokens => generated 799 bytes in 345 msecs (HTTP/1.1 200) 6 headers in 358 bytes (1 switches on core 0)
May 13 17:00:11.628775 dv-neutron-835014-4-hyperv devstack@keystone.service[80491]: DEBUG keystone.common.rbac_enforcer.enforcer [None req-4039f762-4678-443b-b40a-66921363a2a6 None admin] RBAC: Authorizing `identity:get_project(project_id=49c375283a554256926c64770cd451f2)` {{(pid=80491) enforce_call /opt/stack/keystone/keystone/common/rbac_enforcer/enforcer.py:449}}
May 13 17:00:11.629045 dv-neutron-835014-4-hyperv devstack@keystone.service[80490]: DEBUG keystone.server.flask.request_processing.middleware.auth_context [None req-6e21fb33-730a-4ff1-b484-6228b23865c8 None admin] Authenticating user token {{(pid=80490) process_request /usr/local/lib/python3.8/dist-packages/keystonemiddleware/auth_token/__init__.py:407}}
May 13 17:00:11.630326 dv-neutron-835014-4-hyperv devstack@keystone.service[80491]: DEBUG keystone.common.rbac_enforcer.enforcer [None req-4039f762-4678-443b-b40a-66921363a2a6 None admin] RBAC: Authorization granted {{(pid=80491) enforce_call /opt/stack/keystone/keystone/common/rbac_enforcer/enforcer.py:457}}
May 13 17:00:11.632224 dv-neutron-835014-4-hyperv devstack@keystone.service[80491]: [pid: 80491|app: 0|req: 99/201] 10.222.0.36 () {56 vars in 1186 bytes} [Fri May 13 17:00:11 2022] GET /identity/v3/projects/49c375283a554256926c64770cd451f2 => generated 302 bytes in 156 msecs (HTTP/1.1 200) 5 headers in 177 bytes (1 switches on core 0)
May 13 17:00:11.637240 dv-neutron-835014-4-hyperv devstack@keystone.service[80491]: DEBUG keystone.server.flask.request_processing.middleware.auth_context [None req-4039f762-4678-443b-b40a-66921363a2a6 None admin] Authenticating user token {{(pid=80491) process_request /usr/local/lib/python3.8/dist-packages/keystonemiddleware/auth_token/__init__.py:407}}
May 13 17:00:11.738407 dv-neutron-835014-4-hyperv devstack@keystone.service[80491]: DEBUG keystone.server.flask.request_processing.middleware.auth_context [None req-4039f762-4678-443b-b40a-66921363a2a6 None admin] Validating token access rules against request {{(pid=80491) validate_allowed_request /usr/local/lib/python3.8/dist-packages/keystonemiddleware/auth_token/__init__.py:545}}
May 13 17:00:11.747876 dv-neutron-835014-4-hyperv devstack@keystone.service[80490]: DEBUG keystone.server.flask.request_processing.middleware.auth_context [None req-6e21fb33-730a-4ff1-b484-6228b23865c8 None admin] Validating token access rules against request {{(pid=80490) validate_allowed_request /usr/local/lib/python3.8/dist-packages/keystonemiddleware/auth_token/__init__.py:545}}
May 13 17:00:11.771180 dv-neutron-835014-4-hyperv devstack@keystone.service[80491]: DEBUG keystone.server.flask.request_processing.middleware.auth_context [None req-fc9aee11-db8b-41ba-a94b-ee700a4252b7 None admin] RBAC: auth_context: {'token': , 'domain_id': None, 'trust_id': None, 'trustor_id': None, 'trustee_id': None, 'domain_name': None, 'group_ids': [], 'user_id': '12803cd0a5f84218bbfcecad3a9cec18', 'user_domain_id': 'default', 'system_scope': 'all', 'project_id': None, 'project_domain_id': None, 'roles': ['admin', 'member', 'reader'], 'is_admin_project': True, 'service_user_id': None, 'service_user_domain_id': None, 'service_project_id': None, 'service_project_domain_id': None, 'service_roles': []} {{(pid=80491) fill_context /opt/stack/keystone/keystone/server/flask/request_processing/middleware/auth_context.py:478}}
May 13 17:00:11.772034 dv-neutron-835014-4-hyperv devstack@keystone.service[80491]: DEBUG keystone.server.flask.request_processing.req_logging [None req-fc9aee11-db8b-41ba-a94b-ee700a4252b7 None admin] REQUEST_METHOD: `GET` {{(pid=80491) log_request_info /opt/stack/keystone/keystone/server/flask/request_processing/req_logging.py:27}}
May 13 17:00:11.772407 dv-neutron-835014-4-hyperv devstack@keystone.service[80491]: DEBUG keystone.server.flask.request_processing.req_logging [None req-fc9aee11-db8b-41ba-a94b-ee700a4252b7 None admin] SCRIPT_NAME: `/identity` {{(pid=80491) log_request_info /opt/stack/keystone/keystone/server/flask/request_processing/req_logging.py:28}}
May 13 17:00:11.772738 dv-neutron-835014-4-hyperv devstack@keystone.service[80491]: DEBUG keystone.server.flask.request_processing.req_logging [None req-fc9aee11-db8b-41ba-a94b-ee700a4252b7 None admin] PATH_INFO: `/v3/projects/49c375283a554256926c64770cd451f2` {{(pid=80491) log_request_info /opt/stack/keystone/keystone/server/flask/request_processing/req_logging.py:29}}
May 13 17:00:11.773927 dv-neutron-835014-4-hyperv devstack@keystone.service[80491]: DEBUG keystone.common.rbac_enforcer.enforcer [None req-fc9aee11-db8b-41ba-a94b-ee700a4252b7 None admin] RBAC: Authorizing `identity:get_project(project_id=49c375283a554256926c64770cd451f2)` {{(pid=80491) enforce_call /opt/stack/keystone/keystone/common/rbac_enforcer/enforcer.py:449}}
May 13 17:00:11.775373 dv-neutron-835014-4-hyperv devstack@keystone.service[80491]: DEBUG keystone.common.rbac_enforcer.enforcer [None req-fc9aee11-db8b-41ba-a94b-ee700a4252b7 None admin] RBAC: Authorization granted {{(pid=80491) enforce_call /opt/stack/keystone/keystone/common/rbac_enforcer/enforcer.py:457}}
May 13 17:00:11.777645 dv-neutron-835014-4-hyperv devstack@keystone.service[80491]: [pid: 80491|app: 0|req: 100/202] 10.222.0.36 () {56 vars in 1186 bytes} [Fri May 13 17:00:11 2022] GET /identity/v3/projects/49c375283a554256926c64770cd451f2 => generated 302 bytes in 141 msecs (HTTP/1.1 200) 5 headers in 177 bytes (1 switches on core 0)
May 13 17:00:11.778411 dv-neutron-835014-4-hyperv devstack@keystone.service[80491]: DEBUG keystone.server.flask.request_processing.middleware.auth_context [None req-fc9aee11-db8b-41ba-a94b-ee700a4252b7 None admin] Authenticating user token {{(pid=80491) process_request /usr/local/lib/python3.8/dist-packages/keystonemiddleware/auth_token/__init__.py:407}}
May 13 17:00:11.787538 dv-neutron-835014-4-hyperv devstack@keystone.service[80490]: DEBUG keystone.server.flask.request_processing.middleware.auth_context [None req-80b671e8-72f8-4a0a-ad70-f25652e41e42 None admin] RBAC: auth_context: {'token': , 'domain_id': None, 'trust_id': None, 'trustor_id': None, 'trustee_id': None, 'domain_name': None, 'group_ids': [], 'user_id': '12803cd0a5f84218bbfcecad3a9cec18', 'user_domain_id': 'default', 'system_scope': 'all', 'project_id': None, 'project_domain_id': None, 'roles': ['admin', 'member', 'reader'], 'is_admin_project': True, 'service_user_id': None, 'service_user_domain_id': None, 'service_project_id': None, 'service_project_domain_id': None, 'service_roles': []} {{(pid=80490) fill_context /opt/stack/keystone/keystone/server/flask/request_processing/middleware/auth_context.py:478}}
May 13 17:00:11.788433 dv-neutron-835014-4-hyperv devstack@keystone.service[80490]: DEBUG keystone.server.flask.request_processing.req_logging [None req-80b671e8-72f8-4a0a-ad70-f25652e41e42 None admin] REQUEST_METHOD: `GET` {{(pid=80490) log_request_info /opt/stack/keystone/keystone/server/flask/request_processing/req_logging.py:27}}
May 13 17:00:11.788713 dv-neutron-835014-4-hyperv devstack@keystone.service[80490]: DEBUG keystone.server.flask.request_processing.req_logging [None req-80b671e8-72f8-4a0a-ad70-f25652e41e42 None admin] SCRIPT_NAME: `/identity` {{(pid=80490) log_request_info /opt/stack/keystone/keystone/server/flask/request_processing/req_logging.py:28}}
May 13 17:00:11.788985 dv-neutron-835014-4-hyperv devstack@keystone.service[80490]: DEBUG keystone.server.flask.request_processing.req_logging [None req-80b671e8-72f8-4a0a-ad70-f25652e41e42 None admin] PATH_INFO: `/v3/users/47ae6657959b47e9ac9863d3d9da3201` {{(pid=80490) log_request_info /opt/stack/keystone/keystone/server/flask/request_processing/req_logging.py:29}}
May 13 17:00:11.790545 dv-neutron-835014-4-hyperv devstack@keystone.service[80490]: DEBUG keystone.common.rbac_enforcer.enforcer [None req-80b671e8-72f8-4a0a-ad70-f25652e41e42 None admin] RBAC: Authorizing `identity:get_user(user_id=47ae6657959b47e9ac9863d3d9da3201)` {{(pid=80490) enforce_call /opt/stack/keystone/keystone/common/rbac_enforcer/enforcer.py:449}}
May 13 17:00:11.792612 dv-neutron-835014-4-hyperv devstack@keystone.service[80490]: DEBUG keystone.common.rbac_enforcer.enforcer [None req-80b671e8-72f8-4a0a-ad70-f25652e41e42 None admin] RBAC: Authorization granted {{(pid=80490) enforce_call /opt/stack/keystone/keystone/common/rbac_enforcer/enforcer.py:457}}
May 13 17:00:11.794760 dv-neutron-835014-4-hyperv devstack@keystone.service[80490]: [pid: 80490|app: 0|req: 103/203] 10.222.0.36 () {56 vars in 1177 bytes} [Fri May 13 17:00:11 2022] GET /identity/v3/users/47ae6657959b47e9ac9863d3d9da3201 => generated 289 bytes in 166 msecs (HTTP/1.1 200) 5 headers in 177 bytes (1 switches on core 0)
May 13 17:00:11.795787 dv-neutron-835014-4-hyperv devstack@keystone.service[80490]: DEBUG keystone.server.flask.request_processing.middleware.auth_context [None req-80b671e8-72f8-4a0a-ad70-f25652e41e42 None admin] Authenticating user token {{(pid=80490) process_request /usr/local/lib/python3.8/dist-packages/keystonemiddleware/auth_token/__init__.py:407}}
May 13 17:00:11.894906 dv-neutron-835014-4-hyperv devstack@keystone.service[80491]: DEBUG keystone.server.flask.request_processing.middleware.auth_context [None req-fc9aee11-db8b-41ba-a94b-ee700a4252b7 None admin] Validating token access rules against request {{(pid=80491) validate_allowed_request /usr/local/lib/python3.8/dist-packages/keystonemiddleware/auth_token/__init__.py:545}}
May 13 17:00:11.900361 dv-neutron-835014-4-hyperv devstack@keystone.service[80490]: DEBUG keystone.server.flask.request_processing.middleware.auth_context [None req-80b671e8-72f8-4a0a-ad70-f25652e41e42 None admin] Validating token access rules against request {{(pid=80490) validate_allowed_request /usr/local/lib/python3.8/dist-packages/keystonemiddleware/auth_token/__init__.py:545}}
May 13 17:00:11.936181 dv-neutron-835014-4-hyperv devstack@keystone.service[80491]: DEBUG keystone.server.flask.request_processing.middleware.auth_context [None req-2ad8b2ae-c340-4e48-ae16-29b47c2b128e None admin] RBAC: auth_context: {'token': , 'domain_id': None, 'trust_id': None, 'trustor_id': None, 'trustee_id': None, 'domain_name': None, 'group_ids': [], 'user_id': '12803cd0a5f84218bbfcecad3a9cec18', 'user_domain_id': 'default', 'system_scope': 'all', 'project_id': None, 'project_domain_id': None, 'roles': ['admin', 'member', 'reader'], 'is_admin_project': True, 'service_user_id': None, 'service_user_domain_id': None, 'service_project_id': None, 'service_project_domain_id': None, 'service_roles': []} {{(pid=80491) fill_context /opt/stack/keystone/keystone/server/flask/request_processing/middleware/auth_context.py:478}}
