Mar 24 02:12:21.050556 dv-neutron-834874-3-hyperv neutron-server[104036]: DEBUG neutron_lib.callbacks.manager [None req-2183df88-8d05-486b-8e95-92bf177c292f tempest-RoutersIpV6AdminTest-626296639 tempest-RoutersIpV6AdminTest-626296639-project-admin] Publish callbacks ['neutron.plugins.ml2.plugin.Ml2Plugin._subnet_delete_after_delete_handler-7464781', 'neutron.plugins.ml2.ovo_rpc._ObjectChangeHandler.handle_event-1662584', 'neutron.api.rpc.agentnotifiers.dhcp_rpc_agent_api.DhcpAgentNotifyAPI._native_event_send_dhcp_notification-1600328'] for subnet (6723a6f9-b722-45c9-8a12-6ff6721ad967), after_delete {{(pid=104036) _notify_loop /usr/local/lib/python3.8/dist-packages/neutron_lib/callbacks/manager.py:176}}
Mar 24 02:12:21.176376 dv-neutron-834874-3-hyperv neutron-server[104036]: DEBUG neutron_lib.callbacks.manager [None req-96019df5-6322-45e4-bade-97769a3796e4 tempest-ServersTestJSON-506841013 tempest-ServersTestJSON-506841013-project] Publish callbacks [] for security_group_rule (02b356b2-18c0-4d44-bd04-a6d891982be0), precommit_create {{(pid=104036) _notify_loop /usr/local/lib/python3.8/dist-packages/neutron_lib/callbacks/manager.py:176}}
Mar 24 02:12:21.178545 dv-neutron-834874-3-hyperv neutron-server[104036]: DEBUG neutron_lib.callbacks.manager [None req-af068749-fa6e-4258-8872-6f9eeee99780 tempest-ExternalNetworksTestJSON-84002073 tempest-ExternalNetworksTestJSON-84002073-project] Publish callbacks [] for security_group (e937d7e3-3394-4d82-b956-dd0eab941b42), precommit_create {{(pid=104036) _notify_loop /usr/local/lib/python3.8/dist-packages/neutron_lib/callbacks/manager.py:176}}
Mar 24 02:12:21.197704 dv-neutron-834874-3-hyperv neutron-server[104036]: DEBUG neutron.api.rpc.handlers.resources_rpc [None req-2183df88-8d05-486b-8e95-92bf177c292f tempest-RoutersIpV6AdminTest-626296639 tempest-RoutersIpV6AdminTest-626296639-project-admin] Pushing event deleted for resources: {'Subnet': ['ID=6723a6f9-b722-45c9-8a12-6ff6721ad967,revision_number=None']} {{(pid=104036) push /opt/stack/neutron/neutron/api/rpc/handlers/resources_rpc.py:237}}
Mar 24 02:12:21.207337 dv-neutron-834874-3-hyperv neutron-server[104036]: DEBUG neutron_lib.callbacks.manager [None req-2183df88-8d05-486b-8e95-92bf177c292f tempest-RoutersIpV6AdminTest-626296639 tempest-RoutersIpV6AdminTest-626296639-project-admin] Publish callbacks ['neutron.api.rpc.agentnotifiers.dhcp_rpc_agent_api.DhcpAgentNotifyAPI._send_dhcp_notification-1600378'] for subnet (None), before_response {{(pid=104036) _notify_loop /usr/local/lib/python3.8/dist-packages/neutron_lib/callbacks/manager.py:176}}
Mar 24 02:12:21.213778 dv-neutron-834874-3-hyperv neutron-server[104036]: INFO neutron.wsgi [None req-2183df88-8d05-486b-8e95-92bf177c292f tempest-RoutersIpV6AdminTest-626296639 tempest-RoutersIpV6AdminTest-626296639-project-admin] 10.222.0.20 "DELETE /v2.0/subnets/6723a6f9-b722-45c9-8a12-6ff6721ad967 HTTP/1.1" status: 204 len: 168 time: 1.4397323
Mar 24 02:12:21.217272 dv-neutron-834874-3-hyperv neutron-server[104036]: DEBUG neutron_lib.callbacks.manager [None req-af068749-fa6e-4258-8872-6f9eeee99780 tempest-ExternalNetworksTestJSON-84002073 tempest-ExternalNetworksTestJSON-84002073-project] Publish callbacks ['neutron.plugins.ml2.ovo_rpc._ObjectChangeHandler.handle_event-1656356'] for security_group (e937d7e3-3394-4d82-b956-dd0eab941b42), after_create {{(pid=104036) _notify_loop /usr/local/lib/python3.8/dist-packages/neutron_lib/callbacks/manager.py:176}}
Mar 24 02:12:21.220915 dv-neutron-834874-3-hyperv neutron-server[104036]: DEBUG neutron_lib.callbacks.manager [None req-96019df5-6322-45e4-bade-97769a3796e4 tempest-ServersTestJSON-506841013 tempest-ServersTestJSON-506841013-project] Publish callbacks ['neutron.plugins.ml2.ovo_rpc._ObjectChangeHandler.handle_event-1666666'] for security_group_rule (02b356b2-18c0-4d44-bd04-a6d891982be0), after_create {{(pid=104036) _notify_loop /usr/local/lib/python3.8/dist-packages/neutron_lib/callbacks/manager.py:176}}
Mar 24 02:12:21.227448 dv-neutron-834874-3-hyperv neutron-server[104036]: DEBUG neutron.wsgi [-] (104036) accepted ('10.222.0.20', 55864) {{(pid=104036) server /usr/local/lib/python3.8/dist-packages/eventlet/wsgi.py:1004}}
Mar 24 02:12:21.240577 dv-neutron-834874-3-hyperv neutron-server[104036]: DEBUG neutron_lib.callbacks.manager [None req-e434ffa7-bea5-4d5e-9dc9-b094df4dcc4e tempest-PortsAdminExtendedAttrsTestJSON-1133007148 tempest-PortsAdminExtendedAttrsTestJSON-1133007148-project] Publish callbacks ['neutron.plugins.ml2.plugin.Ml2Plugin._network_delete_precommit_handler-7452897', 'neutron.services.segments.db._delete_segments_for_network-8790618681155'] for network (2c18001a-08a3-4102-a103-ee446a81214d), precommit_delete {{(pid=104036) _notify_loop /usr/local/lib/python3.8/dist-packages/neutron_lib/callbacks/manager.py:176}}
Mar 24 02:12:21.275774 dv-neutron-834874-3-hyperv neutron-server[104036]: DEBUG neutron_lib.callbacks.manager [None req-1eb6fa17-c378-428a-9ade-06075e2c1503 tempest-NetworksTestDHCPv6-1758329632 tempest-NetworksTestDHCPv6-1758329632-project] Publish callbacks ['neutron.plugins.ml2.ovo_rpc._ObjectChangeHandler.handle_event-1662584', 'neutron.api.rpc.agentnotifiers.dhcp_rpc_agent_api.DhcpAgentNotifyAPI._native_event_send_dhcp_notification-1600328'] for subnet (c8d15af7-f453-4e4c-8e4a-4d846de18e0c), after_create {{(pid=104036) _notify_loop /usr/local/lib/python3.8/dist-packages/neutron_lib/callbacks/manager.py:176}}
Mar 24 02:12:21.359321 dv-neutron-834874-3-hyperv neutron-server[104036]: DEBUG neutron.plugins.ml2.drivers.helpers [None req-af068749-fa6e-4258-8872-6f9eeee99780 tempest-ExternalNetworksTestJSON-84002073 tempest-ExternalNetworksTestJSON-84002073-project] vlan segment allocate from pool success with {'physical_network': 'physnet1', 'vlan_id': 113} {{(pid=104036) allocate_partially_specified_segment /opt/stack/neutron/neutron/plugins/ml2/drivers/helpers.py:153}}
Mar 24 02:12:21.397682 dv-neutron-834874-3-hyperv neutron-server[104037]: DEBUG neutron_lib.callbacks.manager [req-45343fbd-d636-4ee0-9800-098315afc35a req-3360cee6-c9ff-4506-a166-cafc82d2622b tempest-ServersTestManualDisk-1453762280 tempest-ServersTestManualDisk-1453762280-project] Publish callbacks [] for port (dba04693-4495-4586-b5e4-7de9e3b2abd3), precommit_create {{(pid=104037) _notify_loop /usr/local/lib/python3.8/dist-packages/neutron_lib/callbacks/manager.py:176}}
Mar 24 02:12:21.397920 dv-neutron-834874-3-hyperv neutron-server[104036]: DEBUG neutron_lib.callbacks.manager [None req-b1ed6f4a-4b12-4ca7-a1fb-3afacc517724 tempest-AllowedAddressPairTestJSON-1905637747 tempest-AllowedAddressPairTestJSON-1905637747-project] Publish callbacks [] for port (c99483c0-463d-40f7-9f78-73c1fdd72703), precommit_create {{(pid=104036) _notify_loop /usr/local/lib/python3.8/dist-packages/neutron_lib/callbacks/manager.py:176}}
Mar 24 02:12:21.409961 dv-neutron-834874-3-hyperv neutron-server[104036]: DEBUG neutron.api.rpc.handlers.resources_rpc [None req-96019df5-6322-45e4-bade-97769a3796e4 tempest-ServersTestJSON-506841013 tempest-ServersTestJSON-506841013-project] Pushing event updated for resources: {'SecurityGroupRule': ['ID=02b356b2-18c0-4d44-bd04-a6d891982be0,revision_number=0']} {{(pid=104036) push /opt/stack/neutron/neutron/api/rpc/handlers/resources_rpc.py:237}}
Mar 24 02:12:21.432493 dv-neutron-834874-3-hyperv neutron-server[104036]: DEBUG neutron_lib.callbacks.manager [None req-e434ffa7-bea5-4d5e-9dc9-b094df4dcc4e tempest-PortsAdminExtendedAttrsTestJSON-1133007148 tempest-PortsAdminExtendedAttrsTestJSON-1133007148-project] Subscribe: > segment before_delete 55550000 {{(pid=104036) subscribe /usr/local/lib/python3.8/dist-packages/neutron_lib/callbacks/manager.py:45}}
Mar 24 02:12:21.433142 dv-neutron-834874-3-hyperv neutron-server[104036]: DEBUG neutron_lib.callbacks.manager [None req-e434ffa7-bea5-4d5e-9dc9-b094df4dcc4e tempest-PortsAdminExtendedAttrsTestJSON-1133007148 tempest-PortsAdminExtendedAttrsTestJSON-1133007148-project] Subscribe: > subnet precommit_delete_associations 55550000 {{(pid=104036) subscribe /usr/local/lib/python3.8/dist-packages/neutron_lib/callbacks/manager.py:45}}
Mar 24 02:12:21.434087 dv-neutron-834874-3-hyperv neutron-server[104036]: DEBUG neutron_lib.callbacks.manager [None req-e434ffa7-bea5-4d5e-9dc9-b094df4dcc4e tempest-PortsAdminExtendedAttrsTestJSON-1133007148 tempest-PortsAdminExtendedAttrsTestJSON-1133007148-project] Subscribe: > segment_host_mapping after_create 55550000 {{(pid=104036) subscribe /usr/local/lib/python3.8/dist-packages/neutron_lib/callbacks/manager.py:45}}
Mar 24 02:12:21.434658 dv-neutron-834874-3-hyperv neutron-server[104036]: DEBUG neutron_lib.callbacks.manager [None req-e434ffa7-bea5-4d5e-9dc9-b094df4dcc4e tempest-PortsAdminExtendedAttrsTestJSON-1133007148 tempest-PortsAdminExtendedAttrsTestJSON-1133007148-project] Subscribe: > port after_create 55550000 {{(pid=104036) subscribe /usr/local/lib/python3.8/dist-packages/neutron_lib/callbacks/manager.py:45}}
Mar 24 02:12:21.435147 dv-neutron-834874-3-hyperv neutron-server[104036]: DEBUG neutron_lib.callbacks.manager [None req-e434ffa7-bea5-4d5e-9dc9-b094df4dcc4e tempest-PortsAdminExtendedAttrsTestJSON-1133007148 tempest-PortsAdminExtendedAttrsTestJSON-1133007148-project] Subscribe: > port after_delete 55550000 {{(pid=104036) subscribe /usr/local/lib/python3.8/dist-packages/neutron_lib/callbacks/manager.py:45}}
Mar 24 02:12:21.435884 dv-neutron-834874-3-hyperv neutron-server[104036]: DEBUG neutron_lib.callbacks.manager [None req-e434ffa7-bea5-4d5e-9dc9-b094df4dcc4e tempest-PortsAdminExtendedAttrsTestJSON-1133007148 tempest-PortsAdminExtendedAttrsTestJSON-1133007148-project] Subscribe: > port after_update 55550000 {{(pid=104036) subscribe /usr/local/lib/python3.8/dist-packages/neutron_lib/callbacks/manager.py:45}}
Mar 24 02:12:21.436426 dv-neutron-834874-3-hyperv neutron-server[104036]: DEBUG neutron_lib.callbacks.manager [None req-e434ffa7-bea5-4d5e-9dc9-b094df4dcc4e tempest-PortsAdminExtendedAttrsTestJSON-1133007148 tempest-PortsAdminExtendedAttrsTestJSON-1133007148-project] Subscribe: > segment after_delete 55550000 {{(pid=104036) subscribe /usr/local/lib/python3.8/dist-packages/neutron_lib/callbacks/manager.py:45}}
Mar 24 02:12:21.437157 dv-neutron-834874-3-hyperv neutron-server[104036]: DEBUG neutron_lib.callbacks.manager [None req-e434ffa7-bea5-4d5e-9dc9-b094df4dcc4e tempest-PortsAdminExtendedAttrsTestJSON-1133007148 tempest-PortsAdminExtendedAttrsTestJSON-1133007148-project] Subscribe: > subnet after_create 55550000 {{(pid=104036) subscribe /usr/local/lib/python3.8/dist-packages/neutron_lib/callbacks/manager.py:45}}
Mar 24 02:12:21.437656 dv-neutron-834874-3-hyperv neutron-server[104036]: DEBUG neutron_lib.callbacks.manager [None req-e434ffa7-bea5-4d5e-9dc9-b094df4dcc4e tempest-PortsAdminExtendedAttrsTestJSON-1133007148 tempest-PortsAdminExtendedAttrsTestJSON-1133007148-project] Subscribe: > subnet after_delete 55550000 {{(pid=104036) subscribe /usr/local/lib/python3.8/dist-packages/neutron_lib/callbacks/manager.py:45}}
Mar 24 02:12:21.438153 dv-neutron-834874-3-hyperv neutron-server[104036]: DEBUG neutron_lib.callbacks.manager [None req-e434ffa7-bea5-4d5e-9dc9-b094df4dcc4e tempest-PortsAdminExtendedAttrsTestJSON-1133007148 tempest-PortsAdminExtendedAttrsTestJSON-1133007148-project] Subscribe: > subnet after_update 55550000 {{(pid=104036) subscribe /usr/local/lib/python3.8/dist-packages/neutron_lib/callbacks/manager.py:45}}
Mar 24 02:12:21.485767 dv-neutron-834874-3-hyperv neutron-server[104037]: INFO neutron.wsgi [req-89350264-e427-48af-a0bf-082d5ace076c req-4d133f63-adc4-48ac-bfb2-52a24e7bd28c tempest-ServerActionsTestJSON-864517406 tempest-ServerActionsTestJSON-864517406-project] 10.222.0.20 "GET /v2.0/ports?device_id=0a447b1e-7d9a-43d6-8a64-8ff70a04f466 HTTP/1.1" status: 200 len: 210 time: 0.0632608
Mar 24 02:12:21.555684 dv-neutron-834874-3-hyperv neutron-server[104037]: DEBUG neutron.db.db_base_plugin_common [req-e7c443ba-4fbb-40f9-be83-ce4c2fe42af4 req-1faba8d9-1f37-4ab5-9a95-3feda2a907f0 tempest-ServerActionsTestJSON-864517406 tempest-ServerActionsTestJSON-864517406-project] Allocated IP 172.20.0.10 (597625fc-4c02-4901-9b3e-46b781f61da1/56374a24-4e35-434f-b4b8-860ef8289893/23c422ed-55e0-408f-95ff-bc9d2619a936) {{(pid=104037) _store_ip_allocation /opt/stack/neutron/neutron/db/db_base_plugin_common.py:131}}
Mar 24 02:12:21.606808 dv-neutron-834874-3-hyperv neutron-server[104037]: DEBUG neutron_lib.callbacks.manager [req-45343fbd-d636-4ee0-9800-098315afc35a req-3360cee6-c9ff-4506-a166-cafc82d2622b tempest-ServersTestManualDisk-1453762280 tempest-ServersTestManualDisk-1453762280-project] Publish callbacks ['neutron.plugins.ml2.plugin.SecurityGroupServerNotifierRpcMixin._notify_sg_on_port_change-7570729', 'neutron.plugins.ml2.ovo_rpc._ObjectChangeHandler.handle_event-44831', 'neutron.api.rpc.agentnotifiers.dhcp_rpc_agent_api.DhcpAgentNotifyAPI._native_event_send_dhcp_notification-1600328', 'neutron.db.l3_dvrscheduler_db._notify_l3_agent_new_port-8790618352631', 'neutron.services.segments.plugin.NovaSegmentNotifier._notify_port_created_or_deleted-3240559'] for port (dba04693-4495-4586-b5e4-7de9e3b2abd3), after_create {{(pid=104037) _notify_loop /usr/local/lib/python3.8/dist-packages/neutron_lib/callbacks/manager.py:176}}
Mar 24 02:12:21.653274 dv-neutron-834874-3-hyperv neutron-server[104036]: DEBUG neutron_lib.callbacks.manager [None req-e434ffa7-bea5-4d5e-9dc9-b094df4dcc4e tempest-PortsAdminExtendedAttrsTestJSON-1133007148 tempest-PortsAdminExtendedAttrsTestJSON-1133007148-project] Subscribe: > subnet after_create 55550000 {{(pid=104036) subscribe /usr/local/lib/python3.8/dist-packages/neutron_lib/callbacks/manager.py:45}}
Mar 24 02:12:21.653890 dv-neutron-834874-3-hyperv neutron-server[104036]: DEBUG neutron_lib.callbacks.manager [None req-e434ffa7-bea5-4d5e-9dc9-b094df4dcc4e tempest-PortsAdminExtendedAttrsTestJSON-1133007148 tempest-PortsAdminExtendedAttrsTestJSON-1133007148-project] Subscribe: > subnet after_delete 55550000 {{(pid=104036) subscribe /usr/local/lib/python3.8/dist-packages/neutron_lib/callbacks/manager.py:45}}
Mar 24 02:12:21.653991 dv-neutron-834874-3-hyperv neutron-server[104036]: DEBUG neutron_lib.callbacks.manager [None req-e434ffa7-bea5-4d5e-9dc9-b094df4dcc4e tempest-PortsAdminExtendedAttrsTestJSON-1133007148 tempest-PortsAdminExtendedAttrsTestJSON-1133007148-project] Subscribe: > subnet before_create 55550000 {{(pid=104036) subscribe /usr/local/lib/python3.8/dist-packages/neutron_lib/callbacks/manager.py:45}}
Mar 24 02:12:21.654254 dv-neutron-834874-3-hyperv neutron-server[104036]: DEBUG neutron_lib.callbacks.manager [None req-e434ffa7-bea5-4d5e-9dc9-b094df4dcc4e tempest-PortsAdminExtendedAttrsTestJSON-1133007148 tempest-PortsAdminExtendedAttrsTestJSON-1133007148-project] Subscribe: > subnet before_update 55550000 {{(pid=104036) subscribe /usr/local/lib/python3.8/dist-packages/neutron_lib/callbacks/manager.py:45}}
Mar 24 02:12:21.654674 dv-neutron-834874-3-hyperv neutron-server[104036]: DEBUG neutron.services.segments.db [None req-e434ffa7-bea5-4d5e-9dc9-b094df4dcc4e tempest-PortsAdminExtendedAttrsTestJSON-1133007148 tempest-PortsAdminExtendedAttrsTestJSON-1133007148-project] neutron.services.segments.plugin.Plugin method get_segments called with arguments (,) {'filters': {'network_id': ['2c18001a-08a3-4102-a103-ee446a81214d']}} {{(pid=104036) wrapper /usr/local/lib/python3.8/dist-packages/oslo_log/helpers.py:65}}
Mar 24 02:12:21.666614 dv-neutron-834874-3-hyperv neutron-server[104036]: DEBUG neutron_lib.callbacks.manager [None req-96019df5-6322-45e4-bade-97769a3796e4 tempest-ServersTestJSON-506841013 tempest-ServersTestJSON-506841013-project] Publish callbacks [] for security_group_rule (None), before_response {{(pid=104036) _notify_loop /usr/local/lib/python3.8/dist-packages/neutron_lib/callbacks/manager.py:176}}
Mar 24 02:12:21.671154 dv-neutron-834874-3-hyperv neutron-server[104036]: INFO neutron.wsgi [None req-96019df5-6322-45e4-bade-97769a3796e4 tempest-ServersTestJSON-506841013 tempest-ServersTestJSON-506841013-project] 10.222.0.20 "POST /v2.0/security-group-rules HTTP/1.1" status: 201 len: 769 time: 1.0987713
Mar 24 02:12:21.676559 dv-neutron-834874-3-hyperv neutron-server[104037]: DEBUG neutron.wsgi [-] (104037) accepted ('10.222.0.20', 55868) {{(pid=104037) server /usr/local/lib/python3.8/dist-packages/eventlet/wsgi.py:1004}}
Mar 24 02:12:21.692814 dv-neutron-834874-3-hyperv neutron-server[104036]: DEBUG neutron_lib.callbacks.manager [None req-af068749-fa6e-4258-8872-6f9eeee99780 tempest-ExternalNetworksTestJSON-84002073 tempest-ExternalNetworksTestJSON-84002073-project] Publish callbacks ['neutron.plugins.ml2.plugin.Ml2Plugin._handle_segment_change-7465549'] for segment (440766f6-54ce-473b-b088-46ad02b345f5), precommit_create {{(pid=104036) _notify_loop /usr/local/lib/python3.8/dist-packages/neutron_lib/callbacks/manager.py:176}}
Mar 24 02:12:21.694820 dv-neutron-834874-3-hyperv neutron-server[104036]: INFO neutron.db.segments_db [None req-af068749-fa6e-4258-8872-6f9eeee99780 tempest-ExternalNetworksTestJSON-84002073 tempest-ExternalNetworksTestJSON-84002073-project] Added segment 440766f6-54ce-473b-b088-46ad02b345f5 of type vlan for network e7dbbfb4-14f5-48c8-a145-25c3ec2a19cc
Mar 24 02:12:21.702874 dv-neutron-834874-3-hyperv neutron-server[104036]: DEBUG neutron.api.rpc.handlers.resources_rpc [None req-af068749-fa6e-4258-8872-6f9eeee99780 tempest-ExternalNetworksTestJSON-84002073 tempest-ExternalNetworksTestJSON-84002073-project] Pushing event updated for resources: {'SecurityGroup': ['ID=e937d7e3-3394-4d82-b956-dd0eab941b42,revision_number=1']} {{(pid=104036) push /opt/stack/neutron/neutron/api/rpc/handlers/resources_rpc.py:237}}
Mar 24 02:12:21.724082 dv-neutron-834874-3-hyperv neutron-server[104036]: DEBUG neutron.services.segments.db [None req-e434ffa7-bea5-4d5e-9dc9-b094df4dcc4e tempest-PortsAdminExtendedAttrsTestJSON-1133007148 tempest-PortsAdminExtendedAttrsTestJSON-1133007148-project] neutron.services.segments.plugin.Plugin method delete_segment called with arguments (, '5c0034c6-6078-4b89-9711-c262747ced7f') {'for_net_delete': True} {{(pid=104036) wrapper /usr/local/lib/python3.8/dist-packages/oslo_log/helpers.py:65}}
Mar 24 02:12:21.724460 dv-neutron-834874-3-hyperv neutron-server[104036]: DEBUG neutron.services.segments.db [None req-e434ffa7-bea5-4d5e-9dc9-b094df4dcc4e tempest-PortsAdminExtendedAttrsTestJSON-1133007148 tempest-PortsAdminExtendedAttrsTestJSON-1133007148-project] neutron.services.segments.plugin.Plugin method get_segment called with arguments (, '5c0034c6-6078-4b89-9711-c262747ced7f') {} {{(pid=104036) wrapper /usr/local/lib/python3.8/dist-packages/oslo_log/helpers.py:65}}
Mar 24 02:12:21.765297 dv-neutron-834874-3-hyperv neutron-server[104036]: DEBUG neutron_lib.callbacks.manager [None req-e434ffa7-bea5-4d5e-9dc9-b094df4dcc4e tempest-PortsAdminExtendedAttrsTestJSON-1133007148 tempest-PortsAdminExtendedAttrsTestJSON-1133007148-project] Publish callbacks ['neutron.plugins.ml2.db._prevent_segment_delete_with_port_bound-8790618679884', 'neutron.services.segments.plugin.Plugin._prevent_segment_delete_with_subnet_associated-3662137'] for segment (5c0034c6-6078-4b89-9711-c262747ced7f), before_delete {{(pid=104036) _notify_loop /usr/local/lib/python3.8/dist-packages/neutron_lib/callbacks/manager.py:176}}
Mar 24 02:12:21.802676 dv-neutron-834874-3-hyperv neutron-server[104037]: DEBUG neutron.scheduler.dhcp_agent_scheduler [req-45343fbd-d636-4ee0-9800-098315afc35a req-3360cee6-c9ff-4506-a166-cafc82d2622b tempest-ServersTestManualDisk-1453762280 tempest-ServersTestManualDisk-1453762280-project] Network c5ab8914-a9e8-4c4e-bd5d-f979c05148e6 is already hosted by enough agents. {{(pid=104037) _get_dhcp_agents_hosting_network /opt/stack/neutron/neutron/scheduler/dhcp_agent_scheduler.py:275}}
Mar 24 02:12:21.810647 dv-neutron-834874-3-hyperv neutron-server[104037]: DEBUG neutron.api.v2.base [None req-b1120d35-4307-4c73-b1a8-73af863a256b tempest-ServersTestJSON-506841013 tempest-ServersTestJSON-506841013-project] Request body: {'floatingip': {'floating_network_id': '87077e4c-2cae-4de7-847c-fab7ddedd260'}} {{(pid=104037) prepare_request_body /opt/stack/neutron/neutron/api/v2/base.py:729}}
Mar 24 02:12:21.812675 dv-neutron-834874-3-hyperv neutron-server[104036]: DEBUG neutron.api.rpc.handlers.resources_rpc [None req-1eb6fa17-c378-428a-9ade-06075e2c1503 tempest-NetworksTestDHCPv6-1758329632 tempest-NetworksTestDHCPv6-1758329632-project] Pushing event updated for resources: {'Subnet': ['ID=c8d15af7-f453-4e4c-8e4a-4d846de18e0c,revision_number=0']} {{(pid=104036) push /opt/stack/neutron/neutron/api/rpc/handlers/resources_rpc.py:237}}
Mar 24 02:12:21.816682 dv-neutron-834874-3-hyperv neutron-server[104036]: DEBUG neutron_lib.callbacks.manager [None req-3311ae20-3d8e-4376-89a1-2ebca2ea8ad9 tempest-RoutersIpV6AdminTest-626296639 tempest-RoutersIpV6AdminTest-626296639-project-admin] Publish callbacks ['neutron.plugins.ml2.plugin.External_net_db_mixin._before_network_delete_handler-7343387'] for network (1d54abbd-4eda-40cf-82ef-27bc3e194d08), before_delete {{(pid=104036) _notify_loop /usr/local/lib/python3.8/dist-packages/neutron_lib/callbacks/manager.py:176}}
Mar 24 02:12:21.834984 dv-neutron-834874-3-hyperv neutron-server[104037]: DEBUG neutron.api.rpc.handlers.resources_rpc [None req-3360cee6-c9ff-4506-a166-cafc82d2622b tempest-ServersTestManualDisk-1453762280 tempest-ServersTestManualDisk-1453762280-project] Pushing event updated for resources: {'Port': ['ID=dba04693-4495-4586-b5e4-7de9e3b2abd3,revision_number=1']} {{(pid=104037) push /opt/stack/neutron/neutron/api/rpc/handlers/resources_rpc.py:237}}
Mar 24 02:12:21.841823 dv-neutron-834874-3-hyperv neutron-server[104036]: DEBUG neutron_lib.callbacks.manager [None req-e434ffa7-bea5-4d5e-9dc9-b094df4dcc4e tempest-PortsAdminExtendedAttrsTestJSON-1133007148 tempest-PortsAdminExtendedAttrsTestJSON-1133007148-project] Publish callbacks ['neutron.plugins.ml2.plugin.Ml2Plugin._handle_segment_change-7465549'] for segment (5c0034c6-6078-4b89-9711-c262747ced7f), precommit_delete {{(pid=104036) _notify_loop /usr/local/lib/python3.8/dist-packages/neutron_lib/callbacks/manager.py:176}}
Mar 24 02:12:21.850442 dv-neutron-834874-3-hyperv neutron-server[104037]: DEBUG neutron.scheduler.base_scheduler [req-45343fbd-d636-4ee0-9800-098315afc35a req-3360cee6-c9ff-4506-a166-cafc82d2622b tempest-ServersTestManualDisk-1453762280 tempest-ServersTestManualDisk-1453762280-project] Resources bound (agent type, host, resource id): {{(pid=104037) schedule /opt/stack/neutron/neutron/scheduler/base_scheduler.py:57}}
Mar 24 02:12:21.864803 dv-neutron-834874-3-hyperv neutron-server[104036]: DEBUG neutron_lib.callbacks.manager [None req-af068749-fa6e-4258-8872-6f9eeee99780 tempest-ExternalNetworksTestJSON-84002073 tempest-ExternalNetworksTestJSON-84002073-project] Publish callbacks ['neutron.services.auto_allocate.db._ensure_external_network_default_value_callback-8790618320954'] for network (e7dbbfb4-14f5-48c8-a145-25c3ec2a19cc), precommit_create {{(pid=104036) _notify_loop /usr/local/lib/python3.8/dist-packages/neutron_lib/callbacks/manager.py:176}}
Mar 24 02:12:21.871184 dv-neutron-834874-3-hyperv neutron-server[104036]: DEBUG neutron.plugins.ml2.drivers.type_vlan [None req-e434ffa7-bea5-4d5e-9dc9-b094df4dcc4e tempest-PortsAdminExtendedAttrsTestJSON-1133007148 tempest-PortsAdminExtendedAttrsTestJSON-1133007148-project] Releasing vlan 122 on physical network physnet1 to pool {{(pid=104036) release_segment /opt/stack/neutron/neutron/plugins/ml2/drivers/type_vlan.py:304}}
Mar 24 02:12:21.871578 dv-neutron-834874-3-hyperv neutron-server[104036]: DEBUG neutron_lib.callbacks.manager [None req-e434ffa7-bea5-4d5e-9dc9-b094df4dcc4e tempest-PortsAdminExtendedAttrsTestJSON-1133007148 tempest-PortsAdminExtendedAttrsTestJSON-1133007148-project] Publish callbacks ['neutron.plugins.ml2.plugin.Ml2Plugin._handle_segment_change-7465549', 'neutron.services.segments.plugin.NovaSegmentNotifier._notify_segment_deleted-8968034'] for segment (5c0034c6-6078-4b89-9711-c262747ced7f), after_delete {{(pid=104036) _notify_loop /usr/local/lib/python3.8/dist-packages/neutron_lib/callbacks/manager.py:176}}
Mar 24 02:12:21.876982 dv-neutron-834874-3-hyperv neutron-server[104036]: /usr/lib/python3/dist-packages/secretstorage/dhcrypto.py:15: CryptographyDeprecationWarning: int_from_bytes is deprecated, use int.from_bytes instead
Mar 24 02:12:21.876982 dv-neutron-834874-3-hyperv neutron-server[104036]: from cryptography.utils import int_from_bytes
Mar 24 02:12:21.876982 dv-neutron-834874-3-hyperv neutron-server[104036]: /usr/lib/python3/dist-packages/secretstorage/util.py:19: CryptographyDeprecationWarning: int_from_bytes is deprecated, use int.from_bytes instead
Mar 24 02:12:21.876982 dv-neutron-834874-3-hyperv neutron-server[104036]: from cryptography.utils import int_from_bytes
Mar 24 02:12:21.876982 dv-neutron-834874-3-hyperv neutron-server[104036]: /usr/local/lib/python3.8/dist-packages/oslo_policy/policy.py:1119: UserWarning: Policy rule:get_agent failed scope check. The token used to make the request was project scoped but the policy requires ['system'] scope. This behavior may change in the future where using the intended scope is required
Mar 24 02:12:21.876982 dv-neutron-834874-3-hyperv neutron-server[104036]: warnings.warn(msg)
Mar 24 02:12:21.876982 dv-neutron-834874-3-hyperv neutron-server[104036]: /usr/local/lib/python3.8/dist-packages/neutron_lib/db/model_query.py:331: SAWarning: DELETE statement on table 'ml2_port_bindings' expected to delete 1 row(s); 0 were matched. Please set confirm_deleted_rows=False within the mapper configuration to prevent this warning.
Mar 24 02:12:21.876982 dv-neutron-834874-3-hyperv neutron-server[104036]: items = [
Mar 24 02:12:21.876982 dv-neutron-834874-3-hyperv neutron-server[104036]: Traceback (most recent call last):
Mar 24 02:12:21.876982 dv-neutron-834874-3-hyperv neutron-server[104036]: File "/usr/local/lib/python3.8/dist-packages/eventlet/hubs/hub.py", line 476, in fire_timers
Mar 24 02:12:21.876982 dv-neutron-834874-3-hyperv neutron-server[104036]: timer()
Mar 24 02:12:21.876982 dv-neutron-834874-3-hyperv neutron-server[104036]: File "/usr/local/lib/python3.8/dist-packages/eventlet/hubs/timer.py", line 59, in __call__
Mar 24 02:12:21.876982 dv-neutron-834874-3-hyperv neutron-server[104036]: cb(*args, **kw)
Mar 24 02:12:21.876982 dv-neutron-834874-3-hyperv neutron-server[104036]: File "/opt/stack/neutron/neutron/common/utils.py", line 921, in wrapper
Mar 24 02:12:21.876982 dv-neutron-834874-3-hyperv neutron-server[104036]: return func(*args, **kwargs)
Mar 24 02:12:21.876982 dv-neutron-834874-3-hyperv neutron-server[104036]: File "/opt/stack/neutron/neutron/notifiers/batch_notifier.py", line 58, in synced_send
Mar 24 02:12:21.876982 dv-neutron-834874-3-hyperv neutron-server[104036]: self._notify()
Mar 24 02:12:21.876982 dv-neutron-834874-3-hyperv neutron-server[104036]: File "/opt/stack/neutron/neutron/notifiers/batch_notifier.py", line 69, in _notify
Mar 24 02:12:21.876982 dv-neutron-834874-3-hyperv neutron-server[104036]: self.callback(batched_events)
Mar 24 02:12:21.876982 dv-neutron-834874-3-hyperv neutron-server[104036]: File "/opt/stack/neutron/neutron/services/segments/plugin.py", line 211, in _send_notifications
Mar 24 02:12:21.876982 dv-neutron-834874-3-hyperv neutron-server[104036]: event.method(event)
Mar 24 02:12:21.876982 dv-neutron-834874-3-hyperv neutron-server[104036]: File "/opt/stack/neutron/neutron/services/segments/plugin.py", line 383, in _delete_nova_inventory
Mar 24 02:12:21.876982 dv-neutron-834874-3-hyperv neutron-server[104036]: aggregate_id = self._get_aggregate_id(event.segment_id)
Mar 24 02:12:21.876982 dv-neutron-834874-3-hyperv neutron-server[104036]: File "/opt/stack/neutron/neutron/services/segments/plugin.py", line 370, in _get_aggregate_id
Mar 24 02:12:21.876982 dv-neutron-834874-3-hyperv neutron-server[104036]: aggregate_uuid = self.p_client.list_aggregates(
Mar 24 02:12:21.876982 dv-neutron-834874-3-hyperv neutron-server[104036]: File "/usr/local/lib/python3.8/dist-packages/neutron_lib/placement/client.py", line 58, in wrapper
Mar 24 02:12:21.876982 dv-neutron-834874-3-hyperv neutron-server[104036]: return f(self, *a, **k)
Mar 24 02:12:21.876982 dv-neutron-834874-3-hyperv neutron-server[104036]: File "/usr/local/lib/python3.8/dist-packages/neutron_lib/placement/client.py", line 554, in list_aggregates
Mar 24 02:12:21.876982 dv-neutron-834874-3-hyperv neutron-server[104036]: return self._get(url).json()
Mar 24 02:12:21.876982 dv-neutron-834874-3-hyperv neutron-server[104036]: File "/usr/local/lib/python3.8/dist-packages/neutron_lib/placement/client.py", line 190, in _get
Mar 24 02:12:21.876982 dv-neutron-834874-3-hyperv neutron-server[104036]: return self._client.get(url, endpoint_filter=self._ks_filter,
Mar 24 02:12:21.876982 dv-neutron-834874-3-hyperv neutron-server[104036]: File "/usr/local/lib/python3.8/dist-packages/keystoneauth1/session.py", line 1141, in get
Mar 24 02:12:21.876982 dv-neutron-834874-3-hyperv neutron-server[104036]: return self.request(url, 'GET', **kwargs)
Mar 24 02:12:21.876982 dv-neutron-834874-3-hyperv neutron-server[104036]: File "/usr/local/lib/python3.8/dist-packages/keystoneauth1/session.py", line 811, in request
Mar 24 02:12:21.876982 dv-neutron-834874-3-hyperv neutron-server[104036]: base_url = self.get_endpoint(auth, allow=allow,
Mar 24 02:12:21.876982 dv-neutron-834874-3-hyperv neutron-server[104036]: File "/usr/local/lib/python3.8/dist-packages/keystoneauth1/session.py", line 1241, in get_endpoint
Mar 24 02:12:21.876982 dv-neutron-834874-3-hyperv neutron-server[104036]: auth = self._auth_required(auth, 'determine endpoint URL')
Mar 24 02:12:21.876982 dv-neutron-834874-3-hyperv neutron-server[104036]: File "/usr/local/lib/python3.8/dist-packages/keystoneauth1/session.py", line 1181, in _auth_required
Mar 24 02:12:21.876982 dv-neutron-834874-3-hyperv neutron-server[104036]: raise exceptions.MissingAuthPlugin(msg_fmt % msg)
Mar 24 02:12:21.876982 dv-neutron-834874-3-hyperv neutron-server[104036]: keystoneauth1.exceptions.auth_plugins.MissingAuthPlugin: An auth plugin is required to determine endpoint URL
Mar 24 02:12:21.914270 dv-neutron-834874-3-hyperv neutron-server[104037]: DEBUG neutron.db.l3_dvrscheduler_db [req-45343fbd-d636-4ee0-9800-098315afc35a req-3360cee6-c9ff-4506-a166-cafc82d2622b tempest-ServersTestManualDisk-1453762280 tempest-ServersTestManualDisk-1453762280-project] Received port after_create {{(pid=104037) _notify_l3_agent_new_port /opt/stack/neutron/neutron/db/l3_dvrscheduler_db.py:536}}
Mar 24 02:12:21.972077 dv-neutron-834874-3-hyperv neutron-server[104036]: DEBUG neutron.plugins.ml2.drivers.mech_agent [None req-1eb6fa17-c378-428a-9ade-06075e2c1503 tempest-NetworksTestDHCPv6-1758329632 tempest-NetworksTestDHCPv6-1758329632-project] Checking segment: {'id': '10c9520a-ce90-4c32-a99e-00890d4b2069', 'network_type': 'vlan', 'physical_network': 'physnet1', 'segmentation_id': 130, 'network_id': '6f3080fc-791f-4748-a0a2-9eff6ea2a609'} for mappings: {'physnet1': 'br-data'} with network types: ['local', 'flat', 'vlan'] {{(pid=104036) check_segment_for_agent /opt/stack/neutron/neutron/plugins/ml2/drivers/mech_agent.py:373}}
Mar 24 02:12:21.972442 dv-neutron-834874-3-hyperv neutron-server[104036]: DEBUG neutron.scheduler.dhcp_agent_scheduler [None req-1eb6fa17-c378-428a-9ade-06075e2c1503 tempest-NetworksTestDHCPv6-1758329632 tempest-NetworksTestDHCPv6-1758329632-project] Network hostable DHCP agents. Network: 6f3080fc-791f-4748-a0a2-9eff6ea2a609, hostable agents: ['8aeface5-bae1-4042-b03b-b97904f320d4'], hosted agents: [] {{(pid=104036) _get_network_hostable_dhcp_agents /opt/stack/neutron/neutron/scheduler/dhcp_agent_scheduler.py:329}}
Mar 24 02:12:22.013312 dv-neutron-834874-3-hyperv neutron-server[104036]: DEBUG neutron_lib.callbacks.manager [None req-b1ed6f4a-4b12-4ca7-a1fb-3afacc517724 tempest-AllowedAddressPairTestJSON-1905637747 tempest-AllowedAddressPairTestJSON-1905637747-project] Publish callbacks ['neutron.plugins.ml2.plugin.SecurityGroupServerNotifierRpcMixin._notify_sg_on_port_change-7570729', 'neutron.plugins.ml2.ovo_rpc._ObjectChangeHandler.handle_event-44831', 'neutron.api.rpc.agentnotifiers.dhcp_rpc_agent_api.DhcpAgentNotifyAPI._native_event_send_dhcp_notification-1600328', 'neutron.db.l3_dvrscheduler_db._notify_l3_agent_new_port-8790618352631', 'neutron.services.segments.plugin.NovaSegmentNotifier._notify_port_created_or_deleted-8967985'] for port (c99483c0-463d-40f7-9f78-73c1fdd72703), after_create {{(pid=104036) _notify_loop /usr/local/lib/python3.8/dist-packages/neutron_lib/callbacks/manager.py:176}}
Mar 24 02:12:22.045835 dv-neutron-834874-3-hyperv neutron-server[104037]: DEBUG neutron_lib.callbacks.manager [None req-b1120d35-4307-4c73-b1a8-73af863a256b tempest-ServersTestJSON-506841013 tempest-ServersTestJSON-506841013-project] Publish callbacks [] for floatingip (None), before_create {{(pid=104037) _notify_loop /usr/local/lib/python3.8/dist-packages/neutron_lib/callbacks/manager.py:176}}
Mar 24 02:12:22.063965 dv-neutron-834874-3-hyperv neutron-server[104036]: DEBUG neutron_lib.callbacks.manager [None req-af068749-fa6e-4258-8872-6f9eeee99780 tempest-ExternalNetworksTestJSON-84002073 tempest-ExternalNetworksTestJSON-84002073-project] Publish callbacks ['neutron.plugins.ml2.ovo_rpc._ObjectChangeHandler.handle_event-1656525', 'neutron.api.rpc.agentnotifiers.dhcp_rpc_agent_api.DhcpAgentNotifyAPI._native_event_send_dhcp_notification-1600328'] for network (e7dbbfb4-14f5-48c8-a145-25c3ec2a19cc), after_create {{(pid=104036) _notify_loop /usr/local/lib/python3.8/dist-packages/neutron_lib/callbacks/manager.py:176}}
Mar 24 02:12:22.079046 dv-neutron-834874-3-hyperv neutron-server[104036]: DEBUG neutron.pecan_wsgi.hooks.policy_enforcement [None req-af068749-fa6e-4258-8872-6f9eeee99780 tempest-ExternalNetworksTestJSON-84002073 tempest-ExternalNetworksTestJSON-84002073-project] Attributes excluded by policy engine: ['standard_attr_id', 'provider:network_type', 'provider:physical_network', 'provider:segmentation_id', 'vlan_transparent'] {{(pid=104036) _exclude_attributes_by_policy /opt/stack/neutron/neutron/pecan_wsgi/hooks/policy_enforcement.py:255}}
Mar 24 02:12:22.079607 dv-neutron-834874-3-hyperv neutron-server[104036]: DEBUG neutron_lib.callbacks.manager [None req-af068749-fa6e-4258-8872-6f9eeee99780 tempest-ExternalNetworksTestJSON-84002073 tempest-ExternalNetworksTestJSON-84002073-project] Publish callbacks ['neutron.api.rpc.agentnotifiers.dhcp_rpc_agent_api.DhcpAgentNotifyAPI._send_dhcp_notification-1600378'] for network (None), before_response {{(pid=104036) _notify_loop /usr/local/lib/python3.8/dist-packages/neutron_lib/callbacks/manager.py:176}}
Mar 24 02:12:22.109251 dv-neutron-834874-3-hyperv neutron-server[104037]: DEBUG neutron.pecan_wsgi.hooks.policy_enforcement [req-f5ed20e5-68de-4aeb-b924-cabab212d96f req-f2d2626a-a078-46be-b0dd-bd72cfffc4f1 tempest-ServersTestManualDisk-1453762280 tempest-ServersTestManualDisk-1453762280-project] Attributes excluded by policy engine: ['standard_attr_id', 'binding:profile', 'binding:host_id', 'binding:vif_type', 'binding:vif_details'] {{(pid=104037) _exclude_attributes_by_policy /opt/stack/neutron/neutron/pecan_wsgi/hooks/policy_enforcement.py:255}}
Mar 24 02:12:22.114022 dv-neutron-834874-3-hyperv neutron-server[104037]: INFO neutron.wsgi [req-f5ed20e5-68de-4aeb-b924-cabab212d96f req-f2d2626a-a078-46be-b0dd-bd72cfffc4f1 tempest-ServersTestManualDisk-1453762280 tempest-ServersTestManualDisk-1453762280-project] 10.222.0.20 "GET /v2.0/ports?device_id=bb0721bf-38c2-46f0-8650-43fce951aa0f HTTP/1.1" status: 200 len: 932 time: 0.2954121
Mar 24 02:12:22.121314 dv-neutron-834874-3-hyperv neutron-server[104036]: DEBUG neutron_lib.callbacks.manager [None req-e434ffa7-bea5-4d5e-9dc9-b094df4dcc4e tempest-PortsAdminExtendedAttrsTestJSON-1133007148 tempest-PortsAdminExtendedAttrsTestJSON-1133007148-project] Publish callbacks ['neutron.plugins.ml2.plugin.Ml2Plugin._network_delete_after_delete_handler-7452890', 'neutron.plugins.ml2.ovo_rpc._ObjectChangeHandler.handle_event-1656525', 'neutron.api.rpc.agentnotifiers.dhcp_rpc_agent_api.DhcpAgentNotifyAPI._native_event_send_dhcp_notification-1600328', 'neutron.services.l3_router.l3_router_plugin.DVRResourceOperationHandler.delete_fip_namespaces_for_ext_net-1624176'] for network (2c18001a-08a3-4102-a103-ee446a81214d), after_delete {{(pid=104036) _notify_loop /usr/local/lib/python3.8/dist-packages/neutron_lib/callbacks/manager.py:176}}
Mar 24 02:12:22.158914 dv-neutron-834874-3-hyperv neutron-server[104037]: DEBUG neutron.pecan_wsgi.hooks.policy_enforcement [req-45343fbd-d636-4ee0-9800-098315afc35a req-3360cee6-c9ff-4506-a166-cafc82d2622b tempest-ServersTestManualDisk-1453762280 tempest-ServersTestManualDisk-1453762280-project] Attributes excluded by policy engine: ['standard_attr_id', 'binding:profile', 'binding:host_id', 'binding:vif_type', 'binding:vif_details', 'network'] {{(pid=104037) _exclude_attributes_by_policy /opt/stack/neutron/neutron/pecan_wsgi/hooks/policy_enforcement.py:255}}
Mar 24 02:12:22.159780 dv-neutron-834874-3-hyperv neutron-server[104037]: DEBUG neutron_lib.callbacks.manager [req-45343fbd-d636-4ee0-9800-098315afc35a req-3360cee6-c9ff-4506-a166-cafc82d2622b tempest-ServersTestManualDisk-1453762280 tempest-ServersTestManualDisk-1453762280-project] Publish callbacks ['neutron.notifiers.nova.Notifier._send_nova_notification-233362'] for port (None), before_response {{(pid=104037) _notify_loop /usr/local/lib/python3.8/dist-packages/neutron_lib/callbacks/manager.py:176}}
Mar 24 02:12:22.172493 dv-neutron-834874-3-hyperv neutron-server[104036]: DEBUG neutron.scheduler.dhcp_agent_scheduler [None req-b1ed6f4a-4b12-4ca7-a1fb-3afacc517724 tempest-AllowedAddressPairTestJSON-1905637747 tempest-AllowedAddressPairTestJSON-1905637747-project] Network b57330c4-af00-4735-8aae-7d7d77f8f136 is already hosted by enough agents. {{(pid=104036) _get_dhcp_agents_hosting_network /opt/stack/neutron/neutron/scheduler/dhcp_agent_scheduler.py:275}}
Mar 24 02:12:22.221432 dv-neutron-834874-3-hyperv neutron-server[104037]: DEBUG neutron_lib.callbacks.manager [req-e7c443ba-4fbb-40f9-be83-ce4c2fe42af4 req-1faba8d9-1f37-4ab5-9a95-3feda2a907f0 tempest-ServerActionsTestJSON-864517406 tempest-ServerActionsTestJSON-864517406-project] Publish callbacks [] for port (23c422ed-55e0-408f-95ff-bc9d2619a936), precommit_create {{(pid=104037) _notify_loop /usr/local/lib/python3.8/dist-packages/neutron_lib/callbacks/manager.py:176}}
Mar 24 02:12:22.242408 dv-neutron-834874-3-hyperv neutron-server[104037]: INFO neutron.wsgi [req-45343fbd-d636-4ee0-9800-098315afc35a req-3360cee6-c9ff-4506-a166-cafc82d2622b tempest-ServersTestManualDisk-1453762280 tempest-ServersTestManualDisk-1453762280-project] 10.222.0.30 "POST /v2.0/ports HTTP/1.1" status: 201 len: 934 time: 2.0034349
Mar 24 02:12:22.292403 dv-neutron-834874-3-hyperv neutron-server[104037]: INFO neutron.wsgi [req-f5ed20e5-68de-4aeb-b924-cabab212d96f req-fa5f8258-5023-46c1-97f0-153632e72f7d tempest-ServersTestManualDisk-1453762280 tempest-ServersTestManualDisk-1453762280-project] 10.222.0.20 "GET /v2.0/security-groups?id=eef280c3-0009-459a-81fe-def34b7b79a0&fields=id&fields=name HTTP/1.1" status: 200 len: 312 time: 0.1293659
Mar 24 02:12:22.293289 dv-neutron-834874-3-hyperv neutron-server[104038]: DEBUG neutron.db.provisioning_blocks [None req-3dcf4e7f-1178-4e08-95f3-eb29d993b43d None None] Provisioning complete for port dba04693-4495-4586-b5e4-7de9e3b2abd3 triggered by entity DHCP. {{(pid=104038) provisioning_complete /opt/stack/neutron/neutron/db/provisioning_blocks.py:140}}
Mar 24 02:12:22.293785 dv-neutron-834874-3-hyperv neutron-server[104038]: DEBUG neutron_lib.callbacks.manager [None req-3dcf4e7f-1178-4e08-95f3-eb29d993b43d None None] Publish callbacks ['neutron.plugins.ml2.plugin.Ml2Plugin._port_provisioned-7451512'] for port (dba04693-4495-4586-b5e4-7de9e3b2abd3), provisioning_complete {{(pid=104038) _notify_loop /usr/local/lib/python3.8/dist-packages/neutron_lib/callbacks/manager.py:176}}
Mar 24 02:12:22.328003 dv-neutron-834874-3-hyperv neutron-server[104037]: DEBUG neutron.wsgi [req-45343fbd-d636-4ee0-9800-098315afc35a req-459dc02e-e6c1-4f52-a023-43ed421b810c tempest-ServersTestManualDisk-1453762280 tempest-ServersTestManualDisk-1453762280-project] http://10.222.0.20:9696/v2.0/extensions returned with HTTP 200 {{(pid=104037) __call__ /opt/stack/neutron/neutron/wsgi.py:730}}
Mar 24 02:12:22.340815 dv-neutron-834874-3-hyperv neutron-server[104037]: INFO neutron.wsgi [req-45343fbd-d636-4ee0-9800-098315afc35a req-459dc02e-e6c1-4f52-a023-43ed421b810c tempest-ServersTestManualDisk-1453762280 tempest-ServersTestManualDisk-1453762280-project] 10.222.0.30 "GET /v2.0/extensions HTTP/1.1" status: 200 len: 14082 time: 0.0294628
Mar 24 02:12:22.373270 dv-neutron-834874-3-hyperv neutron-server[104038]: DEBUG neutron.plugins.ml2.plugin [None req-3dcf4e7f-1178-4e08-95f3-eb29d993b43d None None] Port dba04693-4495-4586-b5e4-7de9e3b2abd3 cannot update to ACTIVE because it is not bound. {{(pid=104038) _port_provisioned /opt/stack/neutron/neutron/plugins/ml2/plugin.py:343}}
Mar 24 02:12:22.390040 dv-neutron-834874-3-hyperv neutron-server[104037]: DEBUG neutron_lib.callbacks.manager [req-e7c443ba-4fbb-40f9-be83-ce4c2fe42af4 req-1faba8d9-1f37-4ab5-9a95-3feda2a907f0 tempest-ServerActionsTestJSON-864517406 tempest-ServerActionsTestJSON-864517406-project] Publish callbacks ['neutron.plugins.ml2.plugin.SecurityGroupServerNotifierRpcMixin._notify_sg_on_port_change-7570729', 'neutron.plugins.ml2.ovo_rpc._ObjectChangeHandler.handle_event-44831', 'neutron.api.rpc.agentnotifiers.dhcp_rpc_agent_api.DhcpAgentNotifyAPI._native_event_send_dhcp_notification-1600328', 'neutron.db.l3_dvrscheduler_db._notify_l3_agent_new_port-8790618352631', 'neutron.services.segments.plugin.NovaSegmentNotifier._notify_port_created_or_deleted-3240559'] for port (23c422ed-55e0-408f-95ff-bc9d2619a936), after_create {{(pid=104037) _notify_loop /usr/local/lib/python3.8/dist-packages/neutron_lib/callbacks/manager.py:176}}
Mar 24 02:12:22.468262 dv-neutron-834874-3-hyperv neutron-server[104037]: DEBUG neutron.scheduler.dhcp_agent_scheduler [req-e7c443ba-4fbb-40f9-be83-ce4c2fe42af4 req-1faba8d9-1f37-4ab5-9a95-3feda2a907f0 tempest-ServerActionsTestJSON-864517406 tempest-ServerActionsTestJSON-864517406-project] Network 597625fc-4c02-4901-9b3e-46b781f61da1 is already hosted by enough agents. {{(pid=104037) _get_dhcp_agents_hosting_network /opt/stack/neutron/neutron/scheduler/dhcp_agent_scheduler.py:275}}
Mar 24 02:12:22.472369 dv-neutron-834874-3-hyperv neutron-server[104037]: DEBUG neutron.scheduler.base_scheduler [req-e7c443ba-4fbb-40f9-be83-ce4c2fe42af4 req-1faba8d9-1f37-4ab5-9a95-3feda2a907f0 tempest-ServerActionsTestJSON-864517406 tempest-ServerActionsTestJSON-864517406-project] Resources bound (agent type, host, resource id): {{(pid=104037) schedule /opt/stack/neutron/neutron/scheduler/base_scheduler.py:57}}
Mar 24 02:12:22.493960 dv-neutron-834874-3-hyperv neutron-server[104037]: DEBUG neutron.db.l3_dvrscheduler_db [req-e7c443ba-4fbb-40f9-be83-ce4c2fe42af4 req-1faba8d9-1f37-4ab5-9a95-3feda2a907f0 tempest-ServerActionsTestJSON-864517406 tempest-ServerActionsTestJSON-864517406-project] Received port after_create {{(pid=104037) _notify_l3_agent_new_port /opt/stack/neutron/neutron/db/l3_dvrscheduler_db.py:536}}
Mar 24 02:12:22.542668 dv-neutron-834874-3-hyperv neutron-server[104037]: DEBUG neutron.api.rpc.handlers.resources_rpc [None req-1faba8d9-1f37-4ab5-9a95-3feda2a907f0 tempest-ServerActionsTestJSON-864517406 tempest-ServerActionsTestJSON-864517406-project] Pushing event updated for resources: {'Port': ['ID=23c422ed-55e0-408f-95ff-bc9d2619a936,revision_number=1']} {{(pid=104037) push /opt/stack/neutron/neutron/api/rpc/handlers/resources_rpc.py:237}}
Mar 24 02:12:22.543932 dv-neutron-834874-3-hyperv neutron-server[104036]: DEBUG neutron_lib.callbacks.manager [None req-3311ae20-3d8e-4376-89a1-2ebca2ea8ad9 tempest-RoutersIpV6AdminTest-626296639 tempest-RoutersIpV6AdminTest-626296639-project-admin] Publish callbacks ['neutron.plugins.ml2.plugin.Ml2Plugin._network_delete_precommit_handler-7452897', 'neutron.services.segments.db._delete_segments_for_network-8790618681155'] for network (1d54abbd-4eda-40cf-82ef-27bc3e194d08), precommit_delete {{(pid=104036) _notify_loop /usr/local/lib/python3.8/dist-packages/neutron_lib/callbacks/manager.py:176}}
Mar 24 02:12:22.557432 dv-neutron-834874-3-hyperv neutron-server[104036]: DEBUG neutron.scheduler.base_scheduler [None req-b1ed6f4a-4b12-4ca7-a1fb-3afacc517724 tempest-AllowedAddressPairTestJSON-1905637747 tempest-AllowedAddressPairTestJSON-1905637747-project] Resources bound (agent type, host, resource id): {{(pid=104036) schedule /opt/stack/neutron/neutron/scheduler/base_scheduler.py:57}}
Mar 24 02:12:22.594341 dv-neutron-834874-3-hyperv neutron-server[104037]: DEBUG neutron.pecan_wsgi.hooks.policy_enforcement [req-e7c443ba-4fbb-40f9-be83-ce4c2fe42af4 req-1faba8d9-1f37-4ab5-9a95-3feda2a907f0 tempest-ServerActionsTestJSON-864517406 tempest-ServerActionsTestJSON-864517406-project] Attributes excluded by policy engine: ['standard_attr_id', 'binding:profile', 'binding:host_id', 'binding:vif_type', 'binding:vif_details', 'network'] {{(pid=104037) _exclude_attributes_by_policy /opt/stack/neutron/neutron/pecan_wsgi/hooks/policy_enforcement.py:255}}
Mar 24 02:12:22.595190 dv-neutron-834874-3-hyperv neutron-server[104037]: DEBUG neutron_lib.callbacks.manager [req-e7c443ba-4fbb-40f9-be83-ce4c2fe42af4 req-1faba8d9-1f37-4ab5-9a95-3feda2a907f0 tempest-ServerActionsTestJSON-864517406 tempest-ServerActionsTestJSON-864517406-project] Publish callbacks ['neutron.notifiers.nova.Notifier._send_nova_notification-233362'] for port (None), before_response {{(pid=104037) _notify_loop /usr/local/lib/python3.8/dist-packages/neutron_lib/callbacks/manager.py:176}}
Mar 24 02:12:22.603709 dv-neutron-834874-3-hyperv neutron-server[104037]: DEBUG neutron_lib.callbacks.manager [None req-b1120d35-4307-4c73-b1a8-73af863a256b tempest-ServersTestJSON-506841013 tempest-ServersTestJSON-506841013-project] Publish callbacks ['neutron.plugins.ml2.plugin.SecurityGroupDbMixin._ensure_default_security_group_handler-7570794'] for port (None), before_create {{(pid=104037) _notify_loop /usr/local/lib/python3.8/dist-packages/neutron_lib/callbacks/manager.py:176}}
Mar 24 02:12:22.653020 dv-neutron-834874-3-hyperv neutron-server[104036]: DEBUG neutron.db.l3_dvrscheduler_db [None req-b1ed6f4a-4b12-4ca7-a1fb-3afacc517724 tempest-AllowedAddressPairTestJSON-1905637747 tempest-AllowedAddressPairTestJSON-1905637747-project] Received port after_create {{(pid=104036) _notify_l3_agent_new_port /opt/stack/neutron/neutron/db/l3_dvrscheduler_db.py:536}}
Mar 24 02:12:22.685443 dv-neutron-834874-3-hyperv neutron-server[104036]: DEBUG neutron_lib.callbacks.manager [None req-e434ffa7-bea5-4d5e-9dc9-b094df4dcc4e tempest-PortsAdminExtendedAttrsTestJSON-1133007148 tempest-PortsAdminExtendedAttrsTestJSON-1133007148-project] Publish callbacks ['neutron.api.rpc.agentnotifiers.dhcp_rpc_agent_api.DhcpAgentNotifyAPI._send_dhcp_notification-1600378'] for network (None), before_response {{(pid=104036) _notify_loop /usr/local/lib/python3.8/dist-packages/neutron_lib/callbacks/manager.py:176}}
Mar 24 02:12:22.696944 dv-neutron-834874-3-hyperv neutron-server[104037]: INFO neutron.wsgi [req-e7c443ba-4fbb-40f9-be83-ce4c2fe42af4 req-1faba8d9-1f37-4ab5-9a95-3feda2a907f0 tempest-ServerActionsTestJSON-864517406 tempest-ServerActionsTestJSON-864517406-project] 10.222.0.30 "POST /v2.0/ports HTTP/1.1" status: 201 len: 934 time: 1.9248459
Mar 24 02:12:22.714287 dv-neutron-834874-3-hyperv neutron-server[104036]: INFO neutron.wsgi [None req-e434ffa7-bea5-4d5e-9dc9-b094df4dcc4e tempest-PortsAdminExtendedAttrsTestJSON-1133007148 tempest-PortsAdminExtendedAttrsTestJSON-1133007148-project] 10.222.0.20 "DELETE /v2.0/networks/2c18001a-08a3-4102-a103-ee446a81214d HTTP/1.1" status: 204 len: 168 time: 2.2814250
Mar 24 02:12:22.781468 dv-neutron-834874-3-hyperv neutron-server[104037]: DEBUG neutron.pecan_wsgi.hooks.policy_enforcement [req-bc3f403a-6978-4e2e-9da6-6cfa8672ffe6 req-628e9ec9-b36f-4033-b1dd-00ef0cc666af tempest-ServerActionsTestJSON-864517406 tempest-ServerActionsTestJSON-864517406-project] Attributes excluded by policy engine: ['standard_attr_id', 'binding:profile', 'binding:host_id', 'binding:vif_type', 'binding:vif_details'] {{(pid=104037) _exclude_attributes_by_policy /opt/stack/neutron/neutron/pecan_wsgi/hooks/policy_enforcement.py:255}}
Mar 24 02:12:22.783034 dv-neutron-834874-3-hyperv neutron-server[104037]: INFO neutron.wsgi [req-bc3f403a-6978-4e2e-9da6-6cfa8672ffe6 req-628e9ec9-b36f-4033-b1dd-00ef0cc666af tempest-ServerActionsTestJSON-864517406 tempest-ServerActionsTestJSON-864517406-project] 10.222.0.20 "GET /v2.0/ports?device_id=0a447b1e-7d9a-43d6-8a64-8ff70a04f466 HTTP/1.1" status: 200 len: 932 time: 0.0949812
Mar 24 02:12:22.861961 dv-neutron-834874-3-hyperv neutron-server[104036]: DEBUG neutron.scheduler.dhcp_agent_scheduler [None req-1eb6fa17-c378-428a-9ade-06075e2c1503 tempest-NetworksTestDHCPv6-1758329632 tempest-NetworksTestDHCPv6-1758329632-project] Network 6f3080fc-791f-4748-a0a2-9eff6ea2a609 is scheduled to be hosted by DHCP agent 8aeface5-bae1-4042-b03b-b97904f320d4 with binding_index 1 {{(pid=104036) bind /opt/stack/neutron/neutron/scheduler/dhcp_agent_scheduler.py:227}}
Mar 24 02:12:22.890779 dv-neutron-834874-3-hyperv neutron-server[104037]: INFO neutron.wsgi [req-bc3f403a-6978-4e2e-9da6-6cfa8672ffe6 req-17f0ccea-5bbd-46d3-8ba1-90c33f084ff4 tempest-ServerActionsTestJSON-864517406 tempest-ServerActionsTestJSON-864517406-project] 10.222.0.20 "GET /v2.0/security-groups?id=2c91fd94-a07d-48c8-bb23-cbc9c26a7fa4&fields=id&fields=name HTTP/1.1" status: 200 len: 313 time: 0.0772104
