Mar 24 02:12:27.949635 dv-neutron-834874-3-hyperv neutron-server[104036]: INFO neutron.wsgi [None req-39d28b40-f114-404f-96d3-d97746491f1f tempest-NetworksTestDHCPv6-1758329632 tempest-NetworksTestDHCPv6-1758329632-project] 10.222.0.20 "DELETE /v2.0/ports/fcda2b67-af67-4b8b-9561-7ab5a45396d6 HTTP/1.1" status: 204 len: 168 time: 1.8669653
Mar 24 02:12:27.950446 dv-neutron-834874-3-hyperv neutron-server[104036]: DEBUG neutron.wsgi [-] (104036) accepted ('10.222.0.20', 55960) {{(pid=104036) server /usr/local/lib/python3.8/dist-packages/eventlet/wsgi.py:1004}}
Mar 24 02:12:27.950851 dv-neutron-834874-3-hyperv neutron-server[104036]: DEBUG neutron.wsgi [-] (104036) accepted ('10.222.0.20', 55962) {{(pid=104036) server /usr/local/lib/python3.8/dist-packages/eventlet/wsgi.py:1004}}
Mar 24 02:12:28.065726 dv-neutron-834874-3-hyperv neutron-server[104038]: DEBUG neutron.plugins.ml2.plugin [None req-8b88a8db-2604-40e8-8001-3dc3e2067a1d None None] Current status of the port b4933efe-9e0f-45f4-92b6-ba88769e3e05 is: ACTIVE; New status is: ACTIVE {{(pid=104038) _update_individual_port_db_status /opt/stack/neutron/neutron/plugins/ml2/plugin.py:2256}}
Mar 24 02:12:28.091872 dv-neutron-834874-3-hyperv neutron-server[104038]: DEBUG neutron.db.provisioning_blocks [None req-6f2c5284-1f13-4959-8e83-fb3548fb4761 None None] Provisioning complete for port b4933efe-9e0f-45f4-92b6-ba88769e3e05 triggered by entity L2. {{(pid=104038) provisioning_complete /opt/stack/neutron/neutron/db/provisioning_blocks.py:140}}
Mar 24 02:12:28.096680 dv-neutron-834874-3-hyperv neutron-server[104038]: DEBUG neutron_lib.callbacks.manager [None req-6f2c5284-1f13-4959-8e83-fb3548fb4761 None None] Publish callbacks ['neutron.plugins.ml2.plugin.Ml2Plugin._port_provisioned-7451512'] for port (b4933efe-9e0f-45f4-92b6-ba88769e3e05), provisioning_complete {{(pid=104038) _notify_loop /usr/local/lib/python3.8/dist-packages/neutron_lib/callbacks/manager.py:176}}
Mar 24 02:12:28.260199 dv-neutron-834874-3-hyperv neutron-server[104036]: DEBUG neutron.pecan_wsgi.hooks.quota_enforcement [None req-fb5c41d9-acc0-41e5-a794-996286b96994 tempest-AllowedAddressPairTestJSON-1905637747 tempest-AllowedAddressPairTestJSON-1905637747-project] Made reservation on behalf of a3f362c54abc4116a2d8ae1cbdbafe9b for: {'port': 1} {{(pid=104036) before /opt/stack/neutron/neutron/pecan_wsgi/hooks/quota_enforcement.py:53}}
Mar 24 02:12:28.285567 dv-neutron-834874-3-hyperv neutron-server[104036]: DEBUG neutron_lib.callbacks.manager [None req-fb5c41d9-acc0-41e5-a794-996286b96994 tempest-AllowedAddressPairTestJSON-1905637747 tempest-AllowedAddressPairTestJSON-1905637747-project] Publish callbacks ['neutron.plugins.ml2.plugin.SecurityGroupDbMixin._ensure_default_security_group_handler-7570794'] for port (None), before_create {{(pid=104036) _notify_loop /usr/local/lib/python3.8/dist-packages/neutron_lib/callbacks/manager.py:176}}
Mar 24 02:12:28.317669 dv-neutron-834874-3-hyperv neutron-server[104038]: DEBUG neutron.db.provisioning_blocks [None req-dcdd9d99-21cf-4845-b695-9873d705c7f5 None None] Provisioning complete for port b4933efe-9e0f-45f4-92b6-ba88769e3e05 triggered by entity DHCP. {{(pid=104038) provisioning_complete /opt/stack/neutron/neutron/db/provisioning_blocks.py:140}}
Mar 24 02:12:28.322921 dv-neutron-834874-3-hyperv neutron-server[104038]: DEBUG neutron_lib.callbacks.manager [None req-dcdd9d99-21cf-4845-b695-9873d705c7f5 None None] Publish callbacks ['neutron.plugins.ml2.plugin.Ml2Plugin._port_provisioned-7451512'] for port (b4933efe-9e0f-45f4-92b6-ba88769e3e05), provisioning_complete {{(pid=104038) _notify_loop /usr/local/lib/python3.8/dist-packages/neutron_lib/callbacks/manager.py:176}}
Mar 24 02:12:28.370016 dv-neutron-834874-3-hyperv neutron-server[104036]: DEBUG neutron.api.v2.base [None req-00a1cb0c-394a-4b6f-88b4-c2f58370049f tempest-RoutersIpV6AdminTest-212244696 tempest-RoutersIpV6AdminTest-212244696-project] Request body: {'router': {'name': 'tempest-RoutersIpV6AdminTest-router-1740883390', 'external_gateway_info': {'network_id': '87077e4c-2cae-4de7-847c-fab7ddedd260'}, 'admin_state_up': False}} {{(pid=104036) prepare_request_body /opt/stack/neutron/neutron/api/v2/base.py:729}}
Mar 24 02:12:28.471136 dv-neutron-834874-3-hyperv neutron-server[104037]: DEBUG neutron_lib.callbacks.manager [None req-b1120d35-4307-4c73-b1a8-73af863a256b tempest-ServersTestJSON-506841013 tempest-ServersTestJSON-506841013-project] Publish callbacks [] for port (71b554a6-8cdd-48b9-9b30-c2360b15257b), precommit_update {{(pid=104037) _notify_loop /usr/local/lib/python3.8/dist-packages/neutron_lib/callbacks/manager.py:176}}
Mar 24 02:12:28.485511 dv-neutron-834874-3-hyperv neutron-server[104036]: DEBUG neutron_lib.callbacks.manager [None req-00a1cb0c-394a-4b6f-88b4-c2f58370049f tempest-RoutersIpV6AdminTest-212244696 tempest-RoutersIpV6AdminTest-212244696-project] Publish callbacks ['neutron.services.l3_router.l3_router_plugin.L3_HA_NAT_db_mixin._before_router_create_handler-1636926', 'neutron.services.l3_router.service_providers.driver_controller.DriverController._check_router_request-2724'] for router (b5ea29cc-f908-4e06-9b0e-23b705106b0f), before_create {{(pid=104036) _notify_loop /usr/local/lib/python3.8/dist-packages/neutron_lib/callbacks/manager.py:176}}
Mar 24 02:12:28.489608 dv-neutron-834874-3-hyperv neutron-server[104037]: DEBUG neutron_lib.callbacks.manager [None req-d5110367-47b8-4c44-81ae-1cdbacde9549 tempest-ExternalNetworksTestJSON-2144746605 tempest-ExternalNetworksTestJSON-2144746605-project-admin] Publish callbacks ['neutron.plugins.ml2.plugin.Ml2Plugin._handle_segment_change-7465549'] for segment (5470f875-0d98-42d5-a4fa-b8bc73adfa01), precommit_delete {{(pid=104037) _notify_loop /usr/local/lib/python3.8/dist-packages/neutron_lib/callbacks/manager.py:176}}
Mar 24 02:12:28.493084 dv-neutron-834874-3-hyperv neutron-server[104036]: DEBUG neutron_lib.callbacks.manager [None req-00a1cb0c-394a-4b6f-88b4-c2f58370049f tempest-RoutersIpV6AdminTest-212244696 tempest-RoutersIpV6AdminTest-212244696-project] Publish callbacks ['neutron.services.l3_router.l3_router_plugin.L3_HA_NAT_db_mixin._precommit_router_create-1637806', 'neutron.services.l3_router.l3_router_plugin.DVRResourceOperationHandler._set_distributed_flag-1624317', 'neutron.services.l3_router.l3_router_plugin.RouterAvailabilityZoneMixin._process_az_request-1581345', 'neutron.services.l3_router.service_providers.driver_controller.DriverController._set_router_provider-2707'] for router (b5ea29cc-f908-4e06-9b0e-23b705106b0f), precommit_create {{(pid=104036) _notify_loop /usr/local/lib/python3.8/dist-packages/neutron_lib/callbacks/manager.py:176}}
Mar 24 02:12:28.506337 dv-neutron-834874-3-hyperv neutron-server[104037]: DEBUG neutron_lib.callbacks.manager [None req-b1120d35-4307-4c73-b1a8-73af863a256b tempest-ServersTestJSON-506841013 tempest-ServersTestJSON-506841013-project] Publish callbacks ['neutron.plugins.ml2.plugin.SecurityGroupServerNotifierRpcMixin._notify_sg_on_port_change-7570729', 'neutron.plugins.ml2.ovo_rpc._ObjectChangeHandler.handle_event-44831', 'neutron.api.rpc.agentnotifiers.dhcp_rpc_agent_api.DhcpAgentNotifyAPI._native_event_send_dhcp_notification-1600328', 'neutron.db.l3_db.L3RpcNotifierMixin._notify_gateway_port_ip_changed-8790618889364', 'neutron.db.l3_dvrscheduler_db._notify_l3_agent_port_update-8790618353165', 'neutron.db.l3_hascheduler_db._notify_l3_agent_ha_port_update-8790618353183', 'neutron.services.segments.plugin.NovaSegmentNotifier._notify_port_updated-3240536'] for port (71b554a6-8cdd-48b9-9b30-c2360b15257b), after_update {{(pid=104037) _notify_loop /usr/local/lib/python3.8/dist-packages/neutron_lib/callbacks/manager.py:176}}
Mar 24 02:12:28.685160 dv-neutron-834874-3-hyperv neutron-server[104037]: DEBUG neutron.plugins.ml2.drivers.type_vlan [None req-d5110367-47b8-4c44-81ae-1cdbacde9549 tempest-ExternalNetworksTestJSON-2144746605 tempest-ExternalNetworksTestJSON-2144746605-project-admin] Releasing vlan 126 on physical network physnet1 to pool {{(pid=104037) release_segment /opt/stack/neutron/neutron/plugins/ml2/drivers/type_vlan.py:304}}
Mar 24 02:12:28.685600 dv-neutron-834874-3-hyperv neutron-server[104037]: DEBUG neutron_lib.callbacks.manager [None req-d5110367-47b8-4c44-81ae-1cdbacde9549 tempest-ExternalNetworksTestJSON-2144746605 tempest-ExternalNetworksTestJSON-2144746605-project-admin] Publish callbacks ['neutron.plugins.ml2.plugin.Ml2Plugin._handle_segment_change-7465549', 'neutron.services.segments.plugin.NovaSegmentNotifier._notify_segment_deleted-3240508'] for segment (5470f875-0d98-42d5-a4fa-b8bc73adfa01), after_delete {{(pid=104037) _notify_loop /usr/local/lib/python3.8/dist-packages/neutron_lib/callbacks/manager.py:176}}
Mar 24 02:12:28.687920 dv-neutron-834874-3-hyperv neutron-server[104037]: Traceback (most recent call last):
Mar 24 02:12:28.687920 dv-neutron-834874-3-hyperv neutron-server[104037]: File "/usr/local/lib/python3.8/dist-packages/eventlet/hubs/hub.py", line 476, in fire_timers
Mar 24 02:12:28.687920 dv-neutron-834874-3-hyperv neutron-server[104037]: timer()
Mar 24 02:12:28.687920 dv-neutron-834874-3-hyperv neutron-server[104037]: File "/usr/local/lib/python3.8/dist-packages/eventlet/hubs/timer.py", line 59, in __call__
Mar 24 02:12:28.687920 dv-neutron-834874-3-hyperv neutron-server[104037]: cb(*args, **kw)
Mar 24 02:12:28.687920 dv-neutron-834874-3-hyperv neutron-server[104037]: File "/opt/stack/neutron/neutron/common/utils.py", line 921, in wrapper
Mar 24 02:12:28.687920 dv-neutron-834874-3-hyperv neutron-server[104037]: return func(*args, **kwargs)
Mar 24 02:12:28.687920 dv-neutron-834874-3-hyperv neutron-server[104037]: File "/opt/stack/neutron/neutron/notifiers/batch_notifier.py", line 58, in synced_send
Mar 24 02:12:28.687920 dv-neutron-834874-3-hyperv neutron-server[104037]: self._notify()
Mar 24 02:12:28.687920 dv-neutron-834874-3-hyperv neutron-server[104037]: File "/opt/stack/neutron/neutron/notifiers/batch_notifier.py", line 69, in _notify
Mar 24 02:12:28.687920 dv-neutron-834874-3-hyperv neutron-server[104037]: self.callback(batched_events)
Mar 24 02:12:28.687920 dv-neutron-834874-3-hyperv neutron-server[104037]: File "/opt/stack/neutron/neutron/services/segments/plugin.py", line 211, in _send_notifications
Mar 24 02:12:28.687920 dv-neutron-834874-3-hyperv neutron-server[104037]: event.method(event)
Mar 24 02:12:28.687920 dv-neutron-834874-3-hyperv neutron-server[104037]: File "/opt/stack/neutron/neutron/services/segments/plugin.py", line 383, in _delete_nova_inventory
Mar 24 02:12:28.687920 dv-neutron-834874-3-hyperv neutron-server[104037]: aggregate_id = self._get_aggregate_id(event.segment_id)
Mar 24 02:12:28.687920 dv-neutron-834874-3-hyperv neutron-server[104037]: File "/opt/stack/neutron/neutron/services/segments/plugin.py", line 370, in _get_aggregate_id
Mar 24 02:12:28.687920 dv-neutron-834874-3-hyperv neutron-server[104037]: aggregate_uuid = self.p_client.list_aggregates(
Mar 24 02:12:28.687920 dv-neutron-834874-3-hyperv neutron-server[104037]: File "/usr/local/lib/python3.8/dist-packages/neutron_lib/placement/client.py", line 58, in wrapper
Mar 24 02:12:28.687920 dv-neutron-834874-3-hyperv neutron-server[104037]: return f(self, *a, **k)
Mar 24 02:12:28.687920 dv-neutron-834874-3-hyperv neutron-server[104037]: File "/usr/local/lib/python3.8/dist-packages/neutron_lib/placement/client.py", line 554, in list_aggregates
Mar 24 02:12:28.687920 dv-neutron-834874-3-hyperv neutron-server[104037]: return self._get(url).json()
Mar 24 02:12:28.687920 dv-neutron-834874-3-hyperv neutron-server[104037]: File "/usr/local/lib/python3.8/dist-packages/neutron_lib/placement/client.py", line 190, in _get
Mar 24 02:12:28.687920 dv-neutron-834874-3-hyperv neutron-server[104037]: return self._client.get(url, endpoint_filter=self._ks_filter,
Mar 24 02:12:28.687920 dv-neutron-834874-3-hyperv neutron-server[104037]: File "/usr/local/lib/python3.8/dist-packages/keystoneauth1/session.py", line 1141, in get
Mar 24 02:12:28.687920 dv-neutron-834874-3-hyperv neutron-server[104037]: return self.request(url, 'GET', **kwargs)
Mar 24 02:12:28.687920 dv-neutron-834874-3-hyperv neutron-server[104037]: File "/usr/local/lib/python3.8/dist-packages/keystoneauth1/session.py", line 811, in request
Mar 24 02:12:28.687920 dv-neutron-834874-3-hyperv neutron-server[104037]: base_url = self.get_endpoint(auth, allow=allow,
Mar 24 02:12:28.687920 dv-neutron-834874-3-hyperv neutron-server[104037]: File "/usr/local/lib/python3.8/dist-packages/keystoneauth1/session.py", line 1241, in get_endpoint
Mar 24 02:12:28.687920 dv-neutron-834874-3-hyperv neutron-server[104037]: auth = self._auth_required(auth, 'determine endpoint URL')
Mar 24 02:12:28.687920 dv-neutron-834874-3-hyperv neutron-server[104037]: File "/usr/local/lib/python3.8/dist-packages/keystoneauth1/session.py", line 1181, in _auth_required
Mar 24 02:12:28.687920 dv-neutron-834874-3-hyperv neutron-server[104037]: raise exceptions.MissingAuthPlugin(msg_fmt % msg)
Mar 24 02:12:28.687920 dv-neutron-834874-3-hyperv neutron-server[104037]: keystoneauth1.exceptions.auth_plugins.MissingAuthPlugin: An auth plugin is required to determine endpoint URL
Mar 24 02:12:28.740062 dv-neutron-834874-3-hyperv neutron-server[104036]: DEBUG neutron_lib.callbacks.manager [None req-00a1cb0c-394a-4b6f-88b4-c2f58370049f tempest-RoutersIpV6AdminTest-212244696 tempest-RoutersIpV6AdminTest-212244696-project] Publish callbacks [] for router_controller (b5ea29cc-f908-4e06-9b0e-23b705106b0f), precommit_add_association {{(pid=104036) _notify_loop /usr/local/lib/python3.8/dist-packages/neutron_lib/callbacks/manager.py:176}}
Mar 24 02:12:28.766622 dv-neutron-834874-3-hyperv neutron-server[104036]: DEBUG neutron.pecan_wsgi.hooks.policy_enforcement [None req-372e6c2e-0d3b-4d5c-ae52-52feb690dafe tempest-NetworksTestDHCPv6-1758329632 tempest-NetworksTestDHCPv6-1758329632-project] Attributes excluded by policy engine: ['standard_attr_id', 'shared', 'segment_id'] {{(pid=104036) _exclude_attributes_by_policy /opt/stack/neutron/neutron/pecan_wsgi/hooks/policy_enforcement.py:255}}
Mar 24 02:12:28.768154 dv-neutron-834874-3-hyperv neutron-server[104036]: DEBUG neutron.pecan_wsgi.hooks.policy_enforcement [None req-372e6c2e-0d3b-4d5c-ae52-52feb690dafe tempest-NetworksTestDHCPv6-1758329632 tempest-NetworksTestDHCPv6-1758329632-project] Attributes excluded by policy engine: ['standard_attr_id', 'shared', 'segment_id'] {{(pid=104036) _exclude_attributes_by_policy /opt/stack/neutron/neutron/pecan_wsgi/hooks/policy_enforcement.py:255}}
Mar 24 02:12:28.778096 dv-neutron-834874-3-hyperv neutron-server[104036]: INFO neutron.wsgi [None req-372e6c2e-0d3b-4d5c-ae52-52feb690dafe tempest-NetworksTestDHCPv6-1758329632 tempest-NetworksTestDHCPv6-1758329632-project] 10.222.0.20 "GET /v2.0/subnets HTTP/1.1" status: 200 len: 1477 time: 0.8098984
Mar 24 02:12:28.778831 dv-neutron-834874-3-hyperv neutron-server[104036]: DEBUG neutron.wsgi [-] (104036) accepted ('10.222.0.20', 55976) {{(pid=104036) server /usr/local/lib/python3.8/dist-packages/eventlet/wsgi.py:1004}}
Mar 24 02:12:28.829571 dv-neutron-834874-3-hyperv neutron-server[104038]: DEBUG neutron.plugins.ml2.plugin [None req-dcdd9d99-21cf-4845-b695-9873d705c7f5 None None] Current status of the port b4933efe-9e0f-45f4-92b6-ba88769e3e05 is: ACTIVE; New status is: ACTIVE {{(pid=104038) _update_individual_port_db_status /opt/stack/neutron/neutron/plugins/ml2/plugin.py:2256}}
Mar 24 02:12:28.848072 dv-neutron-834874-3-hyperv neutron-server[104038]: DEBUG neutron.db.provisioning_blocks [None req-dcdd9d99-21cf-4845-b695-9873d705c7f5 None None] Could not find standard attr ID for object fcda2b67-af67-4b8b-9561-7ab5a45396d6. {{(pid=104038) _get_standard_attr_id /opt/stack/neutron/neutron/db/provisioning_blocks.py:176}}
Mar 24 02:12:28.858271 dv-neutron-834874-3-hyperv neutron-server[104038]: DEBUG neutron.plugins.ml2.plugin [None req-6f2c5284-1f13-4959-8e83-fb3548fb4761 None None] Current status of the port b4933efe-9e0f-45f4-92b6-ba88769e3e05 is: ACTIVE; New status is: ACTIVE {{(pid=104038) _update_individual_port_db_status /opt/stack/neutron/neutron/plugins/ml2/plugin.py:2256}}
Mar 24 02:12:28.924447 dv-neutron-834874-3-hyperv neutron-server[104036]: DEBUG neutron.db.db_base_plugin_v2 [None req-7e5cb022-9fce-4c5e-a4a2-7d9ce3f9c1ce tempest-NetworksTestDHCPv6-1758329632 tempest-NetworksTestDHCPv6-1758329632-project] Deleting subnet c8d15af7-f453-4e4c-8e4a-4d846de18e0c {{(pid=104036) delete_subnet /opt/stack/neutron/neutron/db/db_base_plugin_v2.py:1066}}
Mar 24 02:12:28.997219 dv-neutron-834874-3-hyperv neutron-server[104038]: DEBUG neutron.db.provisioning_blocks [None req-837df9bd-7b45-4308-9820-69acee15bb27 None None] Could not find standard attr ID for object fcda2b67-af67-4b8b-9561-7ab5a45396d6. {{(pid=104038) _get_standard_attr_id /opt/stack/neutron/neutron/db/provisioning_blocks.py:176}}
Mar 24 02:12:29.041655 dv-neutron-834874-3-hyperv neutron-server[104036]: DEBUG neutron_lib.callbacks.manager [None req-7e5cb022-9fce-4c5e-a4a2-7d9ce3f9c1ce tempest-NetworksTestDHCPv6-1758329632 tempest-NetworksTestDHCPv6-1758329632-project] Publish callbacks [] for subnet (c8d15af7-f453-4e4c-8e4a-4d846de18e0c), before_delete {{(pid=104036) _notify_loop /usr/local/lib/python3.8/dist-packages/neutron_lib/callbacks/manager.py:176}}
Mar 24 02:12:29.053458 dv-neutron-834874-3-hyperv neutron-server[104036]: DEBUG neutron.notifiers.nova [None req-fb5c41d9-acc0-41e5-a794-996286b96994 tempest-AllowedAddressPairTestJSON-1905637747 tempest-AllowedAddressPairTestJSON-1905637747-project] device_id is not set on port 91fb5e5b-f8a4-49dd-bd09-dc1acdeeca22 yet. {{(pid=104036) _can_notify /opt/stack/neutron/neutron/notifiers/nova.py:199}}
Mar 24 02:12:29.077444 dv-neutron-834874-3-hyperv neutron-server[104037]: DEBUG neutron.api.rpc.handlers.resources_rpc [None req-97348c46-9bf2-4483-b777-fa31bae08b9e service neutron] Pushing event updated for resources: {'Port': ['ID=dba04693-4495-4586-b5e4-7de9e3b2abd3,revision_number=2']} {{(pid=104037) push /opt/stack/neutron/neutron/api/rpc/handlers/resources_rpc.py:237}}
Mar 24 02:12:29.203742 dv-neutron-834874-3-hyperv neutron-server[104037]: DEBUG neutron_lib.callbacks.manager [None req-d5110367-47b8-4c44-81ae-1cdbacde9549 tempest-ExternalNetworksTestJSON-2144746605 tempest-ExternalNetworksTestJSON-2144746605-project-admin] Publish callbacks ['neutron.plugins.ml2.plugin.Ml2Plugin._network_delete_after_delete_handler-7452890', 'neutron.plugins.ml2.ovo_rpc._ObjectChangeHandler.handle_event-1656525', 'neutron.api.rpc.agentnotifiers.dhcp_rpc_agent_api.DhcpAgentNotifyAPI._native_event_send_dhcp_notification-1600328', 'neutron.services.l3_router.l3_router_plugin.DVRResourceOperationHandler.delete_fip_namespaces_for_ext_net-1624176'] for network (58edf94e-c2f9-408c-80bc-44595128bf78), after_delete {{(pid=104037) _notify_loop /usr/local/lib/python3.8/dist-packages/neutron_lib/callbacks/manager.py:176}}
Mar 24 02:12:29.223547 dv-neutron-834874-3-hyperv neutron-server[104037]: DEBUG neutron.api.rpc.agentnotifiers.l3_rpc_agent_api [None req-d5110367-47b8-4c44-81ae-1cdbacde9549 tempest-ExternalNetworksTestJSON-2144746605 tempest-ExternalNetworksTestJSON-2144746605-project-admin] Fanout notify agent at l3_agent the message fipnamespace_delete_on_ext_net for external_network 58edf94e-c2f9-408c-80bc-44595128bf78 {{(pid=104037) _notification_fanout /opt/stack/neutron/neutron/api/rpc/agentnotifiers/l3_rpc_agent_api.py:120}}
Mar 24 02:12:29.227567 dv-neutron-834874-3-hyperv neutron-server[104037]: DEBUG neutron_lib.callbacks.manager [None req-d5110367-47b8-4c44-81ae-1cdbacde9549 tempest-ExternalNetworksTestJSON-2144746605 tempest-ExternalNetworksTestJSON-2144746605-project-admin] Publish callbacks ['neutron.api.rpc.agentnotifiers.dhcp_rpc_agent_api.DhcpAgentNotifyAPI._send_dhcp_notification-1600378'] for network (None), before_response {{(pid=104037) _notify_loop /usr/local/lib/python3.8/dist-packages/neutron_lib/callbacks/manager.py:176}}
Mar 24 02:12:29.242580 dv-neutron-834874-3-hyperv neutron-server[104037]: INFO neutron.wsgi [None req-d5110367-47b8-4c44-81ae-1cdbacde9549 tempest-ExternalNetworksTestJSON-2144746605 tempest-ExternalNetworksTestJSON-2144746605-project-admin] 10.222.0.20 "DELETE /v2.0/networks/58edf94e-c2f9-408c-80bc-44595128bf78 HTTP/1.1" status: 204 len: 168 time: 3.2801938
Mar 24 02:12:29.248857 dv-neutron-834874-3-hyperv neutron-server[104036]: DEBUG neutron.wsgi [-] (104036) accepted ('10.222.0.20', 55980) {{(pid=104036) server /usr/local/lib/python3.8/dist-packages/eventlet/wsgi.py:1004}}
Mar 24 02:12:29.306500 dv-neutron-834874-3-hyperv neutron-server[104036]: DEBUG neutron.api.v2.base [None req-126b1cc9-20e4-44bd-9bb6-f76670578563 tempest-ExternalNetworksTestJSON-2144746605 tempest-ExternalNetworksTestJSON-2144746605-project-admin] Request body: {'network': {'router:external': True}} {{(pid=104036) prepare_request_body /opt/stack/neutron/neutron/api/v2/base.py:729}}
Mar 24 02:12:29.315449 dv-neutron-834874-3-hyperv neutron-server[104037]: DEBUG neutron.api.rpc.handlers.resources_rpc [None req-b1120d35-4307-4c73-b1a8-73af863a256b tempest-ServersTestJSON-506841013 tempest-ServersTestJSON-506841013-project] Pushing event updated for resources: {'Port': ['ID=71b554a6-8cdd-48b9-9b30-c2360b15257b,revision_number=2']} {{(pid=104037) push /opt/stack/neutron/neutron/api/rpc/handlers/resources_rpc.py:237}}
Mar 24 02:12:29.410419 dv-neutron-834874-3-hyperv neutron-server[104037]: DEBUG neutron.api.rpc.handlers.resources_rpc [None req-d5110367-47b8-4c44-81ae-1cdbacde9549 tempest-ExternalNetworksTestJSON-2144746605 tempest-ExternalNetworksTestJSON-2144746605-project-admin] Pushing event deleted for resources: {'Network': ['ID=58edf94e-c2f9-408c-80bc-44595128bf78,revision_number=None']} {{(pid=104037) push /opt/stack/neutron/neutron/api/rpc/handlers/resources_rpc.py:237}}
Mar 24 02:12:29.437498 dv-neutron-834874-3-hyperv neutron-server[104036]: DEBUG neutron_lib.callbacks.manager [None req-7e5cb022-9fce-4c5e-a4a2-7d9ce3f9c1ce tempest-NetworksTestDHCPv6-1758329632 tempest-NetworksTestDHCPv6-1758329632-project] Publish callbacks ['neutron.services.segments.plugin.Plugin._validate_auto_address_subnet_delete-3662080'] for subnet (c8d15af7-f453-4e4c-8e4a-4d846de18e0c), precommit_delete_associations {{(pid=104036) _notify_loop /usr/local/lib/python3.8/dist-packages/neutron_lib/callbacks/manager.py:176}}
Mar 24 02:12:29.515696 dv-neutron-834874-3-hyperv neutron-server[104036]: DEBUG neutron.pecan_wsgi.hooks.quota_enforcement [None req-126b1cc9-20e4-44bd-9bb6-f76670578563 tempest-ExternalNetworksTestJSON-2144746605 tempest-ExternalNetworksTestJSON-2144746605-project-admin] Made reservation on behalf of b1bf23b03a854c86ad22a24cf8348ef2 for: {'network': 1} {{(pid=104036) before /opt/stack/neutron/neutron/pecan_wsgi/hooks/quota_enforcement.py:53}}
Mar 24 02:12:29.532001 dv-neutron-834874-3-hyperv neutron-server[104036]: DEBUG neutron_lib.callbacks.manager [None req-126b1cc9-20e4-44bd-9bb6-f76670578563 tempest-ExternalNetworksTestJSON-2144746605 tempest-ExternalNetworksTestJSON-2144746605-project-admin] Publish callbacks ['neutron.plugins.ml2.plugin.SecurityGroupDbMixin._ensure_default_security_group_handler-7570794'] for network (None), before_create {{(pid=104036) _notify_loop /usr/local/lib/python3.8/dist-packages/neutron_lib/callbacks/manager.py:176}}
Mar 24 02:12:29.541687 dv-neutron-834874-3-hyperv neutron-server[104037]: DEBUG neutron.plugins.ml2.managers [req-e7c443ba-4fbb-40f9-be83-ce4c2fe42af4 req-b0b81010-2445-42b0-8c25-2cb533db5760 service neutron] Attempting to bind port 23c422ed-55e0-408f-95ff-bc9d2619a936 on host hv-neutron-8348 for vnic_type normal with profile {{(pid=104037) bind_port /opt/stack/neutron/neutron/plugins/ml2/managers.py:795}}
Mar 24 02:12:29.547151 dv-neutron-834874-3-hyperv neutron-server[104037]: DEBUG neutron.plugins.ml2.managers [req-e7c443ba-4fbb-40f9-be83-ce4c2fe42af4 req-b0b81010-2445-42b0-8c25-2cb533db5760 service neutron] Attempting to bind port 23c422ed-55e0-408f-95ff-bc9d2619a936 by drivers openvswitch,hyperv on host hv-neutron-8348 at level 0 using segments [{'id': '3634fb13-0e49-49bf-a115-a9f2198a6323', 'network_type': 'vlan', 'physical_network': 'physnet1', 'segmentation_id': 147, 'network_id': '597625fc-4c02-4901-9b3e-46b781f61da1'}] {{(pid=104037) _bind_port_level /opt/stack/neutron/neutron/plugins/ml2/managers.py:820}}
Mar 24 02:12:29.547766 dv-neutron-834874-3-hyperv neutron-server[104037]: DEBUG neutron.plugins.ml2.drivers.mech_agent [req-e7c443ba-4fbb-40f9-be83-ce4c2fe42af4 req-b0b81010-2445-42b0-8c25-2cb533db5760 service neutron] Attempting to bind port 23c422ed-55e0-408f-95ff-bc9d2619a936 on network 597625fc-4c02-4901-9b3e-46b781f61da1 {{(pid=104037) bind_port /opt/stack/neutron/neutron/plugins/ml2/drivers/mech_agent.py:91}}
Mar 24 02:12:29.611812 dv-neutron-834874-3-hyperv neutron-server[104037]: DEBUG neutron.pecan_wsgi.hooks.policy_enforcement [req-23e95283-34d0-498a-96ee-58087a88d9f8 req-2ddd8108-9dde-475d-b085-6c1fb9c5bac2 tempest-ServerActionsTestJSON-864517406 tempest-ServerActionsTestJSON-864517406-project] Attributes excluded by policy engine: ['standard_attr_id', 'binding:profile', 'binding:host_id', 'binding:vif_type', 'binding:vif_details'] {{(pid=104037) _exclude_attributes_by_policy /opt/stack/neutron/neutron/pecan_wsgi/hooks/policy_enforcement.py:255}}
Mar 24 02:12:29.628057 dv-neutron-834874-3-hyperv neutron-server[104037]: INFO neutron.wsgi [req-23e95283-34d0-498a-96ee-58087a88d9f8 req-2ddd8108-9dde-475d-b085-6c1fb9c5bac2 tempest-ServerActionsTestJSON-864517406 tempest-ServerActionsTestJSON-864517406-project] 10.222.0.20 "GET /v2.0/ports?device_id=0a447b1e-7d9a-43d6-8a64-8ff70a04f466 HTTP/1.1" status: 200 len: 944 time: 2.0033057
Mar 24 02:12:29.668320 dv-neutron-834874-3-hyperv neutron-server[104037]: DEBUG neutron_lib.callbacks.manager [None req-b1120d35-4307-4c73-b1a8-73af863a256b tempest-ServersTestJSON-506841013 tempest-ServersTestJSON-506841013-project] Publish callbacks ['neutron.services.l3_router.l3_router_plugin.DVRResourceOperationHandler._create_dvr_floating_gw_port-1624134'] for floatingip (68838617-65cc-46a4-a440-36592cc8777d), after_create {{(pid=104037) _notify_loop /usr/local/lib/python3.8/dist-packages/neutron_lib/callbacks/manager.py:176}}
Mar 24 02:12:29.671898 dv-neutron-834874-3-hyperv neutron-server[104036]: DEBUG neutron_lib.callbacks.manager [None req-00a1cb0c-394a-4b6f-88b4-c2f58370049f tempest-RoutersIpV6AdminTest-212244696 tempest-RoutersIpV6AdminTest-212244696-project] Publish callbacks [] for router_gateway (b5ea29cc-f908-4e06-9b0e-23b705106b0f), precommit_update {{(pid=104036) _notify_loop /usr/local/lib/python3.8/dist-packages/neutron_lib/callbacks/manager.py:176}}
Mar 24 02:12:29.688075 dv-neutron-834874-3-hyperv neutron-server[104037]: DEBUG neutron.plugins.ml2.drivers.mech_agent [req-e7c443ba-4fbb-40f9-be83-ce4c2fe42af4 req-b0b81010-2445-42b0-8c25-2cb533db5760 service neutron] Port 23c422ed-55e0-408f-95ff-bc9d2619a936 on network 597625fc-4c02-4901-9b3e-46b781f61da1 not bound, no agent of type Open vSwitch agent registered on host hv-neutron-8348 {{(pid=104037) bind_port /opt/stack/neutron/neutron/plugins/ml2/drivers/mech_agent.py:103}}
Mar 24 02:12:29.688075 dv-neutron-834874-3-hyperv neutron-server[104037]: DEBUG neutron.plugins.ml2.drivers.mech_agent [req-e7c443ba-4fbb-40f9-be83-ce4c2fe42af4 req-b0b81010-2445-42b0-8c25-2cb533db5760 service neutron] Attempting to bind port 23c422ed-55e0-408f-95ff-bc9d2619a936 on network 597625fc-4c02-4901-9b3e-46b781f61da1 {{(pid=104037) bind_port /opt/stack/neutron/neutron/plugins/ml2/drivers/mech_agent.py:91}}
Mar 24 02:12:29.715590 dv-neutron-834874-3-hyperv neutron-server[104036]: DEBUG neutron.plugins.ml2.drivers.helpers [None req-126b1cc9-20e4-44bd-9bb6-f76670578563 tempest-ExternalNetworksTestJSON-2144746605 tempest-ExternalNetworksTestJSON-2144746605-project-admin] vlan segment allocate from pool success with {'physical_network': 'physnet1', 'vlan_id': 139} {{(pid=104036) allocate_partially_specified_segment /opt/stack/neutron/neutron/plugins/ml2/drivers/helpers.py:153}}
Mar 24 02:12:29.843720 dv-neutron-834874-3-hyperv neutron-server[104037]: DEBUG neutron_lib.callbacks.manager [None req-b1120d35-4307-4c73-b1a8-73af863a256b tempest-ServersTestJSON-506841013 tempest-ServersTestJSON-506841013-project] Publish callbacks ['neutron.notifiers.nova.Notifier._send_nova_notification-233362'] for floatingip (None), before_response {{(pid=104037) _notify_loop /usr/local/lib/python3.8/dist-packages/neutron_lib/callbacks/manager.py:176}}
Mar 24 02:12:29.859376 dv-neutron-834874-3-hyperv neutron-server[104037]: INFO neutron.wsgi [None req-b1120d35-4307-4c73-b1a8-73af863a256b tempest-ServersTestJSON-506841013 tempest-ServersTestJSON-506841013-project] 10.222.0.20 "POST /v2.0/floatingips HTTP/1.1" status: 201 len: 693 time: 8.1228826
Mar 24 02:12:29.876672 dv-neutron-834874-3-hyperv neutron-server[104037]: DEBUG neutron.plugins.ml2.drivers.mech_agent [req-e7c443ba-4fbb-40f9-be83-ce4c2fe42af4 req-b0b81010-2445-42b0-8c25-2cb533db5760 service neutron] Checking agent: {'id': 'ed26ad49-ce2d-450b-8685-ef2d8cce960e', 'agent_type': 'HyperV agent', 'binary': 'neutron-hyperv-agent', 'topic': 'N/A', 'host': 'hv-neutron-8348', 'admin_state_up': True, 'created_at': datetime.datetime(2022, 3, 24, 2, 10, 15), 'started_at': datetime.datetime(2022, 3, 24, 2, 10, 15), 'heartbeat_timestamp': datetime.datetime(2022, 3, 24, 2, 12, 15), 'description': None, 'resources_synced': None, 'availability_zone': None, 'alive': True, 'configurations': {'vswitch_mappings': {'physnet1$': 'br-data'}}, 'resource_versions': {}} {{(pid=104037) bind_port /opt/stack/neutron/neutron/plugins/ml2/drivers/mech_agent.py:110}}
Mar 24 02:12:29.876672 dv-neutron-834874-3-hyperv neutron-server[104037]: DEBUG neutron.plugins.ml2.drivers.mech_agent [req-e7c443ba-4fbb-40f9-be83-ce4c2fe42af4 req-b0b81010-2445-42b0-8c25-2cb533db5760 service neutron] Checking segment: {'id': '3634fb13-0e49-49bf-a115-a9f2198a6323', 'network_type': 'vlan', 'physical_network': 'physnet1', 'segmentation_id': 147, 'network_id': '597625fc-4c02-4901-9b3e-46b781f61da1'} for mappings: {'physnet1$': 'br-data'} with network types: ['local', 'flat', 'vlan'] {{(pid=104037) check_segment_for_agent /opt/stack/neutron/neutron/plugins/ml2/drivers/mech_agent.py:373}}
Mar 24 02:12:29.876672 dv-neutron-834874-3-hyperv neutron-server[104037]: DEBUG neutron.plugins.ml2.drivers.mech_agent [req-e7c443ba-4fbb-40f9-be83-ce4c2fe42af4 req-b0b81010-2445-42b0-8c25-2cb533db5760 service neutron] Bound using segment: {'id': '3634fb13-0e49-49bf-a115-a9f2198a6323', 'network_type': 'vlan', 'physical_network': 'physnet1', 'segmentation_id': 147, 'network_id': '597625fc-4c02-4901-9b3e-46b781f61da1'} {{(pid=104037) bind_port /opt/stack/neutron/neutron/plugins/ml2/drivers/mech_agent.py:120}}
Mar 24 02:12:29.876672 dv-neutron-834874-3-hyperv neutron-server[104037]: DEBUG neutron.plugins.ml2.managers [req-e7c443ba-4fbb-40f9-be83-ce4c2fe42af4 req-b0b81010-2445-42b0-8c25-2cb533db5760 service neutron] Bound port: 23c422ed-55e0-408f-95ff-bc9d2619a936, host: hv-neutron-8348, vif_type: hyperv, vif_details: {"connectivity": "legacy", "port_filter": false}, binding_levels: [{'bound_driver': 'hyperv', 'bound_segment': {'id': '3634fb13-0e49-49bf-a115-a9f2198a6323', 'network_type': 'vlan', 'physical_network': 'physnet1', 'segmentation_id': 147, 'network_id': '597625fc-4c02-4901-9b3e-46b781f61da1'}}] {{(pid=104037) _bind_port_level /opt/stack/neutron/neutron/plugins/ml2/managers.py:932}}
Mar 24 02:12:29.877176 dv-neutron-834874-3-hyperv neutron-server[104037]: DEBUG neutron_lib.callbacks.manager [req-e7c443ba-4fbb-40f9-be83-ce4c2fe42af4 req-b0b81010-2445-42b0-8c25-2cb533db5760 service neutron] Publish callbacks ['neutron.plugins.ml2.plugin.SecurityGroupDbMixin._ensure_default_security_group_handler-7570794'] for port (23c422ed-55e0-408f-95ff-bc9d2619a936), before_update {{(pid=104037) _notify_loop /usr/local/lib/python3.8/dist-packages/neutron_lib/callbacks/manager.py:176}}
Mar 24 02:12:29.898499 dv-neutron-834874-3-hyperv neutron-server[104037]: DEBUG neutron.plugins.ml2.managers [req-45343fbd-d636-4ee0-9800-098315afc35a req-97348c46-9bf2-4483-b777-fa31bae08b9e service neutron] Attempting to bind port dba04693-4495-4586-b5e4-7de9e3b2abd3 on host hv-neutron-8348 for vnic_type normal with profile {{(pid=104037) bind_port /opt/stack/neutron/neutron/plugins/ml2/managers.py:795}}
Mar 24 02:12:29.898499 dv-neutron-834874-3-hyperv neutron-server[104037]: DEBUG neutron.plugins.ml2.managers [req-45343fbd-d636-4ee0-9800-098315afc35a req-97348c46-9bf2-4483-b777-fa31bae08b9e service neutron] Attempting to bind port dba04693-4495-4586-b5e4-7de9e3b2abd3 by drivers openvswitch,hyperv on host hv-neutron-8348 at level 0 using segments [{'id': '0315a2ce-6d94-400b-b5e9-b545de04ccbc', 'network_type': 'vlan', 'physical_network': 'physnet1', 'segmentation_id': 146, 'network_id': 'c5ab8914-a9e8-4c4e-bd5d-f979c05148e6'}] {{(pid=104037) _bind_port_level /opt/stack/neutron/neutron/plugins/ml2/managers.py:820}}
Mar 24 02:12:29.898499 dv-neutron-834874-3-hyperv neutron-server[104037]: DEBUG neutron.plugins.ml2.drivers.mech_agent [req-45343fbd-d636-4ee0-9800-098315afc35a req-97348c46-9bf2-4483-b777-fa31bae08b9e service neutron] Attempting to bind port dba04693-4495-4586-b5e4-7de9e3b2abd3 on network c5ab8914-a9e8-4c4e-bd5d-f979c05148e6 {{(pid=104037) bind_port /opt/stack/neutron/neutron/plugins/ml2/drivers/mech_agent.py:91}}
Mar 24 02:12:29.917451 dv-neutron-834874-3-hyperv neutron-server[104036]: DEBUG neutron_lib.callbacks.manager [None req-126b1cc9-20e4-44bd-9bb6-f76670578563 tempest-ExternalNetworksTestJSON-2144746605 tempest-ExternalNetworksTestJSON-2144746605-project-admin] Publish callbacks ['neutron.plugins.ml2.plugin.Ml2Plugin._handle_segment_change-7465549'] for segment (dd8f5a5b-407d-4b19-8f0b-75d27c7a3d5a), precommit_create {{(pid=104036) _notify_loop /usr/local/lib/python3.8/dist-packages/neutron_lib/callbacks/manager.py:176}}
Mar 24 02:12:29.917885 dv-neutron-834874-3-hyperv neutron-server[104036]: INFO neutron.db.segments_db [None req-126b1cc9-20e4-44bd-9bb6-f76670578563 tempest-ExternalNetworksTestJSON-2144746605 tempest-ExternalNetworksTestJSON-2144746605-project-admin] Added segment dd8f5a5b-407d-4b19-8f0b-75d27c7a3d5a of type vlan for network c3edf343-f305-42d5-bf02-59a961b01eed
Mar 24 02:12:29.925478 dv-neutron-834874-3-hyperv neutron-server[104037]: DEBUG neutron.plugins.ml2.drivers.mech_agent [req-45343fbd-d636-4ee0-9800-098315afc35a req-97348c46-9bf2-4483-b777-fa31bae08b9e service neutron] Port dba04693-4495-4586-b5e4-7de9e3b2abd3 on network c5ab8914-a9e8-4c4e-bd5d-f979c05148e6 not bound, no agent of type Open vSwitch agent registered on host hv-neutron-8348 {{(pid=104037) bind_port /opt/stack/neutron/neutron/plugins/ml2/drivers/mech_agent.py:103}}
Mar 24 02:12:29.926002 dv-neutron-834874-3-hyperv neutron-server[104037]: DEBUG neutron.plugins.ml2.drivers.mech_agent [req-45343fbd-d636-4ee0-9800-098315afc35a req-97348c46-9bf2-4483-b777-fa31bae08b9e service neutron] Attempting to bind port dba04693-4495-4586-b5e4-7de9e3b2abd3 on network c5ab8914-a9e8-4c4e-bd5d-f979c05148e6 {{(pid=104037) bind_port /opt/stack/neutron/neutron/plugins/ml2/drivers/mech_agent.py:91}}
Mar 24 02:12:29.978494 dv-neutron-834874-3-hyperv neutron-server[104037]: DEBUG neutron.plugins.ml2.drivers.mech_agent [req-45343fbd-d636-4ee0-9800-098315afc35a req-97348c46-9bf2-4483-b777-fa31bae08b9e service neutron] Checking agent: {'id': 'ed26ad49-ce2d-450b-8685-ef2d8cce960e', 'agent_type': 'HyperV agent', 'binary': 'neutron-hyperv-agent', 'topic': 'N/A', 'host': 'hv-neutron-8348', 'admin_state_up': True, 'created_at': datetime.datetime(2022, 3, 24, 2, 10, 15), 'started_at': datetime.datetime(2022, 3, 24, 2, 10, 15), 'heartbeat_timestamp': datetime.datetime(2022, 3, 24, 2, 12, 15), 'description': None, 'resources_synced': None, 'availability_zone': None, 'alive': True, 'configurations': {'vswitch_mappings': {'physnet1$': 'br-data'}}, 'resource_versions': {}} {{(pid=104037) bind_port /opt/stack/neutron/neutron/plugins/ml2/drivers/mech_agent.py:110}}
Mar 24 02:12:29.978923 dv-neutron-834874-3-hyperv neutron-server[104037]: DEBUG neutron.plugins.ml2.drivers.mech_agent [req-45343fbd-d636-4ee0-9800-098315afc35a req-97348c46-9bf2-4483-b777-fa31bae08b9e service neutron] Checking segment: {'id': '0315a2ce-6d94-400b-b5e9-b545de04ccbc', 'network_type': 'vlan', 'physical_network': 'physnet1', 'segmentation_id': 146, 'network_id': 'c5ab8914-a9e8-4c4e-bd5d-f979c05148e6'} for mappings: {'physnet1$': 'br-data'} with network types: ['local', 'flat', 'vlan'] {{(pid=104037) check_segment_for_agent /opt/stack/neutron/neutron/plugins/ml2/drivers/mech_agent.py:373}}
Mar 24 02:12:29.979349 dv-neutron-834874-3-hyperv neutron-server[104037]: DEBUG neutron.plugins.ml2.drivers.mech_agent [req-45343fbd-d636-4ee0-9800-098315afc35a req-97348c46-9bf2-4483-b777-fa31bae08b9e service neutron] Bound using segment: {'id': '0315a2ce-6d94-400b-b5e9-b545de04ccbc', 'network_type': 'vlan', 'physical_network': 'physnet1', 'segmentation_id': 146, 'network_id': 'c5ab8914-a9e8-4c4e-bd5d-f979c05148e6'} {{(pid=104037) bind_port /opt/stack/neutron/neutron/plugins/ml2/drivers/mech_agent.py:120}}
Mar 24 02:12:29.979809 dv-neutron-834874-3-hyperv neutron-server[104037]: DEBUG neutron.plugins.ml2.managers [req-45343fbd-d636-4ee0-9800-098315afc35a req-97348c46-9bf2-4483-b777-fa31bae08b9e service neutron] Bound port: dba04693-4495-4586-b5e4-7de9e3b2abd3, host: hv-neutron-8348, vif_type: hyperv, vif_details: {"connectivity": "legacy", "port_filter": false}, binding_levels: [{'bound_driver': 'hyperv', 'bound_segment': {'id': '0315a2ce-6d94-400b-b5e9-b545de04ccbc', 'network_type': 'vlan', 'physical_network': 'physnet1', 'segmentation_id': 146, 'network_id': 'c5ab8914-a9e8-4c4e-bd5d-f979c05148e6'}}] {{(pid=104037) _bind_port_level /opt/stack/neutron/neutron/plugins/ml2/managers.py:932}}
Mar 24 02:12:29.980218 dv-neutron-834874-3-hyperv neutron-server[104037]: DEBUG neutron_lib.callbacks.manager [req-45343fbd-d636-4ee0-9800-098315afc35a req-97348c46-9bf2-4483-b777-fa31bae08b9e service neutron] Publish callbacks ['neutron.plugins.ml2.plugin.SecurityGroupDbMixin._ensure_default_security_group_handler-7570794'] for port (dba04693-4495-4586-b5e4-7de9e3b2abd3), before_update {{(pid=104037) _notify_loop /usr/local/lib/python3.8/dist-packages/neutron_lib/callbacks/manager.py:176}}
Mar 24 02:12:30.034351 dv-neutron-834874-3-hyperv neutron-server[104037]: DEBUG neutron.pecan_wsgi.hooks.policy_enforcement [req-46f730a8-0427-4ebf-bd07-80638ee88998 req-7b4ad5ea-82ec-41fd-86d4-0bedc0f30a39 tempest-ServersTestManualDisk-1453762280 tempest-ServersTestManualDisk-1453762280-project] Attributes excluded by policy engine: ['standard_attr_id', 'binding:profile', 'binding:host_id', 'binding:vif_type', 'binding:vif_details'] {{(pid=104037) _exclude_attributes_by_policy /opt/stack/neutron/neutron/pecan_wsgi/hooks/policy_enforcement.py:255}}
Mar 24 02:12:30.036284 dv-neutron-834874-3-hyperv neutron-server[104037]: INFO neutron.wsgi [req-46f730a8-0427-4ebf-bd07-80638ee88998 req-7b4ad5ea-82ec-41fd-86d4-0bedc0f30a39 tempest-ServersTestManualDisk-1453762280 tempest-ServersTestManualDisk-1453762280-project] 10.222.0.20 "GET /v2.0/ports?device_id=bb0721bf-38c2-46f0-8650-43fce951aa0f HTTP/1.1" status: 200 len: 944 time: 0.8242466
Mar 24 02:12:30.076910 dv-neutron-834874-3-hyperv neutron-server[104036]: DEBUG neutron.db.db_base_plugin_common [None req-fb5c41d9-acc0-41e5-a794-996286b96994 tempest-AllowedAddressPairTestJSON-1905637747 tempest-AllowedAddressPairTestJSON-1905637747-project] Allocated IP 172.20.0.12 (b57330c4-af00-4735-8aae-7d7d77f8f136/14ee7600-4bf8-4bbb-b8f3-467531787f2d/91fb5e5b-f8a4-49dd-bd09-dc1acdeeca22) {{(pid=104036) _store_ip_allocation /opt/stack/neutron/neutron/db/db_base_plugin_common.py:131}}
Mar 24 02:12:30.115299 dv-neutron-834874-3-hyperv neutron-server[104037]: INFO neutron.wsgi [req-23e95283-34d0-498a-96ee-58087a88d9f8 req-55d4e6df-3cf8-4b31-bcf4-47e54efb8bd2 tempest-ServerActionsTestJSON-864517406 tempest-ServerActionsTestJSON-864517406-project] 10.222.0.20 "GET /v2.0/security-groups?id=2c91fd94-a07d-48c8-bb23-cbc9c26a7fa4&fields=id&fields=name HTTP/1.1" status: 200 len: 313 time: 0.4860115
Mar 24 02:12:30.227113 dv-neutron-834874-3-hyperv neutron-server[104036]: DEBUG neutron_lib.callbacks.manager [None req-126b1cc9-20e4-44bd-9bb6-f76670578563 tempest-ExternalNetworksTestJSON-2144746605 tempest-ExternalNetworksTestJSON-2144746605-project-admin] Publish callbacks ['neutron.services.auto_allocate.db._ensure_external_network_default_value_callback-8790618320954'] for network (c3edf343-f305-42d5-bf02-59a961b01eed), precommit_create {{(pid=104036) _notify_loop /usr/local/lib/python3.8/dist-packages/neutron_lib/callbacks/manager.py:176}}
Mar 24 02:12:30.254919 dv-neutron-834874-3-hyperv neutron-server[104036]: DEBUG neutron_lib.callbacks.manager [None req-7e5cb022-9fce-4c5e-a4a2-7d9ce3f9c1ce tempest-NetworksTestDHCPv6-1758329632 tempest-NetworksTestDHCPv6-1758329632-project] Publish callbacks ['neutron.plugins.ml2.plugin.Ml2Plugin._subnet_delete_precommit_handler-7464788'] for subnet (c8d15af7-f453-4e4c-8e4a-4d846de18e0c), precommit_delete {{(pid=104036) _notify_loop /usr/local/lib/python3.8/dist-packages/neutron_lib/callbacks/manager.py:176}}
Mar 24 02:12:30.335461 dv-neutron-834874-3-hyperv neutron-server[104036]: DEBUG neutron.wsgi [-] (104036) accepted ('10.222.0.20', 56010) {{(pid=104036) server /usr/local/lib/python3.8/dist-packages/eventlet/wsgi.py:1004}}
Mar 24 02:12:30.358283 dv-neutron-834874-3-hyperv neutron-server[104037]: DEBUG neutron.plugins.ml2.db [req-e7c443ba-4fbb-40f9-be83-ce4c2fe42af4 req-b0b81010-2445-42b0-8c25-2cb533db5760 service neutron] For port 23c422ed-55e0-408f-95ff-bc9d2619a936, host hv-neutron-8348, cleared binding levels {{(pid=104037) clear_binding_levels /opt/stack/neutron/neutron/plugins/ml2/db.py:87}}
Mar 24 02:12:30.475788 dv-neutron-834874-3-hyperv neutron-server[104037]: DEBUG neutron.plugins.ml2.db [req-45343fbd-d636-4ee0-9800-098315afc35a req-97348c46-9bf2-4483-b777-fa31bae08b9e service neutron] For port dba04693-4495-4586-b5e4-7de9e3b2abd3, host hv-neutron-8348, cleared binding levels {{(pid=104037) clear_binding_levels /opt/stack/neutron/neutron/plugins/ml2/db.py:87}}
Mar 24 02:12:30.480002 dv-neutron-834874-3-hyperv neutron-server[104037]: DEBUG neutron.plugins.ml2.db [req-45343fbd-d636-4ee0-9800-098315afc35a req-97348c46-9bf2-4483-b777-fa31bae08b9e service neutron] For port dba04693-4495-4586-b5e4-7de9e3b2abd3, host hv-neutron-8348, set binding levels [PortBindingLevel(driver='hyperv',host='hv-neutron-8348',level=0,port_id=dba04693-4495-4586-b5e4-7de9e3b2abd3,segment=NetworkSegment(0315a2ce-6d94-400b-b5e9-b545de04ccbc),segment_id=0315a2ce-6d94-400b-b5e9-b545de04ccbc)] {{(pid=104037) set_binding_levels /opt/stack/neutron/neutron/plugins/ml2/db.py:59}}
Mar 24 02:12:30.498954 dv-neutron-834874-3-hyperv neutron-server[104038]: DEBUG neutron_lib.callbacks.manager [None req-7da005fd-4250-4ce2-9258-02395a7d5fc6 None None] Publish callbacks ['neutron.services.segments.db._update_segment_host_mapping_for_agent-8790618681137', 'neutron.plugins.ml2.plugin.Ml2Plugin._retry_binding_revived_agents-7451426'] for agent (700661ac-903b-4270-9a73-7a0120212663), after_update {{(pid=104038) _notify_loop /usr/local/lib/python3.8/dist-packages/neutron_lib/callbacks/manager.py:176}}
Mar 24 02:12:30.501571 dv-neutron-834874-3-hyperv neutron-server[104036]: DEBUG neutron_lib.callbacks.manager [None req-126b1cc9-20e4-44bd-9bb6-f76670578563 tempest-ExternalNetworksTestJSON-2144746605 tempest-ExternalNetworksTestJSON-2144746605-project-admin] Publish callbacks ['neutron.plugins.ml2.ovo_rpc._ObjectChangeHandler.handle_event-1656525', 'neutron.api.rpc.agentnotifiers.dhcp_rpc_agent_api.DhcpAgentNotifyAPI._native_event_send_dhcp_notification-1600328'] for network (c3edf343-f305-42d5-bf02-59a961b01eed), after_create {{(pid=104036) _notify_loop /usr/local/lib/python3.8/dist-packages/neutron_lib/callbacks/manager.py:176}}
Mar 24 02:12:30.502983 dv-neutron-834874-3-hyperv neutron-server[104036]: DEBUG neutron.pecan_wsgi.hooks.policy_enforcement [None req-126b1cc9-20e4-44bd-9bb6-f76670578563 tempest-ExternalNetworksTestJSON-2144746605 tempest-ExternalNetworksTestJSON-2144746605-project-admin] Attributes excluded by policy engine: ['standard_attr_id', 'vlan_transparent'] {{(pid=104036) _exclude_attributes_by_policy /opt/stack/neutron/neutron/pecan_wsgi/hooks/policy_enforcement.py:255}}
Mar 24 02:12:30.503735 dv-neutron-834874-3-hyperv neutron-server[104036]: DEBUG neutron_lib.callbacks.manager [None req-126b1cc9-20e4-44bd-9bb6-f76670578563 tempest-ExternalNetworksTestJSON-2144746605 tempest-ExternalNetworksTestJSON-2144746605-project-admin] Publish callbacks ['neutron.api.rpc.agentnotifiers.dhcp_rpc_agent_api.DhcpAgentNotifyAPI._send_dhcp_notification-1600378'] for network (None), before_response {{(pid=104036) _notify_loop /usr/local/lib/python3.8/dist-packages/neutron_lib/callbacks/manager.py:176}}
Mar 24 02:12:30.531186 dv-neutron-834874-3-hyperv neutron-server[104037]: INFO neutron.wsgi [req-46f730a8-0427-4ebf-bd07-80638ee88998 req-9ef35f47-b2e5-4954-b9df-6c8d526f1b38 tempest-ServersTestManualDisk-1453762280 tempest-ServersTestManualDisk-1453762280-project] 10.222.0.20 "GET /v2.0/security-groups?id=eef280c3-0009-459a-81fe-def34b7b79a0&fields=id&fields=name HTTP/1.1" status: 200 len: 312 time: 0.4144428
Mar 24 02:12:30.540246 dv-neutron-834874-3-hyperv neutron-server[104037]: DEBUG neutron_lib.callbacks.manager [req-45343fbd-d636-4ee0-9800-098315afc35a req-97348c46-9bf2-4483-b777-fa31bae08b9e service neutron] Publish callbacks ['neutron.plugins.ml2.plugin.SecurityGroupServerNotifierRpcMixin._notify_sg_on_port_change-7570729', 'neutron.plugins.ml2.ovo_rpc._ObjectChangeHandler.handle_event-44831', 'neutron.api.rpc.agentnotifiers.dhcp_rpc_agent_api.DhcpAgentNotifyAPI._native_event_send_dhcp_notification-1600328', 'neutron.db.l3_db.L3RpcNotifierMixin._notify_gateway_port_ip_changed-8790618889364', 'neutron.db.l3_dvrscheduler_db._notify_l3_agent_port_update-8790618353165', 'neutron.db.l3_hascheduler_db._notify_l3_agent_ha_port_update-8790618353183', 'neutron.services.segments.plugin.NovaSegmentNotifier._notify_port_updated-3240536'] for port (dba04693-4495-4586-b5e4-7de9e3b2abd3), after_update {{(pid=104037) _notify_loop /usr/local/lib/python3.8/dist-packages/neutron_lib/callbacks/manager.py:176}}
Mar 24 02:12:30.544534 dv-neutron-834874-3-hyperv neutron-server[104036]: DEBUG neutron_lib.callbacks.manager [None req-7e5cb022-9fce-4c5e-a4a2-7d9ce3f9c1ce tempest-NetworksTestDHCPv6-1758329632 tempest-NetworksTestDHCPv6-1758329632-project] Publish callbacks ['neutron.plugins.ml2.plugin.Ml2Plugin._subnet_delete_after_delete_handler-7464781', 'neutron.plugins.ml2.ovo_rpc._ObjectChangeHandler.handle_event-1662584', 'neutron.api.rpc.agentnotifiers.dhcp_rpc_agent_api.DhcpAgentNotifyAPI._native_event_send_dhcp_notification-1600328', 'neutron.services.segments.plugin.NovaSegmentNotifier._notify_subnet_deleted-8966592', 'neutron.services.segments.plugin.SegmentHostRoutes.host_routes_after_delete-3298565'] for subnet (c8d15af7-f453-4e4c-8e4a-4d846de18e0c), after_delete {{(pid=104036) _notify_loop /usr/local/lib/python3.8/dist-packages/neutron_lib/callbacks/manager.py:176}}
Mar 24 02:12:30.549731 dv-neutron-834874-3-hyperv neutron-server[104037]: DEBUG neutron.plugins.ml2.db [req-e7c443ba-4fbb-40f9-be83-ce4c2fe42af4 req-b0b81010-2445-42b0-8c25-2cb533db5760 service neutron] For port 23c422ed-55e0-408f-95ff-bc9d2619a936, host hv-neutron-8348, set binding levels [PortBindingLevel(driver='hyperv',host='hv-neutron-8348',level=0,port_id=23c422ed-55e0-408f-95ff-bc9d2619a936,segment=NetworkSegment(3634fb13-0e49-49bf-a115-a9f2198a6323),segment_id=3634fb13-0e49-49bf-a115-a9f2198a6323)] {{(pid=104037) set_binding_levels /opt/stack/neutron/neutron/plugins/ml2/db.py:59}}
Mar 24 02:12:30.652485 dv-neutron-834874-3-hyperv neutron-server[104038]: DEBUG neutron.api.rpc.handlers.dhcp_rpc [None req-fc4de057-b5ce-4316-a83d-0dc64db847b0 None None] Network 6f3080fc-791f-4748-a0a2-9eff6ea2a609 requested from dv-neutron-834874-3-hyperv {{(pid=104038) get_network_info /opt/stack/neutron/neutron/api/rpc/handlers/dhcp_rpc.py:191}}
Mar 24 02:12:30.656273 dv-neutron-834874-3-hyperv neutron-server[104036]: DEBUG neutron.api.rpc.handlers.resources_rpc [None req-7e5cb022-9fce-4c5e-a4a2-7d9ce3f9c1ce tempest-NetworksTestDHCPv6-1758329632 tempest-NetworksTestDHCPv6-1758329632-project] Pushing event deleted for resources: {'Subnet': ['ID=c8d15af7-f453-4e4c-8e4a-4d846de18e0c,revision_number=None']} {{(pid=104036) push /opt/stack/neutron/neutron/api/rpc/handlers/resources_rpc.py:237}}
Mar 24 02:12:30.659757 dv-neutron-834874-3-hyperv neutron-server[104037]: DEBUG neutron_lib.callbacks.manager [req-e7c443ba-4fbb-40f9-be83-ce4c2fe42af4 req-b0b81010-2445-42b0-8c25-2cb533db5760 service neutron] Publish callbacks ['neutron.plugins.ml2.plugin.SecurityGroupServerNotifierRpcMixin._notify_sg_on_port_change-7570729', 'neutron.plugins.ml2.ovo_rpc._ObjectChangeHandler.handle_event-44831', 'neutron.api.rpc.agentnotifiers.dhcp_rpc_agent_api.DhcpAgentNotifyAPI._native_event_send_dhcp_notification-1600328', 'neutron.db.l3_db.L3RpcNotifierMixin._notify_gateway_port_ip_changed-8790618889364', 'neutron.db.l3_dvrscheduler_db._notify_l3_agent_port_update-8790618353165', 'neutron.db.l3_hascheduler_db._notify_l3_agent_ha_port_update-8790618353183', 'neutron.services.segments.plugin.NovaSegmentNotifier._notify_port_updated-3240536'] for port (23c422ed-55e0-408f-95ff-bc9d2619a936), after_update {{(pid=104037) _notify_loop /usr/local/lib/python3.8/dist-packages/neutron_lib/callbacks/manager.py:176}}
