Mar 30 08:36:22.620803 dv-neutron-834855-3-hyperv neutron-server[104094]: DEBUG neutron_lib.callbacks.manager [None req-19d83292-3808-4e25-a0b9-2fe17d2549eb tempest-ServersTestManualDisk-546224243 tempest-ServersTestManualDisk-546224243-project] Publish callbacks ['neutron.services.l3_router.l3_router_plugin.DVRResourceOperationHandler._create_dvr_floating_gw_port-3752645'] for floatingip (a2a4797b-42b7-43bf-a9bc-96e073298fff), after_create {{(pid=104094) _notify_loop /usr/local/lib/python3.8/dist-packages/neutron_lib/callbacks/manager.py:176}}
Mar 30 08:36:22.699874 dv-neutron-834855-3-hyperv neutron-server[104093]: DEBUG neutron_lib.callbacks.manager [None req-a2cc5d30-85d8-4491-95b2-193bbbf256f7 tempest-ServerActionsTestJSON-1216458051 tempest-ServerActionsTestJSON-1216458051-project] Publish callbacks ['neutron.notifiers.nova.Notifier._send_nova_notification-225447'] for floatingip (None), before_response {{(pid=104093) _notify_loop /usr/local/lib/python3.8/dist-packages/neutron_lib/callbacks/manager.py:176}}
Mar 30 08:36:22.701223 dv-neutron-834855-3-hyperv neutron-server[104093]: INFO neutron.wsgi [None req-a2cc5d30-85d8-4491-95b2-193bbbf256f7 tempest-ServerActionsTestJSON-1216458051 tempest-ServerActionsTestJSON-1216458051-project] 10.222.0.13 "POST /v2.0/floatingips HTTP/1.1" status: 201 len: 693 time: 6.6588349
Mar 30 08:36:22.722234 dv-neutron-834855-3-hyperv neutron-server[104094]: DEBUG neutron_lib.callbacks.manager [None req-19d83292-3808-4e25-a0b9-2fe17d2549eb tempest-ServersTestManualDisk-546224243 tempest-ServersTestManualDisk-546224243-project] Publish callbacks ['neutron.notifiers.nova.Notifier._send_nova_notification-225447'] for floatingip (None), before_response {{(pid=104094) _notify_loop /usr/local/lib/python3.8/dist-packages/neutron_lib/callbacks/manager.py:176}}
Mar 30 08:36:22.733968 dv-neutron-834855-3-hyperv neutron-server[104093]: DEBUG neutron.api.rpc.handlers.resources_rpc [None req-a2cc5d30-85d8-4491-95b2-193bbbf256f7 tempest-ServerActionsTestJSON-1216458051 tempest-ServerActionsTestJSON-1216458051-project] Pushing event updated for resources: {'Port': ['ID=54f298bf-bc17-46d4-b3a8-626dc5cb29e3,revision_number=2']} {{(pid=104093) push /opt/stack/neutron/neutron/api/rpc/handlers/resources_rpc.py:237}}
Mar 30 08:36:22.735268 dv-neutron-834855-3-hyperv neutron-server[104094]: INFO neutron.wsgi [None req-19d83292-3808-4e25-a0b9-2fe17d2549eb tempest-ServersTestManualDisk-546224243 tempest-ServersTestManualDisk-546224243-project] 10.222.0.13 "POST /v2.0/floatingips HTTP/1.1" status: 201 len: 691 time: 6.1144140
Mar 30 08:36:22.767425 dv-neutron-834855-3-hyperv neutron-server[104094]: DEBUG neutron.db.db_base_plugin_v2 [None req-927de7bc-7e49-45ff-8959-de9f9b0ae288 tempest-RoutersIpV6AdminTest-135166093 tempest-RoutersIpV6AdminTest-135166093-project-admin] Deleting subnet 6fcca9e0-ed90-489b-bdad-7c13320bbdb4 {{(pid=104094) delete_subnet /opt/stack/neutron/neutron/db/db_base_plugin_v2.py:1066}}
Mar 30 08:36:22.774002 dv-neutron-834855-3-hyperv neutron-server[104094]: DEBUG neutron_lib.callbacks.manager [None req-927de7bc-7e49-45ff-8959-de9f9b0ae288 tempest-RoutersIpV6AdminTest-135166093 tempest-RoutersIpV6AdminTest-135166093-project-admin] Publish callbacks [] for subnet (6fcca9e0-ed90-489b-bdad-7c13320bbdb4), before_delete {{(pid=104094) _notify_loop /usr/local/lib/python3.8/dist-packages/neutron_lib/callbacks/manager.py:176}}
Mar 30 08:36:22.845473 dv-neutron-834855-3-hyperv neutron-server[104094]: DEBUG neutron_lib.callbacks.manager [None req-927de7bc-7e49-45ff-8959-de9f9b0ae288 tempest-RoutersIpV6AdminTest-135166093 tempest-RoutersIpV6AdminTest-135166093-project-admin] Publish callbacks ['neutron.services.segments.plugin.Plugin._validate_auto_address_subnet_delete-26251284'] for subnet (6fcca9e0-ed90-489b-bdad-7c13320bbdb4), precommit_delete_associations {{(pid=104094) _notify_loop /usr/local/lib/python3.8/dist-packages/neutron_lib/callbacks/manager.py:176}}
Mar 30 08:36:22.873667 dv-neutron-834855-3-hyperv neutron-server[104093]: INFO neutron.wsgi [req-10a9eb5f-4448-4b66-9a70-44d19b772f57 req-6f618ebf-4f8d-4776-a7da-c84495651e7a tempest-ServersTestJSON-1305282938 tempest-ServersTestJSON-1305282938-project] 10.222.0.26 "GET /v2.0/security-groups?fields=id&fields=name&tenant_id=0cbd1f34b2b64a239a43b6eab633cda5 HTTP/1.1" status: 200 len: 380 time: 0.2893639
Mar 30 08:36:22.883928 dv-neutron-834855-3-hyperv neutron-server[104093]: DEBUG neutron.api.v2.base [req-10a9eb5f-4448-4b66-9a70-44d19b772f57 req-c6b94294-62de-4654-8af2-49272ea2603e tempest-ServersTestJSON-1305282938 tempest-ServersTestJSON-1305282938-project] Request body: {'port': {'device_id': 'db7e605f-3f1b-4b06-a061-ae3dcef264d1', 'network_id': '3e50d18c-48c5-443a-9552-29706367f690', 'admin_state_up': True, 'tenant_id': '0cbd1f34b2b64a239a43b6eab633cda5', 'security_groups': ['c8112e85-aafc-46e9-adcb-bd2ae5c914c2']}} {{(pid=104093) prepare_request_body /opt/stack/neutron/neutron/api/v2/base.py:729}}
Mar 30 08:36:22.886653 dv-neutron-834855-3-hyperv neutron-server[104094]: DEBUG neutron.db.db_base_plugin_common [None req-ad57f943-26d5-4e93-a545-dbb66f40b1e8 tempest-NetworksTestDHCPv6-1069212851 tempest-NetworksTestDHCPv6-1069212851-project] Allocated IP 2001:db8::e2 (76d680ab-73b9-4054-83c3-3ee74b766168/ebc52da3-6d62-405f-b2e9-fe4f205f62ad/d13ec531-c118-426a-aba6-5738cbfb483b) {{(pid=104094) _store_ip_allocation /opt/stack/neutron/neutron/db/db_base_plugin_common.py:131}}
Mar 30 08:36:22.924795 dv-neutron-834855-3-hyperv neutron-server[104094]: DEBUG neutron_lib.callbacks.manager [None req-927de7bc-7e49-45ff-8959-de9f9b0ae288 tempest-RoutersIpV6AdminTest-135166093 tempest-RoutersIpV6AdminTest-135166093-project-admin] Publish callbacks ['neutron.plugins.ml2.plugin.Ml2Plugin._subnet_delete_precommit_handler-975884'] for subnet (6fcca9e0-ed90-489b-bdad-7c13320bbdb4), precommit_delete {{(pid=104094) _notify_loop /usr/local/lib/python3.8/dist-packages/neutron_lib/callbacks/manager.py:176}}
Mar 30 08:36:23.025438 dv-neutron-834855-3-hyperv neutron-server[104094]: DEBUG neutron_lib.callbacks.manager [None req-927de7bc-7e49-45ff-8959-de9f9b0ae288 tempest-RoutersIpV6AdminTest-135166093 tempest-RoutersIpV6AdminTest-135166093-project-admin] Publish callbacks ['neutron.plugins.ml2.plugin.Ml2Plugin._subnet_delete_after_delete_handler-975877', 'neutron.plugins.ml2.ovo_rpc._ObjectChangeHandler.handle_event-3714852', 'neutron.api.rpc.agentnotifiers.dhcp_rpc_agent_api.DhcpAgentNotifyAPI._native_event_send_dhcp_notification-3693497', 'neutron.services.segments.plugin.NovaSegmentNotifier._notify_subnet_deleted-25786721', 'neutron.services.segments.plugin.SegmentHostRoutes.host_routes_after_delete-25567550'] for subnet (6fcca9e0-ed90-489b-bdad-7c13320bbdb4), after_delete {{(pid=104094) _notify_loop /usr/local/lib/python3.8/dist-packages/neutron_lib/callbacks/manager.py:176}}
Mar 30 08:36:23.065954 dv-neutron-834855-3-hyperv neutron-server[104094]: DEBUG neutron.api.rpc.handlers.resources_rpc [None req-927de7bc-7e49-45ff-8959-de9f9b0ae288 tempest-RoutersIpV6AdminTest-135166093 tempest-RoutersIpV6AdminTest-135166093-project-admin] Pushing event deleted for resources: {'Subnet': ['ID=6fcca9e0-ed90-489b-bdad-7c13320bbdb4,revision_number=None']} {{(pid=104094) push /opt/stack/neutron/neutron/api/rpc/handlers/resources_rpc.py:237}}
Mar 30 08:36:23.103410 dv-neutron-834855-3-hyperv neutron-server[104093]: DEBUG neutron_lib.callbacks.manager [None req-936699c1-34c2-418a-9dfb-e0d58f286461 tempest-ExtraDHCPOptionsIpV6TestJSON-282124228 tempest-ExtraDHCPOptionsIpV6TestJSON-282124228-project] Publish callbacks ['neutron.plugins.ml2.plugin.SecurityGroupServerNotifierRpcMixin._notify_sg_on_port_change-820150', 'neutron.plugins.ml2.ovo_rpc._ObjectChangeHandler.handle_event-222915', 'neutron.api.rpc.agentnotifiers.dhcp_rpc_agent_api.DhcpAgentNotifyAPI._native_event_send_dhcp_notification-3693497', 'neutron.db.l3_db.L3RpcNotifierMixin._notify_routers_callback-8753133045517', 'neutron.db.l3_dvrscheduler_db._notify_port_delete-8753132538197'] for port (6ae460a9-6bb8-47df-8dc4-9c834ee8293b), after_delete {{(pid=104093) _notify_loop /usr/local/lib/python3.8/dist-packages/neutron_lib/callbacks/manager.py:176}}
Mar 30 08:36:23.124698 dv-neutron-834855-3-hyperv neutron-server[104094]: DEBUG neutron_lib.callbacks.manager [None req-927de7bc-7e49-45ff-8959-de9f9b0ae288 tempest-RoutersIpV6AdminTest-135166093 tempest-RoutersIpV6AdminTest-135166093-project-admin] Publish callbacks ['neutron.api.rpc.agentnotifiers.dhcp_rpc_agent_api.DhcpAgentNotifyAPI._send_dhcp_notification-3693463'] for subnet (None), before_response {{(pid=104094) _notify_loop /usr/local/lib/python3.8/dist-packages/neutron_lib/callbacks/manager.py:176}}
Mar 30 08:36:23.136862 dv-neutron-834855-3-hyperv neutron-server[104094]: INFO neutron.wsgi [None req-927de7bc-7e49-45ff-8959-de9f9b0ae288 tempest-RoutersIpV6AdminTest-135166093 tempest-RoutersIpV6AdminTest-135166093-project-admin] 10.222.0.13 "DELETE /v2.0/subnets/6fcca9e0-ed90-489b-bdad-7c13320bbdb4 HTTP/1.1" status: 204 len: 168 time: 0.5806913
Mar 30 08:36:23.180595 dv-neutron-834855-3-hyperv neutron-server[104094]: DEBUG neutron.wsgi [-] (104094) accepted ('10.222.0.13', 49050) {{(pid=104094) server /usr/local/lib/python3.8/dist-packages/eventlet/wsgi.py:1004}}
Mar 30 08:36:23.192181 dv-neutron-834855-3-hyperv neutron-server[104093]: DEBUG neutron.api.rpc.handlers.resources_rpc [None req-936699c1-34c2-418a-9dfb-e0d58f286461 tempest-ExtraDHCPOptionsIpV6TestJSON-282124228 tempest-ExtraDHCPOptionsIpV6TestJSON-282124228-project] Pushing event deleted for resources: {'Port': ['ID=6ae460a9-6bb8-47df-8dc4-9c834ee8293b,revision_number=None']} {{(pid=104093) push /opt/stack/neutron/neutron/api/rpc/handlers/resources_rpc.py:237}}
Mar 30 08:36:23.272365 dv-neutron-834855-3-hyperv neutron-server[104093]: INFO neutron.wsgi [req-27f3334c-aaa2-4095-a983-44afa3f313c6 req-acd3021e-477f-4646-aabf-67cb7268e5b5 tempest-ServersTestJSON-1305282938 tempest-ServersTestJSON-1305282938-project] 10.222.0.13 "GET /v2.0/ports?device_id=db7e605f-3f1b-4b06-a061-ae3dcef264d1 HTTP/1.1" status: 200 len: 210 time: 0.0517132
Mar 30 08:36:23.363119 dv-neutron-834855-3-hyperv neutron-server[104093]: DEBUG neutron_lib.callbacks.manager [None req-936699c1-34c2-418a-9dfb-e0d58f286461 tempest-ExtraDHCPOptionsIpV6TestJSON-282124228 tempest-ExtraDHCPOptionsIpV6TestJSON-282124228-project] Publish callbacks ['neutron.notifiers.nova.Notifier._send_nova_notification-225447'] for port (None), before_response {{(pid=104093) _notify_loop /usr/local/lib/python3.8/dist-packages/neutron_lib/callbacks/manager.py:176}}
Mar 30 08:36:23.367202 dv-neutron-834855-3-hyperv neutron-server[104093]: INFO neutron.wsgi [None req-936699c1-34c2-418a-9dfb-e0d58f286461 tempest-ExtraDHCPOptionsIpV6TestJSON-282124228 tempest-ExtraDHCPOptionsIpV6TestJSON-282124228-project] 10.222.0.13 "DELETE /v2.0/ports/6ae460a9-6bb8-47df-8dc4-9c834ee8293b HTTP/1.1" status: 204 len: 168 time: 2.2497799
Mar 30 08:36:23.369746 dv-neutron-834855-3-hyperv neutron-server[104093]: DEBUG neutron.wsgi [-] (104093) accepted ('10.222.0.13', 49058) {{(pid=104093) server /usr/local/lib/python3.8/dist-packages/eventlet/wsgi.py:1004}}
Mar 30 08:36:23.410830 dv-neutron-834855-3-hyperv neutron-server[104093]: DEBUG neutron.pecan_wsgi.hooks.quota_enforcement [req-10a9eb5f-4448-4b66-9a70-44d19b772f57 req-c6b94294-62de-4654-8af2-49272ea2603e tempest-ServersTestJSON-1305282938 tempest-ServersTestJSON-1305282938-project] Made reservation on behalf of 0cbd1f34b2b64a239a43b6eab633cda5 for: {'port': 1} {{(pid=104093) before /opt/stack/neutron/neutron/pecan_wsgi/hooks/quota_enforcement.py:53}}
Mar 30 08:36:23.427827 dv-neutron-834855-3-hyperv neutron-server[104093]: DEBUG neutron_lib.callbacks.manager [req-10a9eb5f-4448-4b66-9a70-44d19b772f57 req-c6b94294-62de-4654-8af2-49272ea2603e tempest-ServersTestJSON-1305282938 tempest-ServersTestJSON-1305282938-project] Publish callbacks ['neutron.plugins.ml2.plugin.SecurityGroupDbMixin._ensure_default_security_group_handler-820215'] for port (None), before_create {{(pid=104093) _notify_loop /usr/local/lib/python3.8/dist-packages/neutron_lib/callbacks/manager.py:176}}
Mar 30 08:36:23.429137 dv-neutron-834855-3-hyperv neutron-server[104095]: DEBUG neutron.plugins.ml2.rpc [None req-c1f3a8d7-8389-4a1e-9a81-ab5b836a2d5f None None] Device 890e74f9-5367-4b2b-8125-21d8e9865144 up at agent ovs-agent-dv-neutron-834855-3-hyperv {{(pid=104095) update_device_up /opt/stack/neutron/neutron/plugins/ml2/rpc.py:296}}
Mar 30 08:36:23.514555 dv-neutron-834855-3-hyperv neutron-server[104094]: DEBUG neutron_lib.callbacks.manager [None req-42a5e0bb-6151-49a7-bef2-dfb602378722 tempest-RoutersIpV6AdminTest-135166093 tempest-RoutersIpV6AdminTest-135166093-project-admin] Publish callbacks ['neutron.plugins.ml2.plugin.External_net_db_mixin._before_network_delete_handler-833891'] for network (16373e6f-9ba6-4dce-9735-a181facd7ee2), before_delete {{(pid=104094) _notify_loop /usr/local/lib/python3.8/dist-packages/neutron_lib/callbacks/manager.py:176}}
Mar 30 08:36:23.607964 dv-neutron-834855-3-hyperv neutron-server[104095]: DEBUG neutron.db.provisioning_blocks [None req-c1f3a8d7-8389-4a1e-9a81-ab5b836a2d5f None None] Provisioning complete for port 890e74f9-5367-4b2b-8125-21d8e9865144 triggered by entity L2. {{(pid=104095) provisioning_complete /opt/stack/neutron/neutron/db/provisioning_blocks.py:140}}
Mar 30 08:36:23.609261 dv-neutron-834855-3-hyperv neutron-server[104095]: DEBUG neutron_lib.callbacks.manager [None req-c1f3a8d7-8389-4a1e-9a81-ab5b836a2d5f None None] Publish callbacks ['neutron.plugins.ml2.plugin.Ml2Plugin._port_provisioned-847152'] for port (890e74f9-5367-4b2b-8125-21d8e9865144), provisioning_complete {{(pid=104095) _notify_loop /usr/local/lib/python3.8/dist-packages/neutron_lib/callbacks/manager.py:176}}
Mar 30 08:36:23.788076 dv-neutron-834855-3-hyperv neutron-server[104095]: DEBUG neutron.plugins.ml2.plugin [None req-c1f3a8d7-8389-4a1e-9a81-ab5b836a2d5f None None] Current status of the port 890e74f9-5367-4b2b-8125-21d8e9865144 is: DOWN; New status is: ACTIVE {{(pid=104095) _update_individual_port_db_status /opt/stack/neutron/neutron/plugins/ml2/plugin.py:2256}}
Mar 30 08:36:23.789833 dv-neutron-834855-3-hyperv neutron-server[104095]: DEBUG neutron_lib.callbacks.manager [None req-c1f3a8d7-8389-4a1e-9a81-ab5b836a2d5f None None] Publish callbacks ['neutron.plugins.ml2.plugin.SecurityGroupDbMixin._ensure_default_security_group_handler-820215'] for port (890e74f9-5367-4b2b-8125-21d8e9865144), before_update {{(pid=104095) _notify_loop /usr/local/lib/python3.8/dist-packages/neutron_lib/callbacks/manager.py:176}}
Mar 30 08:36:23.844561 dv-neutron-834855-3-hyperv neutron-server[104093]: DEBUG neutron.db.db_base_plugin_common [req-10a9eb5f-4448-4b66-9a70-44d19b772f57 req-c6b94294-62de-4654-8af2-49272ea2603e tempest-ServersTestJSON-1305282938 tempest-ServersTestJSON-1305282938-project] Allocated IP 172.20.0.6 (3e50d18c-48c5-443a-9552-29706367f690/7935f4a9-ef48-46ab-95d3-d7d93cc0e312/949b3392-973c-4e86-832f-9538ad9853fe) {{(pid=104093) _store_ip_allocation /opt/stack/neutron/neutron/db/db_base_plugin_common.py:131}}
Mar 30 08:36:23.890774 dv-neutron-834855-3-hyperv neutron-server[104094]: DEBUG neutron_lib.callbacks.manager [None req-42a5e0bb-6151-49a7-bef2-dfb602378722 tempest-RoutersIpV6AdminTest-135166093 tempest-RoutersIpV6AdminTest-135166093-project-admin] Publish callbacks ['neutron.plugins.ml2.plugin.Ml2Plugin._network_delete_precommit_handler-975769', 'neutron.services.segments.db._delete_segments_for_network-8753133079188'] for network (16373e6f-9ba6-4dce-9735-a181facd7ee2), precommit_delete {{(pid=104094) _notify_loop /usr/local/lib/python3.8/dist-packages/neutron_lib/callbacks/manager.py:176}}
Mar 30 08:36:23.915081 dv-neutron-834855-3-hyperv neutron-server[104095]: DEBUG neutron.plugins.ml2.db [None req-c1f3a8d7-8389-4a1e-9a81-ab5b836a2d5f None None] For port 890e74f9-5367-4b2b-8125-21d8e9865144, host dv-neutron-834855-3-hyperv, got binding levels [PortBindingLevel(driver='openvswitch',host='dv-neutron-834855-3-hyperv',level=0,port_id=890e74f9-5367-4b2b-8125-21d8e9865144,segment=NetworkSegment(3ac65fda-4c6f-4c49-b545-9b0741246171),segment_id=3ac65fda-4c6f-4c49-b545-9b0741246171)] {{(pid=104095) get_binding_level_objs /opt/stack/neutron/neutron/plugins/ml2/db.py:74}}
Mar 30 08:36:23.922685 dv-neutron-834855-3-hyperv neutron-server[104095]: DEBUG neutron_lib.callbacks.manager [None req-c1f3a8d7-8389-4a1e-9a81-ab5b836a2d5f None None] Publish callbacks ['neutron.plugins.ml2.plugin.SecurityGroupServerNotifierRpcMixin._notify_sg_on_port_change-820150', 'neutron.plugins.ml2.ovo_rpc._ObjectChangeHandler.handle_event-222915', 'neutron.api.rpc.agentnotifiers.dhcp_rpc_agent_api.DhcpAgentNotifyAPI._native_event_send_dhcp_notification-3693497', 'neutron.db.l3_db.L3RpcNotifierMixin._notify_gateway_port_ip_changed-8753133045535', 'neutron.db.l3_dvrscheduler_db._notify_l3_agent_port_update-8753132538206', 'neutron.db.l3_hascheduler_db._notify_l3_agent_ha_port_update-8753132538224'] for port (890e74f9-5367-4b2b-8125-21d8e9865144), after_update {{(pid=104095) _notify_loop /usr/local/lib/python3.8/dist-packages/neutron_lib/callbacks/manager.py:176}}
Mar 30 08:36:23.960562 dv-neutron-834855-3-hyperv neutron-server[104094]: DEBUG neutron.services.segments.db [None req-42a5e0bb-6151-49a7-bef2-dfb602378722 tempest-RoutersIpV6AdminTest-135166093 tempest-RoutersIpV6AdminTest-135166093-project-admin] neutron.services.segments.plugin.Plugin method get_segments called with arguments (,) {'filters': {'network_id': ['16373e6f-9ba6-4dce-9735-a181facd7ee2']}} {{(pid=104094) wrapper /usr/local/lib/python3.8/dist-packages/oslo_log/helpers.py:65}}
Mar 30 08:36:23.997362 dv-neutron-834855-3-hyperv neutron-server[104094]: DEBUG neutron.services.segments.db [None req-42a5e0bb-6151-49a7-bef2-dfb602378722 tempest-RoutersIpV6AdminTest-135166093 tempest-RoutersIpV6AdminTest-135166093-project-admin] neutron.services.segments.plugin.Plugin method delete_segment called with arguments (, '93b3d914-4455-4fbc-8148-492f45ed21d3') {'for_net_delete': True} {{(pid=104094) wrapper /usr/local/lib/python3.8/dist-packages/oslo_log/helpers.py:65}}
Mar 30 08:36:23.997661 dv-neutron-834855-3-hyperv neutron-server[104094]: DEBUG neutron.services.segments.db [None req-42a5e0bb-6151-49a7-bef2-dfb602378722 tempest-RoutersIpV6AdminTest-135166093 tempest-RoutersIpV6AdminTest-135166093-project-admin] neutron.services.segments.plugin.Plugin method get_segment called with arguments (, '93b3d914-4455-4fbc-8148-492f45ed21d3') {} {{(pid=104094) wrapper /usr/local/lib/python3.8/dist-packages/oslo_log/helpers.py:65}}
Mar 30 08:36:24.049992 dv-neutron-834855-3-hyperv neutron-server[104095]: DEBUG neutron.api.rpc.handlers.resources_rpc [None req-c1f3a8d7-8389-4a1e-9a81-ab5b836a2d5f None None] Pushing event updated for resources: {'Port': ['ID=890e74f9-5367-4b2b-8125-21d8e9865144,revision_number=3']} {{(pid=104095) push /opt/stack/neutron/neutron/api/rpc/handlers/resources_rpc.py:237}}
Mar 30 08:36:24.061920 dv-neutron-834855-3-hyperv neutron-server[104094]: DEBUG neutron_lib.callbacks.manager [None req-42a5e0bb-6151-49a7-bef2-dfb602378722 tempest-RoutersIpV6AdminTest-135166093 tempest-RoutersIpV6AdminTest-135166093-project-admin] Publish callbacks ['neutron.plugins.ml2.db._prevent_segment_delete_with_port_bound-8753133099421', 'neutron.services.segments.plugin.Plugin._prevent_segment_delete_with_subnet_associated-26251293'] for segment (93b3d914-4455-4fbc-8148-492f45ed21d3), before_delete {{(pid=104094) _notify_loop /usr/local/lib/python3.8/dist-packages/neutron_lib/callbacks/manager.py:176}}
Mar 30 08:36:24.118104 dv-neutron-834855-3-hyperv neutron-server[104094]: DEBUG neutron_lib.callbacks.manager [None req-42a5e0bb-6151-49a7-bef2-dfb602378722 tempest-RoutersIpV6AdminTest-135166093 tempest-RoutersIpV6AdminTest-135166093-project-admin] Publish callbacks ['neutron.plugins.ml2.plugin.Ml2Plugin._handle_segment_change-973829'] for segment (93b3d914-4455-4fbc-8148-492f45ed21d3), precommit_delete {{(pid=104094) _notify_loop /usr/local/lib/python3.8/dist-packages/neutron_lib/callbacks/manager.py:176}}
Mar 30 08:36:24.142815 dv-neutron-834855-3-hyperv neutron-server[104094]: DEBUG neutron_lib.callbacks.manager [None req-ad57f943-26d5-4e93-a545-dbb66f40b1e8 tempest-NetworksTestDHCPv6-1069212851 tempest-NetworksTestDHCPv6-1069212851-project] Publish callbacks [] for port (d13ec531-c118-426a-aba6-5738cbfb483b), precommit_create {{(pid=104094) _notify_loop /usr/local/lib/python3.8/dist-packages/neutron_lib/callbacks/manager.py:176}}
Mar 30 08:36:24.168901 dv-neutron-834855-3-hyperv neutron-server[104094]: DEBUG neutron.plugins.ml2.drivers.type_vlan [None req-42a5e0bb-6151-49a7-bef2-dfb602378722 tempest-RoutersIpV6AdminTest-135166093 tempest-RoutersIpV6AdminTest-135166093-project-admin] Releasing vlan 116 on physical network physnet1 to pool {{(pid=104094) release_segment /opt/stack/neutron/neutron/plugins/ml2/drivers/type_vlan.py:304}}
Mar 30 08:36:24.168901 dv-neutron-834855-3-hyperv neutron-server[104094]: DEBUG neutron_lib.callbacks.manager [None req-42a5e0bb-6151-49a7-bef2-dfb602378722 tempest-RoutersIpV6AdminTest-135166093 tempest-RoutersIpV6AdminTest-135166093-project-admin] Publish callbacks ['neutron.plugins.ml2.plugin.Ml2Plugin._handle_segment_change-973829', 'neutron.services.segments.plugin.NovaSegmentNotifier._notify_segment_deleted-25786831'] for segment (93b3d914-4455-4fbc-8148-492f45ed21d3), after_delete {{(pid=104094) _notify_loop /usr/local/lib/python3.8/dist-packages/neutron_lib/callbacks/manager.py:176}}
Mar 30 08:36:24.191455 dv-neutron-834855-3-hyperv neutron-server[104093]: DEBUG neutron.db.db_base_plugin_v2 [None req-2489eb80-b540-492e-9821-8aac378035f4 tempest-ExtraDHCPOptionsIpV6TestJSON-282124228 tempest-ExtraDHCPOptionsIpV6TestJSON-282124228-project] Deleting subnet 54162c2e-9284-4a51-811f-ec188434bdff {{(pid=104093) delete_subnet /opt/stack/neutron/neutron/db/db_base_plugin_v2.py:1066}}
Mar 30 08:36:24.196175 dv-neutron-834855-3-hyperv neutron-server[104094]: Traceback (most recent call last):
Mar 30 08:36:24.196175 dv-neutron-834855-3-hyperv neutron-server[104094]: File "/usr/local/lib/python3.8/dist-packages/eventlet/hubs/hub.py", line 476, in fire_timers
Mar 30 08:36:24.196175 dv-neutron-834855-3-hyperv neutron-server[104094]: timer()
Mar 30 08:36:24.196175 dv-neutron-834855-3-hyperv neutron-server[104094]: File "/usr/local/lib/python3.8/dist-packages/eventlet/hubs/timer.py", line 59, in __call__
Mar 30 08:36:24.196175 dv-neutron-834855-3-hyperv neutron-server[104094]: cb(*args, **kw)
Mar 30 08:36:24.196175 dv-neutron-834855-3-hyperv neutron-server[104094]: File "/opt/stack/neutron/neutron/common/utils.py", line 921, in wrapper
Mar 30 08:36:24.196175 dv-neutron-834855-3-hyperv neutron-server[104094]: return func(*args, **kwargs)
Mar 30 08:36:24.196175 dv-neutron-834855-3-hyperv neutron-server[104094]: File "/opt/stack/neutron/neutron/notifiers/batch_notifier.py", line 58, in synced_send
Mar 30 08:36:24.196175 dv-neutron-834855-3-hyperv neutron-server[104094]: self._notify()
Mar 30 08:36:24.196175 dv-neutron-834855-3-hyperv neutron-server[104094]: File "/opt/stack/neutron/neutron/notifiers/batch_notifier.py", line 69, in _notify
Mar 30 08:36:24.196175 dv-neutron-834855-3-hyperv neutron-server[104094]: self.callback(batched_events)
Mar 30 08:36:24.196175 dv-neutron-834855-3-hyperv neutron-server[104094]: File "/opt/stack/neutron/neutron/services/segments/plugin.py", line 211, in _send_notifications
Mar 30 08:36:24.196175 dv-neutron-834855-3-hyperv neutron-server[104094]: event.method(event)
Mar 30 08:36:24.196175 dv-neutron-834855-3-hyperv neutron-server[104094]: File "/opt/stack/neutron/neutron/services/segments/plugin.py", line 383, in _delete_nova_inventory
Mar 30 08:36:24.196175 dv-neutron-834855-3-hyperv neutron-server[104094]: aggregate_id = self._get_aggregate_id(event.segment_id)
Mar 30 08:36:24.196175 dv-neutron-834855-3-hyperv neutron-server[104094]: File "/opt/stack/neutron/neutron/services/segments/plugin.py", line 370, in _get_aggregate_id
Mar 30 08:36:24.196175 dv-neutron-834855-3-hyperv neutron-server[104094]: aggregate_uuid = self.p_client.list_aggregates(
Mar 30 08:36:24.196175 dv-neutron-834855-3-hyperv neutron-server[104094]: File "/usr/local/lib/python3.8/dist-packages/neutron_lib/placement/client.py", line 58, in wrapper
Mar 30 08:36:24.196175 dv-neutron-834855-3-hyperv neutron-server[104094]: return f(self, *a, **k)
Mar 30 08:36:24.196175 dv-neutron-834855-3-hyperv neutron-server[104094]: File "/usr/local/lib/python3.8/dist-packages/neutron_lib/placement/client.py", line 554, in list_aggregates
Mar 30 08:36:24.196175 dv-neutron-834855-3-hyperv neutron-server[104094]: return self._get(url).json()
Mar 30 08:36:24.196175 dv-neutron-834855-3-hyperv neutron-server[104094]: File "/usr/local/lib/python3.8/dist-packages/neutron_lib/placement/client.py", line 190, in _get
Mar 30 08:36:24.196175 dv-neutron-834855-3-hyperv neutron-server[104094]: return self._client.get(url, endpoint_filter=self._ks_filter,
Mar 30 08:36:24.196175 dv-neutron-834855-3-hyperv neutron-server[104094]: File "/usr/local/lib/python3.8/dist-packages/keystoneauth1/session.py", line 1141, in get
Mar 30 08:36:24.196175 dv-neutron-834855-3-hyperv neutron-server[104094]: return self.request(url, 'GET', **kwargs)
Mar 30 08:36:24.196175 dv-neutron-834855-3-hyperv neutron-server[104094]: File "/usr/local/lib/python3.8/dist-packages/keystoneauth1/session.py", line 811, in request
Mar 30 08:36:24.196175 dv-neutron-834855-3-hyperv neutron-server[104094]: base_url = self.get_endpoint(auth, allow=allow,
Mar 30 08:36:24.196175 dv-neutron-834855-3-hyperv neutron-server[104094]: File "/usr/local/lib/python3.8/dist-packages/keystoneauth1/session.py", line 1241, in get_endpoint
Mar 30 08:36:24.196175 dv-neutron-834855-3-hyperv neutron-server[104094]: auth = self._auth_required(auth, 'determine endpoint URL')
Mar 30 08:36:24.196175 dv-neutron-834855-3-hyperv neutron-server[104094]: File "/usr/local/lib/python3.8/dist-packages/keystoneauth1/session.py", line 1181, in _auth_required
Mar 30 08:36:24.196175 dv-neutron-834855-3-hyperv neutron-server[104094]: raise exceptions.MissingAuthPlugin(msg_fmt % msg)
Mar 30 08:36:24.196175 dv-neutron-834855-3-hyperv neutron-server[104094]: keystoneauth1.exceptions.auth_plugins.MissingAuthPlugin: An auth plugin is required to determine endpoint URL
Mar 30 08:36:24.264875 dv-neutron-834855-3-hyperv neutron-server[104093]: DEBUG neutron_lib.callbacks.manager [None req-2489eb80-b540-492e-9821-8aac378035f4 tempest-ExtraDHCPOptionsIpV6TestJSON-282124228 tempest-ExtraDHCPOptionsIpV6TestJSON-282124228-project] Publish callbacks [] for subnet (54162c2e-9284-4a51-811f-ec188434bdff), before_delete {{(pid=104093) _notify_loop /usr/local/lib/python3.8/dist-packages/neutron_lib/callbacks/manager.py:176}}
Mar 30 08:36:24.304985 dv-neutron-834855-3-hyperv neutron-server[104095]: DEBUG neutron.db.provisioning_blocks [None req-dfb0ad15-1732-4fa9-9295-b7d89e8e601d None None] Provisioning complete for port 890e74f9-5367-4b2b-8125-21d8e9865144 triggered by entity DHCP. {{(pid=104095) provisioning_complete /opt/stack/neutron/neutron/db/provisioning_blocks.py:140}}
Mar 30 08:36:24.305610 dv-neutron-834855-3-hyperv neutron-server[104095]: DEBUG neutron_lib.callbacks.manager [None req-dfb0ad15-1732-4fa9-9295-b7d89e8e601d None None] Publish callbacks ['neutron.plugins.ml2.plugin.Ml2Plugin._port_provisioned-847152'] for port (890e74f9-5367-4b2b-8125-21d8e9865144), provisioning_complete {{(pid=104095) _notify_loop /usr/local/lib/python3.8/dist-packages/neutron_lib/callbacks/manager.py:176}}
Mar 30 08:36:24.372881 dv-neutron-834855-3-hyperv neutron-server[104093]: INFO neutron.wsgi [req-068da3cd-2c22-4eaa-98a8-2c35885b0fe3 req-1c69e7ab-be15-4fc4-b0ac-beabb5a11fb4 tempest-ServerActionsTestJSON-1216458051 tempest-ServerActionsTestJSON-1216458051-project] 10.222.0.13 "GET /v2.0/security-groups?name=tempest-securitygroup--1745749360&fields=id&tenant_id=d51411cfe381484e806a25ebef291816 HTTP/1.1" status: 200 len: 267 time: 0.4302940
Mar 30 08:36:24.423506 dv-neutron-834855-3-hyperv neutron-server[104094]: INFO neutron.wsgi [req-89252d37-7e35-418a-bbfd-e9e4bd55eacd req-fc2ebfc9-7961-422a-ae58-849027288492 tempest-ServersTestManualDisk-546224243 tempest-ServersTestManualDisk-546224243-project] 10.222.0.13 "GET /v2.0/security-groups?name=tempest-securitygroup--1977507529&fields=id&tenant_id=0ee5cf561daf40aab23775328721de96 HTTP/1.1" status: 200 len: 267 time: 0.6577828
Mar 30 08:36:24.438258 dv-neutron-834855-3-hyperv neutron-server[104095]: DEBUG neutron.plugins.ml2.plugin [None req-dfb0ad15-1732-4fa9-9295-b7d89e8e601d None None] Current status of the port 890e74f9-5367-4b2b-8125-21d8e9865144 is: ACTIVE; New status is: ACTIVE {{(pid=104095) _update_individual_port_db_status /opt/stack/neutron/neutron/plugins/ml2/plugin.py:2256}}
Mar 30 08:36:24.496781 dv-neutron-834855-3-hyperv neutron-server[104094]: DEBUG neutron_lib.callbacks.manager [None req-42a5e0bb-6151-49a7-bef2-dfb602378722 tempest-RoutersIpV6AdminTest-135166093 tempest-RoutersIpV6AdminTest-135166093-project-admin] Publish callbacks ['neutron.plugins.ml2.plugin.Ml2Plugin._network_delete_after_delete_handler-975762', 'neutron.plugins.ml2.ovo_rpc._ObjectChangeHandler.handle_event-3717510', 'neutron.api.rpc.agentnotifiers.dhcp_rpc_agent_api.DhcpAgentNotifyAPI._native_event_send_dhcp_notification-3693497', 'neutron.services.l3_router.l3_router_plugin.DVRResourceOperationHandler.delete_fip_namespaces_for_ext_net-3752683'] for network (16373e6f-9ba6-4dce-9735-a181facd7ee2), after_delete {{(pid=104094) _notify_loop /usr/local/lib/python3.8/dist-packages/neutron_lib/callbacks/manager.py:176}}
Mar 30 08:36:24.553836 dv-neutron-834855-3-hyperv neutron-server[104093]: DEBUG neutron_lib.callbacks.manager [None req-2489eb80-b540-492e-9821-8aac378035f4 tempest-ExtraDHCPOptionsIpV6TestJSON-282124228 tempest-ExtraDHCPOptionsIpV6TestJSON-282124228-project] Publish callbacks [] for subnet (54162c2e-9284-4a51-811f-ec188434bdff), precommit_delete_associations {{(pid=104093) _notify_loop /usr/local/lib/python3.8/dist-packages/neutron_lib/callbacks/manager.py:176}}
Mar 30 08:36:24.563281 dv-neutron-834855-3-hyperv neutron-server[104094]: DEBUG neutron.api.rpc.agentnotifiers.l3_rpc_agent_api [None req-42a5e0bb-6151-49a7-bef2-dfb602378722 tempest-RoutersIpV6AdminTest-135166093 tempest-RoutersIpV6AdminTest-135166093-project-admin] Fanout notify agent at l3_agent the message fipnamespace_delete_on_ext_net for external_network 16373e6f-9ba6-4dce-9735-a181facd7ee2 {{(pid=104094) _notification_fanout /opt/stack/neutron/neutron/api/rpc/agentnotifiers/l3_rpc_agent_api.py:120}}
Mar 30 08:36:24.598972 dv-neutron-834855-3-hyperv neutron-server[104093]: DEBUG neutron_lib.callbacks.manager [req-10a9eb5f-4448-4b66-9a70-44d19b772f57 req-c6b94294-62de-4654-8af2-49272ea2603e tempest-ServersTestJSON-1305282938 tempest-ServersTestJSON-1305282938-project] Publish callbacks [] for port (949b3392-973c-4e86-832f-9538ad9853fe), precommit_create {{(pid=104093) _notify_loop /usr/local/lib/python3.8/dist-packages/neutron_lib/callbacks/manager.py:176}}
Mar 30 08:36:24.635209 dv-neutron-834855-3-hyperv neutron-server[104093]: DEBUG neutron.pecan_wsgi.hooks.policy_enforcement [req-068da3cd-2c22-4eaa-98a8-2c35885b0fe3 req-f3025a32-fb44-44a1-8c24-746f9718f752 tempest-ServerActionsTestJSON-1216458051 tempest-ServerActionsTestJSON-1216458051-project] Attributes excluded by policy engine: ['standard_attr_id', 'vlan_transparent', 'provider:network_type', 'provider:physical_network', 'provider:segmentation_id'] {{(pid=104093) _exclude_attributes_by_policy /opt/stack/neutron/neutron/pecan_wsgi/hooks/policy_enforcement.py:255}}
Mar 30 08:36:24.642194 dv-neutron-834855-3-hyperv neutron-server[104093]: INFO neutron.wsgi [req-068da3cd-2c22-4eaa-98a8-2c35885b0fe3 req-f3025a32-fb44-44a1-8c24-746f9718f752 tempest-ServerActionsTestJSON-1216458051 tempest-ServerActionsTestJSON-1216458051-project] 10.222.0.13 "GET /v2.0/networks?id=95c79d0c-830f-4bd0-888e-d973e5e9d7fa HTTP/1.1" status: 200 len: 812 time: 0.2676463
Mar 30 08:36:24.662545 dv-neutron-834855-3-hyperv neutron-server[104094]: DEBUG neutron_lib.callbacks.manager [None req-42a5e0bb-6151-49a7-bef2-dfb602378722 tempest-RoutersIpV6AdminTest-135166093 tempest-RoutersIpV6AdminTest-135166093-project-admin] Publish callbacks ['neutron.api.rpc.agentnotifiers.dhcp_rpc_agent_api.DhcpAgentNotifyAPI._send_dhcp_notification-3693463'] for network (None), before_response {{(pid=104094) _notify_loop /usr/local/lib/python3.8/dist-packages/neutron_lib/callbacks/manager.py:176}}
Mar 30 08:36:24.673452 dv-neutron-834855-3-hyperv neutron-server[104094]: INFO neutron.wsgi [None req-42a5e0bb-6151-49a7-bef2-dfb602378722 tempest-RoutersIpV6AdminTest-135166093 tempest-RoutersIpV6AdminTest-135166093-project-admin] 10.222.0.13 "DELETE /v2.0/networks/16373e6f-9ba6-4dce-9735-a181facd7ee2 HTTP/1.1" status: 204 len: 168 time: 1.4905910
Mar 30 08:36:24.677041 dv-neutron-834855-3-hyperv neutron-server[104094]: DEBUG neutron.api.rpc.handlers.resources_rpc [None req-42a5e0bb-6151-49a7-bef2-dfb602378722 tempest-RoutersIpV6AdminTest-135166093 tempest-RoutersIpV6AdminTest-135166093-project-admin] Pushing event deleted for resources: {'Network': ['ID=16373e6f-9ba6-4dce-9735-a181facd7ee2,revision_number=None']} {{(pid=104094) push /opt/stack/neutron/neutron/api/rpc/handlers/resources_rpc.py:237}}
Mar 30 08:36:24.682854 dv-neutron-834855-3-hyperv neutron-server[104093]: INFO neutron.wsgi [req-068da3cd-2c22-4eaa-98a8-2c35885b0fe3 req-cb10cf91-50fd-42a0-9aa7-89b2d1fdfdb0 tempest-ServerActionsTestJSON-1216458051 tempest-ServerActionsTestJSON-1216458051-project] 10.222.0.13 "GET /v2.0/quotas/d51411cfe381484e806a25ebef291816 HTTP/1.1" status: 200 len: 375 time: 0.0393398
Mar 30 08:36:24.691856 dv-neutron-834855-3-hyperv neutron-server[104093]: DEBUG neutron_lib.callbacks.manager [None req-2489eb80-b540-492e-9821-8aac378035f4 tempest-ExtraDHCPOptionsIpV6TestJSON-282124228 tempest-ExtraDHCPOptionsIpV6TestJSON-282124228-project] Publish callbacks ['neutron.plugins.ml2.plugin.Ml2Plugin._subnet_delete_precommit_handler-975884'] for subnet (54162c2e-9284-4a51-811f-ec188434bdff), precommit_delete {{(pid=104093) _notify_loop /usr/local/lib/python3.8/dist-packages/neutron_lib/callbacks/manager.py:176}}
Mar 30 08:36:24.701412 dv-neutron-834855-3-hyperv neutron-server[104094]: DEBUG neutron_lib.callbacks.manager [None req-ad57f943-26d5-4e93-a545-dbb66f40b1e8 tempest-NetworksTestDHCPv6-1069212851 tempest-NetworksTestDHCPv6-1069212851-project] Publish callbacks ['neutron.plugins.ml2.plugin.SecurityGroupServerNotifierRpcMixin._notify_sg_on_port_change-820150', 'neutron.plugins.ml2.ovo_rpc._ObjectChangeHandler.handle_event-222915', 'neutron.api.rpc.agentnotifiers.dhcp_rpc_agent_api.DhcpAgentNotifyAPI._native_event_send_dhcp_notification-3693497', 'neutron.db.l3_dvrscheduler_db._notify_l3_agent_new_port-8753132538188', 'neutron.services.segments.plugin.NovaSegmentNotifier._notify_port_created_or_deleted-25786684'] for port (d13ec531-c118-426a-aba6-5738cbfb483b), after_create {{(pid=104094) _notify_loop /usr/local/lib/python3.8/dist-packages/neutron_lib/callbacks/manager.py:176}}
Mar 30 08:36:24.853722 dv-neutron-834855-3-hyperv neutron-server[104093]: DEBUG neutron_lib.callbacks.manager [req-10a9eb5f-4448-4b66-9a70-44d19b772f57 req-c6b94294-62de-4654-8af2-49272ea2603e tempest-ServersTestJSON-1305282938 tempest-ServersTestJSON-1305282938-project] Publish callbacks ['neutron.plugins.ml2.plugin.SecurityGroupServerNotifierRpcMixin._notify_sg_on_port_change-820150', 'neutron.plugins.ml2.ovo_rpc._ObjectChangeHandler.handle_event-222915', 'neutron.api.rpc.agentnotifiers.dhcp_rpc_agent_api.DhcpAgentNotifyAPI._native_event_send_dhcp_notification-3693497', 'neutron.db.l3_dvrscheduler_db._notify_l3_agent_new_port-8753132538188'] for port (949b3392-973c-4e86-832f-9538ad9853fe), after_create {{(pid=104093) _notify_loop /usr/local/lib/python3.8/dist-packages/neutron_lib/callbacks/manager.py:176}}
Mar 30 08:36:24.960164 dv-neutron-834855-3-hyperv neutron-server[104093]: DEBUG neutron.wsgi [-] (104093) accepted ('10.222.0.13', 49110) {{(pid=104093) server /usr/local/lib/python3.8/dist-packages/eventlet/wsgi.py:1004}}
Mar 30 08:36:24.968628 dv-neutron-834855-3-hyperv neutron-server[104093]: DEBUG neutron.api.rpc.handlers.resources_rpc [None req-c6b94294-62de-4654-8af2-49272ea2603e tempest-ServersTestJSON-1305282938 tempest-ServersTestJSON-1305282938-project] Pushing event updated for resources: {'Port': ['ID=949b3392-973c-4e86-832f-9538ad9853fe,revision_number=1']} {{(pid=104093) push /opt/stack/neutron/neutron/api/rpc/handlers/resources_rpc.py:237}}
Mar 30 08:36:24.998694 dv-neutron-834855-3-hyperv neutron-server[104093]: INFO neutron.wsgi [req-068da3cd-2c22-4eaa-98a8-2c35885b0fe3 req-6b42b8ed-9a8e-46b2-92a4-5bb699c4fdc3 tempest-ServerActionsTestJSON-1216458051 tempest-ServerActionsTestJSON-1216458051-project] 10.222.0.13 "GET /v2.0/ports?tenant_id=d51411cfe381484e806a25ebef291816&fields=id HTTP/1.1" status: 200 len: 302 time: 0.3148479
Mar 30 08:36:25.001382 dv-neutron-834855-3-hyperv neutron-server[104093]: DEBUG neutron.scheduler.dhcp_agent_scheduler [req-10a9eb5f-4448-4b66-9a70-44d19b772f57 req-c6b94294-62de-4654-8af2-49272ea2603e tempest-ServersTestJSON-1305282938 tempest-ServersTestJSON-1305282938-project] Network 3e50d18c-48c5-443a-9552-29706367f690 is already hosted by enough agents. {{(pid=104093) _get_dhcp_agents_hosting_network /opt/stack/neutron/neutron/scheduler/dhcp_agent_scheduler.py:275}}
Mar 30 08:36:25.006791 dv-neutron-834855-3-hyperv neutron-server[104093]: DEBUG neutron.scheduler.base_scheduler [req-10a9eb5f-4448-4b66-9a70-44d19b772f57 req-c6b94294-62de-4654-8af2-49272ea2603e tempest-ServersTestJSON-1305282938 tempest-ServersTestJSON-1305282938-project] Resources bound (agent type, host, resource id): {{(pid=104093) schedule /opt/stack/neutron/neutron/scheduler/base_scheduler.py:57}}
Mar 30 08:36:25.022965 dv-neutron-834855-3-hyperv neutron-server[104093]: DEBUG neutron.db.l3_dvrscheduler_db [req-10a9eb5f-4448-4b66-9a70-44d19b772f57 req-c6b94294-62de-4654-8af2-49272ea2603e tempest-ServersTestJSON-1305282938 tempest-ServersTestJSON-1305282938-project] Received port after_create {{(pid=104093) _notify_l3_agent_new_port /opt/stack/neutron/neutron/db/l3_dvrscheduler_db.py:536}}
Mar 30 08:36:25.053218 dv-neutron-834855-3-hyperv neutron-server[104093]: DEBUG neutron.pecan_wsgi.hooks.policy_enforcement [req-10a9eb5f-4448-4b66-9a70-44d19b772f57 req-c6b94294-62de-4654-8af2-49272ea2603e tempest-ServersTestJSON-1305282938 tempest-ServersTestJSON-1305282938-project] Attributes excluded by policy engine: ['standard_attr_id', 'binding:profile', 'binding:host_id', 'binding:vif_type', 'binding:vif_details', 'network'] {{(pid=104093) _exclude_attributes_by_policy /opt/stack/neutron/neutron/pecan_wsgi/hooks/policy_enforcement.py:255}}
Mar 30 08:36:25.057997 dv-neutron-834855-3-hyperv neutron-server[104093]: DEBUG neutron_lib.callbacks.manager [req-10a9eb5f-4448-4b66-9a70-44d19b772f57 req-c6b94294-62de-4654-8af2-49272ea2603e tempest-ServersTestJSON-1305282938 tempest-ServersTestJSON-1305282938-project] Publish callbacks ['neutron.notifiers.nova.Notifier._send_nova_notification-225447'] for port (None), before_response {{(pid=104093) _notify_loop /usr/local/lib/python3.8/dist-packages/neutron_lib/callbacks/manager.py:176}}
Mar 30 08:36:25.147788 dv-neutron-834855-3-hyperv neutron-server[104093]: DEBUG neutron_lib.callbacks.manager [None req-2489eb80-b540-492e-9821-8aac378035f4 tempest-ExtraDHCPOptionsIpV6TestJSON-282124228 tempest-ExtraDHCPOptionsIpV6TestJSON-282124228-project] Publish callbacks ['neutron.plugins.ml2.plugin.Ml2Plugin._subnet_delete_after_delete_handler-975877', 'neutron.plugins.ml2.ovo_rpc._ObjectChangeHandler.handle_event-3714852', 'neutron.api.rpc.agentnotifiers.dhcp_rpc_agent_api.DhcpAgentNotifyAPI._native_event_send_dhcp_notification-3693497'] for subnet (54162c2e-9284-4a51-811f-ec188434bdff), after_delete {{(pid=104093) _notify_loop /usr/local/lib/python3.8/dist-packages/neutron_lib/callbacks/manager.py:176}}
Mar 30 08:36:25.164763 dv-neutron-834855-3-hyperv neutron-server[104093]: DEBUG neutron.wsgi [-] (104093) accepted ('10.222.0.13', 49116) {{(pid=104093) server /usr/local/lib/python3.8/dist-packages/eventlet/wsgi.py:1004}}
Mar 30 08:36:25.239792 dv-neutron-834855-3-hyperv neutron-server[104093]: DEBUG neutron_lib.callbacks.manager [None req-2489eb80-b540-492e-9821-8aac378035f4 tempest-ExtraDHCPOptionsIpV6TestJSON-282124228 tempest-ExtraDHCPOptionsIpV6TestJSON-282124228-project] Publish callbacks [] for subnet (None), before_response {{(pid=104093) _notify_loop /usr/local/lib/python3.8/dist-packages/neutron_lib/callbacks/manager.py:176}}
Mar 30 08:36:25.244971 dv-neutron-834855-3-hyperv neutron-server[104095]: DEBUG neutron.api.rpc.handlers.dhcp_rpc [None req-2c73b13d-97aa-4455-9c10-c8aa0c0b31e4 None None] Network eb7a283f-ad9c-4d12-8643-7b31c782219a requested from dv-neutron-834855-3-hyperv {{(pid=104095) get_network_info /opt/stack/neutron/neutron/api/rpc/handlers/dhcp_rpc.py:191}}
Mar 30 08:36:25.264827 dv-neutron-834855-3-hyperv neutron-server[104093]: INFO neutron.wsgi [None req-2489eb80-b540-492e-9821-8aac378035f4 tempest-ExtraDHCPOptionsIpV6TestJSON-282124228 tempest-ExtraDHCPOptionsIpV6TestJSON-282124228-project] 10.222.0.13 "DELETE /v2.0/subnets/54162c2e-9284-4a51-811f-ec188434bdff HTTP/1.1" status: 204 len: 168 time: 1.8937757
Mar 30 08:36:25.348087 dv-neutron-834855-3-hyperv neutron-server[104093]: DEBUG neutron.wsgi [-] (104093) accepted ('10.222.0.13', 49118) {{(pid=104093) server /usr/local/lib/python3.8/dist-packages/eventlet/wsgi.py:1004}}
Mar 30 08:36:25.371320 dv-neutron-834855-3-hyperv neutron-server[104095]: DEBUG neutron.plugins.ml2.rpc [None req-c1f3a8d7-8389-4a1e-9a81-ab5b836a2d5f None None] Device 890e74f9-5367-4b2b-8125-21d8e9865144 up at agent ovs-agent-dv-neutron-834855-3-hyperv {{(pid=104095) update_device_up /opt/stack/neutron/neutron/plugins/ml2/rpc.py:296}}
Mar 30 08:36:25.387733 dv-neutron-834855-3-hyperv neutron-server[104093]: DEBUG neutron.api.v2.base [None req-e285c490-9338-4123-a8a0-dbeae79b85fd tempest-RoutersIpV6Test-1177406285 tempest-RoutersIpV6Test-1177406285-project] Request body: {'network': {'name': 'tempest-RoutersIpV6Test-1199570426'}} {{(pid=104093) prepare_request_body /opt/stack/neutron/neutron/api/v2/base.py:729}}
Mar 30 08:36:25.457166 dv-neutron-834855-3-hyperv neutron-server[104093]: INFO neutron.wsgi [req-10a9eb5f-4448-4b66-9a70-44d19b772f57 req-c6b94294-62de-4654-8af2-49272ea2603e tempest-ServersTestJSON-1305282938 tempest-ServersTestJSON-1305282938-project] 10.222.0.26 "POST /v2.0/ports HTTP/1.1" status: 201 len: 933 time: 2.5772529
Mar 30 08:36:25.459708 dv-neutron-834855-3-hyperv neutron-server[104093]: DEBUG neutron.api.rpc.handlers.resources_rpc [None req-2489eb80-b540-492e-9821-8aac378035f4 tempest-ExtraDHCPOptionsIpV6TestJSON-282124228 tempest-ExtraDHCPOptionsIpV6TestJSON-282124228-project] Pushing event deleted for resources: {'Subnet': ['ID=54162c2e-9284-4a51-811f-ec188434bdff,revision_number=None']} {{(pid=104093) push /opt/stack/neutron/neutron/api/rpc/handlers/resources_rpc.py:237}}
Mar 30 08:36:25.494831 dv-neutron-834855-3-hyperv neutron-server[104094]: DEBUG neutron.wsgi [-] (104094) accepted ('10.222.0.13', 49124) {{(pid=104094) server /usr/local/lib/python3.8/dist-packages/eventlet/wsgi.py:1004}}
Mar 30 08:36:25.506669 dv-neutron-834855-3-hyperv neutron-server[104093]: DEBUG neutron.pecan_wsgi.hooks.quota_enforcement [None req-e285c490-9338-4123-a8a0-dbeae79b85fd tempest-RoutersIpV6Test-1177406285 tempest-RoutersIpV6Test-1177406285-project] Made reservation on behalf of 6818c62f56e3420d9807fc8b3816b4aa for: {'network': 1} {{(pid=104093) before /opt/stack/neutron/neutron/pecan_wsgi/hooks/quota_enforcement.py:53}}
Mar 30 08:36:25.509034 dv-neutron-834855-3-hyperv neutron-server[104095]: DEBUG neutron.db.provisioning_blocks [None req-46f1aec5-df15-47c5-8cb4-371439a93d99 None None] Provisioning complete for port 949b3392-973c-4e86-832f-9538ad9853fe triggered by entity DHCP. {{(pid=104095) provisioning_complete /opt/stack/neutron/neutron/db/provisioning_blocks.py:140}}
Mar 30 08:36:25.510203 dv-neutron-834855-3-hyperv neutron-server[104095]: DEBUG neutron_lib.callbacks.manager [None req-46f1aec5-df15-47c5-8cb4-371439a93d99 None None] Publish callbacks ['neutron.plugins.ml2.plugin.Ml2Plugin._port_provisioned-847152'] for port (949b3392-973c-4e86-832f-9538ad9853fe), provisioning_complete {{(pid=104095) _notify_loop /usr/local/lib/python3.8/dist-packages/neutron_lib/callbacks/manager.py:176}}
Mar 30 08:36:25.516852 dv-neutron-834855-3-hyperv neutron-server[104093]: DEBUG neutron_lib.callbacks.manager [None req-e285c490-9338-4123-a8a0-dbeae79b85fd tempest-RoutersIpV6Test-1177406285 tempest-RoutersIpV6Test-1177406285-project] Publish callbacks ['neutron.plugins.ml2.plugin.SecurityGroupDbMixin._ensure_default_security_group_handler-820215'] for network (None), before_create {{(pid=104093) _notify_loop /usr/local/lib/python3.8/dist-packages/neutron_lib/callbacks/manager.py:176}}
Mar 30 08:36:25.528029 dv-neutron-834855-3-hyperv neutron-server[104094]: DEBUG neutron.api.v2.base [None req-4d1ea684-03c1-47c7-8df1-938c9e20d83b tempest-RoutersIpV6AdminTest-135166093 tempest-RoutersIpV6AdminTest-135166093-project-admin] Request body: {'router': {'name': 'tempest-router--1279018507', 'project_id': '7038c8fa59ce4cb59f34c6626a6b8e77'}} {{(pid=104094) prepare_request_body /opt/stack/neutron/neutron/api/v2/base.py:729}}
Mar 30 08:36:25.535198 dv-neutron-834855-3-hyperv neutron-server[104094]: DEBUG neutron.scheduler.dhcp_agent_scheduler [None req-ad57f943-26d5-4e93-a545-dbb66f40b1e8 tempest-NetworksTestDHCPv6-1069212851 tempest-NetworksTestDHCPv6-1069212851-project] Network 76d680ab-73b9-4054-83c3-3ee74b766168 is already hosted by enough agents. {{(pid=104094) _get_dhcp_agents_hosting_network /opt/stack/neutron/neutron/scheduler/dhcp_agent_scheduler.py:275}}
Mar 30 08:36:25.564164 dv-neutron-834855-3-hyperv neutron-server[104094]: DEBUG neutron.scheduler.base_scheduler [None req-ad57f943-26d5-4e93-a545-dbb66f40b1e8 tempest-NetworksTestDHCPv6-1069212851 tempest-NetworksTestDHCPv6-1069212851-project] Resources bound (agent type, host, resource id): {{(pid=104094) schedule /opt/stack/neutron/neutron/scheduler/base_scheduler.py:57}}
Mar 30 08:36:25.585326 dv-neutron-834855-3-hyperv neutron-server[104094]: DEBUG neutron.api.rpc.handlers.resources_rpc [None req-ad57f943-26d5-4e93-a545-dbb66f40b1e8 tempest-NetworksTestDHCPv6-1069212851 tempest-NetworksTestDHCPv6-1069212851-project] Pushing event updated for resources: {'Port': ['ID=d13ec531-c118-426a-aba6-5738cbfb483b,revision_number=1']} {{(pid=104094) push /opt/stack/neutron/neutron/api/rpc/handlers/resources_rpc.py:237}}
Mar 30 08:36:25.588488 dv-neutron-834855-3-hyperv neutron-server[104094]: DEBUG neutron.db.l3_dvrscheduler_db [None req-ad57f943-26d5-4e93-a545-dbb66f40b1e8 tempest-NetworksTestDHCPv6-1069212851 tempest-NetworksTestDHCPv6-1069212851-project] Received port after_create {{(pid=104094) _notify_l3_agent_new_port /opt/stack/neutron/neutron/db/l3_dvrscheduler_db.py:536}}
Mar 30 08:36:25.595202 dv-neutron-834855-3-hyperv neutron-server[104094]: DEBUG neutron.pecan_wsgi.hooks.policy_enforcement [None req-ad57f943-26d5-4e93-a545-dbb66f40b1e8 tempest-NetworksTestDHCPv6-1069212851 tempest-NetworksTestDHCPv6-1069212851-project] Attributes excluded by policy engine: ['standard_attr_id', 'binding:profile', 'binding:host_id', 'binding:vif_type', 'binding:vif_details', 'network'] {{(pid=104094) _exclude_attributes_by_policy /opt/stack/neutron/neutron/pecan_wsgi/hooks/policy_enforcement.py:255}}
Mar 30 08:36:25.599811 dv-neutron-834855-3-hyperv neutron-server[104094]: DEBUG neutron_lib.callbacks.manager [None req-ad57f943-26d5-4e93-a545-dbb66f40b1e8 tempest-NetworksTestDHCPv6-1069212851 tempest-NetworksTestDHCPv6-1069212851-project] Publish callbacks ['neutron.notifiers.nova.Notifier._send_nova_notification-225447'] for port (None), before_response {{(pid=104094) _notify_loop /usr/local/lib/python3.8/dist-packages/neutron_lib/callbacks/manager.py:176}}
Mar 30 08:36:25.606148 dv-neutron-834855-3-hyperv neutron-server[104093]: DEBUG neutron_lib.callbacks.manager [None req-e285c490-9338-4123-a8a0-dbeae79b85fd tempest-RoutersIpV6Test-1177406285 tempest-RoutersIpV6Test-1177406285-project] Publish callbacks [] for security_group (None), before_create {{(pid=104093) _notify_loop /usr/local/lib/python3.8/dist-packages/neutron_lib/callbacks/manager.py:176}}
Mar 30 08:36:25.623935 dv-neutron-834855-3-hyperv neutron-server[104093]: DEBUG neutron.wsgi [req-10a9eb5f-4448-4b66-9a70-44d19b772f57 req-363ac8dc-9531-42f3-b51c-bd863c234294 tempest-ServersTestJSON-1305282938 tempest-ServersTestJSON-1305282938-project] http://10.222.0.13:9696/v2.0/extensions returned with HTTP 200 {{(pid=104093) __call__ /opt/stack/neutron/neutron/wsgi.py:730}}
Mar 30 08:36:25.625095 dv-neutron-834855-3-hyperv neutron-server[104093]: INFO neutron.wsgi [req-10a9eb5f-4448-4b66-9a70-44d19b772f57 req-363ac8dc-9531-42f3-b51c-bd863c234294 tempest-ServersTestJSON-1305282938 tempest-ServersTestJSON-1305282938-project] 10.222.0.26 "GET /v2.0/extensions HTTP/1.1" status: 200 len: 14082 time: 0.0368366
Mar 30 08:36:25.645621 dv-neutron-834855-3-hyperv neutron-server[104094]: INFO neutron.wsgi [None req-ad57f943-26d5-4e93-a545-dbb66f40b1e8 tempest-NetworksTestDHCPv6-1069212851 tempest-NetworksTestDHCPv6-1069212851-project] 10.222.0.13 "POST /v2.0/ports HTTP/1.1" status: 201 len: 930 time: 4.5723188
