Mar 30 08:36:28.328710 dv-neutron-834855-3-hyperv neutron-server[104093]: DEBUG neutron_lib.callbacks.manager [None req-dff787a7-61e0-4da7-be07-03b0d20fb722 tempest-RoutersIpV6AdminTest-135166093 tempest-RoutersIpV6AdminTest-135166093-project-admin] Publish callbacks [] for router (None), before_response {{(pid=104093) _notify_loop /usr/local/lib/python3.8/dist-packages/neutron_lib/callbacks/manager.py:176}}
Mar 30 08:36:28.328710 dv-neutron-834855-3-hyperv neutron-server[104093]: INFO neutron.wsgi [None req-dff787a7-61e0-4da7-be07-03b0d20fb722 tempest-RoutersIpV6AdminTest-135166093 tempest-RoutersIpV6AdminTest-135166093-project-admin] 10.222.0.13 "DELETE /v2.0/routers/41aefac7-d92a-47f3-91e9-500526b7f5c1 HTTP/1.1" status: 204 len: 168 time: 2.1818936
Mar 30 08:36:28.328970 dv-neutron-834855-3-hyperv neutron-server[104095]: DEBUG neutron.plugins.ml2.plugin [None req-89a0796b-edf8-457a-9646-03436c17ebf7 None None] Deleting port 890e74f9-5367-4b2b-8125-21d8e9865144 {{(pid=104095) _pre_delete_port /opt/stack/neutron/neutron/plugins/ml2/plugin.py:2002}}
Mar 30 08:36:28.329081 dv-neutron-834855-3-hyperv neutron-server[104094]: INFO neutron.wsgi [req-0bce2d17-913d-46bc-a3ae-2881d99c68df req-f51640c7-071f-49c3-9471-9969ee0964ff tempest-ServersTestManualDisk-546224243 tempest-ServersTestManualDisk-546224243-project] 10.222.0.13 "GET /v2.0/ports?device_id=55fafc79-83f0-468e-9af1-0282da4ecf5a HTTP/1.1" status: 200 len: 210 time: 0.1342700
Mar 30 08:36:28.334148 dv-neutron-834855-3-hyperv neutron-server[104095]: DEBUG neutron_lib.callbacks.manager [None req-89a0796b-edf8-457a-9646-03436c17ebf7 None None] Publish callbacks ['neutron.db.l3_db.L3_NAT_dbonly_mixin._prevent_l3_port_delete_callback-8753133039728'] for port (890e74f9-5367-4b2b-8125-21d8e9865144), before_delete {{(pid=104095) _notify_loop /usr/local/lib/python3.8/dist-packages/neutron_lib/callbacks/manager.py:176}}
Mar 30 08:36:28.461761 dv-neutron-834855-3-hyperv neutron-server[104094]: DEBUG neutron.pecan_wsgi.hooks.quota_enforcement [None req-4e3d27e3-b2d3-4088-bf53-a49145bafca3 tempest-NetworksTestDHCPv6-1069212851 tempest-NetworksTestDHCPv6-1069212851-project] Made reservation on behalf of 1577cb51271c4c6b90f96a8128bc6747 for: {'subnet': 1} {{(pid=104094) before /opt/stack/neutron/neutron/pecan_wsgi/hooks/quota_enforcement.py:53}}
Mar 30 08:36:28.475107 dv-neutron-834855-3-hyperv neutron-server[104095]: DEBUG neutron.plugins.ml2.db [None req-89a0796b-edf8-457a-9646-03436c17ebf7 None None] For port 890e74f9-5367-4b2b-8125-21d8e9865144, host dv-neutron-834855-3-hyperv, got binding levels [PortBindingLevel(driver='openvswitch',host='dv-neutron-834855-3-hyperv',level=0,port_id=890e74f9-5367-4b2b-8125-21d8e9865144,segment=NetworkSegment(3ac65fda-4c6f-4c49-b545-9b0741246171),segment_id=3ac65fda-4c6f-4c49-b545-9b0741246171)] {{(pid=104095) get_binding_level_objs /opt/stack/neutron/neutron/plugins/ml2/db.py:74}}
Mar 30 08:36:28.475818 dv-neutron-834855-3-hyperv neutron-server[104095]: DEBUG neutron_lib.callbacks.manager [None req-89a0796b-edf8-457a-9646-03436c17ebf7 None None] Publish callbacks ['neutron.services.l3_router.l3_router_plugin.L3_NAT_dbonly_mixin._precommit_delete_port_callback-3748151'] for port (890e74f9-5367-4b2b-8125-21d8e9865144), precommit_delete {{(pid=104095) _notify_loop /usr/local/lib/python3.8/dist-packages/neutron_lib/callbacks/manager.py:176}}
Mar 30 08:36:28.485144 dv-neutron-834855-3-hyperv neutron-server[104094]: DEBUG neutron_lib.callbacks.manager [None req-4e3d27e3-b2d3-4088-bf53-a49145bafca3 tempest-NetworksTestDHCPv6-1069212851 tempest-NetworksTestDHCPv6-1069212851-project] Publish callbacks ['neutron.services.segments.plugin.SegmentHostRoutes.host_routes_before_create-25567491'] for subnet (None), before_create {{(pid=104094) _notify_loop /usr/local/lib/python3.8/dist-packages/neutron_lib/callbacks/manager.py:176}}
Mar 30 08:36:28.496784 dv-neutron-834855-3-hyperv neutron-server[104095]: DEBUG neutron.plugins.ml2.plugin [None req-89a0796b-edf8-457a-9646-03436c17ebf7 None None] Calling delete_port for 890e74f9-5367-4b2b-8125-21d8e9865144 owned by network:dhcp {{(pid=104095) delete_port /opt/stack/neutron/neutron/plugins/ml2/plugin.py:2080}}
Mar 30 08:36:28.558276 dv-neutron-834855-3-hyperv neutron-server[104094]: DEBUG neutron.wsgi [-] (104094) accepted ('10.222.0.13', 49192) {{(pid=104094) server /usr/local/lib/python3.8/dist-packages/eventlet/wsgi.py:1004}}
Mar 30 08:36:28.660089 dv-neutron-834855-3-hyperv neutron-server[104095]: DEBUG neutron_lib.callbacks.manager [None req-89a0796b-edf8-457a-9646-03436c17ebf7 None None] Publish callbacks ['neutron.plugins.ml2.plugin.SecurityGroupServerNotifierRpcMixin._notify_sg_on_port_change-820150', 'neutron.plugins.ml2.ovo_rpc._ObjectChangeHandler.handle_event-222915', 'neutron.api.rpc.agentnotifiers.dhcp_rpc_agent_api.DhcpAgentNotifyAPI._native_event_send_dhcp_notification-3693497', 'neutron.db.l3_db.L3RpcNotifierMixin._notify_routers_callback-8753133045517', 'neutron.db.l3_dvrscheduler_db._notify_port_delete-8753132538197'] for port (890e74f9-5367-4b2b-8125-21d8e9865144), after_delete {{(pid=104095) _notify_loop /usr/local/lib/python3.8/dist-packages/neutron_lib/callbacks/manager.py:176}}
Mar 30 08:36:28.682594 dv-neutron-834855-3-hyperv neutron-server[104095]: DEBUG neutron.db.l3_dvrscheduler_db [None req-89a0796b-edf8-457a-9646-03436c17ebf7 None None] No DVR routers for this DVR port 890e74f9-5367-4b2b-8125-21d8e9865144 on host dv-neutron-834855-3-hyperv {{(pid=104095) get_dvr_routers_to_remove /opt/stack/neutron/neutron/db/l3_dvrscheduler_db.py:214}}
Mar 30 08:36:28.721831 dv-neutron-834855-3-hyperv neutron-server[104095]: DEBUG neutron.api.rpc.handlers.resources_rpc [None req-89a0796b-edf8-457a-9646-03436c17ebf7 None None] Pushing event deleted for resources: {'Port': ['ID=890e74f9-5367-4b2b-8125-21d8e9865144,revision_number=None']} {{(pid=104095) push /opt/stack/neutron/neutron/api/rpc/handlers/resources_rpc.py:237}}
Mar 30 08:36:28.777681 dv-neutron-834855-3-hyperv neutron-server[104093]: DEBUG neutron_lib.callbacks.manager [None req-91792559-cda4-468a-9a88-5a1746987801 tempest-ExternalNetworksTestJSON-717385900 tempest-ExternalNetworksTestJSON-717385900-project] Publish callbacks ['neutron.services.auto_allocate.db._ensure_external_network_default_value_callback-8753132510603'] for network (f9573c81-a3ff-4b58-90d4-e95b8ed1ec95), precommit_create {{(pid=104093) _notify_loop /usr/local/lib/python3.8/dist-packages/neutron_lib/callbacks/manager.py:176}}
Mar 30 08:36:28.782834 dv-neutron-834855-3-hyperv neutron-server[104093]: INFO neutron.wsgi [req-cbf305c1-6f71-441e-92a4-9aa14f0c39db req-28473ff2-7ad0-4bc7-925d-c2f7a4277ff0 tempest-ServersTestJSON-1305282938 tempest-ServersTestJSON-1305282938-project] 10.222.0.13 "GET /v2.0/security-groups?id=c8112e85-aafc-46e9-adcb-bd2ae5c914c2&fields=id&fields=name HTTP/1.1" status: 200 len: 313 time: 0.4273996
Mar 30 08:36:28.800177 dv-neutron-834855-3-hyperv neutron-server[104093]: DEBUG neutron.api.rpc.handlers.resources_rpc [None req-e285c490-9338-4123-a8a0-dbeae79b85fd tempest-RoutersIpV6Test-1177406285 tempest-RoutersIpV6Test-1177406285-project] Pushing event updated for resources: {'Network': ['ID=8061445e-eda3-4714-8a27-88f471f96034,revision_number=1']} {{(pid=104093) push /opt/stack/neutron/neutron/api/rpc/handlers/resources_rpc.py:237}}
Mar 30 08:36:28.810197 dv-neutron-834855-3-hyperv neutron-server[104093]: DEBUG neutron.notifiers.nova [req-10a9eb5f-4448-4b66-9a70-44d19b772f57 req-1fbe538a-18cc-4b72-8073-9829f4e46250 service neutron] Ignoring state change previous_port_status: DOWN current_port_status: DOWN port_id 949b3392-973c-4e86-832f-9538ad9853fe {{(pid=104093) record_port_status_changed /opt/stack/neutron/neutron/notifiers/nova.py:233}}
Mar 30 08:36:28.818316 dv-neutron-834855-3-hyperv neutron-server[104095]: DEBUG neutron.plugins.ml2.rpc [None req-c1f3a8d7-8389-4a1e-9a81-ab5b836a2d5f None None] Network 8061445e-eda3-4714-8a27-88f471f96034 details requested by agent ovs-agent-dv-neutron-834855-3-hyperv with host dv-neutron-834855-3-hyperv {{(pid=104095) get_network_details /opt/stack/neutron/neutron/plugins/ml2/rpc.py:248}}
Mar 30 08:36:28.859812 dv-neutron-834855-3-hyperv neutron-server[104093]: DEBUG neutron_lib.callbacks.manager [None req-bc23c0a8-9482-4bbd-992c-4c40d951de28 tempest-ExtraDHCPOptionsIpV6TestJSON-282124228 tempest-ExtraDHCPOptionsIpV6TestJSON-282124228-project] Publish callbacks ['neutron.plugins.ml2.plugin.Ml2Plugin._network_delete_precommit_handler-975769', 'neutron.services.segments.db._delete_segments_for_network-8753133079188'] for network (eb7a283f-ad9c-4d12-8643-7b31c782219a), precommit_delete {{(pid=104093) _notify_loop /usr/local/lib/python3.8/dist-packages/neutron_lib/callbacks/manager.py:176}}
Mar 30 08:36:28.887620 dv-neutron-834855-3-hyperv neutron-server[104093]: DEBUG neutron_lib.callbacks.manager [req-10a9eb5f-4448-4b66-9a70-44d19b772f57 req-1fbe538a-18cc-4b72-8073-9829f4e46250 service neutron] Publish callbacks [] for port (949b3392-973c-4e86-832f-9538ad9853fe), precommit_update {{(pid=104093) _notify_loop /usr/local/lib/python3.8/dist-packages/neutron_lib/callbacks/manager.py:176}}
Mar 30 08:36:28.909956 dv-neutron-834855-3-hyperv neutron-server[104093]: DEBUG neutron.pecan_wsgi.hooks.quota_enforcement [None req-fa4f07f8-b406-41c9-b121-6edc9c1a3e56 tempest-RoutersIpV6Test-1177406285 tempest-RoutersIpV6Test-1177406285-project] Made reservation on behalf of 6818c62f56e3420d9807fc8b3816b4aa for: {'network': 1} {{(pid=104093) before /opt/stack/neutron/neutron/pecan_wsgi/hooks/quota_enforcement.py:53}}
Mar 30 08:36:28.916073 dv-neutron-834855-3-hyperv neutron-server[104093]: DEBUG neutron_lib.callbacks.manager [None req-fa4f07f8-b406-41c9-b121-6edc9c1a3e56 tempest-RoutersIpV6Test-1177406285 tempest-RoutersIpV6Test-1177406285-project] Publish callbacks ['neutron.plugins.ml2.plugin.SecurityGroupDbMixin._ensure_default_security_group_handler-820215'] for network (None), before_create {{(pid=104093) _notify_loop /usr/local/lib/python3.8/dist-packages/neutron_lib/callbacks/manager.py:176}}
Mar 30 08:36:29.041690 dv-neutron-834855-3-hyperv neutron-server[104093]: DEBUG neutron_lib.callbacks.manager [None req-bc23c0a8-9482-4bbd-992c-4c40d951de28 tempest-ExtraDHCPOptionsIpV6TestJSON-282124228 tempest-ExtraDHCPOptionsIpV6TestJSON-282124228-project] Subscribe: > segment before_delete 55550000 {{(pid=104093) subscribe /usr/local/lib/python3.8/dist-packages/neutron_lib/callbacks/manager.py:45}}
Mar 30 08:36:29.042468 dv-neutron-834855-3-hyperv neutron-server[104093]: DEBUG neutron_lib.callbacks.manager [None req-bc23c0a8-9482-4bbd-992c-4c40d951de28 tempest-ExtraDHCPOptionsIpV6TestJSON-282124228 tempest-ExtraDHCPOptionsIpV6TestJSON-282124228-project] Subscribe: > subnet precommit_delete_associations 55550000 {{(pid=104093) subscribe /usr/local/lib/python3.8/dist-packages/neutron_lib/callbacks/manager.py:45}}
Mar 30 08:36:29.042874 dv-neutron-834855-3-hyperv neutron-server[104093]: DEBUG neutron_lib.callbacks.manager [None req-bc23c0a8-9482-4bbd-992c-4c40d951de28 tempest-ExtraDHCPOptionsIpV6TestJSON-282124228 tempest-ExtraDHCPOptionsIpV6TestJSON-282124228-project] Subscribe: > segment_host_mapping after_create 55550000 {{(pid=104093) subscribe /usr/local/lib/python3.8/dist-packages/neutron_lib/callbacks/manager.py:45}}
Mar 30 08:36:29.043585 dv-neutron-834855-3-hyperv neutron-server[104093]: DEBUG neutron_lib.callbacks.manager [None req-bc23c0a8-9482-4bbd-992c-4c40d951de28 tempest-ExtraDHCPOptionsIpV6TestJSON-282124228 tempest-ExtraDHCPOptionsIpV6TestJSON-282124228-project] Subscribe: > port after_create 55550000 {{(pid=104093) subscribe /usr/local/lib/python3.8/dist-packages/neutron_lib/callbacks/manager.py:45}}
Mar 30 08:36:29.043585 dv-neutron-834855-3-hyperv neutron-server[104093]: DEBUG neutron_lib.callbacks.manager [None req-bc23c0a8-9482-4bbd-992c-4c40d951de28 tempest-ExtraDHCPOptionsIpV6TestJSON-282124228 tempest-ExtraDHCPOptionsIpV6TestJSON-282124228-project] Subscribe: > port after_delete 55550000 {{(pid=104093) subscribe /usr/local/lib/python3.8/dist-packages/neutron_lib/callbacks/manager.py:45}}
Mar 30 08:36:29.043829 dv-neutron-834855-3-hyperv neutron-server[104093]: DEBUG neutron_lib.callbacks.manager [None req-bc23c0a8-9482-4bbd-992c-4c40d951de28 tempest-ExtraDHCPOptionsIpV6TestJSON-282124228 tempest-ExtraDHCPOptionsIpV6TestJSON-282124228-project] Subscribe: > port after_update 55550000 {{(pid=104093) subscribe /usr/local/lib/python3.8/dist-packages/neutron_lib/callbacks/manager.py:45}}
Mar 30 08:36:29.044264 dv-neutron-834855-3-hyperv neutron-server[104093]: DEBUG neutron_lib.callbacks.manager [None req-bc23c0a8-9482-4bbd-992c-4c40d951de28 tempest-ExtraDHCPOptionsIpV6TestJSON-282124228 tempest-ExtraDHCPOptionsIpV6TestJSON-282124228-project] Subscribe: > segment after_delete 55550000 {{(pid=104093) subscribe /usr/local/lib/python3.8/dist-packages/neutron_lib/callbacks/manager.py:45}}
Mar 30 08:36:29.044488 dv-neutron-834855-3-hyperv neutron-server[104093]: DEBUG neutron_lib.callbacks.manager [None req-bc23c0a8-9482-4bbd-992c-4c40d951de28 tempest-ExtraDHCPOptionsIpV6TestJSON-282124228 tempest-ExtraDHCPOptionsIpV6TestJSON-282124228-project] Subscribe: > subnet after_create 55550000 {{(pid=104093) subscribe /usr/local/lib/python3.8/dist-packages/neutron_lib/callbacks/manager.py:45}}
Mar 30 08:36:29.045538 dv-neutron-834855-3-hyperv neutron-server[104093]: DEBUG neutron_lib.callbacks.manager [None req-bc23c0a8-9482-4bbd-992c-4c40d951de28 tempest-ExtraDHCPOptionsIpV6TestJSON-282124228 tempest-ExtraDHCPOptionsIpV6TestJSON-282124228-project] Subscribe: > subnet after_delete 55550000 {{(pid=104093) subscribe /usr/local/lib/python3.8/dist-packages/neutron_lib/callbacks/manager.py:45}}
Mar 30 08:36:29.045538 dv-neutron-834855-3-hyperv neutron-server[104093]: DEBUG neutron_lib.callbacks.manager [None req-bc23c0a8-9482-4bbd-992c-4c40d951de28 tempest-ExtraDHCPOptionsIpV6TestJSON-282124228 tempest-ExtraDHCPOptionsIpV6TestJSON-282124228-project] Subscribe: > subnet after_update 55550000 {{(pid=104093) subscribe /usr/local/lib/python3.8/dist-packages/neutron_lib/callbacks/manager.py:45}}
Mar 30 08:36:29.084632 dv-neutron-834855-3-hyperv neutron-server[104094]: DEBUG neutron.api.v2.base [None req-f962aa42-d9a3-4f93-84ed-05caf00e6c01 tempest-RoutersIpV6AdminTest-654472707 tempest-RoutersIpV6AdminTest-654472707-project] Request body: {'router': {'name': 'tempest-RoutersIpV6AdminTest-router-1795762304', 'external_gateway_info': {'network_id': '80ed6f60-0097-4e88-b9ca-0dc77d061190'}, 'admin_state_up': False}} {{(pid=104094) prepare_request_body /opt/stack/neutron/neutron/api/v2/base.py:729}}
Mar 30 08:36:29.143332 dv-neutron-834855-3-hyperv neutron-server[104094]: DEBUG neutron_lib.callbacks.manager [None req-f962aa42-d9a3-4f93-84ed-05caf00e6c01 tempest-RoutersIpV6AdminTest-654472707 tempest-RoutersIpV6AdminTest-654472707-project] Publish callbacks ['neutron.services.l3_router.l3_router_plugin.L3_HA_NAT_db_mixin._before_router_create_handler-3752106', 'neutron.services.l3_router.service_providers.driver_controller.DriverController._check_router_request-2982'] for router (8983b135-e5f5-4a0f-a29d-53b1d1d524da), before_create {{(pid=104094) _notify_loop /usr/local/lib/python3.8/dist-packages/neutron_lib/callbacks/manager.py:176}}
Mar 30 08:36:29.145722 dv-neutron-834855-3-hyperv neutron-server[104094]: DEBUG neutron_lib.callbacks.manager [None req-f962aa42-d9a3-4f93-84ed-05caf00e6c01 tempest-RoutersIpV6AdminTest-654472707 tempest-RoutersIpV6AdminTest-654472707-project] Publish callbacks ['neutron.services.l3_router.l3_router_plugin.L3_HA_NAT_db_mixin._precommit_router_create-3751998', 'neutron.services.l3_router.l3_router_plugin.DVRResourceOperationHandler._set_distributed_flag-3752784', 'neutron.services.l3_router.l3_router_plugin.RouterAvailabilityZoneMixin._process_az_request-3860070', 'neutron.services.l3_router.service_providers.driver_controller.DriverController._set_router_provider-2991'] for router (8983b135-e5f5-4a0f-a29d-53b1d1d524da), precommit_create {{(pid=104094) _notify_loop /usr/local/lib/python3.8/dist-packages/neutron_lib/callbacks/manager.py:176}}
Mar 30 08:36:29.213575 dv-neutron-834855-3-hyperv neutron-server[104094]: DEBUG neutron_lib.callbacks.manager [None req-f962aa42-d9a3-4f93-84ed-05caf00e6c01 tempest-RoutersIpV6AdminTest-654472707 tempest-RoutersIpV6AdminTest-654472707-project] Publish callbacks [] for router_controller (8983b135-e5f5-4a0f-a29d-53b1d1d524da), precommit_add_association {{(pid=104094) _notify_loop /usr/local/lib/python3.8/dist-packages/neutron_lib/callbacks/manager.py:176}}
Mar 30 08:36:29.216819 dv-neutron-834855-3-hyperv neutron-server[104095]: DEBUG neutron.plugins.ml2.rpc [None req-c1f3a8d7-8389-4a1e-9a81-ab5b836a2d5f None None] Device 890e74f9-5367-4b2b-8125-21d8e9865144 no longer exists at agent ovs-agent-dv-neutron-834855-3-hyperv {{(pid=104095) update_device_down /opt/stack/neutron/neutron/plugins/ml2/rpc.py:259}}
Mar 30 08:36:29.264954 dv-neutron-834855-3-hyperv neutron-server[104095]: DEBUG neutron.plugins.ml2.plugin [None req-c1f3a8d7-8389-4a1e-9a81-ab5b836a2d5f None None] No Port match for: 890e74f9-5367-4b2b-8125-21d8e9865144 {{(pid=104095) port_bound_to_host /opt/stack/neutron/neutron/plugins/ml2/plugin.py:2340}}
Mar 30 08:36:29.265412 dv-neutron-834855-3-hyperv neutron-server[104095]: DEBUG neutron.plugins.ml2.rpc [None req-c1f3a8d7-8389-4a1e-9a81-ab5b836a2d5f None None] Device 890e74f9-5367-4b2b-8125-21d8e9865144 not bound to the agent host dv-neutron-834855-3-hyperv {{(pid=104095) update_device_down /opt/stack/neutron/neutron/plugins/ml2/rpc.py:269}}
Mar 30 08:36:29.305445 dv-neutron-834855-3-hyperv neutron-server[104093]: DEBUG neutron_lib.callbacks.manager [None req-bc23c0a8-9482-4bbd-992c-4c40d951de28 tempest-ExtraDHCPOptionsIpV6TestJSON-282124228 tempest-ExtraDHCPOptionsIpV6TestJSON-282124228-project] Subscribe: > subnet after_create 55550000 {{(pid=104093) subscribe /usr/local/lib/python3.8/dist-packages/neutron_lib/callbacks/manager.py:45}}
Mar 30 08:36:29.306066 dv-neutron-834855-3-hyperv neutron-server[104093]: DEBUG neutron_lib.callbacks.manager [None req-bc23c0a8-9482-4bbd-992c-4c40d951de28 tempest-ExtraDHCPOptionsIpV6TestJSON-282124228 tempest-ExtraDHCPOptionsIpV6TestJSON-282124228-project] Subscribe: > subnet after_delete 55550000 {{(pid=104093) subscribe /usr/local/lib/python3.8/dist-packages/neutron_lib/callbacks/manager.py:45}}
Mar 30 08:36:29.306566 dv-neutron-834855-3-hyperv neutron-server[104093]: DEBUG neutron_lib.callbacks.manager [None req-bc23c0a8-9482-4bbd-992c-4c40d951de28 tempest-ExtraDHCPOptionsIpV6TestJSON-282124228 tempest-ExtraDHCPOptionsIpV6TestJSON-282124228-project] Subscribe: > subnet before_create 55550000 {{(pid=104093) subscribe /usr/local/lib/python3.8/dist-packages/neutron_lib/callbacks/manager.py:45}}
Mar 30 08:36:29.307070 dv-neutron-834855-3-hyperv neutron-server[104093]: DEBUG neutron_lib.callbacks.manager [None req-bc23c0a8-9482-4bbd-992c-4c40d951de28 tempest-ExtraDHCPOptionsIpV6TestJSON-282124228 tempest-ExtraDHCPOptionsIpV6TestJSON-282124228-project] Subscribe: > subnet before_update 55550000 {{(pid=104093) subscribe /usr/local/lib/python3.8/dist-packages/neutron_lib/callbacks/manager.py:45}}
Mar 30 08:36:29.307593 dv-neutron-834855-3-hyperv neutron-server[104093]: DEBUG neutron.services.segments.db [None req-bc23c0a8-9482-4bbd-992c-4c40d951de28 tempest-ExtraDHCPOptionsIpV6TestJSON-282124228 tempest-ExtraDHCPOptionsIpV6TestJSON-282124228-project] neutron.services.segments.plugin.Plugin method get_segments called with arguments (,) {'filters': {'network_id': ['eb7a283f-ad9c-4d12-8643-7b31c782219a']}} {{(pid=104093) wrapper /usr/local/lib/python3.8/dist-packages/oslo_log/helpers.py:65}}
Mar 30 08:36:29.315435 dv-neutron-834855-3-hyperv neutron-server[104093]: DEBUG neutron_lib.callbacks.manager [None req-91792559-cda4-468a-9a88-5a1746987801 tempest-ExternalNetworksTestJSON-717385900 tempest-ExternalNetworksTestJSON-717385900-project] Publish callbacks ['neutron.plugins.ml2.ovo_rpc._ObjectChangeHandler.handle_event-3717510', 'neutron.api.rpc.agentnotifiers.dhcp_rpc_agent_api.DhcpAgentNotifyAPI._native_event_send_dhcp_notification-3693497'] for network (f9573c81-a3ff-4b58-90d4-e95b8ed1ec95), after_create {{(pid=104093) _notify_loop /usr/local/lib/python3.8/dist-packages/neutron_lib/callbacks/manager.py:176}}
Mar 30 08:36:29.323658 dv-neutron-834855-3-hyperv neutron-server[104093]: DEBUG neutron.pecan_wsgi.hooks.policy_enforcement [None req-91792559-cda4-468a-9a88-5a1746987801 tempest-ExternalNetworksTestJSON-717385900 tempest-ExternalNetworksTestJSON-717385900-project] Attributes excluded by policy engine: ['standard_attr_id', 'provider:network_type', 'provider:physical_network', 'provider:segmentation_id', 'vlan_transparent'] {{(pid=104093) _exclude_attributes_by_policy /opt/stack/neutron/neutron/pecan_wsgi/hooks/policy_enforcement.py:255}}
Mar 30 08:36:29.324561 dv-neutron-834855-3-hyperv neutron-server[104093]: DEBUG neutron_lib.callbacks.manager [None req-91792559-cda4-468a-9a88-5a1746987801 tempest-ExternalNetworksTestJSON-717385900 tempest-ExternalNetworksTestJSON-717385900-project] Publish callbacks ['neutron.api.rpc.agentnotifiers.dhcp_rpc_agent_api.DhcpAgentNotifyAPI._send_dhcp_notification-3693463'] for network (None), before_response {{(pid=104093) _notify_loop /usr/local/lib/python3.8/dist-packages/neutron_lib/callbacks/manager.py:176}}
Mar 30 08:36:29.339035 dv-neutron-834855-3-hyperv neutron-server[104093]: DEBUG neutron.db.provisioning_blocks [req-10a9eb5f-4448-4b66-9a70-44d19b772f57 req-1fbe538a-18cc-4b72-8073-9829f4e46250 service neutron] Transition to ACTIVE for port object 949b3392-973c-4e86-832f-9538ad9853fe will not be triggered until provisioned by entity L2. {{(pid=104093) add_provisioning_component /opt/stack/neutron/neutron/db/provisioning_blocks.py:74}}
Mar 30 08:36:29.345766 dv-neutron-834855-3-hyperv neutron-server[104093]: DEBUG neutron.plugins.ml2.drivers.helpers [None req-fa4f07f8-b406-41c9-b121-6edc9c1a3e56 tempest-RoutersIpV6Test-1177406285 tempest-RoutersIpV6Test-1177406285-project] vlan segment allocate from pool success with {'physical_network': 'physnet1', 'vlan_id': 119} {{(pid=104093) allocate_partially_specified_segment /opt/stack/neutron/neutron/plugins/ml2/drivers/helpers.py:153}}
Mar 30 08:36:29.348593 dv-neutron-834855-3-hyperv neutron-server[104094]: DEBUG neutron_lib.callbacks.manager [None req-4e3d27e3-b2d3-4088-bf53-a49145bafca3 tempest-NetworksTestDHCPv6-1069212851 tempest-NetworksTestDHCPv6-1069212851-project] Publish callbacks ['neutron.plugins.ml2.ovo_rpc._ObjectChangeHandler.handle_event-3714852', 'neutron.api.rpc.agentnotifiers.dhcp_rpc_agent_api.DhcpAgentNotifyAPI._native_event_send_dhcp_notification-3693497', 'neutron.services.segments.plugin.NovaSegmentNotifier._notify_subnet_created-25781420', 'neutron.services.segments.plugin.SegmentHostRoutes.host_routes_after_create-25567541'] for subnet (81e7e118-1571-40a9-b9fb-5cc4968ef79c), after_create {{(pid=104094) _notify_loop /usr/local/lib/python3.8/dist-packages/neutron_lib/callbacks/manager.py:176}}
Mar 30 08:36:29.356853 dv-neutron-834855-3-hyperv neutron-server[104093]: DEBUG neutron.services.segments.db [None req-bc23c0a8-9482-4bbd-992c-4c40d951de28 tempest-ExtraDHCPOptionsIpV6TestJSON-282124228 tempest-ExtraDHCPOptionsIpV6TestJSON-282124228-project] neutron.services.segments.plugin.Plugin method delete_segment called with arguments (, '0ca594f3-1809-4da5-92f3-51ed5aae64a8') {'for_net_delete': True} {{(pid=104093) wrapper /usr/local/lib/python3.8/dist-packages/oslo_log/helpers.py:65}}
Mar 30 08:36:29.357495 dv-neutron-834855-3-hyperv neutron-server[104093]: DEBUG neutron.services.segments.db [None req-bc23c0a8-9482-4bbd-992c-4c40d951de28 tempest-ExtraDHCPOptionsIpV6TestJSON-282124228 tempest-ExtraDHCPOptionsIpV6TestJSON-282124228-project] neutron.services.segments.plugin.Plugin method get_segment called with arguments (, '0ca594f3-1809-4da5-92f3-51ed5aae64a8') {} {{(pid=104093) wrapper /usr/local/lib/python3.8/dist-packages/oslo_log/helpers.py:65}}
Mar 30 08:36:29.367566 dv-neutron-834855-3-hyperv neutron-server[104093]: DEBUG neutron_lib.callbacks.manager [req-10a9eb5f-4448-4b66-9a70-44d19b772f57 req-1fbe538a-18cc-4b72-8073-9829f4e46250 service neutron] Publish callbacks ['neutron.plugins.ml2.plugin.SecurityGroupServerNotifierRpcMixin._notify_sg_on_port_change-820150', 'neutron.plugins.ml2.ovo_rpc._ObjectChangeHandler.handle_event-222915', 'neutron.api.rpc.agentnotifiers.dhcp_rpc_agent_api.DhcpAgentNotifyAPI._native_event_send_dhcp_notification-3693497', 'neutron.db.l3_db.L3RpcNotifierMixin._notify_gateway_port_ip_changed-8753133045535', 'neutron.db.l3_dvrscheduler_db._notify_l3_agent_port_update-8753132538206', 'neutron.db.l3_hascheduler_db._notify_l3_agent_ha_port_update-8753132538224', 'neutron.services.segments.plugin.NovaSegmentNotifier._notify_port_updated-25777411'] for port (949b3392-973c-4e86-832f-9538ad9853fe), after_update {{(pid=104093) _notify_loop /usr/local/lib/python3.8/dist-packages/neutron_lib/callbacks/manager.py:176}}
Mar 30 08:36:29.464794 dv-neutron-834855-3-hyperv neutron-server[104093]: DEBUG neutron.api.rpc.handlers.resources_rpc [None req-1fbe538a-18cc-4b72-8073-9829f4e46250 service neutron] Pushing event updated for resources: {'Port': ['ID=949b3392-973c-4e86-832f-9538ad9853fe,revision_number=2']} {{(pid=104093) push /opt/stack/neutron/neutron/api/rpc/handlers/resources_rpc.py:237}}
Mar 30 08:36:29.472855 dv-neutron-834855-3-hyperv neutron-server[104093]: DEBUG neutron_lib.callbacks.manager [None req-bc23c0a8-9482-4bbd-992c-4c40d951de28 tempest-ExtraDHCPOptionsIpV6TestJSON-282124228 tempest-ExtraDHCPOptionsIpV6TestJSON-282124228-project] Publish callbacks ['neutron.plugins.ml2.db._prevent_segment_delete_with_port_bound-8753133099421', 'neutron.services.segments.plugin.Plugin._prevent_segment_delete_with_subnet_associated-28858827'] for segment (0ca594f3-1809-4da5-92f3-51ed5aae64a8), before_delete {{(pid=104093) _notify_loop /usr/local/lib/python3.8/dist-packages/neutron_lib/callbacks/manager.py:176}}
Mar 30 08:36:29.484773 dv-neutron-834855-3-hyperv neutron-server[104094]: DEBUG neutron.api.rpc.handlers.resources_rpc [None req-4e3d27e3-b2d3-4088-bf53-a49145bafca3 tempest-NetworksTestDHCPv6-1069212851 tempest-NetworksTestDHCPv6-1069212851-project] Pushing event updated for resources: {'Subnet': ['ID=81e7e118-1571-40a9-b9fb-5cc4968ef79c,revision_number=0']} {{(pid=104094) push /opt/stack/neutron/neutron/api/rpc/handlers/resources_rpc.py:237}}
Mar 30 08:36:29.488943 dv-neutron-834855-3-hyperv neutron-server[104094]: INFO neutron.wsgi [req-d091368b-9545-4107-864c-6ad0eec7dd2b req-6529779a-f019-446e-b3c5-d2b4a113ac7c tempest-ServerActionsTestJSON-1216458051 tempest-ServerActionsTestJSON-1216458051-project] 10.222.0.13 "GET /v2.0/ports?device_id=37f1f500-2fbd-49ac-9e14-f54f112fc9a4 HTTP/1.1" status: 200 len: 210 time: 0.2698808
Mar 30 08:36:29.497656 dv-neutron-834855-3-hyperv neutron-server[104094]: DEBUG neutron.scheduler.dhcp_agent_scheduler [None req-4e3d27e3-b2d3-4088-bf53-a49145bafca3 tempest-NetworksTestDHCPv6-1069212851 tempest-NetworksTestDHCPv6-1069212851-project] Network 76d680ab-73b9-4054-83c3-3ee74b766168 is already hosted by enough agents. {{(pid=104094) _get_dhcp_agents_hosting_network /opt/stack/neutron/neutron/scheduler/dhcp_agent_scheduler.py:275}}
Mar 30 08:36:29.502575 dv-neutron-834855-3-hyperv neutron-server[104093]: DEBUG neutron_lib.callbacks.manager [None req-fa4f07f8-b406-41c9-b121-6edc9c1a3e56 tempest-RoutersIpV6Test-1177406285 tempest-RoutersIpV6Test-1177406285-project] Publish callbacks ['neutron.plugins.ml2.plugin.Ml2Plugin._handle_segment_change-973829'] for segment (34ee643e-b6fd-44a7-b11f-6fb3a719f020), precommit_create {{(pid=104093) _notify_loop /usr/local/lib/python3.8/dist-packages/neutron_lib/callbacks/manager.py:176}}
Mar 30 08:36:29.502929 dv-neutron-834855-3-hyperv neutron-server[104093]: INFO neutron.db.segments_db [None req-fa4f07f8-b406-41c9-b121-6edc9c1a3e56 tempest-RoutersIpV6Test-1177406285 tempest-RoutersIpV6Test-1177406285-project] Added segment 34ee643e-b6fd-44a7-b11f-6fb3a719f020 of type vlan for network 817f8667-c65a-41ce-bd61-7c42367d00d4
Mar 30 08:36:29.507422 dv-neutron-834855-3-hyperv neutron-server[104093]: INFO neutron.wsgi [None req-91792559-cda4-468a-9a88-5a1746987801 tempest-ExternalNetworksTestJSON-717385900 tempest-ExternalNetworksTestJSON-717385900-project] 10.222.0.13 "POST /v2.0/networks HTTP/1.1" status: 201 len: 792 time: 4.2709761
Mar 30 08:36:29.508405 dv-neutron-834855-3-hyperv neutron-server[104094]: DEBUG neutron.scheduler.base_scheduler [None req-4e3d27e3-b2d3-4088-bf53-a49145bafca3 tempest-NetworksTestDHCPv6-1069212851 tempest-NetworksTestDHCPv6-1069212851-project] Resources bound (agent type, host, resource id): {{(pid=104094) schedule /opt/stack/neutron/neutron/scheduler/base_scheduler.py:57}}
Mar 30 08:36:29.511058 dv-neutron-834855-3-hyperv neutron-server[104094]: DEBUG neutron.wsgi [-] (104094) accepted ('10.222.0.13', 49202) {{(pid=104094) server /usr/local/lib/python3.8/dist-packages/eventlet/wsgi.py:1004}}
Mar 30 08:36:29.513676 dv-neutron-834855-3-hyperv neutron-server[104094]: DEBUG neutron.pecan_wsgi.hooks.policy_enforcement [None req-4e3d27e3-b2d3-4088-bf53-a49145bafca3 tempest-NetworksTestDHCPv6-1069212851 tempest-NetworksTestDHCPv6-1069212851-project] Attributes excluded by policy engine: ['standard_attr_id', 'shared', 'segment_id', 'network'] {{(pid=104094) _exclude_attributes_by_policy /opt/stack/neutron/neutron/pecan_wsgi/hooks/policy_enforcement.py:255}}
Mar 30 08:36:29.514267 dv-neutron-834855-3-hyperv neutron-server[104094]: DEBUG neutron_lib.callbacks.manager [None req-4e3d27e3-b2d3-4088-bf53-a49145bafca3 tempest-NetworksTestDHCPv6-1069212851 tempest-NetworksTestDHCPv6-1069212851-project] Publish callbacks ['neutron.api.rpc.agentnotifiers.dhcp_rpc_agent_api.DhcpAgentNotifyAPI._send_dhcp_notification-3693463'] for subnet (None), before_response {{(pid=104094) _notify_loop /usr/local/lib/python3.8/dist-packages/neutron_lib/callbacks/manager.py:176}}
Mar 30 08:36:29.521392 dv-neutron-834855-3-hyperv neutron-server[104095]: DEBUG neutron.api.rpc.handlers.dhcp_rpc [None req-b474190b-7cfa-49a3-8007-d29ba604913e None None] Network 76d680ab-73b9-4054-83c3-3ee74b766168 requested from dv-neutron-834855-3-hyperv {{(pid=104095) get_network_info /opt/stack/neutron/neutron/api/rpc/handlers/dhcp_rpc.py:191}}
Mar 30 08:36:29.630151 dv-neutron-834855-3-hyperv neutron-server[104094]: DEBUG neutron.wsgi [-] (104094) accepted ('10.222.0.26', 54767) {{(pid=104094) server /usr/local/lib/python3.8/dist-packages/eventlet/wsgi.py:1004}}
Mar 30 08:36:29.644294 dv-neutron-834855-3-hyperv neutron-server[104094]: INFO neutron.wsgi [None req-4e3d27e3-b2d3-4088-bf53-a49145bafca3 tempest-NetworksTestDHCPv6-1069212851 tempest-NetworksTestDHCPv6-1069212851-project] 10.222.0.13 "POST /v2.0/subnets HTTP/1.1" status: 201 len: 834 time: 1.6143539
Mar 30 08:36:29.648427 dv-neutron-834855-3-hyperv neutron-server[104094]: DEBUG neutron.wsgi [-] (104094) accepted ('10.222.0.13', 49206) {{(pid=104094) server /usr/local/lib/python3.8/dist-packages/eventlet/wsgi.py:1004}}
Mar 30 08:36:29.650868 dv-neutron-834855-3-hyperv neutron-server[104093]: DEBUG neutron.api.rpc.handlers.resources_rpc [None req-91792559-cda4-468a-9a88-5a1746987801 tempest-ExternalNetworksTestJSON-717385900 tempest-ExternalNetworksTestJSON-717385900-project] Pushing event updated for resources: {'Network': ['ID=f9573c81-a3ff-4b58-90d4-e95b8ed1ec95,revision_number=1']} {{(pid=104093) push /opt/stack/neutron/neutron/api/rpc/handlers/resources_rpc.py:237}}
Mar 30 08:36:29.653252 dv-neutron-834855-3-hyperv neutron-server[104093]: DEBUG neutron_lib.callbacks.manager [None req-bc23c0a8-9482-4bbd-992c-4c40d951de28 tempest-ExtraDHCPOptionsIpV6TestJSON-282124228 tempest-ExtraDHCPOptionsIpV6TestJSON-282124228-project] Publish callbacks ['neutron.plugins.ml2.plugin.Ml2Plugin._handle_segment_change-973829'] for segment (0ca594f3-1809-4da5-92f3-51ed5aae64a8), precommit_delete {{(pid=104093) _notify_loop /usr/local/lib/python3.8/dist-packages/neutron_lib/callbacks/manager.py:176}}
Mar 30 08:36:29.654742 dv-neutron-834855-3-hyperv neutron-server[104094]: DEBUG neutron.api.v2.base [None req-15578a61-af67-44eb-9456-d166b929c8c5 tempest-NetworksTestDHCPv6-1069212851 tempest-NetworksTestDHCPv6-1069212851-project] Request body: {'port': {'network_id': '76d680ab-73b9-4054-83c3-3ee74b766168', 'name': 'tempest-NetworksTestDHCPv6-204132756'}} {{(pid=104094) prepare_request_body /opt/stack/neutron/neutron/api/v2/base.py:729}}
Mar 30 08:36:29.667622 dv-neutron-834855-3-hyperv neutron-server[104095]: DEBUG neutron.api.rpc.handlers.dhcp_rpc [None req-0e3870c5-f561-4b85-9fb4-579f7afceebb None None] Create dhcp port {'port': {'name': '', 'admin_state_up': True, 'device_id': 'dhcpdf195794-3e11-5e2e-a57a-7e1fea6261ae-76d680ab-73b9-4054-83c3-3ee74b766168', 'network_id': '76d680ab-73b9-4054-83c3-3ee74b766168', 'project_id': '1577cb51271c4c6b90f96a8128bc6747', 'fixed_ips': [{'subnet_id': '81e7e118-1571-40a9-b9fb-5cc4968ef79c'}]}} from dv-neutron-834855-3-hyperv. {{(pid=104095) create_dhcp_port /opt/stack/neutron/neutron/api/rpc/handlers/dhcp_rpc.py:268}}
Mar 30 08:36:29.682201 dv-neutron-834855-3-hyperv neutron-server[104095]: DEBUG neutron_lib.callbacks.manager [None req-0e3870c5-f561-4b85-9fb4-579f7afceebb None None] Publish callbacks ['neutron.plugins.ml2.plugin.SecurityGroupDbMixin._ensure_default_security_group_handler-820215'] for port (None), before_create {{(pid=104095) _notify_loop /usr/local/lib/python3.8/dist-packages/neutron_lib/callbacks/manager.py:176}}
Mar 30 08:36:29.739351 dv-neutron-834855-3-hyperv neutron-server[104093]: INFO neutron.wsgi [req-096b60e3-2bc6-4422-9982-1b8594d8981a req-d5921c94-f121-462c-a413-84507e15c5f4 tempest-ServersTestManualDisk-546224243 tempest-ServersTestManualDisk-546224243-project] 10.222.0.13 "GET /v2.0/ports?device_id=55fafc79-83f0-468e-9af1-0282da4ecf5a HTTP/1.1" status: 200 len: 210 time: 0.2707987
Mar 30 08:36:29.746654 dv-neutron-834855-3-hyperv neutron-server[104095]: DEBUG neutron_lib.callbacks.manager [None req-794348e8-7979-464d-9fd8-73dc66bd0947 None None] Publish callbacks ['neutron.services.segments.db._update_segment_host_mapping_for_agent-8753133079170', 'neutron.plugins.ml2.plugin.Ml2Plugin._retry_binding_revived_agents-847322'] for agent (36c41ba6-2602-44f9-8243-2957e3f09f2e), after_update {{(pid=104095) _notify_loop /usr/local/lib/python3.8/dist-packages/neutron_lib/callbacks/manager.py:176}}
Mar 30 08:36:29.761679 dv-neutron-834855-3-hyperv neutron-server[104093]: DEBUG neutron.plugins.ml2.drivers.type_vlan [None req-bc23c0a8-9482-4bbd-992c-4c40d951de28 tempest-ExtraDHCPOptionsIpV6TestJSON-282124228 tempest-ExtraDHCPOptionsIpV6TestJSON-282124228-project] Releasing vlan 148 on physical network physnet1 to pool {{(pid=104093) release_segment /opt/stack/neutron/neutron/plugins/ml2/drivers/type_vlan.py:304}}
Mar 30 08:36:29.762067 dv-neutron-834855-3-hyperv neutron-server[104093]: DEBUG neutron_lib.callbacks.manager [None req-bc23c0a8-9482-4bbd-992c-4c40d951de28 tempest-ExtraDHCPOptionsIpV6TestJSON-282124228 tempest-ExtraDHCPOptionsIpV6TestJSON-282124228-project] Publish callbacks ['neutron.plugins.ml2.plugin.Ml2Plugin._handle_segment_change-973829', 'neutron.services.segments.plugin.NovaSegmentNotifier._notify_segment_deleted-25777639'] for segment (0ca594f3-1809-4da5-92f3-51ed5aae64a8), after_delete {{(pid=104093) _notify_loop /usr/local/lib/python3.8/dist-packages/neutron_lib/callbacks/manager.py:176}}
Mar 30 08:36:29.789659 dv-neutron-834855-3-hyperv neutron-server[104093]: /usr/lib/python3/dist-packages/secretstorage/dhcrypto.py:15: CryptographyDeprecationWarning: int_from_bytes is deprecated, use int.from_bytes instead
Mar 30 08:36:29.789659 dv-neutron-834855-3-hyperv neutron-server[104093]: from cryptography.utils import int_from_bytes
Mar 30 08:36:29.789659 dv-neutron-834855-3-hyperv neutron-server[104093]: /usr/lib/python3/dist-packages/secretstorage/util.py:19: CryptographyDeprecationWarning: int_from_bytes is deprecated, use int.from_bytes instead
Mar 30 08:36:29.789659 dv-neutron-834855-3-hyperv neutron-server[104093]: from cryptography.utils import int_from_bytes
Mar 30 08:36:29.789659 dv-neutron-834855-3-hyperv neutron-server[104093]: /opt/stack/neutron/neutron/extensions/quotasv2.py:141: UserWarning: Neutron quota engine will require "--force" parameter to set a quota limit without checking the resource usage.
Mar 30 08:36:29.789659 dv-neutron-834855-3-hyperv neutron-server[104093]: warnings.warn('Neutron quota engine will require "--force" '
Mar 30 08:36:29.789659 dv-neutron-834855-3-hyperv neutron-server[104093]: Traceback (most recent call last):
Mar 30 08:36:29.789659 dv-neutron-834855-3-hyperv neutron-server[104093]: File "/usr/local/lib/python3.8/dist-packages/eventlet/hubs/hub.py", line 476, in fire_timers
Mar 30 08:36:29.789659 dv-neutron-834855-3-hyperv neutron-server[104093]: timer()
Mar 30 08:36:29.789659 dv-neutron-834855-3-hyperv neutron-server[104093]: File "/usr/local/lib/python3.8/dist-packages/eventlet/hubs/timer.py", line 59, in __call__
Mar 30 08:36:29.789659 dv-neutron-834855-3-hyperv neutron-server[104093]: cb(*args, **kw)
Mar 30 08:36:29.789659 dv-neutron-834855-3-hyperv neutron-server[104093]: File "/opt/stack/neutron/neutron/common/utils.py", line 921, in wrapper
Mar 30 08:36:29.789659 dv-neutron-834855-3-hyperv neutron-server[104093]: return func(*args, **kwargs)
Mar 30 08:36:29.789659 dv-neutron-834855-3-hyperv neutron-server[104093]: File "/opt/stack/neutron/neutron/notifiers/batch_notifier.py", line 58, in synced_send
Mar 30 08:36:29.789659 dv-neutron-834855-3-hyperv neutron-server[104093]: self._notify()
Mar 30 08:36:29.789659 dv-neutron-834855-3-hyperv neutron-server[104093]: File "/opt/stack/neutron/neutron/notifiers/batch_notifier.py", line 69, in _notify
Mar 30 08:36:29.789659 dv-neutron-834855-3-hyperv neutron-server[104093]: self.callback(batched_events)
Mar 30 08:36:29.789659 dv-neutron-834855-3-hyperv neutron-server[104093]: File "/opt/stack/neutron/neutron/services/segments/plugin.py", line 211, in _send_notifications
Mar 30 08:36:29.789659 dv-neutron-834855-3-hyperv neutron-server[104093]: event.method(event)
Mar 30 08:36:29.789659 dv-neutron-834855-3-hyperv neutron-server[104093]: File "/opt/stack/neutron/neutron/services/segments/plugin.py", line 383, in _delete_nova_inventory
Mar 30 08:36:29.789659 dv-neutron-834855-3-hyperv neutron-server[104093]: aggregate_id = self._get_aggregate_id(event.segment_id)
Mar 30 08:36:29.789659 dv-neutron-834855-3-hyperv neutron-server[104093]: File "/opt/stack/neutron/neutron/services/segments/plugin.py", line 370, in _get_aggregate_id
Mar 30 08:36:29.789659 dv-neutron-834855-3-hyperv neutron-server[104093]: aggregate_uuid = self.p_client.list_aggregates(
Mar 30 08:36:29.789659 dv-neutron-834855-3-hyperv neutron-server[104093]: File "/usr/local/lib/python3.8/dist-packages/neutron_lib/placement/client.py", line 58, in wrapper
Mar 30 08:36:29.789659 dv-neutron-834855-3-hyperv neutron-server[104093]: return f(self, *a, **k)
Mar 30 08:36:29.789659 dv-neutron-834855-3-hyperv neutron-server[104093]: File "/usr/local/lib/python3.8/dist-packages/neutron_lib/placement/client.py", line 554, in list_aggregates
Mar 30 08:36:29.789659 dv-neutron-834855-3-hyperv neutron-server[104093]: return self._get(url).json()
Mar 30 08:36:29.789659 dv-neutron-834855-3-hyperv neutron-server[104093]: File "/usr/local/lib/python3.8/dist-packages/neutron_lib/placement/client.py", line 190, in _get
Mar 30 08:36:29.789659 dv-neutron-834855-3-hyperv neutron-server[104093]: return self._client.get(url, endpoint_filter=self._ks_filter,
Mar 30 08:36:29.789659 dv-neutron-834855-3-hyperv neutron-server[104093]: File "/usr/local/lib/python3.8/dist-packages/keystoneauth1/session.py", line 1141, in get
Mar 30 08:36:29.789659 dv-neutron-834855-3-hyperv neutron-server[104093]: return self.request(url, 'GET', **kwargs)
Mar 30 08:36:29.789659 dv-neutron-834855-3-hyperv neutron-server[104093]: File "/usr/local/lib/python3.8/dist-packages/keystoneauth1/session.py", line 811, in request
Mar 30 08:36:29.789659 dv-neutron-834855-3-hyperv neutron-server[104093]: base_url = self.get_endpoint(auth, allow=allow,
Mar 30 08:36:29.789659 dv-neutron-834855-3-hyperv neutron-server[104093]: File "/usr/local/lib/python3.8/dist-packages/keystoneauth1/session.py", line 1241, in get_endpoint
Mar 30 08:36:29.789659 dv-neutron-834855-3-hyperv neutron-server[104093]: auth = self._auth_required(auth, 'determine endpoint URL')
Mar 30 08:36:29.789659 dv-neutron-834855-3-hyperv neutron-server[104093]: File "/usr/local/lib/python3.8/dist-packages/keystoneauth1/session.py", line 1181, in _auth_required
Mar 30 08:36:29.789659 dv-neutron-834855-3-hyperv neutron-server[104093]: raise exceptions.MissingAuthPlugin(msg_fmt % msg)
Mar 30 08:36:29.789659 dv-neutron-834855-3-hyperv neutron-server[104093]: keystoneauth1.exceptions.auth_plugins.MissingAuthPlugin: An auth plugin is required to determine endpoint URL
Mar 30 08:36:29.861103 dv-neutron-834855-3-hyperv neutron-server[104094]: DEBUG neutron_lib.callbacks.manager [None req-f962aa42-d9a3-4f93-84ed-05caf00e6c01 tempest-RoutersIpV6AdminTest-654472707 tempest-RoutersIpV6AdminTest-654472707-project] Publish callbacks [] for router_gateway (8983b135-e5f5-4a0f-a29d-53b1d1d524da), precommit_update {{(pid=104094) _notify_loop /usr/local/lib/python3.8/dist-packages/neutron_lib/callbacks/manager.py:176}}
Mar 30 08:36:29.916184 dv-neutron-834855-3-hyperv neutron-server[104095]: DEBUG neutron.plugins.ml2.rpc [None req-c1f3a8d7-8389-4a1e-9a81-ab5b836a2d5f None None] Network f9573c81-a3ff-4b58-90d4-e95b8ed1ec95 details requested by agent ovs-agent-dv-neutron-834855-3-hyperv with host dv-neutron-834855-3-hyperv {{(pid=104095) get_network_details /opt/stack/neutron/neutron/plugins/ml2/rpc.py:248}}
Mar 30 08:36:30.275296 dv-neutron-834855-3-hyperv neutron-server[104093]: DEBUG neutron.wsgi [-] (104093) accepted ('10.222.0.26', 54768) {{(pid=104093) server /usr/local/lib/python3.8/dist-packages/eventlet/wsgi.py:1004}}
Mar 30 08:36:30.321009 dv-neutron-834855-3-hyperv neutron-server[104093]: DEBUG neutron_lib.callbacks.manager [None req-fa4f07f8-b406-41c9-b121-6edc9c1a3e56 tempest-RoutersIpV6Test-1177406285 tempest-RoutersIpV6Test-1177406285-project] Publish callbacks ['neutron.services.auto_allocate.db._ensure_external_network_default_value_callback-8753132510603'] for network (817f8667-c65a-41ce-bd61-7c42367d00d4), precommit_create {{(pid=104093) _notify_loop /usr/local/lib/python3.8/dist-packages/neutron_lib/callbacks/manager.py:176}}
Mar 30 08:36:30.363669 dv-neutron-834855-3-hyperv neutron-server[104095]: DEBUG neutron.db.db_base_plugin_common [None req-0e3870c5-f561-4b85-9fb4-579f7afceebb None None] Allocated IP 2001:db8::2 (76d680ab-73b9-4054-83c3-3ee74b766168/81e7e118-1571-40a9-b9fb-5cc4968ef79c/4c2c3550-ef85-414d-b0ca-d56a721920f1) {{(pid=104095) _store_ip_allocation /opt/stack/neutron/neutron/db/db_base_plugin_common.py:131}}
Mar 30 08:36:30.442734 dv-neutron-834855-3-hyperv neutron-server[104093]: DEBUG neutron_lib.callbacks.manager [None req-bc23c0a8-9482-4bbd-992c-4c40d951de28 tempest-ExtraDHCPOptionsIpV6TestJSON-282124228 tempest-ExtraDHCPOptionsIpV6TestJSON-282124228-project] Publish callbacks ['neutron.plugins.ml2.plugin.Ml2Plugin._network_delete_after_delete_handler-975762', 'neutron.plugins.ml2.ovo_rpc._ObjectChangeHandler.handle_event-3717510', 'neutron.api.rpc.agentnotifiers.dhcp_rpc_agent_api.DhcpAgentNotifyAPI._native_event_send_dhcp_notification-3693497', 'neutron.services.l3_router.l3_router_plugin.DVRResourceOperationHandler.delete_fip_namespaces_for_ext_net-3752683'] for network (eb7a283f-ad9c-4d12-8643-7b31c782219a), after_delete {{(pid=104093) _notify_loop /usr/local/lib/python3.8/dist-packages/neutron_lib/callbacks/manager.py:176}}
Mar 30 08:36:30.467114 dv-neutron-834855-3-hyperv neutron-server[104093]: DEBUG neutron_lib.callbacks.manager [None req-bc23c0a8-9482-4bbd-992c-4c40d951de28 tempest-ExtraDHCPOptionsIpV6TestJSON-282124228 tempest-ExtraDHCPOptionsIpV6TestJSON-282124228-project] Publish callbacks ['neutron.api.rpc.agentnotifiers.dhcp_rpc_agent_api.DhcpAgentNotifyAPI._send_dhcp_notification-3693463'] for network (None), before_response {{(pid=104093) _notify_loop /usr/local/lib/python3.8/dist-packages/neutron_lib/callbacks/manager.py:176}}
Mar 30 08:36:30.472347 dv-neutron-834855-3-hyperv neutron-server[104093]: INFO neutron.wsgi [None req-bc23c0a8-9482-4bbd-992c-4c40d951de28 tempest-ExtraDHCPOptionsIpV6TestJSON-282124228 tempest-ExtraDHCPOptionsIpV6TestJSON-282124228-project] 10.222.0.13 "DELETE /v2.0/networks/eb7a283f-ad9c-4d12-8643-7b31c782219a HTTP/1.1" status: 204 len: 168 time: 5.1194804
Mar 30 08:36:30.490430 dv-neutron-834855-3-hyperv neutron-server[104093]: DEBUG neutron_lib.callbacks.manager [None req-fa4f07f8-b406-41c9-b121-6edc9c1a3e56 tempest-RoutersIpV6Test-1177406285 tempest-RoutersIpV6Test-1177406285-project] Publish callbacks ['neutron.plugins.ml2.ovo_rpc._ObjectChangeHandler.handle_event-3717510', 'neutron.api.rpc.agentnotifiers.dhcp_rpc_agent_api.DhcpAgentNotifyAPI._native_event_send_dhcp_notification-3693497'] for network (817f8667-c65a-41ce-bd61-7c42367d00d4), after_create {{(pid=104093) _notify_loop /usr/local/lib/python3.8/dist-packages/neutron_lib/callbacks/manager.py:176}}
Mar 30 08:36:30.495761 dv-neutron-834855-3-hyperv neutron-server[104093]: DEBUG neutron.pecan_wsgi.hooks.policy_enforcement [None req-fa4f07f8-b406-41c9-b121-6edc9c1a3e56 tempest-RoutersIpV6Test-1177406285 tempest-RoutersIpV6Test-1177406285-project] Attributes excluded by policy engine: ['standard_attr_id', 'provider:network_type', 'provider:physical_network', 'provider:segmentation_id', 'vlan_transparent'] {{(pid=104093) _exclude_attributes_by_policy /opt/stack/neutron/neutron/pecan_wsgi/hooks/policy_enforcement.py:255}}
Mar 30 08:36:30.496699 dv-neutron-834855-3-hyperv neutron-server[104093]: DEBUG neutron_lib.callbacks.manager [None req-fa4f07f8-b406-41c9-b121-6edc9c1a3e56 tempest-RoutersIpV6Test-1177406285 tempest-RoutersIpV6Test-1177406285-project] Publish callbacks ['neutron.api.rpc.agentnotifiers.dhcp_rpc_agent_api.DhcpAgentNotifyAPI._send_dhcp_notification-3693463'] for network (None), before_response {{(pid=104093) _notify_loop /usr/local/lib/python3.8/dist-packages/neutron_lib/callbacks/manager.py:176}}
Mar 30 08:36:30.505932 dv-neutron-834855-3-hyperv neutron-server[104093]: DEBUG neutron.api.rpc.handlers.resources_rpc [None req-bc23c0a8-9482-4bbd-992c-4c40d951de28 tempest-ExtraDHCPOptionsIpV6TestJSON-282124228 tempest-ExtraDHCPOptionsIpV6TestJSON-282124228-project] Pushing event deleted for resources: {'Network': ['ID=eb7a283f-ad9c-4d12-8643-7b31c782219a,revision_number=None']} {{(pid=104093) push /opt/stack/neutron/neutron/api/rpc/handlers/resources_rpc.py:237}}
Mar 30 08:36:30.537664 dv-neutron-834855-3-hyperv neutron-server[104094]: DEBUG neutron.api.v2.base [None req-acee3a97-960f-433a-8876-c7f207976b0e tempest-ExternalNetworksTestJSON-1581996155 tempest-ExternalNetworksTestJSON-1581996155-project-admin] Request body: {'network': {'name': 'tempest-network--926453673', 'router:external': True}} {{(pid=104094) prepare_request_body /opt/stack/neutron/neutron/api/v2/base.py:729}}
Mar 30 08:36:30.784149 dv-neutron-834855-3-hyperv neutron-server[104095]: DEBUG neutron_lib.callbacks.manager [None req-0e3870c5-f561-4b85-9fb4-579f7afceebb None None] Publish callbacks [] for port (4c2c3550-ef85-414d-b0ca-d56a721920f1), precommit_create {{(pid=104095) _notify_loop /usr/local/lib/python3.8/dist-packages/neutron_lib/callbacks/manager.py:176}}
Mar 30 08:36:30.790840 dv-neutron-834855-3-hyperv neutron-server[104093]: DEBUG neutron.api.rpc.handlers.resources_rpc [None req-fa4f07f8-b406-41c9-b121-6edc9c1a3e56 tempest-RoutersIpV6Test-1177406285 tempest-RoutersIpV6Test-1177406285-project] Pushing event updated for resources: {'Network': ['ID=817f8667-c65a-41ce-bd61-7c42367d00d4,revision_number=1']} {{(pid=104093) push /opt/stack/neutron/neutron/api/rpc/handlers/resources_rpc.py:237}}
Mar 30 08:36:30.815920 dv-neutron-834855-3-hyperv neutron-server[104095]: DEBUG neutron_lib.callbacks.manager [None req-0e3870c5-f561-4b85-9fb4-579f7afceebb None None] Publish callbacks ['neutron.plugins.ml2.plugin.SecurityGroupServerNotifierRpcMixin._notify_sg_on_port_change-820150', 'neutron.plugins.ml2.ovo_rpc._ObjectChangeHandler.handle_event-222915', 'neutron.api.rpc.agentnotifiers.dhcp_rpc_agent_api.DhcpAgentNotifyAPI._native_event_send_dhcp_notification-3693497', 'neutron.db.l3_dvrscheduler_db._notify_l3_agent_new_port-8753132538188'] for port (4c2c3550-ef85-414d-b0ca-d56a721920f1), after_create {{(pid=104095) _notify_loop /usr/local/lib/python3.8/dist-packages/neutron_lib/callbacks/manager.py:176}}
Mar 30 08:36:30.828184 dv-neutron-834855-3-hyperv neutron-server[104095]: DEBUG neutron.plugins.ml2.rpc [None req-c1f3a8d7-8389-4a1e-9a81-ab5b836a2d5f None None] Network 817f8667-c65a-41ce-bd61-7c42367d00d4 details requested by agent ovs-agent-dv-neutron-834855-3-hyperv with host dv-neutron-834855-3-hyperv {{(pid=104095) get_network_details /opt/stack/neutron/neutron/plugins/ml2/rpc.py:248}}
Mar 30 08:36:30.840853 dv-neutron-834855-3-hyperv neutron-server[104095]: DEBUG neutron_lib.callbacks.manager [None req-a39e274c-251c-486a-b2de-5697e5a8def2 None None] Publish callbacks ['neutron.services.segments.db._update_segment_host_mapping_for_agent-8753133079170', 'neutron.plugins.ml2.plugin.Ml2Plugin._retry_binding_revived_agents-847322'] for agent (4edac6cd-5e73-4432-b050-ba3aeaa706d9), after_update {{(pid=104095) _notify_loop /usr/local/lib/python3.8/dist-packages/neutron_lib/callbacks/manager.py:176}}
