Mar 23 15:41:58.765661 dv-neutron-834855-2-hyperv neutron-server[110577]: DEBUG neutron.plugins.ml2.drivers.mech_agent [None req-6d9a7651-301d-4bd6-889a-d1bc30044b4f tempest-PortsAdminExtendedAttrsTestJSON-956292791 tempest-PortsAdminExtendedAttrsTestJSON-956292791-project-admin] Port 5a2c8a94-1be7-4eb1-b75b-1d91c6123f22 on network dc22c13e-577e-473c-8908-2ae21fba35eb not bound, no agent of type Open vSwitch agent registered on host hv-neutron-8348 {{(pid=110577) bind_port /opt/stack/neutron/neutron/plugins/ml2/drivers/mech_agent.py:103}}
Mar 23 15:41:58.766144 dv-neutron-834855-2-hyperv neutron-server[110577]: ERROR neutron.plugins.ml2.managers [None req-6d9a7651-301d-4bd6-889a-d1bc30044b4f tempest-PortsAdminExtendedAttrsTestJSON-956292791 tempest-PortsAdminExtendedAttrsTestJSON-956292791-project-admin] Failed to bind port 5a2c8a94-1be7-4eb1-b75b-1d91c6123f22 on host hv-neutron-8348 for vnic_type normal using segments [{'id': 'f6977558-8fc5-492f-88a7-b8a38f30a907', 'network_type': 'vlan', 'physical_network': 'physnet1', 'segmentation_id': 520, 'network_id': 'dc22c13e-577e-473c-8908-2ae21fba35eb'}]
Mar 23 15:41:58.775049 dv-neutron-834855-2-hyperv neutron-server[110577]: DEBUG neutron.api.v2.base [None req-6a3b60e6-cac5-43a3-b642-fe0494abeff6 tempest-AllowedAddressPairIpV6TestJSON-1221787810 tempest-AllowedAddressPairIpV6TestJSON-1221787810-project] Request body: {'port': {'network_id': 'ff7160dd-3dd3-489b-bc39-e72d04ac7cee', 'name': 'tempest-AllowedAddressPairIpV6TestJSON-1474932912'}} {{(pid=110577) prepare_request_body /opt/stack/neutron/neutron/api/v2/base.py:729}}
Mar 23 15:41:58.779612 dv-neutron-834855-2-hyperv neutron-server[110576]: DEBUG neutron.wsgi [-] (110576) accepted ('10.222.0.57', 43732) {{(pid=110576) server /usr/local/lib/python3.8/dist-packages/eventlet/wsgi.py:1004}}
Mar 23 15:41:58.788592 dv-neutron-834855-2-hyperv neutron-server[110578]: DEBUG neutron.api.rpc.handlers.resources_rpc [None req-b90e891f-991b-4a29-9ef0-e968e894b136 None None] Pushing event updated for resources: {'Port': ['ID=b0e327a4-c37b-4e62-b6e5-f959f29df25a,revision_number=4']} {{(pid=110578) push /opt/stack/neutron/neutron/api/rpc/handlers/resources_rpc.py:237}}
Mar 23 15:41:58.807807 dv-neutron-834855-2-hyperv neutron-server[110577]: INFO neutron.plugins.ml2.plugin [None req-6d9a7651-301d-4bd6-889a-d1bc30044b4f tempest-PortsAdminExtendedAttrsTestJSON-956292791 tempest-PortsAdminExtendedAttrsTestJSON-956292791-project-admin] Attempt 6 to bind port 5a2c8a94-1be7-4eb1-b75b-1d91c6123f22
Mar 23 15:41:58.812952 dv-neutron-834855-2-hyperv neutron-server[110578]: DEBUG neutron.db.provisioning_blocks [None req-b90e891f-991b-4a29-9ef0-e968e894b136 None None] Provisioning complete for port c13406dd-7424-4799-88d3-644578e03fa7 triggered by entity L2. {{(pid=110578) provisioning_complete /opt/stack/neutron/neutron/db/provisioning_blocks.py:140}}
Mar 23 15:41:58.813537 dv-neutron-834855-2-hyperv neutron-server[110578]: DEBUG neutron_lib.callbacks.manager [None req-b90e891f-991b-4a29-9ef0-e968e894b136 None None] Publish callbacks ['neutron.plugins.ml2.plugin.Ml2Plugin._port_provisioned-3526007'] for port (c13406dd-7424-4799-88d3-644578e03fa7), provisioning_complete {{(pid=110578) _notify_loop /usr/local/lib/python3.8/dist-packages/neutron_lib/callbacks/manager.py:176}}
Mar 23 15:41:58.826263 dv-neutron-834855-2-hyperv neutron-server[110577]: DEBUG neutron.api.rpc.handlers.resources_rpc [None req-eedfad24-bb4a-401e-ab5a-d04e2323df47 tempest-DHCPAgentSchedulersTestJSON-1694054583 tempest-DHCPAgentSchedulersTestJSON-1694054583-project] Pushing event updated for resources: {'Network': ['ID=5c279138-1a69-40e7-b04a-ba12d4f2d283,revision_number=1']} {{(pid=110577) push /opt/stack/neutron/neutron/api/rpc/handlers/resources_rpc.py:237}}
Mar 23 15:41:58.835962 dv-neutron-834855-2-hyperv neutron-server[110577]: INFO neutron.wsgi [None req-eedfad24-bb4a-401e-ab5a-d04e2323df47 tempest-DHCPAgentSchedulersTestJSON-1694054583 tempest-DHCPAgentSchedulersTestJSON-1694054583-project] 10.222.0.57 "POST /v2.0/networks HTTP/1.1" status: 201 len: 795 time: 1.1817663
Mar 23 15:41:58.837704 dv-neutron-834855-2-hyperv neutron-server[110576]: DEBUG neutron.wsgi [-] (110576) accepted ('10.222.0.57', 43736) {{(pid=110576) server /usr/local/lib/python3.8/dist-packages/eventlet/wsgi.py:1004}}
Mar 23 15:41:58.873760 dv-neutron-834855-2-hyperv neutron-server[110578]: DEBUG neutron.plugins.ml2.rpc [None req-b90e891f-991b-4a29-9ef0-e968e894b136 None None] Network 5c279138-1a69-40e7-b04a-ba12d4f2d283 details requested by agent ovs-agent-dv-neutron-834855-2-hyperv with host dv-neutron-834855-2-hyperv {{(pid=110578) get_network_details /opt/stack/neutron/neutron/plugins/ml2/rpc.py:248}}
Mar 23 15:41:58.922095 dv-neutron-834855-2-hyperv neutron-server[110577]: DEBUG neutron.api.rpc.agentnotifiers.l3_rpc_agent_api [None req-90098b7b-2f82-45b1-8d47-9cd9f9b7bce5 admin admin] Notify agent at l3_agent.dv-neutron-834855-2-hyperv the message routers_updated {{(pid=110577) _agent_notification /opt/stack/neutron/neutron/api/rpc/agentnotifiers/l3_rpc_agent_api.py:65}}
Mar 23 15:41:58.955366 dv-neutron-834855-2-hyperv neutron-server[110578]: DEBUG neutron.api.rpc.handlers.l3_rpc [None req-178b1a0e-f0b2-4c3a-92f7-2dfa32d3cae9 None None] Sync routers for ids ['3fae0104-4cf5-40fc-966d-6393761a2869'] in dv-neutron-834855-2-hyperv {{(pid=110578) sync_routers /opt/stack/neutron/neutron/api/rpc/handlers/l3_rpc.py:125}}
Mar 23 15:41:58.963429 dv-neutron-834855-2-hyperv neutron-server[110577]: DEBUG neutron.plugins.ml2.managers [None req-6d9a7651-301d-4bd6-889a-d1bc30044b4f tempest-PortsAdminExtendedAttrsTestJSON-956292791 tempest-PortsAdminExtendedAttrsTestJSON-956292791-project-admin] Attempting to bind port 5a2c8a94-1be7-4eb1-b75b-1d91c6123f22 on host hv-neutron-8348 for vnic_type normal with profile {{(pid=110577) bind_port /opt/stack/neutron/neutron/plugins/ml2/managers.py:795}}
Mar 23 15:41:58.968746 dv-neutron-834855-2-hyperv neutron-server[110577]: DEBUG neutron.plugins.ml2.managers [None req-6d9a7651-301d-4bd6-889a-d1bc30044b4f tempest-PortsAdminExtendedAttrsTestJSON-956292791 tempest-PortsAdminExtendedAttrsTestJSON-956292791-project-admin] Attempting to bind port 5a2c8a94-1be7-4eb1-b75b-1d91c6123f22 by drivers openvswitch,hyperv on host hv-neutron-8348 at level 0 using segments [{'id': 'f6977558-8fc5-492f-88a7-b8a38f30a907', 'network_type': 'vlan', 'physical_network': 'physnet1', 'segmentation_id': 520, 'network_id': 'dc22c13e-577e-473c-8908-2ae21fba35eb'}] {{(pid=110577) _bind_port_level /opt/stack/neutron/neutron/plugins/ml2/managers.py:820}}
Mar 23 15:41:58.969285 dv-neutron-834855-2-hyperv neutron-server[110577]: DEBUG neutron.plugins.ml2.drivers.mech_agent [None req-6d9a7651-301d-4bd6-889a-d1bc30044b4f tempest-PortsAdminExtendedAttrsTestJSON-956292791 tempest-PortsAdminExtendedAttrsTestJSON-956292791-project-admin] Attempting to bind port 5a2c8a94-1be7-4eb1-b75b-1d91c6123f22 on network dc22c13e-577e-473c-8908-2ae21fba35eb {{(pid=110577) bind_port /opt/stack/neutron/neutron/plugins/ml2/drivers/mech_agent.py:91}}
Mar 23 15:41:58.984026 dv-neutron-834855-2-hyperv neutron-server[110577]: DEBUG neutron.api.rpc.handlers.resources_rpc [None req-49981c29-b328-43eb-ad95-3842699cba15 admin admin] Pushing event updated for resources: {'Port': ['ID=009e4c63-a9bc-4ead-b63e-f4d267df3266,revision_number=2']} {{(pid=110577) push /opt/stack/neutron/neutron/api/rpc/handlers/resources_rpc.py:237}}
Mar 23 15:41:59.006498 dv-neutron-834855-2-hyperv neutron-server[110577]: DEBUG neutron.plugins.ml2.drivers.mech_agent [None req-6d9a7651-301d-4bd6-889a-d1bc30044b4f tempest-PortsAdminExtendedAttrsTestJSON-956292791 tempest-PortsAdminExtendedAttrsTestJSON-956292791-project-admin] Port 5a2c8a94-1be7-4eb1-b75b-1d91c6123f22 on network dc22c13e-577e-473c-8908-2ae21fba35eb not bound, no agent of type Open vSwitch agent registered on host hv-neutron-8348 {{(pid=110577) bind_port /opt/stack/neutron/neutron/plugins/ml2/drivers/mech_agent.py:103}}
Mar 23 15:41:59.007475 dv-neutron-834855-2-hyperv neutron-server[110577]: ERROR neutron.plugins.ml2.managers [None req-6d9a7651-301d-4bd6-889a-d1bc30044b4f tempest-PortsAdminExtendedAttrsTestJSON-956292791 tempest-PortsAdminExtendedAttrsTestJSON-956292791-project-admin] Failed to bind port 5a2c8a94-1be7-4eb1-b75b-1d91c6123f22 on host hv-neutron-8348 for vnic_type normal using segments [{'id': 'f6977558-8fc5-492f-88a7-b8a38f30a907', 'network_type': 'vlan', 'physical_network': 'physnet1', 'segmentation_id': 520, 'network_id': 'dc22c13e-577e-473c-8908-2ae21fba35eb'}]
Mar 23 15:41:59.012943 dv-neutron-834855-2-hyperv neutron-server[110577]: INFO neutron.plugins.ml2.plugin [None req-6d9a7651-301d-4bd6-889a-d1bc30044b4f tempest-PortsAdminExtendedAttrsTestJSON-956292791 tempest-PortsAdminExtendedAttrsTestJSON-956292791-project-admin] Attempt 7 to bind port 5a2c8a94-1be7-4eb1-b75b-1d91c6123f22
Mar 23 15:41:59.040215 dv-neutron-834855-2-hyperv neutron-server[110577]: DEBUG neutron_lib.callbacks.manager [None req-90098b7b-2f82-45b1-8d47-9cd9f9b7bce5 admin admin] Publish callbacks [] for router (None), before_response {{(pid=110577) _notify_loop /usr/local/lib/python3.8/dist-packages/neutron_lib/callbacks/manager.py:176}}
Mar 23 15:41:59.041716 dv-neutron-834855-2-hyperv neutron-server[110577]: INFO neutron.wsgi [None req-90098b7b-2f82-45b1-8d47-9cd9f9b7bce5 admin admin] 10.222.0.57 "POST /v2.0/routers HTTP/1.1" status: 201 len: 917 time: 16.8751256
Mar 23 15:41:59.048674 dv-neutron-834855-2-hyperv neutron-server[110577]: DEBUG neutron.wsgi [-] (110577) accepted ('10.222.0.57', 43740) {{(pid=110577) server /usr/local/lib/python3.8/dist-packages/eventlet/wsgi.py:1004}}
Mar 23 15:41:59.062693 dv-neutron-834855-2-hyperv neutron-server[110577]: DEBUG neutron.plugins.ml2.managers [None req-6d9a7651-301d-4bd6-889a-d1bc30044b4f tempest-PortsAdminExtendedAttrsTestJSON-956292791 tempest-PortsAdminExtendedAttrsTestJSON-956292791-project-admin] Attempting to bind port 5a2c8a94-1be7-4eb1-b75b-1d91c6123f22 on host hv-neutron-8348 for vnic_type normal with profile {{(pid=110577) bind_port /opt/stack/neutron/neutron/plugins/ml2/managers.py:795}}
Mar 23 15:41:59.063263 dv-neutron-834855-2-hyperv neutron-server[110577]: DEBUG neutron.plugins.ml2.managers [None req-6d9a7651-301d-4bd6-889a-d1bc30044b4f tempest-PortsAdminExtendedAttrsTestJSON-956292791 tempest-PortsAdminExtendedAttrsTestJSON-956292791-project-admin] Attempting to bind port 5a2c8a94-1be7-4eb1-b75b-1d91c6123f22 by drivers openvswitch,hyperv on host hv-neutron-8348 at level 0 using segments [{'id': 'f6977558-8fc5-492f-88a7-b8a38f30a907', 'network_type': 'vlan', 'physical_network': 'physnet1', 'segmentation_id': 520, 'network_id': 'dc22c13e-577e-473c-8908-2ae21fba35eb'}] {{(pid=110577) _bind_port_level /opt/stack/neutron/neutron/plugins/ml2/managers.py:820}}
Mar 23 15:41:59.063790 dv-neutron-834855-2-hyperv neutron-server[110577]: DEBUG neutron.plugins.ml2.drivers.mech_agent [None req-6d9a7651-301d-4bd6-889a-d1bc30044b4f tempest-PortsAdminExtendedAttrsTestJSON-956292791 tempest-PortsAdminExtendedAttrsTestJSON-956292791-project-admin] Attempting to bind port 5a2c8a94-1be7-4eb1-b75b-1d91c6123f22 on network dc22c13e-577e-473c-8908-2ae21fba35eb {{(pid=110577) bind_port /opt/stack/neutron/neutron/plugins/ml2/drivers/mech_agent.py:91}}
Mar 23 15:41:59.114797 dv-neutron-834855-2-hyperv neutron-server[110576]: DEBUG neutron_lib.callbacks.manager [None req-9126b41d-4d7a-4515-8e07-c3bcde053039 tempest-ServerActionsTestJSON-1014042381 tempest-ServerActionsTestJSON-1014042381-project] Publish callbacks [] for port (e6c7674e-47c2-4548-8cf2-99b0a5615f58), precommit_create {{(pid=110576) _notify_loop /usr/local/lib/python3.8/dist-packages/neutron_lib/callbacks/manager.py:176}}
Mar 23 15:41:59.115802 dv-neutron-834855-2-hyperv neutron-server[110578]: DEBUG neutron.db.l3_dvrscheduler_db [None req-178b1a0e-f0b2-4c3a-92f7-2dfa32d3cae9 None None] Routers {'3fae0104-4cf5-40fc-966d-6393761a2869'} bound to L3 agent in host dv-neutron-834855-2-hyperv {{(pid=110578) _get_router_ids_for_agent /opt/stack/neutron/neutron/db/l3_dvrscheduler_db.py:421}}
Mar 23 15:41:59.117309 dv-neutron-834855-2-hyperv neutron-server[110578]: DEBUG neutron.db.l3_hamode_db [None req-178b1a0e-f0b2-4c3a-92f7-2dfa32d3cae9 None None] neutron.services.l3_router.l3_router_plugin.L3RouterPlugin method get_ha_sync_data_for_host called with arguments (, 'dv-neutron-834855-2-hyperv', Agent(admin_state_up=True,agent_type='L3 agent',availability_zone='nova',binary='neutron-l3-agent',configurations={"agent_mode": "legacy", "ex_gw_ports": 2, "extensions": [], "floating_ips": 0, "handle_internal_only_routers": true, "interface_driver": "openvswitch", "interfaces": 1, "log_agent_heartbeats": false, "routers": 2},created_at=2022-03-23T15:33:51Z,description=,heartbeat_timestamp=2022-03-23T15:41:51Z,host='dv-neutron-834855-2-hyperv',id=7a5f1694-a6f3-49cd-851a-3544cb1220cc,load=0,resource_versions=,resources_synced=,started_at=2022-03-23T15:33:51Z,topic='l3_agent')) {'router_ids': ['3fae0104-4cf5-40fc-966d-6393761a2869'], 'active': True} {{(pid=110578) wrapper /usr/local/lib/python3.8/dist-packages/oslo_log/helpers.py:65}}
Mar 23 15:41:59.147292 dv-neutron-834855-2-hyperv neutron-server[110576]: DEBUG neutron_lib.callbacks.manager [None req-404c3ba5-a3dd-4b5a-8b4e-c72d8e185767 admin admin] Publish callbacks [] for security_group (None), before_create {{(pid=110576) _notify_loop /usr/local/lib/python3.8/dist-packages/neutron_lib/callbacks/manager.py:176}}
Mar 23 15:41:59.228762 dv-neutron-834855-2-hyperv neutron-server[110578]: DEBUG neutron.plugins.ml2.plugin [None req-b90e891f-991b-4a29-9ef0-e968e894b136 None None] Current status of the port c13406dd-7424-4799-88d3-644578e03fa7 is: ACTIVE; New status is: ACTIVE {{(pid=110578) _update_individual_port_db_status /opt/stack/neutron/neutron/plugins/ml2/plugin.py:2256}}
Mar 23 15:41:59.304020 dv-neutron-834855-2-hyperv neutron-server[110578]: DEBUG neutron.db.l3_dvr_db [None req-178b1a0e-f0b2-4c3a-92f7-2dfa32d3cae9 None None] Set router 3fae0104-4cf5-40fc-966d-6393761a2869 gateway port host: dv-neutron-834855-2-hyperv {{(pid=110578) _build_routers_list /opt/stack/neutron/neutron/db/l3_dvr_db.py:906}}
Mar 23 15:41:59.368018 dv-neutron-834855-2-hyperv neutron-server[110577]: DEBUG neutron.plugins.ml2.drivers.mech_agent [None req-6d9a7651-301d-4bd6-889a-d1bc30044b4f tempest-PortsAdminExtendedAttrsTestJSON-956292791 tempest-PortsAdminExtendedAttrsTestJSON-956292791-project-admin] Port 5a2c8a94-1be7-4eb1-b75b-1d91c6123f22 on network dc22c13e-577e-473c-8908-2ae21fba35eb not bound, no agent of type Open vSwitch agent registered on host hv-neutron-8348 {{(pid=110577) bind_port /opt/stack/neutron/neutron/plugins/ml2/drivers/mech_agent.py:103}}
Mar 23 15:41:59.368400 dv-neutron-834855-2-hyperv neutron-server[110577]: ERROR neutron.plugins.ml2.managers [None req-6d9a7651-301d-4bd6-889a-d1bc30044b4f tempest-PortsAdminExtendedAttrsTestJSON-956292791 tempest-PortsAdminExtendedAttrsTestJSON-956292791-project-admin] Failed to bind port 5a2c8a94-1be7-4eb1-b75b-1d91c6123f22 on host hv-neutron-8348 for vnic_type normal using segments [{'id': 'f6977558-8fc5-492f-88a7-b8a38f30a907', 'network_type': 'vlan', 'physical_network': 'physnet1', 'segmentation_id': 520, 'network_id': 'dc22c13e-577e-473c-8908-2ae21fba35eb'}]
Mar 23 15:41:59.373724 dv-neutron-834855-2-hyperv neutron-server[110577]: INFO neutron.plugins.ml2.plugin [None req-6d9a7651-301d-4bd6-889a-d1bc30044b4f tempest-PortsAdminExtendedAttrsTestJSON-956292791 tempest-PortsAdminExtendedAttrsTestJSON-956292791-project-admin] Attempt 8 to bind port 5a2c8a94-1be7-4eb1-b75b-1d91c6123f22
Mar 23 15:41:59.383308 dv-neutron-834855-2-hyperv neutron-server[110576]: DEBUG neutron_lib.callbacks.manager [None req-c293286f-46b5-4765-8ad8-e704f4ebfcc4 tempest-PortsAdminExtendedAttrsIpV6TestJSON-1504398986 tempest-PortsAdminExtendedAttrsIpV6TestJSON-1504398986-project-admin] Publish callbacks [] for port (f6999917-0a3a-43e4-8632-455a630f1208), precommit_create {{(pid=110576) _notify_loop /usr/local/lib/python3.8/dist-packages/neutron_lib/callbacks/manager.py:176}}
Mar 23 15:41:59.406800 dv-neutron-834855-2-hyperv neutron-server[110576]: DEBUG neutron_lib.callbacks.manager [None req-9126b41d-4d7a-4515-8e07-c3bcde053039 tempest-ServerActionsTestJSON-1014042381 tempest-ServerActionsTestJSON-1014042381-project] Publish callbacks ['neutron.plugins.ml2.plugin.SecurityGroupServerNotifierRpcMixin._notify_sg_on_port_change-3597809', 'neutron.plugins.ml2.ovo_rpc._ObjectChangeHandler.handle_event-173775', 'neutron.api.rpc.agentnotifiers.dhcp_rpc_agent_api.DhcpAgentNotifyAPI._native_event_send_dhcp_notification-633217', 'neutron.db.l3_dvrscheduler_db._notify_l3_agent_new_port-8742629722947'] for port (e6c7674e-47c2-4548-8cf2-99b0a5615f58), after_create {{(pid=110576) _notify_loop /usr/local/lib/python3.8/dist-packages/neutron_lib/callbacks/manager.py:176}}
Mar 23 15:41:59.410339 dv-neutron-834855-2-hyperv neutron-server[110576]: INFO neutron.wsgi [None req-9796bbd2-f7e3-404f-8805-c82f7c8e9358 tempest-DHCPAgentSchedulersTestJSON-752190465 tempest-DHCPAgentSchedulersTestJSON-752190465-project-admin] 10.222.0.57 "GET /v2.0/agents/6cba75e9-98a6-42ce-8d1b-86e3a1af5f32/dhcp-networks HTTP/1.1" status: 200 len: 8038 time: 0.5715823
Mar 23 15:41:59.420670 dv-neutron-834855-2-hyperv neutron-server[110576]: DEBUG neutron.wsgi [-] (110576) accepted ('10.222.0.57', 43742) {{(pid=110576) server /usr/local/lib/python3.8/dist-packages/eventlet/wsgi.py:1004}}
Mar 23 15:41:59.430284 dv-neutron-834855-2-hyperv neutron-server[110577]: DEBUG neutron.scheduler.dhcp_agent_scheduler [None req-49981c29-b328-43eb-ad95-3842699cba15 admin admin] Network 12f70aaf-0b57-4285-bbb9-825395a163bc is already hosted by enough agents. {{(pid=110577) _get_dhcp_agents_hosting_network /opt/stack/neutron/neutron/scheduler/dhcp_agent_scheduler.py:275}}
Mar 23 15:41:59.436059 dv-neutron-834855-2-hyperv neutron-server[110577]: DEBUG neutron.scheduler.base_scheduler [None req-49981c29-b328-43eb-ad95-3842699cba15 admin admin] Resources bound (agent type, host, resource id): {{(pid=110577) schedule /opt/stack/neutron/neutron/scheduler/base_scheduler.py:57}}
Mar 23 15:41:59.443554 dv-neutron-834855-2-hyperv neutron-server[110577]: DEBUG neutron.plugins.ml2.managers [None req-6d9a7651-301d-4bd6-889a-d1bc30044b4f tempest-PortsAdminExtendedAttrsTestJSON-956292791 tempest-PortsAdminExtendedAttrsTestJSON-956292791-project-admin] Attempting to bind port 5a2c8a94-1be7-4eb1-b75b-1d91c6123f22 on host hv-neutron-8348 for vnic_type normal with profile {{(pid=110577) bind_port /opt/stack/neutron/neutron/plugins/ml2/managers.py:795}}
Mar 23 15:41:59.443973 dv-neutron-834855-2-hyperv neutron-server[110577]: DEBUG neutron.plugins.ml2.managers [None req-6d9a7651-301d-4bd6-889a-d1bc30044b4f tempest-PortsAdminExtendedAttrsTestJSON-956292791 tempest-PortsAdminExtendedAttrsTestJSON-956292791-project-admin] Attempting to bind port 5a2c8a94-1be7-4eb1-b75b-1d91c6123f22 by drivers openvswitch,hyperv on host hv-neutron-8348 at level 0 using segments [{'id': 'f6977558-8fc5-492f-88a7-b8a38f30a907', 'network_type': 'vlan', 'physical_network': 'physnet1', 'segmentation_id': 520, 'network_id': 'dc22c13e-577e-473c-8908-2ae21fba35eb'}] {{(pid=110577) _bind_port_level /opt/stack/neutron/neutron/plugins/ml2/managers.py:820}}
Mar 23 15:41:59.444335 dv-neutron-834855-2-hyperv neutron-server[110577]: DEBUG neutron.plugins.ml2.drivers.mech_agent [None req-6d9a7651-301d-4bd6-889a-d1bc30044b4f tempest-PortsAdminExtendedAttrsTestJSON-956292791 tempest-PortsAdminExtendedAttrsTestJSON-956292791-project-admin] Attempting to bind port 5a2c8a94-1be7-4eb1-b75b-1d91c6123f22 on network dc22c13e-577e-473c-8908-2ae21fba35eb {{(pid=110577) bind_port /opt/stack/neutron/neutron/plugins/ml2/drivers/mech_agent.py:91}}
Mar 23 15:41:59.464133 dv-neutron-834855-2-hyperv neutron-server[110577]: DEBUG neutron.plugins.ml2.drivers.mech_agent [None req-6d9a7651-301d-4bd6-889a-d1bc30044b4f tempest-PortsAdminExtendedAttrsTestJSON-956292791 tempest-PortsAdminExtendedAttrsTestJSON-956292791-project-admin] Port 5a2c8a94-1be7-4eb1-b75b-1d91c6123f22 on network dc22c13e-577e-473c-8908-2ae21fba35eb not bound, no agent of type Open vSwitch agent registered on host hv-neutron-8348 {{(pid=110577) bind_port /opt/stack/neutron/neutron/plugins/ml2/drivers/mech_agent.py:103}}
Mar 23 15:41:59.464468 dv-neutron-834855-2-hyperv neutron-server[110577]: ERROR neutron.plugins.ml2.managers [None req-6d9a7651-301d-4bd6-889a-d1bc30044b4f tempest-PortsAdminExtendedAttrsTestJSON-956292791 tempest-PortsAdminExtendedAttrsTestJSON-956292791-project-admin] Failed to bind port 5a2c8a94-1be7-4eb1-b75b-1d91c6123f22 on host hv-neutron-8348 for vnic_type normal using segments [{'id': 'f6977558-8fc5-492f-88a7-b8a38f30a907', 'network_type': 'vlan', 'physical_network': 'physnet1', 'segmentation_id': 520, 'network_id': 'dc22c13e-577e-473c-8908-2ae21fba35eb'}]
Mar 23 15:41:59.468212 dv-neutron-834855-2-hyperv neutron-server[110577]: INFO neutron.plugins.ml2.plugin [None req-6d9a7651-301d-4bd6-889a-d1bc30044b4f tempest-PortsAdminExtendedAttrsTestJSON-956292791 tempest-PortsAdminExtendedAttrsTestJSON-956292791-project-admin] Attempt 9 to bind port 5a2c8a94-1be7-4eb1-b75b-1d91c6123f22
Mar 23 15:41:59.515890 dv-neutron-834855-2-hyperv neutron-server[110576]: DEBUG neutron.scheduler.dhcp_agent_scheduler [None req-9126b41d-4d7a-4515-8e07-c3bcde053039 tempest-ServerActionsTestJSON-1014042381 tempest-ServerActionsTestJSON-1014042381-project] Network 925e1b8f-63ec-4c16-887d-7d5ffc8aa64e is already hosted by enough agents. {{(pid=110576) _get_dhcp_agents_hosting_network /opt/stack/neutron/neutron/scheduler/dhcp_agent_scheduler.py:275}}
Mar 23 15:41:59.518770 dv-neutron-834855-2-hyperv neutron-server[110577]: DEBUG neutron.pecan_wsgi.hooks.quota_enforcement [None req-6a3b60e6-cac5-43a3-b642-fe0494abeff6 tempest-AllowedAddressPairIpV6TestJSON-1221787810 tempest-AllowedAddressPairIpV6TestJSON-1221787810-project] Made reservation on behalf of b6a74da052a74483b09ad31aded59c44 for: {'port': 1} {{(pid=110577) before /opt/stack/neutron/neutron/pecan_wsgi/hooks/quota_enforcement.py:53}}
Mar 23 15:41:59.521736 dv-neutron-834855-2-hyperv neutron-server[110577]: DEBUG neutron_lib.callbacks.manager [None req-6a3b60e6-cac5-43a3-b642-fe0494abeff6 tempest-AllowedAddressPairIpV6TestJSON-1221787810 tempest-AllowedAddressPairIpV6TestJSON-1221787810-project] Publish callbacks ['neutron.plugins.ml2.plugin.SecurityGroupDbMixin._ensure_default_security_group_handler-3597750'] for port (None), before_create {{(pid=110577) _notify_loop /usr/local/lib/python3.8/dist-packages/neutron_lib/callbacks/manager.py:176}}
Mar 23 15:41:59.526730 dv-neutron-834855-2-hyperv neutron-server[110576]: DEBUG neutron.scheduler.base_scheduler [None req-9126b41d-4d7a-4515-8e07-c3bcde053039 tempest-ServerActionsTestJSON-1014042381 tempest-ServerActionsTestJSON-1014042381-project] Resources bound (agent type, host, resource id): {{(pid=110576) schedule /opt/stack/neutron/neutron/scheduler/base_scheduler.py:57}}
Mar 23 15:41:59.564024 dv-neutron-834855-2-hyperv neutron-server[110576]: DEBUG neutron.db.l3_dvrscheduler_db [None req-9126b41d-4d7a-4515-8e07-c3bcde053039 tempest-ServerActionsTestJSON-1014042381 tempest-ServerActionsTestJSON-1014042381-project] Received port after_create {{(pid=110576) _notify_l3_agent_new_port /opt/stack/neutron/neutron/db/l3_dvrscheduler_db.py:536}}
Mar 23 15:41:59.571477 dv-neutron-834855-2-hyperv neutron-server[110578]: DEBUG neutron.plugins.ml2.rpc [None req-b90e891f-991b-4a29-9ef0-e968e894b136 None None] Device b0e327a4-c37b-4e62-b6e5-f959f29df25a up at agent ovs-agent-dv-neutron-834855-2-hyperv {{(pid=110578) update_device_up /opt/stack/neutron/neutron/plugins/ml2/rpc.py:296}}
Mar 23 15:41:59.629229 dv-neutron-834855-2-hyperv neutron-server[110576]: DEBUG neutron_lib.callbacks.manager [None req-c293286f-46b5-4765-8ad8-e704f4ebfcc4 tempest-PortsAdminExtendedAttrsIpV6TestJSON-1504398986 tempest-PortsAdminExtendedAttrsIpV6TestJSON-1504398986-project-admin] Publish callbacks ['neutron.plugins.ml2.plugin.SecurityGroupServerNotifierRpcMixin._notify_sg_on_port_change-3597809', 'neutron.plugins.ml2.ovo_rpc._ObjectChangeHandler.handle_event-173775', 'neutron.api.rpc.agentnotifiers.dhcp_rpc_agent_api.DhcpAgentNotifyAPI._native_event_send_dhcp_notification-633217', 'neutron.db.l3_dvrscheduler_db._notify_l3_agent_new_port-8742629722947'] for port (f6999917-0a3a-43e4-8632-455a630f1208), after_create {{(pid=110576) _notify_loop /usr/local/lib/python3.8/dist-packages/neutron_lib/callbacks/manager.py:176}}
Mar 23 15:41:59.643878 dv-neutron-834855-2-hyperv neutron-server[110576]: DEBUG neutron.api.rpc.handlers.resources_rpc [None req-9126b41d-4d7a-4515-8e07-c3bcde053039 tempest-ServerActionsTestJSON-1014042381 tempest-ServerActionsTestJSON-1014042381-project] Pushing event updated for resources: {'Port': ['ID=e6c7674e-47c2-4548-8cf2-99b0a5615f58,revision_number=1']} {{(pid=110576) push /opt/stack/neutron/neutron/api/rpc/handlers/resources_rpc.py:237}}
Mar 23 15:41:59.670832 dv-neutron-834855-2-hyperv neutron-server[110576]: DEBUG neutron_lib.callbacks.manager [None req-404c3ba5-a3dd-4b5a-8b4e-c72d8e185767 admin admin] Publish callbacks [] for security_group (cc01a716-4b64-4884-98f1-fe00df1820b9), precommit_create {{(pid=110576) _notify_loop /usr/local/lib/python3.8/dist-packages/neutron_lib/callbacks/manager.py:176}}
Mar 23 15:41:59.685544 dv-neutron-834855-2-hyperv neutron-server[110577]: DEBUG neutron.plugins.ml2.managers [None req-6d9a7651-301d-4bd6-889a-d1bc30044b4f tempest-PortsAdminExtendedAttrsTestJSON-956292791 tempest-PortsAdminExtendedAttrsTestJSON-956292791-project-admin] Attempting to bind port 5a2c8a94-1be7-4eb1-b75b-1d91c6123f22 on host hv-neutron-8348 for vnic_type normal with profile {{(pid=110577) bind_port /opt/stack/neutron/neutron/plugins/ml2/managers.py:795}}
Mar 23 15:41:59.685858 dv-neutron-834855-2-hyperv neutron-server[110577]: DEBUG neutron.plugins.ml2.managers [None req-6d9a7651-301d-4bd6-889a-d1bc30044b4f tempest-PortsAdminExtendedAttrsTestJSON-956292791 tempest-PortsAdminExtendedAttrsTestJSON-956292791-project-admin] Attempting to bind port 5a2c8a94-1be7-4eb1-b75b-1d91c6123f22 by drivers openvswitch,hyperv on host hv-neutron-8348 at level 0 using segments [{'id': 'f6977558-8fc5-492f-88a7-b8a38f30a907', 'network_type': 'vlan', 'physical_network': 'physnet1', 'segmentation_id': 520, 'network_id': 'dc22c13e-577e-473c-8908-2ae21fba35eb'}] {{(pid=110577) _bind_port_level /opt/stack/neutron/neutron/plugins/ml2/managers.py:820}}
Mar 23 15:41:59.686025 dv-neutron-834855-2-hyperv neutron-server[110577]: DEBUG neutron.plugins.ml2.drivers.mech_agent [None req-6d9a7651-301d-4bd6-889a-d1bc30044b4f tempest-PortsAdminExtendedAttrsTestJSON-956292791 tempest-PortsAdminExtendedAttrsTestJSON-956292791-project-admin] Attempting to bind port 5a2c8a94-1be7-4eb1-b75b-1d91c6123f22 on network dc22c13e-577e-473c-8908-2ae21fba35eb {{(pid=110577) bind_port /opt/stack/neutron/neutron/plugins/ml2/drivers/mech_agent.py:91}}
Mar 23 15:41:59.687227 dv-neutron-834855-2-hyperv neutron-server[110578]: DEBUG neutron.db.provisioning_blocks [None req-b90e891f-991b-4a29-9ef0-e968e894b136 None None] Provisioning complete for port b0e327a4-c37b-4e62-b6e5-f959f29df25a triggered by entity L2. {{(pid=110578) provisioning_complete /opt/stack/neutron/neutron/db/provisioning_blocks.py:140}}
Mar 23 15:41:59.687611 dv-neutron-834855-2-hyperv neutron-server[110578]: DEBUG neutron_lib.callbacks.manager [None req-b90e891f-991b-4a29-9ef0-e968e894b136 None None] Publish callbacks ['neutron.plugins.ml2.plugin.Ml2Plugin._port_provisioned-3526007'] for port (b0e327a4-c37b-4e62-b6e5-f959f29df25a), provisioning_complete {{(pid=110578) _notify_loop /usr/local/lib/python3.8/dist-packages/neutron_lib/callbacks/manager.py:176}}
Mar 23 15:41:59.688541 dv-neutron-834855-2-hyperv neutron-server[110577]: DEBUG neutron.notifiers.nova [None req-6a3b60e6-cac5-43a3-b642-fe0494abeff6 tempest-AllowedAddressPairIpV6TestJSON-1221787810 tempest-AllowedAddressPairIpV6TestJSON-1221787810-project] device_id is not set on port a601bc12-091b-44bb-a987-5c5b6909951a yet. {{(pid=110577) _can_notify /opt/stack/neutron/neutron/notifiers/nova.py:199}}
Mar 23 15:41:59.763452 dv-neutron-834855-2-hyperv neutron-server[110578]: DEBUG neutron.db.l3_hamode_db [None req-178b1a0e-f0b2-4c3a-92f7-2dfa32d3cae9 None None] neutron.services.l3_router.l3_router_plugin.L3RouterPlugin method _process_sync_ha_data called with arguments (, [{'id': '3fae0104-4cf5-40fc-966d-6393761a2869', 'name': 'tempest-ServersTestJSON-104318419-router', 'tenant_id': 'e60573173c124eb798dadb624201e75a', 'admin_state_up': True, 'status': 'ACTIVE', 'external_gateway_info': {'network_id': '925e1b8f-63ec-4c16-887d-7d5ffc8aa64e', 'external_fixed_ips': [{'subnet_id': '96709de0-d59e-4814-b313-cede32f68ccc', 'ip_address': '172.26.3.174'}], 'enable_snat': True}, 'gw_port_id': '447c8809-c2ce-49cc-8e64-44fa54dcd337', 'description': '', 'availability_zones': ['nova'], 'distributed': False, 'ha': False, 'ha_vr_id': 0, 'availability_zone_hints': [], 'routes': [], 'flavor_id': None, 'tags': [], 'created_at': '2022-03-23T15:41:42Z', 'updated_at': '2022-03-23T15:41:51Z', 'revision_number': 3, 'project_id': 'e60573173c124eb798dadb624201e75a', 'gw_port': {'id': '447c8809-c2ce-49cc-8e64-44fa54dcd337', 'name': '', 'network_id': '925e1b8f-63ec-4c16-887d-7d5ffc8aa64e', 'tenant_id': '', 'mac_address': 'fa:16:3e:e5:ca:5b', 'admin_state_up': True, 'status': 'DOWN', 'device_id': '3fae0104-4cf5-40fc-966d-6393761a2869', 'device_owner': 'network:router_gateway', 'standard_attr_id': 111, 'fixed_ips': [{'subnet_id': '96709de0-d59e-4814-b313-cede32f68ccc', 'ip_address': '172.26.3.174', 'prefixlen': 24}], 'allowed_address_pairs': [], 'extra_dhcp_opts': [], 'security_groups': [], 'description': '', 'binding:vnic_type': 'normal', 'binding:profile': {}, 'binding:host_id': '', 'binding:vif_type': 'unbound', 'binding:vif_details': {}, 'port_security_enabled': False, 'tags': [], 'created_at': '2022-03-23T15:41:49Z', 'updated_at': '2022-03-23T15:41:49Z', 'revision_number': 1, 'project_id': '', 'subnets': [{'id': '96709de0-d59e-4814-b313-cede32f68ccc', 'cidr': '172.26.3.0/24', 'gateway_ip': '172.26.3.1', 'dns_nameservers': [], 'ipv6_ra_mode': None, 'subnetpool_id': None}], 'extra_subnets': [], 'address_scopes': {4: None, 6: None}, 'mtu': 1500}, 'enable_snat': True, 'gw_port_host': 'dv-neutron-834855-2-hyperv'}], 'dv-neutron-834855-2-hyperv', False) {} {{(pid=110578) wrapper /usr/local/lib/python3.8/dist-packages/oslo_log/helpers.py:65}}
Mar 23 15:41:59.776032 dv-neutron-834855-2-hyperv neutron-server[110577]: DEBUG neutron.plugins.ml2.drivers.mech_agent [None req-6d9a7651-301d-4bd6-889a-d1bc30044b4f tempest-PortsAdminExtendedAttrsTestJSON-956292791 tempest-PortsAdminExtendedAttrsTestJSON-956292791-project-admin] Port 5a2c8a94-1be7-4eb1-b75b-1d91c6123f22 on network dc22c13e-577e-473c-8908-2ae21fba35eb not bound, no agent of type Open vSwitch agent registered on host hv-neutron-8348 {{(pid=110577) bind_port /opt/stack/neutron/neutron/plugins/ml2/drivers/mech_agent.py:103}}
Mar 23 15:41:59.776626 dv-neutron-834855-2-hyperv neutron-server[110577]: ERROR neutron.plugins.ml2.managers [None req-6d9a7651-301d-4bd6-889a-d1bc30044b4f tempest-PortsAdminExtendedAttrsTestJSON-956292791 tempest-PortsAdminExtendedAttrsTestJSON-956292791-project-admin] Failed to bind port 5a2c8a94-1be7-4eb1-b75b-1d91c6123f22 on host hv-neutron-8348 for vnic_type normal using segments [{'id': 'f6977558-8fc5-492f-88a7-b8a38f30a907', 'network_type': 'vlan', 'physical_network': 'physnet1', 'segmentation_id': 520, 'network_id': 'dc22c13e-577e-473c-8908-2ae21fba35eb'}]
Mar 23 15:41:59.807404 dv-neutron-834855-2-hyperv neutron-server[110577]: INFO neutron.plugins.ml2.plugin [None req-6d9a7651-301d-4bd6-889a-d1bc30044b4f tempest-PortsAdminExtendedAttrsTestJSON-956292791 tempest-PortsAdminExtendedAttrsTestJSON-956292791-project-admin] Attempt 10 to bind port 5a2c8a94-1be7-4eb1-b75b-1d91c6123f22
Mar 23 15:41:59.863522 dv-neutron-834855-2-hyperv neutron-server[110577]: DEBUG neutron.plugins.ml2.managers [None req-6d9a7651-301d-4bd6-889a-d1bc30044b4f tempest-PortsAdminExtendedAttrsTestJSON-956292791 tempest-PortsAdminExtendedAttrsTestJSON-956292791-project-admin] Attempting to bind port 5a2c8a94-1be7-4eb1-b75b-1d91c6123f22 on host hv-neutron-8348 for vnic_type normal with profile {{(pid=110577) bind_port /opt/stack/neutron/neutron/plugins/ml2/managers.py:795}}
Mar 23 15:41:59.863953 dv-neutron-834855-2-hyperv neutron-server[110577]: DEBUG neutron.plugins.ml2.managers [None req-6d9a7651-301d-4bd6-889a-d1bc30044b4f tempest-PortsAdminExtendedAttrsTestJSON-956292791 tempest-PortsAdminExtendedAttrsTestJSON-956292791-project-admin] Attempting to bind port 5a2c8a94-1be7-4eb1-b75b-1d91c6123f22 by drivers openvswitch,hyperv on host hv-neutron-8348 at level 0 using segments [{'id': 'f6977558-8fc5-492f-88a7-b8a38f30a907', 'network_type': 'vlan', 'physical_network': 'physnet1', 'segmentation_id': 520, 'network_id': 'dc22c13e-577e-473c-8908-2ae21fba35eb'}] {{(pid=110577) _bind_port_level /opt/stack/neutron/neutron/plugins/ml2/managers.py:820}}
Mar 23 15:41:59.864223 dv-neutron-834855-2-hyperv neutron-server[110577]: DEBUG neutron.plugins.ml2.drivers.mech_agent [None req-6d9a7651-301d-4bd6-889a-d1bc30044b4f tempest-PortsAdminExtendedAttrsTestJSON-956292791 tempest-PortsAdminExtendedAttrsTestJSON-956292791-project-admin] Attempting to bind port 5a2c8a94-1be7-4eb1-b75b-1d91c6123f22 on network dc22c13e-577e-473c-8908-2ae21fba35eb {{(pid=110577) bind_port /opt/stack/neutron/neutron/plugins/ml2/drivers/mech_agent.py:91}}
Mar 23 15:41:59.895514 dv-neutron-834855-2-hyperv neutron-server[110577]: DEBUG neutron.plugins.ml2.drivers.mech_agent [None req-6d9a7651-301d-4bd6-889a-d1bc30044b4f tempest-PortsAdminExtendedAttrsTestJSON-956292791 tempest-PortsAdminExtendedAttrsTestJSON-956292791-project-admin] Port 5a2c8a94-1be7-4eb1-b75b-1d91c6123f22 on network dc22c13e-577e-473c-8908-2ae21fba35eb not bound, no agent of type Open vSwitch agent registered on host hv-neutron-8348 {{(pid=110577) bind_port /opt/stack/neutron/neutron/plugins/ml2/drivers/mech_agent.py:103}}
Mar 23 15:41:59.895782 dv-neutron-834855-2-hyperv neutron-server[110577]: ERROR neutron.plugins.ml2.managers [None req-6d9a7651-301d-4bd6-889a-d1bc30044b4f tempest-PortsAdminExtendedAttrsTestJSON-956292791 tempest-PortsAdminExtendedAttrsTestJSON-956292791-project-admin] Failed to bind port 5a2c8a94-1be7-4eb1-b75b-1d91c6123f22 on host hv-neutron-8348 for vnic_type normal using segments [{'id': 'f6977558-8fc5-492f-88a7-b8a38f30a907', 'network_type': 'vlan', 'physical_network': 'physnet1', 'segmentation_id': 520, 'network_id': 'dc22c13e-577e-473c-8908-2ae21fba35eb'}]
Mar 23 15:41:59.896051 dv-neutron-834855-2-hyperv neutron-server[110577]: DEBUG neutron_lib.callbacks.manager [None req-6d9a7651-301d-4bd6-889a-d1bc30044b4f tempest-PortsAdminExtendedAttrsTestJSON-956292791 tempest-PortsAdminExtendedAttrsTestJSON-956292791-project-admin] Publish callbacks ['neutron.plugins.ml2.plugin.SecurityGroupDbMixin._ensure_default_security_group_handler-3597750'] for port (5a2c8a94-1be7-4eb1-b75b-1d91c6123f22), before_update {{(pid=110577) _notify_loop /usr/local/lib/python3.8/dist-packages/neutron_lib/callbacks/manager.py:176}}
Mar 23 15:41:59.928039 dv-neutron-834855-2-hyperv neutron-server[110578]: DEBUG neutron.api.rpc.handlers.l3_rpc [None req-178b1a0e-f0b2-4c3a-92f7-2dfa32d3cae9 None None] Checking router: 3fae0104-4cf5-40fc-966d-6393761a2869 for host: dv-neutron-834855-2-hyperv {{(pid=110578) _ensure_host_set_on_ports /opt/stack/neutron/neutron/api/rpc/handlers/l3_rpc.py:155}}
Mar 23 15:41:59.928619 dv-neutron-834855-2-hyperv neutron-server[110578]: DEBUG neutron.api.rpc.handlers.l3_rpc [None req-178b1a0e-f0b2-4c3a-92f7-2dfa32d3cae9 None None] Updating router 3fae0104-4cf5-40fc-966d-6393761a2869 port 447c8809-c2ce-49cc-8e64-44fa54dcd337 binding host dv-neutron-834855-2-hyperv {{(pid=110578) _ensure_host_set_on_port /opt/stack/neutron/neutron/api/rpc/handlers/l3_rpc.py:205}}
Mar 23 15:41:59.940212 dv-neutron-834855-2-hyperv neutron-server[110577]: DEBUG neutron.scheduler.l3_agent_scheduler [None req-49981c29-b328-43eb-ad95-3842699cba15 admin admin] Router 2486c1f4-71ba-4719-af5a-c56e5995eb32 has already been hosted by L3 agent 7a5f1694-a6f3-49cd-851a-3544cb1220cc {{(pid=110577) _get_candidates /opt/stack/neutron/neutron/scheduler/l3_agent_scheduler.py:126}}
Mar 23 15:42:00.009301 dv-neutron-834855-2-hyperv neutron-server[110578]: DEBUG neutron.db.provisioning_blocks [None req-420d9b2c-aeb9-4a01-b375-d88865202776 None None] Provisioning complete for port 009e4c63-a9bc-4ead-b63e-f4d267df3266 triggered by entity DHCP. {{(pid=110578) provisioning_complete /opt/stack/neutron/neutron/db/provisioning_blocks.py:140}}
Mar 23 15:42:00.010221 dv-neutron-834855-2-hyperv neutron-server[110578]: DEBUG neutron_lib.callbacks.manager [None req-420d9b2c-aeb9-4a01-b375-d88865202776 None None] Publish callbacks ['neutron.plugins.ml2.plugin.Ml2Plugin._port_provisioned-3526007'] for port (009e4c63-a9bc-4ead-b63e-f4d267df3266), provisioning_complete {{(pid=110578) _notify_loop /usr/local/lib/python3.8/dist-packages/neutron_lib/callbacks/manager.py:176}}
Mar 23 15:42:00.022285 dv-neutron-834855-2-hyperv neutron-server[110578]: DEBUG neutron_lib.callbacks.manager [None req-178b1a0e-f0b2-4c3a-92f7-2dfa32d3cae9 None None] Publish callbacks ['neutron.plugins.ml2.plugin.SecurityGroupDbMixin._ensure_default_security_group_handler-3597750'] for port (447c8809-c2ce-49cc-8e64-44fa54dcd337), before_update {{(pid=110578) _notify_loop /usr/local/lib/python3.8/dist-packages/neutron_lib/callbacks/manager.py:176}}
Mar 23 15:42:00.027166 dv-neutron-834855-2-hyperv neutron-server[110576]: DEBUG neutron_lib.callbacks.manager [None req-404c3ba5-a3dd-4b5a-8b4e-c72d8e185767 admin admin] Publish callbacks ['neutron.plugins.ml2.ovo_rpc._ObjectChangeHandler.handle_event-548479'] for security_group (cc01a716-4b64-4884-98f1-fe00df1820b9), after_create {{(pid=110576) _notify_loop /usr/local/lib/python3.8/dist-packages/neutron_lib/callbacks/manager.py:176}}
Mar 23 15:42:00.100699 dv-neutron-834855-2-hyperv neutron-server[110578]: DEBUG neutron.plugins.ml2.plugin [None req-b90e891f-991b-4a29-9ef0-e968e894b136 None None] Current status of the port b0e327a4-c37b-4e62-b6e5-f959f29df25a is: ACTIVE; New status is: ACTIVE {{(pid=110578) _update_individual_port_db_status /opt/stack/neutron/neutron/plugins/ml2/plugin.py:2256}}
Mar 23 15:42:00.109857 dv-neutron-834855-2-hyperv neutron-server[110576]: DEBUG neutron.scheduler.dhcp_agent_scheduler [None req-c293286f-46b5-4765-8ad8-e704f4ebfcc4 tempest-PortsAdminExtendedAttrsIpV6TestJSON-1504398986 tempest-PortsAdminExtendedAttrsIpV6TestJSON-1504398986-project-admin] Network 4e8993be-ee6c-43bb-97c4-5fa24661bfa4 is already hosted by enough agents. {{(pid=110576) _get_dhcp_agents_hosting_network /opt/stack/neutron/neutron/scheduler/dhcp_agent_scheduler.py:275}}
Mar 23 15:42:00.146247 dv-neutron-834855-2-hyperv neutron-server[110577]: DEBUG neutron.db.db_base_plugin_common [None req-6a3b60e6-cac5-43a3-b642-fe0494abeff6 tempest-AllowedAddressPairIpV6TestJSON-1221787810 tempest-AllowedAddressPairIpV6TestJSON-1221787810-project] Allocated IP 2001:db8::5b (ff7160dd-3dd3-489b-bc39-e72d04ac7cee/432d9aba-986e-4444-8a61-ec7ecb48d4ee/a601bc12-091b-44bb-a987-5c5b6909951a) {{(pid=110577) _store_ip_allocation /opt/stack/neutron/neutron/db/db_base_plugin_common.py:131}}
Mar 23 15:42:00.148517 dv-neutron-834855-2-hyperv neutron-server[110578]: DEBUG neutron.plugins.ml2.plugin [None req-420d9b2c-aeb9-4a01-b375-d88865202776 None None] Port 009e4c63-a9bc-4ead-b63e-f4d267df3266 cannot update to ACTIVE because it is not bound. {{(pid=110578) _port_provisioned /opt/stack/neutron/neutron/plugins/ml2/plugin.py:343}}
Mar 23 15:42:00.160881 dv-neutron-834855-2-hyperv neutron-server[110576]: DEBUG neutron.scheduler.base_scheduler [None req-c293286f-46b5-4765-8ad8-e704f4ebfcc4 tempest-PortsAdminExtendedAttrsIpV6TestJSON-1504398986 tempest-PortsAdminExtendedAttrsIpV6TestJSON-1504398986-project-admin] Resources bound (agent type, host, resource id): {{(pid=110576) schedule /opt/stack/neutron/neutron/scheduler/base_scheduler.py:57}}
Mar 23 15:42:00.177512 dv-neutron-834855-2-hyperv neutron-server[110576]: DEBUG neutron.db.l3_dvrscheduler_db [None req-c293286f-46b5-4765-8ad8-e704f4ebfcc4 tempest-PortsAdminExtendedAttrsIpV6TestJSON-1504398986 tempest-PortsAdminExtendedAttrsIpV6TestJSON-1504398986-project-admin] Received port after_create {{(pid=110576) _notify_l3_agent_new_port /opt/stack/neutron/neutron/db/l3_dvrscheduler_db.py:536}}
Mar 23 15:42:00.178793 dv-neutron-834855-2-hyperv neutron-server[110576]: DEBUG neutron.pecan_wsgi.hooks.policy_enforcement [None req-c293286f-46b5-4765-8ad8-e704f4ebfcc4 tempest-PortsAdminExtendedAttrsIpV6TestJSON-1504398986 tempest-PortsAdminExtendedAttrsIpV6TestJSON-1504398986-project-admin] Attributes excluded by policy engine: ['standard_attr_id', 'network'] {{(pid=110576) _exclude_attributes_by_policy /opt/stack/neutron/neutron/pecan_wsgi/hooks/policy_enforcement.py:255}}
Mar 23 15:42:00.179421 dv-neutron-834855-2-hyperv neutron-server[110576]: DEBUG neutron_lib.callbacks.manager [None req-c293286f-46b5-4765-8ad8-e704f4ebfcc4 tempest-PortsAdminExtendedAttrsIpV6TestJSON-1504398986 tempest-PortsAdminExtendedAttrsIpV6TestJSON-1504398986-project-admin] Publish callbacks ['neutron.notifiers.nova.Notifier._send_nova_notification-76717'] for port (None), before_response {{(pid=110576) _notify_loop /usr/local/lib/python3.8/dist-packages/neutron_lib/callbacks/manager.py:176}}
Mar 23 15:42:00.187941 dv-neutron-834855-2-hyperv neutron-server[110576]: INFO neutron.wsgi [None req-404c3ba5-a3dd-4b5a-8b4e-c72d8e185767 admin admin] 10.222.0.57 "GET /v2.0/security-groups?tenant_id=a69242f1fcf543e8a9382c371e590f3e&name=default HTTP/1.1" status: 200 len: 2996 time: 1.4042706
Mar 23 15:42:00.195211 dv-neutron-834855-2-hyperv neutron-server[110576]: DEBUG neutron.api.rpc.handlers.resources_rpc [None req-c293286f-46b5-4765-8ad8-e704f4ebfcc4 tempest-PortsAdminExtendedAttrsIpV6TestJSON-1504398986 tempest-PortsAdminExtendedAttrsIpV6TestJSON-1504398986-project-admin] Pushing event updated for resources: {'Port': ['ID=f6999917-0a3a-43e4-8632-455a630f1208,revision_number=1']} {{(pid=110576) push /opt/stack/neutron/neutron/api/rpc/handlers/resources_rpc.py:237}}
Mar 23 15:42:00.200375 dv-neutron-834855-2-hyperv neutron-server[110576]: DEBUG neutron.wsgi [-] (110576) accepted ('10.222.0.57', 43746) {{(pid=110576) server /usr/local/lib/python3.8/dist-packages/eventlet/wsgi.py:1004}}
Mar 23 15:42:00.226987 dv-neutron-834855-2-hyperv neutron-server[110576]: DEBUG neutron_lib.callbacks.manager [None req-9126b41d-4d7a-4515-8e07-c3bcde053039 tempest-ServerActionsTestJSON-1014042381 tempest-ServerActionsTestJSON-1014042381-project] Publish callbacks [] for floatingip (a3c3d78c-c68b-440c-a7d9-97eae6c25d82), precommit_create {{(pid=110576) _notify_loop /usr/local/lib/python3.8/dist-packages/neutron_lib/callbacks/manager.py:176}}
Mar 23 15:42:00.262137 dv-neutron-834855-2-hyperv neutron-server[110576]: INFO neutron.wsgi [None req-c293286f-46b5-4765-8ad8-e704f4ebfcc4 tempest-PortsAdminExtendedAttrsIpV6TestJSON-1504398986 tempest-PortsAdminExtendedAttrsIpV6TestJSON-1504398986-project-admin] 10.222.0.57 "POST /v2.0/ports HTTP/1.1" status: 201 len: 963 time: 1.7954686
Mar 23 15:42:00.269894 dv-neutron-834855-2-hyperv neutron-server[110577]: DEBUG neutron.wsgi [-] (110577) accepted ('10.222.0.57', 43748) {{(pid=110577) server /usr/local/lib/python3.8/dist-packages/eventlet/wsgi.py:1004}}
Mar 23 15:42:00.270510 dv-neutron-834855-2-hyperv neutron-server[110576]: DEBUG neutron.api.rpc.handlers.resources_rpc [None req-404c3ba5-a3dd-4b5a-8b4e-c72d8e185767 admin admin] Pushing event updated for resources: {'SecurityGroup': ['ID=cc01a716-4b64-4884-98f1-fe00df1820b9,revision_number=1']} {{(pid=110576) push /opt/stack/neutron/neutron/api/rpc/handlers/resources_rpc.py:237}}
Mar 23 15:42:00.276981 dv-neutron-834855-2-hyperv neutron-server[110577]: DEBUG neutron.api.v2.base [None req-7b7bd193-4846-4f92-a252-ac8604fa84ed tempest-PortsAdminExtendedAttrsIpV6TestJSON-1504398986 tempest-PortsAdminExtendedAttrsIpV6TestJSON-1504398986-project-admin] Request body: {'port': {'binding:host_id': 'hv-neutron-8348'}} {{(pid=110577) prepare_request_body /opt/stack/neutron/neutron/api/v2/base.py:729}}
Mar 23 15:42:00.320662 dv-neutron-834855-2-hyperv neutron-server[110576]: DEBUG neutron.scheduler.dhcp_agent_scheduler [None req-57b3e5cb-da8d-4eb4-b463-f19d120b0f09 tempest-DHCPAgentSchedulersTestJSON-752190465 tempest-DHCPAgentSchedulersTestJSON-752190465-project-admin] Network 5c279138-1a69-40e7-b04a-ba12d4f2d283 is scheduled to be hosted by DHCP agent 6cba75e9-98a6-42ce-8d1b-86e3a1af5f32 with binding_index 1 {{(pid=110576) bind /opt/stack/neutron/neutron/scheduler/dhcp_agent_scheduler.py:227}}
Mar 23 15:42:00.321872 dv-neutron-834855-2-hyperv neutron-server[110577]: DEBUG neutron.plugins.ml2.db [None req-6d9a7651-301d-4bd6-889a-d1bc30044b4f tempest-PortsAdminExtendedAttrsTestJSON-956292791 tempest-PortsAdminExtendedAttrsTestJSON-956292791-project-admin] For port 5a2c8a94-1be7-4eb1-b75b-1d91c6123f22, host hv-neutron-8348, cleared binding levels {{(pid=110577) clear_binding_levels /opt/stack/neutron/neutron/plugins/ml2/db.py:87}}
Mar 23 15:42:00.322292 dv-neutron-834855-2-hyperv neutron-server[110577]: DEBUG neutron.plugins.ml2.db [None req-6d9a7651-301d-4bd6-889a-d1bc30044b4f tempest-PortsAdminExtendedAttrsTestJSON-956292791 tempest-PortsAdminExtendedAttrsTestJSON-956292791-project-admin] Attempted to set empty binding levels {{(pid=110577) set_binding_levels /opt/stack/neutron/neutron/plugins/ml2/db.py:65}}
Mar 23 15:42:00.348745 dv-neutron-834855-2-hyperv neutron-server[110577]: DEBUG neutron_lib.callbacks.manager [None req-6d9a7651-301d-4bd6-889a-d1bc30044b4f tempest-PortsAdminExtendedAttrsTestJSON-956292791 tempest-PortsAdminExtendedAttrsTestJSON-956292791-project-admin] Publish callbacks ['neutron.plugins.ml2.plugin.SecurityGroupServerNotifierRpcMixin._notify_sg_on_port_change-3597809', 'neutron.plugins.ml2.ovo_rpc._ObjectChangeHandler.handle_event-173775', 'neutron.api.rpc.agentnotifiers.dhcp_rpc_agent_api.DhcpAgentNotifyAPI._native_event_send_dhcp_notification-633217', 'neutron.db.l3_db.L3RpcNotifierMixin._notify_gateway_port_ip_changed-8742630127912', 'neutron.db.l3_dvrscheduler_db._notify_l3_agent_port_update-8742629722965', 'neutron.db.l3_hascheduler_db._notify_l3_agent_ha_port_update-8742629722983'] for port (5a2c8a94-1be7-4eb1-b75b-1d91c6123f22), after_update {{(pid=110577) _notify_loop /usr/local/lib/python3.8/dist-packages/neutron_lib/callbacks/manager.py:176}}
Mar 23 15:42:00.355589 dv-neutron-834855-2-hyperv neutron-server[110576]: DEBUG neutron_lib.callbacks.manager [None req-9126b41d-4d7a-4515-8e07-c3bcde053039 tempest-ServerActionsTestJSON-1014042381 tempest-ServerActionsTestJSON-1014042381-project] Publish callbacks ['neutron.plugins.ml2.plugin.SecurityGroupDbMixin._ensure_default_security_group_handler-3597750'] for port (e6c7674e-47c2-4548-8cf2-99b0a5615f58), before_update {{(pid=110576) _notify_loop /usr/local/lib/python3.8/dist-packages/neutron_lib/callbacks/manager.py:176}}
Mar 23 15:42:00.360360 dv-neutron-834855-2-hyperv neutron-server[110576]: INFO neutron.wsgi [None req-57b3e5cb-da8d-4eb4-b463-f19d120b0f09 tempest-DHCPAgentSchedulersTestJSON-752190465 tempest-DHCPAgentSchedulersTestJSON-752190465-project-admin] 10.222.0.57 "POST /v2.0/agents/6cba75e9-98a6-42ce-8d1b-86e3a1af5f32/dhcp-networks HTTP/1.1" status: 201 len: 201 time: 0.9354835
Mar 23 15:42:00.380965 dv-neutron-834855-2-hyperv neutron-server[110576]: DEBUG neutron.wsgi [-] (110576) accepted ('10.222.0.57', 43750) {{(pid=110576) server /usr/local/lib/python3.8/dist-packages/eventlet/wsgi.py:1004}}
Mar 23 15:42:00.393135 dv-neutron-834855-2-hyperv neutron-server[110578]: DEBUG neutron.api.rpc.handlers.dhcp_rpc [None req-64a63b42-0eca-4519-887d-1ddfe24bc315 None None] Network 5c279138-1a69-40e7-b04a-ba12d4f2d283 requested from dv-neutron-834855-2-hyperv {{(pid=110578) get_network_info /opt/stack/neutron/neutron/api/rpc/handlers/dhcp_rpc.py:191}}
Mar 23 15:42:00.418313 dv-neutron-834855-2-hyperv neutron-server[110576]: DEBUG neutron_lib.callbacks.manager [None req-df568258-b697-497d-ae32-e3a80fd37aee admin admin] Publish callbacks [] for security_group (cc01a716-4b64-4884-98f1-fe00df1820b9), before_delete {{(pid=110576) _notify_loop /usr/local/lib/python3.8/dist-packages/neutron_lib/callbacks/manager.py:176}}
Mar 23 15:42:00.459109 dv-neutron-834855-2-hyperv neutron-server[110577]: DEBUG neutron.plugins.ml2.plugin [None req-6d9a7651-301d-4bd6-889a-d1bc30044b4f tempest-PortsAdminExtendedAttrsTestJSON-956292791 tempest-PortsAdminExtendedAttrsTestJSON-956292791-project-admin] In _notify_port_updated(), no bound segment for port 5a2c8a94-1be7-4eb1-b75b-1d91c6123f22 on network dc22c13e-577e-473c-8908-2ae21fba35eb {{(pid=110577) _notify_port_updated /opt/stack/neutron/neutron/plugins/ml2/plugin.py:896}}
Mar 23 15:42:00.460072 dv-neutron-834855-2-hyperv neutron-server[110577]: DEBUG neutron.pecan_wsgi.hooks.policy_enforcement [None req-6d9a7651-301d-4bd6-889a-d1bc30044b4f tempest-PortsAdminExtendedAttrsTestJSON-956292791 tempest-PortsAdminExtendedAttrsTestJSON-956292791-project-admin] Attributes excluded by policy engine: ['standard_attr_id'] {{(pid=110577) _exclude_attributes_by_policy /opt/stack/neutron/neutron/pecan_wsgi/hooks/policy_enforcement.py:255}}
